Jun 25 22:09:20.337392 np0000003656 nova-scheduler[93324]: DEBUG cotyledon.oslo_config_glue [-] oslo_limit.auth_section = None {{(pid=93324) log_opt_values /opt/stack/data/venv/lib/python3.12/site-packages/oslo_config/cfg.py:3253}}
Jun 25 22:09:20.337392 np0000003656 nova-scheduler[93324]: DEBUG cotyledon.oslo_config_glue [-] oslo_limit.auth_type = None {{(pid=93324) log_opt_values /opt/stack/data/venv/lib/python3.12/site-packages/oslo_config/cfg.py:3253}}
Jun 25 22:09:20.337392 np0000003656 nova-scheduler[93324]: DEBUG cotyledon.oslo_config_glue [-] oslo_limit.cafile = None {{(pid=93324) log_opt_values /opt/stack/data/venv/lib/python3.12/site-packages/oslo_config/cfg.py:3253}}
Jun 25 22:09:20.337392 np0000003656 nova-scheduler[93324]: DEBUG cotyledon.oslo_config_glue [-] oslo_limit.certfile = None {{(pid=93324) log_opt_values /opt/stack/data/venv/lib/python3.12/site-packages/oslo_config/cfg.py:3253}}
Jun 25 22:09:20.337392 np0000003656 nova-scheduler[93324]: DEBUG cotyledon.oslo_config_glue [-] oslo_limit.collect_timing = False {{(pid=93324) log_opt_values /opt/stack/data/venv/lib/python3.12/site-packages/oslo_config/cfg.py:3253}}
Jun 25 22:09:20.337392 np0000003656 nova-scheduler[93324]: DEBUG cotyledon.oslo_config_glue [-] oslo_limit.connect_retries = None {{(pid=93324) log_opt_values /opt/stack/data/venv/lib/python3.12/site-packages/oslo_config/cfg.py:3253}}
Jun 25 22:09:20.337392 np0000003656 nova-scheduler[93324]: DEBUG cotyledon.oslo_config_glue [-] oslo_limit.connect_retry_delay = None {{(pid=93324) log_opt_values /opt/stack/data/venv/lib/python3.12/site-packages/oslo_config/cfg.py:3253}}
Jun 25 22:09:20.337392 np0000003656 nova-scheduler[93324]: DEBUG cotyledon.oslo_config_glue [-] oslo_limit.endpoint_id = None {{(pid=93324) log_opt_values /opt/stack/data/venv/lib/python3.12/site-packages/oslo_config/cfg.py:3253}}
Jun 25 22:09:20.337694 np0000003656 nova-scheduler[93324]: DEBUG cotyledon.oslo_config_glue [-] oslo_limit.endpoint_interface = public {{(pid=93324) log_opt_values /opt/stack/data/venv/lib/python3.12/site-packages/oslo_config/cfg.py:3253}}
Jun 25 22:09:20.337694 np0000003656 nova-scheduler[93324]: DEBUG cotyledon.oslo_config_glue [-] oslo_limit.endpoint_override = None {{(pid=93324) log_opt_values /opt/stack/data/venv/lib/python3.12/site-packages/oslo_config/cfg.py:3253}}
Jun 25 22:09:20.337694 np0000003656 nova-scheduler[93324]: DEBUG cotyledon.oslo_config_glue [-] oslo_limit.endpoint_region_name = None {{(pid=93324) log_opt_values /opt/stack/data/venv/lib/python3.12/site-packages/oslo_config/cfg.py:3253}}
Jun 25 22:09:20.337694 np0000003656 nova-scheduler[93324]: DEBUG cotyledon.oslo_config_glue [-] oslo_limit.endpoint_service_name = None {{(pid=93324) log_opt_values /opt/stack/data/venv/lib/python3.12/site-packages/oslo_config/cfg.py:3253}}
Jun 25 22:09:20.337694 np0000003656 nova-scheduler[93324]: DEBUG cotyledon.oslo_config_glue [-] oslo_limit.endpoint_service_type = None {{(pid=93324) log_opt_values /opt/stack/data/venv/lib/python3.12/site-packages/oslo_config/cfg.py:3253}}
Jun 25 22:09:20.337694 np0000003656 nova-scheduler[93324]: DEBUG cotyledon.oslo_config_glue [-] oslo_limit.insecure = False {{(pid=93324) log_opt_values /opt/stack/data/venv/lib/python3.12/site-packages/oslo_config/cfg.py:3253}}
Jun 25 22:09:20.337694 np0000003656 nova-scheduler[93324]: DEBUG cotyledon.oslo_config_glue [-] oslo_limit.keyfile = None {{(pid=93324) log_opt_values /opt/stack/data/venv/lib/python3.12/site-packages/oslo_config/cfg.py:3253}}
Jun 25 22:09:20.337694 np0000003656 nova-scheduler[93324]: DEBUG cotyledon.oslo_config_glue [-] oslo_limit.max_version = None {{(pid=93324) log_opt_values /opt/stack/data/venv/lib/python3.12/site-packages/oslo_config/cfg.py:3253}}
Jun 25 22:09:20.337694 np0000003656 nova-scheduler[93324]: DEBUG cotyledon.oslo_config_glue [-] oslo_limit.min_version = None {{(pid=93324) log_opt_values /opt/stack/data/venv/lib/python3.12/site-packages/oslo_config/cfg.py:3253}}
Jun 25 22:09:20.337865 np0000003656 nova-scheduler[93324]: DEBUG cotyledon.oslo_config_glue [-] oslo_limit.region_name = None {{(pid=93324) log_opt_values /opt/stack/data/venv/lib/python3.12/site-packages/oslo_config/cfg.py:3253}}
Jun 25 22:09:20.337865 np0000003656 nova-scheduler[93324]: DEBUG cotyledon.oslo_config_glue [-] oslo_limit.retriable_status_codes = None {{(pid=93324) log_opt_values /opt/stack/data/venv/lib/python3.12/site-packages/oslo_config/cfg.py:3253}}
Jun 25 22:09:20.337865 np0000003656 nova-scheduler[93324]: DEBUG cotyledon.oslo_config_glue [-] oslo_limit.service_name = None {{(pid=93324) log_opt_values /opt/stack/data/venv/lib/python3.12/site-packages/oslo_config/cfg.py:3253}}
Jun 25 22:09:20.337865 np0000003656 nova-scheduler[93324]: DEBUG cotyledon.oslo_config_glue [-] oslo_limit.service_type = None {{(pid=93324) log_opt_values /opt/stack/data/venv/lib/python3.12/site-packages/oslo_config/cfg.py:3253}}
Jun 25 22:09:20.337865 np0000003656 nova-scheduler[93324]: DEBUG cotyledon.oslo_config_glue [-] oslo_limit.split_loggers = False {{(pid=93324) log_opt_values /opt/stack/data/venv/lib/python3.12/site-packages/oslo_config/cfg.py:3253}}
Jun 25 22:09:20.337865 np0000003656 nova-scheduler[93324]: DEBUG cotyledon.oslo_config_glue [-] oslo_limit.status_code_retries = None {{(pid=93324) log_opt_values /opt/stack/data/venv/lib/python3.12/site-packages/oslo_config/cfg.py:3253}}
Jun 25 22:09:20.337865 np0000003656 nova-scheduler[93324]: DEBUG cotyledon.oslo_config_glue [-] oslo_limit.status_code_retry_delay = None {{(pid=93324) log_opt_values /opt/stack/data/venv/lib/python3.12/site-packages/oslo_config/cfg.py:3253}}
Jun 25 22:09:20.337865 np0000003656 nova-scheduler[93324]: DEBUG cotyledon.oslo_config_glue [-] oslo_limit.timeout = None {{(pid=93324) log_opt_values /opt/stack/data/venv/lib/python3.12/site-packages/oslo_config/cfg.py:3253}}
Jun 25 22:09:20.337865 np0000003656 nova-scheduler[93324]: DEBUG cotyledon.oslo_config_glue [-] oslo_limit.valid_interfaces = None {{(pid=93324) log_opt_values /opt/stack/data/venv/lib/python3.12/site-packages/oslo_config/cfg.py:3253}}
Jun 25 22:09:20.338074 np0000003656 nova-scheduler[93324]: DEBUG cotyledon.oslo_config_glue [-] oslo_limit.version = None {{(pid=93324) log_opt_values /opt/stack/data/venv/lib/python3.12/site-packages/oslo_config/cfg.py:3253}}
Jun 25 22:09:20.338074 np0000003656 nova-scheduler[93324]: DEBUG cotyledon.oslo_config_glue [-] oslo_reports.file_event_handler = None {{(pid=93324) log_opt_values /opt/stack/data/venv/lib/python3.12/site-packages/oslo_config/cfg.py:3253}}
Jun 25 22:09:20.338074 np0000003656 nova-scheduler[93324]: DEBUG cotyledon.oslo_config_glue [-] oslo_reports.file_event_handler_interval = 1 {{(pid=93324) log_opt_values /opt/stack/data/venv/lib/python3.12/site-packages/oslo_config/cfg.py:3253}}
Jun 25 22:09:20.338074 np0000003656 nova-scheduler[93324]: DEBUG cotyledon.oslo_config_glue [-] oslo_reports.log_dir = None {{(pid=93324) log_opt_values /opt/stack/data/venv/lib/python3.12/site-packages/oslo_config/cfg.py:3253}}
Jun 25 22:09:20.338074 np0000003656 nova-scheduler[93324]: DEBUG cotyledon.oslo_config_glue [-] ******************************************************************************** {{(pid=93324) log_opt_values /opt/stack/data/venv/lib/python3.12/site-packages/oslo_config/cfg.py:3260}}
Jun 25 22:09:20.338074 np0000003656 nova-scheduler[93324]: DEBUG cotyledon._service_worker [-] Run service ServiceWrapper(2) [93324] {{(pid=93324) wait_forever /opt/stack/data/venv/lib/python3.12/site-packages/cotyledon/_service_worker.py:218}}
Jun 25 22:09:20.338074 np0000003656 nova-scheduler[93324]: INFO nova.service [-] Starting scheduler node (version 33.1.0)
Jun 25 22:09:20.342615 np0000003656 nova-scheduler[93324]: INFO dbcounter [None req-189d989c-b86e-4b16-8103-af0a30abc207 None None] Registered counter for database nova_cell0
Jun 25 22:09:20.367593 np0000003656 nova-scheduler[93318]: DEBUG oslo_db.sqlalchemy.engines [None req-8269ca2f-4105-4ab5-a698-d9de8e42b9e1 None None] MySQL server mode set to STRICT_TRANS_TABLES,STRICT_ALL_TABLES,NO_ZERO_IN_DATE,NO_ZERO_DATE,ERROR_FOR_DIVISION_BY_ZERO,TRADITIONAL,NO_ENGINE_SUBSTITUTION {{(pid=93318) _check_effective_sql_mode /opt/stack/data/venv/lib/python3.12/site-packages/oslo_db/sqlalchemy/engines.py:325}}
Jun 25 22:09:20.371317 np0000003656 nova-scheduler[93316]: DEBUG oslo_db.sqlalchemy.engines [None req-9f3b8e10-1efa-4a56-8e63-48d9eea7fb82 None None] MySQL server mode set to STRICT_TRANS_TABLES,STRICT_ALL_TABLES,NO_ZERO_IN_DATE,NO_ZERO_DATE,ERROR_FOR_DIVISION_BY_ZERO,TRADITIONAL,NO_ENGINE_SUBSTITUTION {{(pid=93316) _check_effective_sql_mode /opt/stack/data/venv/lib/python3.12/site-packages/oslo_db/sqlalchemy/engines.py:325}}
Jun 25 22:09:20.375190 np0000003656 nova-scheduler[93324]: DEBUG oslo_db.sqlalchemy.engines [None req-189d989c-b86e-4b16-8103-af0a30abc207 None None] MySQL server mode set to STRICT_TRANS_TABLES,STRICT_ALL_TABLES,NO_ZERO_IN_DATE,NO_ZERO_DATE,ERROR_FOR_DIVISION_BY_ZERO,TRADITIONAL,NO_ENGINE_SUBSTITUTION {{(pid=93324) _check_effective_sql_mode /opt/stack/data/venv/lib/python3.12/site-packages/oslo_db/sqlalchemy/engines.py:325}}
Jun 25 22:09:20.380296 np0000003656 nova-scheduler[93318]: DEBUG dbcounter [-] [93318] Writer thread running {{(pid=93318) stat_writer /opt/stack/data/venv/lib/python3.12/site-packages/dbcounter.py:102}}
Jun 25 22:09:20.383039 np0000003656 nova-scheduler[93316]: DEBUG dbcounter [-] [93316] Writer thread running {{(pid=93316) stat_writer /opt/stack/data/venv/lib/python3.12/site-packages/dbcounter.py:102}}
Jun 25 22:09:20.386469 np0000003656 nova-scheduler[93324]: DEBUG dbcounter [-] [93324] Writer thread running {{(pid=93324) stat_writer /opt/stack/data/venv/lib/python3.12/site-packages/dbcounter.py:102}}
Jun 25 22:09:20.403820 np0000003656 nova-scheduler[93318]: DEBUG nova.service [None req-8269ca2f-4105-4ab5-a698-d9de8e42b9e1 None None] Creating RPC server for service: nova-scheduler on topic: scheduler {{(pid=93318) start /opt/stack/nova/nova/service.py:196}}
Jun 25 22:09:20.408380 np0000003656 nova-scheduler[93324]: DEBUG nova.service [None req-189d989c-b86e-4b16-8103-af0a30abc207 None None] Creating RPC server for service: nova-scheduler on topic: scheduler {{(pid=93324) start /opt/stack/nova/nova/service.py:196}}
Jun 25 22:09:20.408499 np0000003656 nova-scheduler[93316]: DEBUG nova.service [None req-9f3b8e10-1efa-4a56-8e63-48d9eea7fb82 None None] Creating RPC server for service: nova-scheduler on topic: scheduler {{(pid=93316) start /opt/stack/nova/nova/service.py:196}}
Jun 25 22:09:20.437559 np0000003656 nova-scheduler[93316]: DEBUG nova.service [None req-9f3b8e10-1efa-4a56-8e63-48d9eea7fb82 None None] Join ServiceGroup membership for this service scheduler {{(pid=93316) start /opt/stack/nova/nova/service.py:222}}
Jun 25 22:09:20.437559 np0000003656 nova-scheduler[93316]: DEBUG nova.servicegroup.drivers.db [None req-9f3b8e10-1efa-4a56-8e63-48d9eea7fb82 None None] DB_Driver: join new ServiceGroup member np0000003656 to the scheduler group, service = {{(pid=93316) join /opt/stack/nova/nova/servicegroup/drivers/db.py:44}}
Jun 25 22:09:20.439065 np0000003656 nova-scheduler[93318]: DEBUG nova.service [None req-8269ca2f-4105-4ab5-a698-d9de8e42b9e1 None None] Join ServiceGroup membership for this service scheduler {{(pid=93318) start /opt/stack/nova/nova/service.py:222}}
Jun 25 22:09:20.439239 np0000003656 nova-scheduler[93324]: DEBUG nova.service [None req-189d989c-b86e-4b16-8103-af0a30abc207 None None] Join ServiceGroup membership for this service scheduler {{(pid=93324) start /opt/stack/nova/nova/service.py:222}}
Jun 25 22:09:20.439443 np0000003656 nova-scheduler[93324]: DEBUG nova.servicegroup.drivers.db [None req-189d989c-b86e-4b16-8103-af0a30abc207 None None] DB_Driver: join new ServiceGroup member np0000003656 to the scheduler group, service = {{(pid=93324) join /opt/stack/nova/nova/servicegroup/drivers/db.py:44}}
Jun 25 22:09:20.439507 np0000003656 nova-scheduler[93318]: DEBUG nova.servicegroup.drivers.db [None req-8269ca2f-4105-4ab5-a698-d9de8e42b9e1 None None] DB_Driver: join new ServiceGroup member np0000003656 to the scheduler group, service = {{(pid=93318) join /opt/stack/nova/nova/servicegroup/drivers/db.py:44}}
Jun 25 22:09:25.450740 np0000003656 nova-scheduler[93316]: DEBUG oslo.service.backend._threading.loopingcall [-] Fixed interval looping call 'nova.servicegroup.drivers.db.DbDriver._report_state' sleeping for 119.99 seconds {{(pid=93316) _run_loop /opt/stack/data/venv/lib/python3.12/site-packages/oslo_service/backend/_threading/loopingcall.py:125}}
Jun 25 22:09:25.451362 np0000003656 nova-scheduler[93324]: DEBUG oslo.service.backend._threading.loopingcall [-] Fixed interval looping call 'nova.servicegroup.drivers.db.DbDriver._report_state' sleeping for 119.99 seconds {{(pid=93324) _run_loop /opt/stack/data/venv/lib/python3.12/site-packages/oslo_service/backend/_threading/loopingcall.py:125}}
Jun 25 22:09:25.451773 np0000003656 nova-scheduler[93318]: DEBUG oslo.service.backend._threading.loopingcall [-] Fixed interval looping call 'nova.servicegroup.drivers.db.DbDriver._report_state' sleeping for 119.99 seconds {{(pid=93318) _run_loop /opt/stack/data/venv/lib/python3.12/site-packages/oslo_service/backend/_threading/loopingcall.py:125}}
Jun 25 22:09:28.981800 np0000003656 nova-scheduler[92119]: DEBUG dbcounter [-] [92119] Writing DB stats nova_api:SELECT=3 {{(pid=92119) stat_writer /opt/stack/data/venv/lib/python3.12/site-packages/dbcounter.py:115}}
Jun 25 22:09:29.105034 np0000003656 nova-scheduler[92119]: DEBUG dbcounter [-] [92119] Writing DB stats nova_cell1:SELECT=1 {{(pid=92119) stat_writer /opt/stack/data/venv/lib/python3.12/site-packages/dbcounter.py:115}}
Jun 25 22:09:29.117816 np0000003656 nova-scheduler[92119]: DEBUG dbcounter [-] [92119] Writing DB stats nova_cell0:SELECT=1 {{(pid=92119) stat_writer /opt/stack/data/venv/lib/python3.12/site-packages/dbcounter.py:115}}
Jun 25 22:09:35.447363 np0000003656 nova-scheduler[93316]: DEBUG dbcounter [-] [93316] Writing DB stats nova_cell0:SELECT=5,nova_cell0:INSERT=1,nova_cell0:UPDATE=1 {{(pid=93316) stat_writer /opt/stack/data/venv/lib/python3.12/site-packages/dbcounter.py:115}}
Jun 25 22:09:35.449218 np0000003656 nova-scheduler[93318]: DEBUG dbcounter [-] [93318] Writing DB stats nova_cell0:SELECT=4,nova_cell0:INSERT=1,nova_cell0:UPDATE=1 {{(pid=93318) stat_writer /opt/stack/data/venv/lib/python3.12/site-packages/dbcounter.py:115}}
Jun 25 22:09:35.450224 np0000003656 nova-scheduler[93324]: DEBUG dbcounter [-] [93324] Writing DB stats nova_cell0:SELECT=5,nova_cell0:INSERT=1,nova_cell0:UPDATE=1 {{(pid=93324) stat_writer /opt/stack/data/venv/lib/python3.12/site-packages/dbcounter.py:115}}
Jun 25 22:09:56.441609 np0000003656 nova-scheduler[93318]: DEBUG oslo.service.backend._threading.loopingcall [None req-14647ce6-5fac-43bd-a1b3-cd05f00b9570 None None] Dynamic interval looping call 'nova.service.Service.periodic_tasks' sleeping for 60.00 seconds {{(pid=93318) _run_loop /opt/stack/data/venv/lib/python3.12/site-packages/oslo_service/backend/_threading/loopingcall.py:125}}
Jun 25 22:10:01.441809 np0000003656 nova-scheduler[93324]: DEBUG oslo.service.backend._threading.loopingcall [None req-9658f566-6ed6-4880-8511-2f7860cd071f None None] Dynamic interval looping call 'nova.service.Service.periodic_tasks' sleeping for 60.00 seconds {{(pid=93324) _run_loop /opt/stack/data/venv/lib/python3.12/site-packages/oslo_service/backend/_threading/loopingcall.py:125}}
Jun 25 22:10:02.439464 np0000003656 nova-scheduler[93316]: DEBUG oslo.service.backend._threading.loopingcall [None req-9fca4fef-46df-497e-9d22-829a47ae387a None None] Dynamic interval looping call 'nova.service.Service.periodic_tasks' sleeping for 60.00 seconds {{(pid=93316) _run_loop /opt/stack/data/venv/lib/python3.12/site-packages/oslo_service/backend/_threading/loopingcall.py:125}}
Jun 25 22:10:56.442143 np0000003656 nova-scheduler[93318]: DEBUG oslo.service.backend._threading.loopingcall [None req-14647ce6-5fac-43bd-a1b3-cd05f00b9570 None None] Dynamic interval looping call 'nova.service.Service.periodic_tasks' sleeping for 60.00 seconds {{(pid=93318) _run_loop /opt/stack/data/venv/lib/python3.12/site-packages/oslo_service/backend/_threading/loopingcall.py:125}}
Jun 25 22:11:01.442386 np0000003656 nova-scheduler[93324]: DEBUG oslo.service.backend._threading.loopingcall [None req-9658f566-6ed6-4880-8511-2f7860cd071f None None] Dynamic interval looping call 'nova.service.Service.periodic_tasks' sleeping for 60.00 seconds {{(pid=93324) _run_loop /opt/stack/data/venv/lib/python3.12/site-packages/oslo_service/backend/_threading/loopingcall.py:125}}
Jun 25 22:11:02.439900 np0000003656 nova-scheduler[93316]: DEBUG oslo.service.backend._threading.loopingcall [None req-9fca4fef-46df-497e-9d22-829a47ae387a None None] Dynamic interval looping call 'nova.service.Service.periodic_tasks' sleeping for 60.00 seconds {{(pid=93316) _run_loop /opt/stack/data/venv/lib/python3.12/site-packages/oslo_service/backend/_threading/loopingcall.py:125}}
Jun 25 22:11:25.448606 np0000003656 nova-scheduler[93316]: DEBUG oslo.service.backend._threading.loopingcall [-] Fixed interval looping call 'nova.servicegroup.drivers.db.DbDriver._report_state' sleeping for 119.99 seconds {{(pid=93316) _run_loop /opt/stack/data/venv/lib/python3.12/site-packages/oslo_service/backend/_threading/loopingcall.py:125}}
Jun 25 22:11:25.449368 np0000003656 nova-scheduler[93324]: DEBUG oslo.service.backend._threading.loopingcall [-] Fixed interval looping call 'nova.servicegroup.drivers.db.DbDriver._report_state' sleeping for 119.99 seconds {{(pid=93324) _run_loop /opt/stack/data/venv/lib/python3.12/site-packages/oslo_service/backend/_threading/loopingcall.py:125}}
Jun 25 22:11:25.451824 np0000003656 nova-scheduler[93318]: DEBUG oslo.service.backend._threading.loopingcall [-] Fixed interval looping call 'nova.servicegroup.drivers.db.DbDriver._report_state' sleeping for 119.99 seconds {{(pid=93318) _run_loop /opt/stack/data/venv/lib/python3.12/site-packages/oslo_service/backend/_threading/loopingcall.py:125}}
Jun 25 22:11:35.444694 np0000003656 nova-scheduler[93316]: DEBUG dbcounter [-] [93316] Writing DB stats nova_cell0:SELECT=1,nova_cell0:UPDATE=1 {{(pid=93316) stat_writer /opt/stack/data/venv/lib/python3.12/site-packages/dbcounter.py:115}}
Jun 25 22:11:35.445116 np0000003656 nova-scheduler[93324]: DEBUG dbcounter [-] [93324] Writing DB stats nova_cell0:SELECT=1,nova_cell0:UPDATE=1 {{(pid=93324) stat_writer /opt/stack/data/venv/lib/python3.12/site-packages/dbcounter.py:115}}
Jun 25 22:11:35.445574 np0000003656 nova-scheduler[93318]: DEBUG dbcounter [-] [93318] Writing DB stats nova_cell0:SELECT=1,nova_cell0:UPDATE=1 {{(pid=93318) stat_writer /opt/stack/data/venv/lib/python3.12/site-packages/dbcounter.py:115}}
Jun 25 22:11:54.453245 np0000003656 nova-scheduler[93316]: DEBUG nova.scheduler.manager [None req-983649ae-289e-49e9-add2-a8712a7f983c tempest-ServersNegativeTestJSON-1282875647 tempest-ServersNegativeTestJSON-1282875647-project-member] Starting to schedule for instances: ['e7eb2814-d90c-4f20-a6f9-7c9131f927c6'] {{(pid=93316) select_destinations /opt/stack/nova/nova/scheduler/manager.py:210}}
Jun 25 22:11:54.453749 np0000003656 nova-scheduler[93316]: DEBUG nova.scheduler.request_filter [None req-983649ae-289e-49e9-add2-a8712a7f983c tempest-ServersNegativeTestJSON-1282875647 tempest-ServersNegativeTestJSON-1282875647-project-member] compute_status_filter request filter added forbidden trait COMPUTE_STATUS_DISABLED {{(pid=93316) compute_status_filter /opt/stack/nova/nova/scheduler/request_filter.py:253}}
Jun 25 22:11:54.454368 np0000003656 nova-scheduler[93316]: DEBUG nova.scheduler.request_filter [None req-983649ae-289e-49e9-add2-a8712a7f983c tempest-ServersNegativeTestJSON-1282875647 tempest-ServersNegativeTestJSON-1282875647-project-member] Request filter 'compute_status_filter' took 0.0 seconds {{(pid=93316) wrapper /opt/stack/nova/nova/scheduler/request_filter.py:46}}
Jun 25 22:11:54.454594 np0000003656 nova-scheduler[93316]: DEBUG nova.scheduler.request_filter [None req-983649ae-289e-49e9-add2-a8712a7f983c tempest-ServersNegativeTestJSON-1282875647 tempest-ServersNegativeTestJSON-1282875647-project-member] Request filter 'accelerators_filter' took 0.0 seconds {{(pid=93316) wrapper /opt/stack/nova/nova/scheduler/request_filter.py:46}}
Jun 25 22:11:54.454826 np0000003656 nova-scheduler[93316]: DEBUG nova.scheduler.request_filter [None req-983649ae-289e-49e9-add2-a8712a7f983c tempest-ServersNegativeTestJSON-1282875647 tempest-ServersNegativeTestJSON-1282875647-project-member] Request filter 'packed_virtqueue_filter' took 0.0 seconds {{(pid=93316) wrapper /opt/stack/nova/nova/scheduler/request_filter.py:46}}
Jun 25 22:11:54.455436 np0000003656 nova-scheduler[93316]: DEBUG nova.scheduler.request_filter [None req-983649ae-289e-49e9-add2-a8712a7f983c tempest-ServersNegativeTestJSON-1282875647 tempest-ServersNegativeTestJSON-1282875647-project-member] Request filter 'remote_managed_ports_filter' took 0.0 seconds {{(pid=93316) wrapper /opt/stack/nova/nova/scheduler/request_filter.py:46}}
Jun 25 22:11:54.455611 np0000003656 nova-scheduler[93316]: DEBUG nova.scheduler.request_filter [None req-983649ae-289e-49e9-add2-a8712a7f983c tempest-ServersNegativeTestJSON-1282875647 tempest-ServersNegativeTestJSON-1282875647-project-member] ephemeral_encryption_filter skipped {{(pid=93316) ephemeral_encryption_filter /opt/stack/nova/nova/scheduler/request_filter.py:426}}
Jun 25 22:11:54.455767 np0000003656 nova-scheduler[93316]: DEBUG nova.scheduler.request_filter [None req-983649ae-289e-49e9-add2-a8712a7f983c tempest-ServersNegativeTestJSON-1282875647 tempest-ServersNegativeTestJSON-1282875647-project-member] virtio_sound_filter skipped {{(pid=93316) virtio_sound_filter /opt/stack/nova/nova/scheduler/request_filter.py:460}}
Jun 25 22:11:54.456043 np0000003656 nova-scheduler[93316]: DEBUG nova.scheduler.request_filter [None req-983649ae-289e-49e9-add2-a8712a7f983c tempest-ServersNegativeTestJSON-1282875647 tempest-ServersNegativeTestJSON-1282875647-project-member] tpm_secret_security_filter skipped {{(pid=93316) tpm_secret_security_filter /opt/stack/nova/nova/scheduler/request_filter.py:477}}
Jun 25 22:11:54.975855 np0000003656 nova-scheduler[93316]: INFO nova.utils [None req-983649ae-289e-49e9-add2-a8712a7f983c tempest-ServersNegativeTestJSON-1282875647 tempest-ServersNegativeTestJSON-1282875647-project-member] The cell worker thread pool ForkProcess-1.cell_worker is initialized
Jun 25 22:11:54.976228 np0000003656 nova-scheduler[93316]: DEBUG oslo_concurrency.lockutils [None req-983649ae-289e-49e9-add2-a8712a7f983c tempest-ServersNegativeTestJSON-1282875647 tempest-ServersNegativeTestJSON-1282875647-project-member] Acquiring lock "c73438f3-bce5-4f85-aba0-8de08b9205d9" by "nova.context.set_target_cell..get_or_set_cached_cell_and_set_connections" {{(pid=93316) inner /opt/stack/data/venv/lib/python3.12/site-packages/oslo_concurrency/lockutils.py:511}}
Jun 25 22:11:54.976449 np0000003656 nova-scheduler[93316]: DEBUG oslo_concurrency.lockutils [None req-983649ae-289e-49e9-add2-a8712a7f983c tempest-ServersNegativeTestJSON-1282875647 tempest-ServersNegativeTestJSON-1282875647-project-member] Lock "c73438f3-bce5-4f85-aba0-8de08b9205d9" acquired by "nova.context.set_target_cell..get_or_set_cached_cell_and_set_connections" :: waited 0.000s {{(pid=93316) inner /opt/stack/data/venv/lib/python3.12/site-packages/oslo_concurrency/lockutils.py:524}}
Jun 25 22:11:54.977854 np0000003656 nova-scheduler[93316]: DEBUG oslo_concurrency.lockutils [None req-983649ae-289e-49e9-add2-a8712a7f983c tempest-ServersNegativeTestJSON-1282875647 tempest-ServersNegativeTestJSON-1282875647-project-member] Lock "c73438f3-bce5-4f85-aba0-8de08b9205d9" "released" by "nova.context.set_target_cell..get_or_set_cached_cell_and_set_connections" :: held 0.001s {{(pid=93316) inner /opt/stack/data/venv/lib/python3.12/site-packages/oslo_concurrency/lockutils.py:543}}
Jun 25 22:11:54.980350 np0000003656 nova-scheduler[93316]: INFO dbcounter [None req-983649ae-289e-49e9-add2-a8712a7f983c tempest-ServersNegativeTestJSON-1282875647 tempest-ServersNegativeTestJSON-1282875647-project-member] Registered counter for database nova_cell1
Jun 25 22:11:55.010297 np0000003656 nova-scheduler[93316]: DEBUG oslo_db.sqlalchemy.engines [None req-983649ae-289e-49e9-add2-a8712a7f983c tempest-ServersNegativeTestJSON-1282875647 tempest-ServersNegativeTestJSON-1282875647-project-member] MySQL server mode set to STRICT_TRANS_TABLES,STRICT_ALL_TABLES,NO_ZERO_IN_DATE,NO_ZERO_DATE,ERROR_FOR_DIVISION_BY_ZERO,TRADITIONAL,NO_ENGINE_SUBSTITUTION {{(pid=93316) _check_effective_sql_mode /opt/stack/data/venv/lib/python3.12/site-packages/oslo_db/sqlalchemy/engines.py:325}}
Jun 25 22:11:55.015852 np0000003656 nova-scheduler[93316]: DEBUG dbcounter [-] [93316] Writer thread running {{(pid=93316) stat_writer /opt/stack/data/venv/lib/python3.12/site-packages/dbcounter.py:102}}
Jun 25 22:11:55.030625 np0000003656 nova-scheduler[93316]: DEBUG oslo_db.sqlalchemy.engines [None req-983649ae-289e-49e9-add2-a8712a7f983c tempest-ServersNegativeTestJSON-1282875647 tempest-ServersNegativeTestJSON-1282875647-project-member] Parent process 92119 forked (93316) with an open database connection, which is being discarded and recreated. {{(pid=93316) checkout /opt/stack/data/venv/lib/python3.12/site-packages/oslo_db/sqlalchemy/engines.py:402}}
Jun 25 22:11:55.064502 np0000003656 nova-scheduler[93316]: DEBUG dbcounter [-] [93316] Writer thread running {{(pid=93316) stat_writer /opt/stack/data/venv/lib/python3.12/site-packages/dbcounter.py:102}}
Jun 25 22:11:55.067495 np0000003656 nova-scheduler[93316]: DEBUG oslo_concurrency.lockutils [None req-983649ae-289e-49e9-add2-a8712a7f983c tempest-ServersNegativeTestJSON-1282875647 tempest-ServersNegativeTestJSON-1282875647-project-member] Acquiring lock "c73438f3-bce5-4f85-aba0-8de08b9205d9" by "nova.context.set_target_cell..get_or_set_cached_cell_and_set_connections" {{(pid=93316) inner /opt/stack/data/venv/lib/python3.12/site-packages/oslo_concurrency/lockutils.py:511}}
Jun 25 22:11:55.067495 np0000003656 nova-scheduler[93316]: DEBUG oslo_concurrency.lockutils [None req-983649ae-289e-49e9-add2-a8712a7f983c tempest-ServersNegativeTestJSON-1282875647 tempest-ServersNegativeTestJSON-1282875647-project-member] Lock "c73438f3-bce5-4f85-aba0-8de08b9205d9" acquired by "nova.context.set_target_cell..get_or_set_cached_cell_and_set_connections" :: waited 0.000s {{(pid=93316) inner /opt/stack/data/venv/lib/python3.12/site-packages/oslo_concurrency/lockutils.py:524}}
Jun 25 22:11:55.067495 np0000003656 nova-scheduler[93316]: DEBUG oslo_concurrency.lockutils [None req-983649ae-289e-49e9-add2-a8712a7f983c tempest-ServersNegativeTestJSON-1282875647 tempest-ServersNegativeTestJSON-1282875647-project-member] Lock "c73438f3-bce5-4f85-aba0-8de08b9205d9" "released" by "nova.context.set_target_cell..get_or_set_cached_cell_and_set_connections" :: held 0.000s {{(pid=93316) inner /opt/stack/data/venv/lib/python3.12/site-packages/oslo_concurrency/lockutils.py:543}}
Jun 25 22:11:55.069991 np0000003656 nova-scheduler[93316]: DEBUG oslo_concurrency.lockutils [None req-983649ae-289e-49e9-add2-a8712a7f983c tempest-ServersNegativeTestJSON-1282875647 tempest-ServersNegativeTestJSON-1282875647-project-member] Acquiring lock "('np0000003656', 'np0000003656')" by "nova.scheduler.host_manager.HostState.update.._locked_update" {{(pid=93316) inner /opt/stack/data/venv/lib/python3.12/site-packages/oslo_concurrency/lockutils.py:511}}
Jun 25 22:11:55.070168 np0000003656 nova-scheduler[93316]: DEBUG oslo_concurrency.lockutils [None req-983649ae-289e-49e9-add2-a8712a7f983c tempest-ServersNegativeTestJSON-1282875647 tempest-ServersNegativeTestJSON-1282875647-project-member] Lock "('np0000003656', 'np0000003656')" acquired by "nova.scheduler.host_manager.HostState.update.._locked_update" :: waited 0.000s {{(pid=93316) inner /opt/stack/data/venv/lib/python3.12/site-packages/oslo_concurrency/lockutils.py:524}}
Jun 25 22:11:55.071060 np0000003656 nova-scheduler[93316]: DEBUG nova.scheduler.host_manager [None req-983649ae-289e-49e9-add2-a8712a7f983c tempest-ServersNegativeTestJSON-1282875647 tempest-ServersNegativeTestJSON-1282875647-project-member] Update host state from compute node: ComputeNode(cpu_allocation_ratio=4.0,cpu_info='{"arch": "x86_64", "model": "EPYC-Milan", "vendor": "AMD", "topology": {"cells": 1, "sockets": 16, "cores": 1, "threads": 1}, "maxphysaddr": {"mode": "emulate", "bits": 40}, "features": ["stibp", "rdpid", "lfence-always-serializing", "lm", "pku", "skip-l1dfl-vmentry", "fxsr_opt", "pni", "cmov", "v-vmsave-vmload", "avx2", "clflushopt", "x2apic", "pae", "clwb", "mmx", "tsc-deadline", "pclmuldq", "hypervisor", "stibp-always-on", "msr", "amd-stibp", "cx8", "mtrr", "ibrs", "umip", "svm", "bmi2", "misalignsse", "sse4a", "lahf_lm", "popcnt", "aes", "vmcb-clean", "npt", "sse4.1", "mmxext", "fxsr", "amd-ssbd", "xsaveerptr", "pat", "rdtscp", "nrip-save", "tsc_adjust", "rdseed", "flushbyasid", "de", "erms", "fma", "xsavec", "cx16", "wbnoinvd", "fsgsbase", "ssse3", "f16c", "fpu", "svme-addr-chk", "sse", "cr8legacy", "smap", "pdpe1gb", "mds-no", "nx", "sep", "lbrv", "arch-capabilities", "arat", "smep", "pge", "apic", "syscall", "pcid", "pause-filter", "cmp_legacy", "gds-no", "pse", "pse36", "sse4.2", "tsc", "topoext", "perfctr_core", "amd-psfd", "clzero", "ssbd", "null-sel-clr-base", "pfthreshold", "fsrm", "vgif", "spec-ctrl", "xsaveopt", "invpcid", "tsc-scale", "movbe", "rdrand", "ibpb", "bmi1", "clflush", "avx", "xsave", "pschange-mc-no", "xsaves", "mce", "sha-ni", "sse2", "mca", "3dnowprefetch", "adx", "rdctl-no", "xgetbv1", "vaes", "abm", "virt-ssbd", "vme", "vpclmulqdq", "osvw", "no-nested-data-bp"]}',created_at=2026-06-25T22:09:47Z,current_workload=0,deleted=False,deleted_at=None,disk_allocation_ratio=1.0,disk_available_least=73,free_disk_gb=95,free_ram_mb=62765,host='np0000003656',host_ip=10.4.3.31,hypervisor_hostname='np0000003656',hypervisor_type='QEMU',hypervisor_version=8002002,id=1,local_gb=95,local_gb_used=0,mapped=1,memory_mb=63277,memory_mb_used=512,metrics='[]',numa_topology='{"nova_object.name": "NUMATopology", "nova_object.namespace": "nova", "nova_object.version": "1.2", "nova_object.data": {"cells": [{"nova_object.name": "NUMACell", "nova_object.namespace": "nova", "nova_object.version": "1.5", "nova_object.data": {"id": 0, "cpuset": [0, 1, 2, 3, 4, 5, 6, 7, 8, 9, 10, 11, 12, 13, 14, 15], "pcpuset": [0, 1, 2, 3, 4, 5, 6, 7, 8, 9, 10, 11, 12, 13, 14, 15], "memory": 63277, "cpu_usage": 0, "memory_usage": 0, "pinned_cpus": [], "siblings": [[6], [12], [2], [15], [5], [11], [8], [14], [4], [1], [7], [10], [0], [13], [3], [9]], "mempages": [{"nova_object.name": "NUMAPagesTopology", "nova_object.namespace": "nova", "nova_object.version": "1.1", "nova_object.data": {"size_kb": 4, "total": 16177928, "used": 0, "reserved": 0}, "nova_object.changes": ["size_kb", "reserved", "total", "used"]}, {"nova_object.name": "NUMAPagesTopology", "nova_object.namespace": "nova", "nova_object.version": "1.1", "nova_object.data": {"size_kb": 2048, "total": 41, "used": 0, "reserved": 0}, "nova_object.changes": ["size_kb", "reserved", "total", "used"]}, {"nova_object.name": "NUMAPagesTopology", "nova_object.namespace": "nova", "nova_object.version": "1.1", "nova_object.data": {"size_kb": 1048576, "total": 0, "used": 0, "reserved": 0}, "nova_object.changes": ["size_kb", "reserved", "total", "used"]}], "network_metadata": {"nova_object.name": "NetworkMetadata", "nova_object.namespace": "nova", "nova_object.version": "1.0", "nova_object.data": {"physnets": [], "tunneled": false}, "nova_object.changes": ["physnets", "tunneled"]}, "socket": null}, "nova_object.changes": ["mempages", "siblings", "cpu_usage", "pinned_cpus", "socket", "id", "memory_usage", "memory", "network_metadata", "pcpuset", "cpuset"]}]}, "nova_object.changes": ["cells"]}',pci_device_pools=PciDevicePoolList,ram_allocation_ratio=1.0,running_vms=0,service_id=3,stats={failed_builds='0',uptime=' 22:11:31 up 14 min, 2 users, load average: 1.13, 1.39, 0.82
Jun 25 22:11:55.071060 np0000003656 nova-scheduler[93316]: '},supported_hv_specs=[HVSpec,HVSpec,HVSpec,HVSpec,HVSpec,HVSpec,HVSpec,HVSpec,HVSpec,HVSpec,HVSpec,HVSpec,HVSpec,HVSpec,HVSpec,HVSpec,HVSpec,HVSpec,HVSpec,HVSpec,HVSpec,HVSpec,HVSpec,HVSpec,HVSpec],updated_at=2026-06-25T22:11:34Z,uuid=c8f52fd1-e042-4d4d-a0c4-5131df25ab6a,vcpus=16,vcpus_used=0) {{(pid=93316) _locked_update /opt/stack/nova/nova/scheduler/host_manager.py:168}}
Jun 25 22:11:55.071827 np0000003656 nova-scheduler[93316]: DEBUG nova.scheduler.host_manager [None req-983649ae-289e-49e9-add2-a8712a7f983c tempest-ServersNegativeTestJSON-1282875647 tempest-ServersNegativeTestJSON-1282875647-project-member] Update host state with aggregates: [] {{(pid=93316) _locked_update /opt/stack/nova/nova/scheduler/host_manager.py:171}}
Jun 25 22:11:55.072008 np0000003656 nova-scheduler[93316]: DEBUG nova.scheduler.host_manager [None req-983649ae-289e-49e9-add2-a8712a7f983c tempest-ServersNegativeTestJSON-1282875647 tempest-ServersNegativeTestJSON-1282875647-project-member] Update host state with service dict: {'id': 3, 'uuid': 'aeb532a1-4889-4ed4-af50-8327bbe7238c', 'host': 'np0000003656', 'binary': 'nova-compute', 'topic': 'compute', 'report_count': 1, 'disabled': False, 'disabled_reason': None, 'last_seen_up': datetime.datetime(2026, 6, 25, 22, 9, 55, tzinfo=datetime.timezone.utc), 'forced_down': False, 'version': 72, 'created_at': datetime.datetime(2026, 6, 25, 22, 9, 45, tzinfo=datetime.timezone.utc), 'updated_at': datetime.datetime(2026, 6, 25, 22, 9, 55, tzinfo=datetime.timezone.utc), 'deleted_at': None, 'deleted': False} {{(pid=93316) _locked_update /opt/stack/nova/nova/scheduler/host_manager.py:174}}
Jun 25 22:11:55.072402 np0000003656 nova-scheduler[93316]: DEBUG nova.scheduler.host_manager [None req-983649ae-289e-49e9-add2-a8712a7f983c tempest-ServersNegativeTestJSON-1282875647 tempest-ServersNegativeTestJSON-1282875647-project-member] Update host state with instances: [] {{(pid=93316) _locked_update /opt/stack/nova/nova/scheduler/host_manager.py:177}}
Jun 25 22:11:55.072402 np0000003656 nova-scheduler[93316]: DEBUG oslo_concurrency.lockutils [None req-983649ae-289e-49e9-add2-a8712a7f983c tempest-ServersNegativeTestJSON-1282875647 tempest-ServersNegativeTestJSON-1282875647-project-member] Lock "('np0000003656', 'np0000003656')" "released" by "nova.scheduler.host_manager.HostState.update.._locked_update" :: held 0.002s {{(pid=93316) inner /opt/stack/data/venv/lib/python3.12/site-packages/oslo_concurrency/lockutils.py:543}}
Jun 25 22:11:55.072794 np0000003656 nova-scheduler[93316]: DEBUG nova.filters [None req-983649ae-289e-49e9-add2-a8712a7f983c tempest-ServersNegativeTestJSON-1282875647 tempest-ServersNegativeTestJSON-1282875647-project-member] Starting with 1 host(s) {{(pid=93316) get_filtered_objects /opt/stack/nova/nova/filters.py:70}}
Jun 25 22:11:55.073069 np0000003656 nova-scheduler[93316]: DEBUG nova.filters [None req-983649ae-289e-49e9-add2-a8712a7f983c tempest-ServersNegativeTestJSON-1282875647 tempest-ServersNegativeTestJSON-1282875647-project-member] Filter ComputeFilter returned 1 host(s) {{(pid=93316) get_filtered_objects /opt/stack/nova/nova/filters.py:102}}
Jun 25 22:11:55.073371 np0000003656 nova-scheduler[93316]: DEBUG nova.filters [None req-983649ae-289e-49e9-add2-a8712a7f983c tempest-ServersNegativeTestJSON-1282875647 tempest-ServersNegativeTestJSON-1282875647-project-member] Filter ComputeCapabilitiesFilter returned 1 host(s) {{(pid=93316) get_filtered_objects /opt/stack/nova/nova/filters.py:102}}
Jun 25 22:11:55.073520 np0000003656 nova-scheduler[93316]: DEBUG nova.filters [None req-983649ae-289e-49e9-add2-a8712a7f983c tempest-ServersNegativeTestJSON-1282875647 tempest-ServersNegativeTestJSON-1282875647-project-member] Filter ImagePropertiesFilter returned 1 host(s) {{(pid=93316) get_filtered_objects /opt/stack/nova/nova/filters.py:102}}
Jun 25 22:11:55.073755 np0000003656 nova-scheduler[93316]: DEBUG nova.filters [None req-983649ae-289e-49e9-add2-a8712a7f983c tempest-ServersNegativeTestJSON-1282875647 tempest-ServersNegativeTestJSON-1282875647-project-member] Filter ServerGroupAntiAffinityFilter returned 1 host(s) {{(pid=93316) get_filtered_objects /opt/stack/nova/nova/filters.py:102}}
Jun 25 22:11:55.073898 np0000003656 nova-scheduler[93316]: DEBUG nova.filters [None req-983649ae-289e-49e9-add2-a8712a7f983c tempest-ServersNegativeTestJSON-1282875647 tempest-ServersNegativeTestJSON-1282875647-project-member] Filter ServerGroupAffinityFilter returned 1 host(s) {{(pid=93316) get_filtered_objects /opt/stack/nova/nova/filters.py:102}}
Jun 25 22:11:55.074208 np0000003656 nova-scheduler[93316]: DEBUG nova.filters [None req-983649ae-289e-49e9-add2-a8712a7f983c tempest-ServersNegativeTestJSON-1282875647 tempest-ServersNegativeTestJSON-1282875647-project-member] Filter SameHostFilter returned 1 host(s) {{(pid=93316) get_filtered_objects /opt/stack/nova/nova/filters.py:102}}
Jun 25 22:11:55.074388 np0000003656 nova-scheduler[93316]: DEBUG nova.filters [None req-983649ae-289e-49e9-add2-a8712a7f983c tempest-ServersNegativeTestJSON-1282875647 tempest-ServersNegativeTestJSON-1282875647-project-member] Filter DifferentHostFilter returned 1 host(s) {{(pid=93316) get_filtered_objects /opt/stack/nova/nova/filters.py:102}}
Jun 25 22:11:55.074830 np0000003656 nova-scheduler[93316]: DEBUG nova.scheduler.manager [None req-983649ae-289e-49e9-add2-a8712a7f983c tempest-ServersNegativeTestJSON-1282875647 tempest-ServersNegativeTestJSON-1282875647-project-member] Filtered [(np0000003656, np0000003656) ram: 62765MB disk: 74752MB io_ops: 0 instances: 0, allocation_candidates: 1] {{(pid=93316) _get_sorted_hosts /opt/stack/nova/nova/scheduler/manager.py:743}}
Jun 25 22:11:55.074830 np0000003656 nova-scheduler[93316]: DEBUG nova.scheduler.manager [None req-983649ae-289e-49e9-add2-a8712a7f983c tempest-ServersNegativeTestJSON-1282875647 tempest-ServersNegativeTestJSON-1282875647-project-member] Weighed [WeighedHost [host: (np0000003656, np0000003656) ram: 62765MB disk: 74752MB io_ops: 0 instances: 0, allocation_candidates: 1, weight: 0.0]] {{(pid=93316) _get_sorted_hosts /opt/stack/nova/nova/scheduler/manager.py:765}}
Jun 25 22:11:55.075062 np0000003656 nova-scheduler[93316]: DEBUG nova.scheduler.utils [None req-983649ae-289e-49e9-add2-a8712a7f983c tempest-ServersNegativeTestJSON-1282875647 tempest-ServersNegativeTestJSON-1282875647-project-member] Attempting to claim resources in the placement API for instance e7eb2814-d90c-4f20-a6f9-7c9131f927c6 {{(pid=93316) claim_resources /opt/stack/nova/nova/scheduler/utils.py:1345}}
Jun 25 22:11:55.230208 np0000003656 nova-scheduler[93316]: DEBUG nova.scheduler.manager [None req-983649ae-289e-49e9-add2-a8712a7f983c tempest-ServersNegativeTestJSON-1282875647 tempest-ServersNegativeTestJSON-1282875647-project-member] [instance: e7eb2814-d90c-4f20-a6f9-7c9131f927c6] Selected host: (np0000003656, np0000003656) ram: 62765MB disk: 74752MB io_ops: 0 instances: 0, allocation_candidates: 1 {{(pid=93316) _consume_selected_host /opt/stack/nova/nova/scheduler/manager.py:625}}
Jun 25 22:11:55.230988 np0000003656 nova-scheduler[93316]: DEBUG oslo_concurrency.lockutils [None req-983649ae-289e-49e9-add2-a8712a7f983c tempest-ServersNegativeTestJSON-1282875647 tempest-ServersNegativeTestJSON-1282875647-project-member] Acquiring lock "('np0000003656', 'np0000003656')" by "nova.scheduler.host_manager.HostState.consume_from_request.._locked" {{(pid=93316) inner /opt/stack/data/venv/lib/python3.12/site-packages/oslo_concurrency/lockutils.py:511}}
Jun 25 22:11:55.231182 np0000003656 nova-scheduler[93316]: DEBUG oslo_concurrency.lockutils [None req-983649ae-289e-49e9-add2-a8712a7f983c tempest-ServersNegativeTestJSON-1282875647 tempest-ServersNegativeTestJSON-1282875647-project-member] Lock "('np0000003656', 'np0000003656')" acquired by "nova.scheduler.host_manager.HostState.consume_from_request.._locked" :: waited 0.000s {{(pid=93316) inner /opt/stack/data/venv/lib/python3.12/site-packages/oslo_concurrency/lockutils.py:524}}
Jun 25 22:11:55.231481 np0000003656 nova-scheduler[93316]: DEBUG oslo_concurrency.lockutils [None req-983649ae-289e-49e9-add2-a8712a7f983c tempest-ServersNegativeTestJSON-1282875647 tempest-ServersNegativeTestJSON-1282875647-project-member] Lock "('np0000003656', 'np0000003656')" "released" by "nova.scheduler.host_manager.HostState.consume_from_request.._locked" :: held 0.000s {{(pid=93316) inner /opt/stack/data/venv/lib/python3.12/site-packages/oslo_concurrency/lockutils.py:543}}
Jun 25 22:11:56.442726 np0000003656 nova-scheduler[93318]: DEBUG oslo.service.backend._threading.loopingcall [None req-14647ce6-5fac-43bd-a1b3-cd05f00b9570 None None] Dynamic interval looping call 'nova.service.Service.periodic_tasks' sleeping for 60.00 seconds {{(pid=93318) _run_loop /opt/stack/data/venv/lib/python3.12/site-packages/oslo_service/backend/_threading/loopingcall.py:125}}
Jun 25 22:11:58.069803 np0000003656 nova-scheduler[93324]: DEBUG nova.scheduler.manager [None req-9697810b-8303-44eb-bf89-959680a02825 tempest-ServerBootFromVolumeStableRescueTest-1962562994 tempest-ServerBootFromVolumeStableRescueTest-1962562994-project-member] Starting to schedule for instances: ['4d170929-0a7a-4653-8f73-086e79577fd9'] {{(pid=93324) select_destinations /opt/stack/nova/nova/scheduler/manager.py:210}}
Jun 25 22:11:58.070722 np0000003656 nova-scheduler[93324]: DEBUG nova.scheduler.request_filter [None req-9697810b-8303-44eb-bf89-959680a02825 tempest-ServerBootFromVolumeStableRescueTest-1962562994 tempest-ServerBootFromVolumeStableRescueTest-1962562994-project-member] compute_status_filter request filter added forbidden trait COMPUTE_STATUS_DISABLED {{(pid=93324) compute_status_filter /opt/stack/nova/nova/scheduler/request_filter.py:253}}
Jun 25 22:11:58.072849 np0000003656 nova-scheduler[93324]: DEBUG nova.scheduler.request_filter [None req-9697810b-8303-44eb-bf89-959680a02825 tempest-ServerBootFromVolumeStableRescueTest-1962562994 tempest-ServerBootFromVolumeStableRescueTest-1962562994-project-member] Request filter 'compute_status_filter' took 0.0 seconds {{(pid=93324) wrapper /opt/stack/nova/nova/scheduler/request_filter.py:46}}
Jun 25 22:11:58.073206 np0000003656 nova-scheduler[93324]: DEBUG nova.scheduler.request_filter [None req-9697810b-8303-44eb-bf89-959680a02825 tempest-ServerBootFromVolumeStableRescueTest-1962562994 tempest-ServerBootFromVolumeStableRescueTest-1962562994-project-member] Request filter 'accelerators_filter' took 0.0 seconds {{(pid=93324) wrapper /opt/stack/nova/nova/scheduler/request_filter.py:46}}
Jun 25 22:11:58.075067 np0000003656 nova-scheduler[93324]: DEBUG nova.scheduler.request_filter [None req-9697810b-8303-44eb-bf89-959680a02825 tempest-ServerBootFromVolumeStableRescueTest-1962562994 tempest-ServerBootFromVolumeStableRescueTest-1962562994-project-member] Request filter 'packed_virtqueue_filter' took 0.0 seconds {{(pid=93324) wrapper /opt/stack/nova/nova/scheduler/request_filter.py:46}}
Jun 25 22:11:58.075720 np0000003656 nova-scheduler[93324]: DEBUG nova.scheduler.request_filter [None req-9697810b-8303-44eb-bf89-959680a02825 tempest-ServerBootFromVolumeStableRescueTest-1962562994 tempest-ServerBootFromVolumeStableRescueTest-1962562994-project-member] Request filter 'remote_managed_ports_filter' took 0.0 seconds {{(pid=93324) wrapper /opt/stack/nova/nova/scheduler/request_filter.py:46}}
Jun 25 22:11:58.076295 np0000003656 nova-scheduler[93324]: DEBUG nova.scheduler.request_filter [None req-9697810b-8303-44eb-bf89-959680a02825 tempest-ServerBootFromVolumeStableRescueTest-1962562994 tempest-ServerBootFromVolumeStableRescueTest-1962562994-project-member] ephemeral_encryption_filter skipped {{(pid=93324) ephemeral_encryption_filter /opt/stack/nova/nova/scheduler/request_filter.py:426}}
Jun 25 22:11:58.076998 np0000003656 nova-scheduler[93324]: DEBUG nova.scheduler.request_filter [None req-9697810b-8303-44eb-bf89-959680a02825 tempest-ServerBootFromVolumeStableRescueTest-1962562994 tempest-ServerBootFromVolumeStableRescueTest-1962562994-project-member] virtio_sound_filter skipped {{(pid=93324) virtio_sound_filter /opt/stack/nova/nova/scheduler/request_filter.py:460}}
Jun 25 22:11:58.076998 np0000003656 nova-scheduler[93324]: DEBUG nova.scheduler.request_filter [None req-9697810b-8303-44eb-bf89-959680a02825 tempest-ServerBootFromVolumeStableRescueTest-1962562994 tempest-ServerBootFromVolumeStableRescueTest-1962562994-project-member] tpm_secret_security_filter skipped {{(pid=93324) tpm_secret_security_filter /opt/stack/nova/nova/scheduler/request_filter.py:477}}
Jun 25 22:11:58.191718 np0000003656 nova-scheduler[93324]: INFO nova.utils [None req-9697810b-8303-44eb-bf89-959680a02825 tempest-ServerBootFromVolumeStableRescueTest-1962562994 tempest-ServerBootFromVolumeStableRescueTest-1962562994-project-member] The cell worker thread pool ForkProcess-3.cell_worker is initialized
Jun 25 22:11:58.191718 np0000003656 nova-scheduler[93324]: DEBUG oslo_concurrency.lockutils [None req-9697810b-8303-44eb-bf89-959680a02825 tempest-ServerBootFromVolumeStableRescueTest-1962562994 tempest-ServerBootFromVolumeStableRescueTest-1962562994-project-member] Acquiring lock "c73438f3-bce5-4f85-aba0-8de08b9205d9" by "nova.context.set_target_cell..get_or_set_cached_cell_and_set_connections" {{(pid=93324) inner /opt/stack/data/venv/lib/python3.12/site-packages/oslo_concurrency/lockutils.py:511}}
Jun 25 22:11:58.191951 np0000003656 nova-scheduler[93324]: DEBUG oslo_concurrency.lockutils [None req-9697810b-8303-44eb-bf89-959680a02825 tempest-ServerBootFromVolumeStableRescueTest-1962562994 tempest-ServerBootFromVolumeStableRescueTest-1962562994-project-member] Lock "c73438f3-bce5-4f85-aba0-8de08b9205d9" acquired by "nova.context.set_target_cell..get_or_set_cached_cell_and_set_connections" :: waited 0.000s {{(pid=93324) inner /opt/stack/data/venv/lib/python3.12/site-packages/oslo_concurrency/lockutils.py:524}}
Jun 25 22:11:58.193230 np0000003656 nova-scheduler[93324]: DEBUG oslo_concurrency.lockutils [None req-9697810b-8303-44eb-bf89-959680a02825 tempest-ServerBootFromVolumeStableRescueTest-1962562994 tempest-ServerBootFromVolumeStableRescueTest-1962562994-project-member] Lock "c73438f3-bce5-4f85-aba0-8de08b9205d9" "released" by "nova.context.set_target_cell..get_or_set_cached_cell_and_set_connections" :: held 0.001s {{(pid=93324) inner /opt/stack/data/venv/lib/python3.12/site-packages/oslo_concurrency/lockutils.py:543}}
Jun 25 22:11:58.195067 np0000003656 nova-scheduler[93324]: INFO dbcounter [None req-9697810b-8303-44eb-bf89-959680a02825 tempest-ServerBootFromVolumeStableRescueTest-1962562994 tempest-ServerBootFromVolumeStableRescueTest-1962562994-project-member] Registered counter for database nova_cell1
Jun 25 22:11:58.227803 np0000003656 nova-scheduler[93324]: DEBUG oslo_db.sqlalchemy.engines [None req-9697810b-8303-44eb-bf89-959680a02825 tempest-ServerBootFromVolumeStableRescueTest-1962562994 tempest-ServerBootFromVolumeStableRescueTest-1962562994-project-member] MySQL server mode set to STRICT_TRANS_TABLES,STRICT_ALL_TABLES,NO_ZERO_IN_DATE,NO_ZERO_DATE,ERROR_FOR_DIVISION_BY_ZERO,TRADITIONAL,NO_ENGINE_SUBSTITUTION {{(pid=93324) _check_effective_sql_mode /opt/stack/data/venv/lib/python3.12/site-packages/oslo_db/sqlalchemy/engines.py:325}}
Jun 25 22:11:58.233451 np0000003656 nova-scheduler[93324]: DEBUG dbcounter [-] [93324] Writer thread running {{(pid=93324) stat_writer /opt/stack/data/venv/lib/python3.12/site-packages/dbcounter.py:102}}
Jun 25 22:11:58.284060 np0000003656 nova-scheduler[93324]: DEBUG dbcounter [-] [93324] Writer thread running {{(pid=93324) stat_writer /opt/stack/data/venv/lib/python3.12/site-packages/dbcounter.py:102}}
Jun 25 22:11:58.287094 np0000003656 nova-scheduler[93324]: DEBUG oslo_concurrency.lockutils [None req-9697810b-8303-44eb-bf89-959680a02825 tempest-ServerBootFromVolumeStableRescueTest-1962562994 tempest-ServerBootFromVolumeStableRescueTest-1962562994-project-member] Acquiring lock "c73438f3-bce5-4f85-aba0-8de08b9205d9" by "nova.context.set_target_cell..get_or_set_cached_cell_and_set_connections" {{(pid=93324) inner /opt/stack/data/venv/lib/python3.12/site-packages/oslo_concurrency/lockutils.py:511}}
Jun 25 22:11:58.287392 np0000003656 nova-scheduler[93324]: DEBUG oslo_concurrency.lockutils [None req-9697810b-8303-44eb-bf89-959680a02825 tempest-ServerBootFromVolumeStableRescueTest-1962562994 tempest-ServerBootFromVolumeStableRescueTest-1962562994-project-member] Lock "c73438f3-bce5-4f85-aba0-8de08b9205d9" acquired by "nova.context.set_target_cell..get_or_set_cached_cell_and_set_connections" :: waited 0.000s {{(pid=93324) inner /opt/stack/data/venv/lib/python3.12/site-packages/oslo_concurrency/lockutils.py:524}}
Jun 25 22:11:58.287560 np0000003656 nova-scheduler[93324]: DEBUG oslo_concurrency.lockutils [None req-9697810b-8303-44eb-bf89-959680a02825 tempest-ServerBootFromVolumeStableRescueTest-1962562994 tempest-ServerBootFromVolumeStableRescueTest-1962562994-project-member] Lock "c73438f3-bce5-4f85-aba0-8de08b9205d9" "released" by "nova.context.set_target_cell..get_or_set_cached_cell_and_set_connections" :: held 0.000s {{(pid=93324) inner /opt/stack/data/venv/lib/python3.12/site-packages/oslo_concurrency/lockutils.py:543}}
Jun 25 22:11:58.290871 np0000003656 nova-scheduler[93324]: DEBUG oslo_concurrency.lockutils [None req-9697810b-8303-44eb-bf89-959680a02825 tempest-ServerBootFromVolumeStableRescueTest-1962562994 tempest-ServerBootFromVolumeStableRescueTest-1962562994-project-member] Acquiring lock "('np0000003656', 'np0000003656')" by "nova.scheduler.host_manager.HostState.update.._locked_update" {{(pid=93324) inner /opt/stack/data/venv/lib/python3.12/site-packages/oslo_concurrency/lockutils.py:511}}
