Jul 13 19:01:26.397078 np0000005135 devstack@g-api.service[99722]: DEBUG glance.api.middleware.version_negotiation [None req-b84fd165-8c4f-48bc-8f89-36ea02c0414b tempest-TestEncryptedCinderVolumes-1612630440 tempest-TestEncryptedCinderVolumes-1612630440-project-member] new path /v2/images/394f8f78-a495-4f06-91af-39e5283de00e {{(pid=99722) process_request /opt/stack/glance/glance/api/middleware/version_negotiation.py:70}}
Jul 13 19:01:26.408960 np0000005135 devstack@g-api.service[99722]: [pid: 99722|app: 0|req: 118/351] 127.0.0.1 () {40 vars in 834 bytes} [Mon Jul 13 19:01:26 2026] GET /v2/images/394f8f78-a495-4f06-91af-39e5283de00e => generated 650 bytes in 13 msecs (HTTP/1.1 200) 4 headers in 157 bytes (1 switches on core 0)
Jul 13 19:01:26.734402 np0000005135 devstack@g-api.service[99720]: DEBUG glance.api.middleware.version_negotiation [None req-928a9be5-55e6-40dc-93bc-defef8a86cb8 tempest-VolumesActionsTest-1033232568 tempest-VolumesActionsTest-1033232568-project-member] Determining version of request: PUT /v2/images/394f8f78-a495-4f06-91af-39e5283de00e/file Accept: */* {{(pid=99720) process_request /opt/stack/glance/glance/api/middleware/version_negotiation.py:44}}
Jul 13 19:01:26.738439 np0000005135 devstack@g-api.service[99720]: DEBUG glance.api.middleware.version_negotiation [None req-928a9be5-55e6-40dc-93bc-defef8a86cb8 tempest-VolumesActionsTest-1033232568 tempest-VolumesActionsTest-1033232568-project-member] Using url versioning {{(pid=99720) process_request /opt/stack/glance/glance/api/middleware/version_negotiation.py:57}}
Jul 13 19:01:26.738439 np0000005135 devstack@g-api.service[99720]: DEBUG glance.api.middleware.version_negotiation [None req-928a9be5-55e6-40dc-93bc-defef8a86cb8 tempest-VolumesActionsTest-1033232568 tempest-VolumesActionsTest-1033232568-project-member] Matched version: v2 {{(pid=99720) process_request /opt/stack/glance/glance/api/middleware/version_negotiation.py:69}}
Jul 13 19:01:26.738439 np0000005135 devstack@g-api.service[99720]: DEBUG glance.api.middleware.version_negotiation [None req-928a9be5-55e6-40dc-93bc-defef8a86cb8 tempest-VolumesActionsTest-1033232568 tempest-VolumesActionsTest-1033232568-project-member] new path /v2/images/394f8f78-a495-4f06-91af-39e5283de00e/file {{(pid=99720) process_request /opt/stack/glance/glance/api/middleware/version_negotiation.py:70}}
Jul 13 19:01:27.423633 np0000005135 devstack@g-api.service[99719]: DEBUG glance.api.middleware.version_negotiation [None req-928a9be5-55e6-40dc-93bc-defef8a86cb8 tempest-VolumesActionsTest-1033232568 tempest-VolumesActionsTest-1033232568-project-member] Determining version of request: GET /v2/images/394f8f78-a495-4f06-91af-39e5283de00e Accept: application/json {{(pid=99719) process_request /opt/stack/glance/glance/api/middleware/version_negotiation.py:44}}
Jul 13 19:01:27.424457 np0000005135 devstack@g-api.service[99719]: DEBUG glance.api.middleware.version_negotiation [None req-928a9be5-55e6-40dc-93bc-defef8a86cb8 tempest-VolumesActionsTest-1033232568 tempest-VolumesActionsTest-1033232568-project-member] Using url versioning {{(pid=99719) process_request /opt/stack/glance/glance/api/middleware/version_negotiation.py:57}}
Jul 13 19:01:27.424761 np0000005135 devstack@g-api.service[99719]: DEBUG glance.api.middleware.version_negotiation [None req-928a9be5-55e6-40dc-93bc-defef8a86cb8 tempest-VolumesActionsTest-1033232568 tempest-VolumesActionsTest-1033232568-project-member] Matched version: v2 {{(pid=99719) process_request /opt/stack/glance/glance/api/middleware/version_negotiation.py:69}}
Jul 13 19:01:27.425890 np0000005135 devstack@g-api.service[99719]: DEBUG glance.api.middleware.version_negotiation [None req-928a9be5-55e6-40dc-93bc-defef8a86cb8 tempest-VolumesActionsTest-1033232568 tempest-VolumesActionsTest-1033232568-project-member] new path /v2/images/394f8f78-a495-4f06-91af-39e5283de00e {{(pid=99719) process_request /opt/stack/glance/glance/api/middleware/version_negotiation.py:70}}
Jul 13 19:01:27.452947 np0000005135 devstack@g-api.service[99719]: [pid: 99719|app: 0|req: 116/352] 127.0.0.1 () {40 vars in 834 bytes} [Mon Jul 13 19:01:27 2026] GET /v2/images/394f8f78-a495-4f06-91af-39e5283de00e => generated 650 bytes in 30 msecs (HTTP/1.1 200) 4 headers in 157 bytes (1 switches on core 0)
Jul 13 19:01:27.480607 np0000005135 devstack@g-api.service[99720]: INFO glance.api.v2.image_data [None req-928a9be5-55e6-40dc-93bc-defef8a86cb8 tempest-VolumesActionsTest-1033232568 tempest-VolumesActionsTest-1033232568-project-member] Unable to create trust: no such option collect_timing in group [keystone_authtoken] Use the existing user token.
Jul 13 19:01:28.221337 np0000005135 devstack@g-api.service[99720]: DEBUG glance.location [None req-928a9be5-55e6-40dc-93bc-defef8a86cb8 tempest-VolumesActionsTest-1033232568 tempest-VolumesActionsTest-1033232568-project-member] Enabling in-flight format inspection for raw {{(pid=99720) set_data /opt/stack/glance/glance/location.py:596}}
Jul 13 19:01:28.222013 np0000005135 devstack@g-api.service[99720]: DEBUG glance_store.backend [None req-928a9be5-55e6-40dc-93bc-defef8a86cb8 tempest-VolumesActionsTest-1033232568 tempest-VolumesActionsTest-1033232568-project-member] Attempting to import store swift {{(pid=99720) _load_store /opt/stack/data/venv/lib/python3.12/site-packages/glance_store/backend.py:215}}
Jul 13 19:01:28.225524 np0000005135 devstack@g-api.service[99720]: DEBUG glance_store.capabilities [None req-928a9be5-55e6-40dc-93bc-defef8a86cb8 tempest-VolumesActionsTest-1033232568 tempest-VolumesActionsTest-1033232568-project-member] Store glance_store._drivers.swift.store.SingleTenantStore doesn't support updating dynamic storage capabilities. Please overwrite 'update_capabilities' method of the store to implement updating logics if needed. {{(pid=99720) update_capabilities /opt/stack/data/venv/lib/python3.12/site-packages/glance_store/capabilities.py:91}}
Jul 13 19:01:28.225524 np0000005135 devstack@g-api.service[99720]: DEBUG glance_store.driver [None req-928a9be5-55e6-40dc-93bc-defef8a86cb8 tempest-VolumesActionsTest-1033232568 tempest-VolumesActionsTest-1033232568-project-member] Late loading location class glance_store._drivers.swift.store.StoreLocation {{(pid=99720) get_store_location_class /opt/stack/data/venv/lib/python3.12/site-packages/glance_store/driver.py:134}}
Jul 13 19:01:28.225524 np0000005135 devstack@g-api.service[99720]: DEBUG glance_store.location [None req-928a9be5-55e6-40dc-93bc-defef8a86cb8 tempest-VolumesActionsTest-1033232568 tempest-VolumesActionsTest-1033232568-project-member] Registering scheme swift+https with {'store': , 'location_class': , 'store_entry': 'swift'} {{(pid=99720) register_scheme_map /opt/stack/data/venv/lib/python3.12/site-packages/glance_store/location.py:146}}
Jul 13 19:01:28.226415 np0000005135 devstack@g-api.service[99720]: DEBUG glance_store.location [None req-928a9be5-55e6-40dc-93bc-defef8a86cb8 tempest-VolumesActionsTest-1033232568 tempest-VolumesActionsTest-1033232568-project-member] Registering scheme swift+https with {'store': , 'location_class': , 'store_entry': 'swift'} {{(pid=99720) register_scheme_map /opt/stack/data/venv/lib/python3.12/site-packages/glance_store/location.py:146}}
Jul 13 19:01:28.226415 np0000005135 devstack@g-api.service[99720]: DEBUG glance_store.location [None req-928a9be5-55e6-40dc-93bc-defef8a86cb8 tempest-VolumesActionsTest-1033232568 tempest-VolumesActionsTest-1033232568-project-member] Registering scheme swift with {'store': , 'location_class': , 'store_entry': 'swift'} {{(pid=99720) register_scheme_map /opt/stack/data/venv/lib/python3.12/site-packages/glance_store/location.py:146}}
Jul 13 19:01:28.226611 np0000005135 devstack@g-api.service[99720]: DEBUG glance_store.location [None req-928a9be5-55e6-40dc-93bc-defef8a86cb8 tempest-VolumesActionsTest-1033232568 tempest-VolumesActionsTest-1033232568-project-member] Registering scheme swift+https with {'store': , 'location_class': , 'store_entry': 'swift'} {{(pid=99720) register_scheme_map /opt/stack/data/venv/lib/python3.12/site-packages/glance_store/location.py:146}}
Jul 13 19:01:28.226611 np0000005135 devstack@g-api.service[99720]: DEBUG glance_store.location [None req-928a9be5-55e6-40dc-93bc-defef8a86cb8 tempest-VolumesActionsTest-1033232568 tempest-VolumesActionsTest-1033232568-project-member] Registering scheme swift with {'store': , 'location_class': , 'store_entry': 'swift'} {{(pid=99720) register_scheme_map /opt/stack/data/venv/lib/python3.12/site-packages/glance_store/location.py:146}}
Jul 13 19:01:28.226761 np0000005135 devstack@g-api.service[99720]: DEBUG glance_store.location [None req-928a9be5-55e6-40dc-93bc-defef8a86cb8 tempest-VolumesActionsTest-1033232568 tempest-VolumesActionsTest-1033232568-project-member] Registering scheme swift+http with {'store': , 'location_class': , 'store_entry': 'swift'} {{(pid=99720) register_scheme_map /opt/stack/data/venv/lib/python3.12/site-packages/glance_store/location.py:146}}
Jul 13 19:01:28.226876 np0000005135 devstack@g-api.service[99720]: DEBUG glance_store.location [None req-928a9be5-55e6-40dc-93bc-defef8a86cb8 tempest-VolumesActionsTest-1033232568 tempest-VolumesActionsTest-1033232568-project-member] Registering scheme swift+https with {'store': , 'location_class': , 'store_entry': 'swift'} {{(pid=99720) register_scheme_map /opt/stack/data/venv/lib/python3.12/site-packages/glance_store/location.py:146}}
Jul 13 19:01:28.227374 np0000005135 devstack@g-api.service[99720]: DEBUG glance_store.location [None req-928a9be5-55e6-40dc-93bc-defef8a86cb8 tempest-VolumesActionsTest-1033232568 tempest-VolumesActionsTest-1033232568-project-member] Registering scheme swift with {'store': , 'location_class': , 'store_entry': 'swift'} {{(pid=99720) register_scheme_map /opt/stack/data/venv/lib/python3.12/site-packages/glance_store/location.py:146}}
Jul 13 19:01:28.227374 np0000005135 devstack@g-api.service[99720]: DEBUG glance_store.location [None req-928a9be5-55e6-40dc-93bc-defef8a86cb8 tempest-VolumesActionsTest-1033232568 tempest-VolumesActionsTest-1033232568-project-member] Registering scheme swift+http with {'store': , 'location_class': , 'store_entry': 'swift'} {{(pid=99720) register_scheme_map /opt/stack/data/venv/lib/python3.12/site-packages/glance_store/location.py:146}}
Jul 13 19:01:28.227374 np0000005135 devstack@g-api.service[99720]: DEBUG glance_store.location [None req-928a9be5-55e6-40dc-93bc-defef8a86cb8 tempest-VolumesActionsTest-1033232568 tempest-VolumesActionsTest-1033232568-project-member] Registering scheme swift+config with {'store': , 'location_class': , 'store_entry': 'swift'} {{(pid=99720) register_scheme_map /opt/stack/data/venv/lib/python3.12/site-packages/glance_store/location.py:146}}
Jul 13 19:01:28.471419 np0000005135 devstack@g-api.service[99722]: DEBUG glance.api.middleware.version_negotiation [None req-2287dbb9-358e-48fc-b337-71920e0e2a45 tempest-VolumesActionsTest-1033232568 tempest-VolumesActionsTest-1033232568-project-member] Determining version of request: GET /v2/images/394f8f78-a495-4f06-91af-39e5283de00e Accept: application/json {{(pid=99722) process_request /opt/stack/glance/glance/api/middleware/version_negotiation.py:44}}
Jul 13 19:01:28.474053 np0000005135 devstack@g-api.service[99722]: DEBUG glance.api.middleware.version_negotiation [None req-2287dbb9-358e-48fc-b337-71920e0e2a45 tempest-VolumesActionsTest-1033232568 tempest-VolumesActionsTest-1033232568-project-member] Using url versioning {{(pid=99722) process_request /opt/stack/glance/glance/api/middleware/version_negotiation.py:57}}
Jul 13 19:01:28.474053 np0000005135 devstack@g-api.service[99722]: DEBUG glance.api.middleware.version_negotiation [None req-2287dbb9-358e-48fc-b337-71920e0e2a45 tempest-VolumesActionsTest-1033232568 tempest-VolumesActionsTest-1033232568-project-member] Matched version: v2 {{(pid=99722) process_request /opt/stack/glance/glance/api/middleware/version_negotiation.py:69}}
Jul 13 19:01:28.474053 np0000005135 devstack@g-api.service[99722]: DEBUG glance.api.middleware.version_negotiation [None req-2287dbb9-358e-48fc-b337-71920e0e2a45 tempest-VolumesActionsTest-1033232568 tempest-VolumesActionsTest-1033232568-project-member] new path /v2/images/394f8f78-a495-4f06-91af-39e5283de00e {{(pid=99722) process_request /opt/stack/glance/glance/api/middleware/version_negotiation.py:70}}
Jul 13 19:01:28.499175 np0000005135 devstack@g-api.service[99722]: [pid: 99722|app: 0|req: 119/353] 127.0.0.1 () {40 vars in 834 bytes} [Mon Jul 13 19:01:28 2026] GET /v2/images/394f8f78-a495-4f06-91af-39e5283de00e => generated 650 bytes in 34 msecs (HTTP/1.1 200) 4 headers in 157 bytes (1 switches on core 0)
Jul 13 19:01:28.593909 np0000005135 devstack@g-api.service[99720]: DEBUG swiftclient [None req-928a9be5-55e6-40dc-93bc-defef8a86cb8 tempest-VolumesActionsTest-1033232568 tempest-VolumesActionsTest-1033232568-project-member] REQ: curl -i https://10.4.3.82:8080/v1/AUTH_3e6014a8fa624c068d02ad106fa9a847/glance -I -H "X-Auth-Token: gAAAAABqVTYIfJii..." {{(pid=99720) http_log /opt/stack/data/venv/lib/python3.12/site-packages/swiftclient/client.py:160}}
Jul 13 19:01:28.594063 np0000005135 devstack@g-api.service[99720]: DEBUG swiftclient [None req-928a9be5-55e6-40dc-93bc-defef8a86cb8 tempest-VolumesActionsTest-1033232568 tempest-VolumesActionsTest-1033232568-project-member] RESP STATUS: 204 No Content {{(pid=99720) http_log /opt/stack/data/venv/lib/python3.12/site-packages/swiftclient/client.py:161}}
Jul 13 19:01:28.594342 np0000005135 devstack@g-api.service[99720]: DEBUG swiftclient [None req-928a9be5-55e6-40dc-93bc-defef8a86cb8 tempest-VolumesActionsTest-1033232568 tempest-VolumesActionsTest-1033232568-project-member] RESP HEADERS: {'Date': 'Mon, 13 Jul 2026 19:01:28 GMT', 'Server': 'Apache/2.4.58 (Ubuntu)', 'Content-Type': 'text/plain; charset=utf-8', 'X-Container-Object-Count': '3', 'X-Container-Bytes-Used': '64356352', 'X-Timestamp': '1783968888.44794', 'Last-Modified': 'Mon, 13 Jul 2026 18:54:49 GMT', 'Accept-Ranges': 'bytes', 'X-Storage-Policy': 'Policy-0', 'X-Container-Sharding': 'False', 'Vary': 'Accept', 'X-Trans-Id': 'tx63d194b0f77343a0b3536-006a553608', 'X-Openstack-Request-Id': 'tx63d194b0f77343a0b3536-006a553608', 'Connection': 'close'} {{(pid=99720) http_log /opt/stack/data/venv/lib/python3.12/site-packages/swiftclient/client.py:162}}
Jul 13 19:01:28.594553 np0000005135 devstack@g-api.service[99720]: DEBUG glance_store._drivers.swift.store [None req-928a9be5-55e6-40dc-93bc-defef8a86cb8 tempest-VolumesActionsTest-1033232568 tempest-VolumesActionsTest-1033232568-project-member] Adding image object '394f8f78-a495-4f06-91af-39e5283de00e' to Swift {{(pid=99720) add /opt/stack/data/venv/lib/python3.12/site-packages/glance_store/_drivers/swift/store.py:970}}
Jul 13 19:01:28.594672 np0000005135 devstack@g-api.service[99720]: DEBUG glance_store._drivers.swift.store [None req-928a9be5-55e6-40dc-93bc-defef8a86cb8 tempest-VolumesActionsTest-1033232568 tempest-VolumesActionsTest-1033232568-project-member] Cannot determine image size because it is either not provided in the request or chunked-transfer encoding is used. Adding image as a segmented object to Swift. {{(pid=99720) add /opt/stack/data/venv/lib/python3.12/site-packages/glance_store/_drivers/swift/store.py:994}}
Jul 13 19:01:28.604952 np0000005135 devstack@g-api.service[99720]: DEBUG oslo_utils.imageutils.format_inspector [None req-928a9be5-55e6-40dc-93bc-defef8a86cb8 tempest-VolumesActionsTest-1033232568 tempest-VolumesActionsTest-1033232568-project-member] Format inspector for vmdk does not match, excluding from consideration (Signature KDMV not found: b'\x00\x00\x00\x00') {{(pid=99720) _process_chunk /opt/stack/data/venv/lib/python3.12/site-packages/oslo_utils/imageutils/format_inspector.py:1758}}
Jul 13 19:01:28.610598 np0000005135 devstack@g-api.service[99720]: DEBUG oslo_utils.imageutils.format_inspector [None req-928a9be5-55e6-40dc-93bc-defef8a86cb8 tempest-VolumesActionsTest-1033232568 tempest-VolumesActionsTest-1033232568-project-member] Format inspector for vhdx does not match, excluding from consideration (Region signature not found at 30000) {{(pid=99720) _process_chunk /opt/stack/data/venv/lib/python3.12/site-packages/oslo_utils/imageutils/format_inspector.py:1758}}
Jul 13 19:01:29.515415 np0000005135 devstack@g-api.service[99719]: DEBUG glance.api.middleware.version_negotiation [None req-ea7a10cf-ee2e-4697-99f6-24d93a9b7368 tempest-VolumesActionsTest-1033232568 tempest-VolumesActionsTest-1033232568-project-member] Determining version of request: GET /v2/images/394f8f78-a495-4f06-91af-39e5283de00e Accept: application/json {{(pid=99719) process_request /opt/stack/glance/glance/api/middleware/version_negotiation.py:44}}
Jul 13 19:01:29.515963 np0000005135 devstack@g-api.service[99719]: DEBUG glance.api.middleware.version_negotiation [None req-ea7a10cf-ee2e-4697-99f6-24d93a9b7368 tempest-VolumesActionsTest-1033232568 tempest-VolumesActionsTest-1033232568-project-member] Using url versioning {{(pid=99719) process_request /opt/stack/glance/glance/api/middleware/version_negotiation.py:57}}
Jul 13 19:01:29.515963 np0000005135 devstack@g-api.service[99719]: DEBUG glance.api.middleware.version_negotiation [None req-ea7a10cf-ee2e-4697-99f6-24d93a9b7368 tempest-VolumesActionsTest-1033232568 tempest-VolumesActionsTest-1033232568-project-member] Matched version: v2 {{(pid=99719) process_request /opt/stack/glance/glance/api/middleware/version_negotiation.py:69}}
Jul 13 19:01:29.515963 np0000005135 devstack@g-api.service[99719]: DEBUG glance.api.middleware.version_negotiation [None req-ea7a10cf-ee2e-4697-99f6-24d93a9b7368 tempest-VolumesActionsTest-1033232568 tempest-VolumesActionsTest-1033232568-project-member] new path /v2/images/394f8f78-a495-4f06-91af-39e5283de00e {{(pid=99719) process_request /opt/stack/glance/glance/api/middleware/version_negotiation.py:70}}
Jul 13 19:01:29.544534 np0000005135 devstack@g-api.service[99719]: [pid: 99719|app: 0|req: 117/354] 127.0.0.1 () {40 vars in 834 bytes} [Mon Jul 13 19:01:29 2026] GET /v2/images/394f8f78-a495-4f06-91af-39e5283de00e => generated 650 bytes in 29 msecs (HTTP/1.1 200) 4 headers in 157 bytes (1 switches on core 0)
Jul 13 19:01:30.558143 np0000005135 devstack@g-api.service[99722]: DEBUG glance.api.middleware.version_negotiation [None req-a20e3b2c-cd81-4213-b46d-6519d84c0647 tempest-VolumesActionsTest-1033232568 tempest-VolumesActionsTest-1033232568-project-member] Determining version of request: GET /v2/images/394f8f78-a495-4f06-91af-39e5283de00e Accept: application/json {{(pid=99722) process_request /opt/stack/glance/glance/api/middleware/version_negotiation.py:44}}
Jul 13 19:01:30.558774 np0000005135 devstack@g-api.service[99722]: DEBUG glance.api.middleware.version_negotiation [None req-a20e3b2c-cd81-4213-b46d-6519d84c0647 tempest-VolumesActionsTest-1033232568 tempest-VolumesActionsTest-1033232568-project-member] Using url versioning {{(pid=99722) process_request /opt/stack/glance/glance/api/middleware/version_negotiation.py:57}}
Jul 13 19:01:30.558774 np0000005135 devstack@g-api.service[99722]: DEBUG glance.api.middleware.version_negotiation [None req-a20e3b2c-cd81-4213-b46d-6519d84c0647 tempest-VolumesActionsTest-1033232568 tempest-VolumesActionsTest-1033232568-project-member] Matched version: v2 {{(pid=99722) process_request /opt/stack/glance/glance/api/middleware/version_negotiation.py:69}}
Jul 13 19:01:30.558774 np0000005135 devstack@g-api.service[99722]: DEBUG glance.api.middleware.version_negotiation [None req-a20e3b2c-cd81-4213-b46d-6519d84c0647 tempest-VolumesActionsTest-1033232568 tempest-VolumesActionsTest-1033232568-project-member] new path /v2/images/394f8f78-a495-4f06-91af-39e5283de00e {{(pid=99722) process_request /opt/stack/glance/glance/api/middleware/version_negotiation.py:70}}
Jul 13 19:01:30.574913 np0000005135 devstack@g-api.service[99722]: [pid: 99722|app: 0|req: 120/355] 127.0.0.1 () {40 vars in 834 bytes} [Mon Jul 13 19:01:30 2026] GET /v2/images/394f8f78-a495-4f06-91af-39e5283de00e => generated 650 bytes in 17 msecs (HTTP/1.1 200) 4 headers in 157 bytes (1 switches on core 0)
Jul 13 19:01:31.592331 np0000005135 devstack@g-api.service[99719]: DEBUG glance.api.middleware.version_negotiation [None req-8dda3cca-7293-4ff4-b5ce-5c8cf5abf22a tempest-VolumesActionsTest-1033232568 tempest-VolumesActionsTest-1033232568-project-member] Determining version of request: GET /v2/images/394f8f78-a495-4f06-91af-39e5283de00e Accept: application/json {{(pid=99719) process_request /opt/stack/glance/glance/api/middleware/version_negotiation.py:44}}
Jul 13 19:01:31.592800 np0000005135 devstack@g-api.service[99719]: DEBUG glance.api.middleware.version_negotiation [None req-8dda3cca-7293-4ff4-b5ce-5c8cf5abf22a tempest-VolumesActionsTest-1033232568 tempest-VolumesActionsTest-1033232568-project-member] Using url versioning {{(pid=99719) process_request /opt/stack/glance/glance/api/middleware/version_negotiation.py:57}}
Jul 13 19:01:31.593470 np0000005135 devstack@g-api.service[99719]: DEBUG glance.api.middleware.version_negotiation [None req-8dda3cca-7293-4ff4-b5ce-5c8cf5abf22a tempest-VolumesActionsTest-1033232568 tempest-VolumesActionsTest-1033232568-project-member] Matched version: v2 {{(pid=99719) process_request /opt/stack/glance/glance/api/middleware/version_negotiation.py:69}}
Jul 13 19:01:31.593470 np0000005135 devstack@g-api.service[99719]: DEBUG glance.api.middleware.version_negotiation [None req-8dda3cca-7293-4ff4-b5ce-5c8cf5abf22a tempest-VolumesActionsTest-1033232568 tempest-VolumesActionsTest-1033232568-project-member] new path /v2/images/394f8f78-a495-4f06-91af-39e5283de00e {{(pid=99719) process_request /opt/stack/glance/glance/api/middleware/version_negotiation.py:70}}
Jul 13 19:01:31.615690 np0000005135 devstack@g-api.service[99719]: [pid: 99719|app: 0|req: 118/356] 127.0.0.1 () {40 vars in 834 bytes} [Mon Jul 13 19:01:31 2026] GET /v2/images/394f8f78-a495-4f06-91af-39e5283de00e => generated 650 bytes in 24 msecs (HTTP/1.1 200) 4 headers in 157 bytes (1 switches on core 0)
Jul 13 19:01:32.152785 np0000005135 devstack@g-api.service[99720]: DEBUG swiftclient [None req-928a9be5-55e6-40dc-93bc-defef8a86cb8 tempest-VolumesActionsTest-1033232568 tempest-VolumesActionsTest-1033232568-project-member] REQ: curl -i https://10.4.3.82:8080/v1/AUTH_3e6014a8fa624c068d02ad106fa9a847/glance/394f8f78-a495-4f06-91af-39e5283de00e-00001 -X PUT -H "X-Auth-Token: gAAAAABqVTYIfJii..." {{(pid=99720) http_log /opt/stack/data/venv/lib/python3.12/site-packages/swiftclient/client.py:160}}
Jul 13 19:01:32.153512 np0000005135 devstack@g-api.service[99720]: DEBUG swiftclient [None req-928a9be5-55e6-40dc-93bc-defef8a86cb8 tempest-VolumesActionsTest-1033232568 tempest-VolumesActionsTest-1033232568-project-member] RESP STATUS: 201 Created {{(pid=99720) http_log /opt/stack/data/venv/lib/python3.12/site-packages/swiftclient/client.py:161}}
Jul 13 19:01:32.153512 np0000005135 devstack@g-api.service[99720]: DEBUG swiftclient [None req-928a9be5-55e6-40dc-93bc-defef8a86cb8 tempest-VolumesActionsTest-1033232568 tempest-VolumesActionsTest-1033232568-project-member] RESP HEADERS: {'Date': 'Mon, 13 Jul 2026 19:01:32 GMT', 'Server': 'Apache/2.4.58 (Ubuntu)', 'Content-Type': 'text/html; charset=UTF-8', 'Content-Length': '0', 'Etag': 'eda9a9889837ac4bc81d6387d92c1bec', 'Last-Modified': 'Mon, 13 Jul 2026 19:01:29 GMT', 'X-Trans-Id': 'tx14ab3bddf2a84045bff66-006a553608', 'X-Openstack-Request-Id': 'tx14ab3bddf2a84045bff66-006a553608', 'Connection': 'close'} {{(pid=99720) http_log /opt/stack/data/venv/lib/python3.12/site-packages/swiftclient/client.py:162}}
Jul 13 19:01:32.153512 np0000005135 devstack@g-api.service[99720]: DEBUG glance_store._drivers.swift.store [None req-928a9be5-55e6-40dc-93bc-defef8a86cb8 tempest-VolumesActionsTest-1033232568 tempest-VolumesActionsTest-1033232568-project-member] Wrote chunk 394f8f78-a495-4f06-91af-39e5283de00e-00001 (1/?) of length 204800000 to Swift returning MD5 of content: eda9a9889837ac4bc81d6387d92c1bec {{(pid=99720) add /opt/stack/data/venv/lib/python3.12/site-packages/glance_store/_drivers/swift/store.py:1059}}
Jul 13 19:01:32.637454 np0000005135 devstack@g-api.service[99722]: DEBUG glance.api.middleware.version_negotiation [None req-32d6d440-3e83-481c-b899-95bf430ebcf1 tempest-VolumesActionsTest-1033232568 tempest-VolumesActionsTest-1033232568-project-member] Determining version of request: GET /v2/images/394f8f78-a495-4f06-91af-39e5283de00e Accept: application/json {{(pid=99722) process_request /opt/stack/glance/glance/api/middleware/version_negotiation.py:44}}
Jul 13 19:01:32.637454 np0000005135 devstack@g-api.service[99722]: DEBUG glance.api.middleware.version_negotiation [None req-32d6d440-3e83-481c-b899-95bf430ebcf1 tempest-VolumesActionsTest-1033232568 tempest-VolumesActionsTest-1033232568-project-member] Using url versioning {{(pid=99722) process_request /opt/stack/glance/glance/api/middleware/version_negotiation.py:57}}
Jul 13 19:01:32.637454 np0000005135 devstack@g-api.service[99722]: DEBUG glance.api.middleware.version_negotiation [None req-32d6d440-3e83-481c-b899-95bf430ebcf1 tempest-VolumesActionsTest-1033232568 tempest-VolumesActionsTest-1033232568-project-member] Matched version: v2 {{(pid=99722) process_request /opt/stack/glance/glance/api/middleware/version_negotiation.py:69}}
Jul 13 19:01:32.637454 np0000005135 devstack@g-api.service[99722]: DEBUG glance.api.middleware.version_negotiation [None req-32d6d440-3e83-481c-b899-95bf430ebcf1 tempest-VolumesActionsTest-1033232568 tempest-VolumesActionsTest-1033232568-project-member] new path /v2/images/394f8f78-a495-4f06-91af-39e5283de00e {{(pid=99722) process_request /opt/stack/glance/glance/api/middleware/version_negotiation.py:70}}
Jul 13 19:01:32.664146 np0000005135 devstack@g-api.service[99722]: [pid: 99722|app: 0|req: 121/357] 127.0.0.1 () {40 vars in 834 bytes} [Mon Jul 13 19:01:32 2026] GET /v2/images/394f8f78-a495-4f06-91af-39e5283de00e => generated 650 bytes in 29 msecs (HTTP/1.1 200) 4 headers in 157 bytes (1 switches on core 0)
Jul 13 19:01:33.674767 np0000005135 devstack@g-api.service[99719]: DEBUG glance.api.middleware.version_negotiation [None req-8d12552a-0c28-4d00-a9f9-04afc8d622ac tempest-VolumesActionsTest-1033232568 tempest-VolumesActionsTest-1033232568-project-member] Determining version of request: GET /v2/images/394f8f78-a495-4f06-91af-39e5283de00e Accept: application/json {{(pid=99719) process_request /opt/stack/glance/glance/api/middleware/version_negotiation.py:44}}
Jul 13 19:01:33.676516 np0000005135 devstack@g-api.service[99719]: DEBUG glance.api.middleware.version_negotiation [None req-8d12552a-0c28-4d00-a9f9-04afc8d622ac tempest-VolumesActionsTest-1033232568 tempest-VolumesActionsTest-1033232568-project-member] Using url versioning {{(pid=99719) process_request /opt/stack/glance/glance/api/middleware/version_negotiation.py:57}}
Jul 13 19:01:33.678606 np0000005135 devstack@g-api.service[99719]: DEBUG glance.api.middleware.version_negotiation [None req-8d12552a-0c28-4d00-a9f9-04afc8d622ac tempest-VolumesActionsTest-1033232568 tempest-VolumesActionsTest-1033232568-project-member] Matched version: v2 {{(pid=99719) process_request /opt/stack/glance/glance/api/middleware/version_negotiation.py:69}}
Jul 13 19:01:33.678606 np0000005135 devstack@g-api.service[99719]: DEBUG glance.api.middleware.version_negotiation [None req-8d12552a-0c28-4d00-a9f9-04afc8d622ac tempest-VolumesActionsTest-1033232568 tempest-VolumesActionsTest-1033232568-project-member] new path /v2/images/394f8f78-a495-4f06-91af-39e5283de00e {{(pid=99719) process_request /opt/stack/glance/glance/api/middleware/version_negotiation.py:70}}
Jul 13 19:01:33.703875 np0000005135 devstack@g-api.service[99719]: [pid: 99719|app: 0|req: 119/358] 127.0.0.1 () {40 vars in 834 bytes} [Mon Jul 13 19:01:33 2026] GET /v2/images/394f8f78-a495-4f06-91af-39e5283de00e => generated 650 bytes in 29 msecs (HTTP/1.1 200) 4 headers in 157 bytes (1 switches on core 0)
Jul 13 19:01:34.718823 np0000005135 devstack@g-api.service[99722]: DEBUG glance.api.middleware.version_negotiation [None req-384809ed-bc22-45df-8c25-846c39fb264b tempest-VolumesActionsTest-1033232568 tempest-VolumesActionsTest-1033232568-project-member] Determining version of request: GET /v2/images/394f8f78-a495-4f06-91af-39e5283de00e Accept: application/json {{(pid=99722) process_request /opt/stack/glance/glance/api/middleware/version_negotiation.py:44}}
Jul 13 19:01:34.724517 np0000005135 devstack@g-api.service[99722]: DEBUG glance.api.middleware.version_negotiation [None req-384809ed-bc22-45df-8c25-846c39fb264b tempest-VolumesActionsTest-1033232568 tempest-VolumesActionsTest-1033232568-project-member] Using url versioning {{(pid=99722) process_request /opt/stack/glance/glance/api/middleware/version_negotiation.py:57}}
Jul 13 19:01:34.724517 np0000005135 devstack@g-api.service[99722]: DEBUG glance.api.middleware.version_negotiation [None req-384809ed-bc22-45df-8c25-846c39fb264b tempest-VolumesActionsTest-1033232568 tempest-VolumesActionsTest-1033232568-project-member] Matched version: v2 {{(pid=99722) process_request /opt/stack/glance/glance/api/middleware/version_negotiation.py:69}}
Jul 13 19:01:34.724517 np0000005135 devstack@g-api.service[99722]: DEBUG glance.api.middleware.version_negotiation [None req-384809ed-bc22-45df-8c25-846c39fb264b tempest-VolumesActionsTest-1033232568 tempest-VolumesActionsTest-1033232568-project-member] new path /v2/images/394f8f78-a495-4f06-91af-39e5283de00e {{(pid=99722) process_request /opt/stack/glance/glance/api/middleware/version_negotiation.py:70}}
Jul 13 19:01:34.742531 np0000005135 devstack@g-api.service[99722]: [pid: 99722|app: 0|req: 122/359] 127.0.0.1 () {40 vars in 834 bytes} [Mon Jul 13 19:01:34 2026] GET /v2/images/394f8f78-a495-4f06-91af-39e5283de00e => generated 650 bytes in 23 msecs (HTTP/1.1 200) 4 headers in 157 bytes (1 switches on core 0)
Jul 13 19:01:35.178619 np0000005135 devstack@g-api.service[99720]: DEBUG swiftclient [None req-928a9be5-55e6-40dc-93bc-defef8a86cb8 tempest-VolumesActionsTest-1033232568 tempest-VolumesActionsTest-1033232568-project-member] REQ: curl -i https://10.4.3.82:8080/v1/AUTH_3e6014a8fa624c068d02ad106fa9a847/glance/394f8f78-a495-4f06-91af-39e5283de00e-00002 -X PUT -H "X-Auth-Token: gAAAAABqVTYIfJii..." {{(pid=99720) http_log /opt/stack/data/venv/lib/python3.12/site-packages/swiftclient/client.py:160}}
Jul 13 19:01:35.178885 np0000005135 devstack@g-api.service[99720]: DEBUG swiftclient [None req-928a9be5-55e6-40dc-93bc-defef8a86cb8 tempest-VolumesActionsTest-1033232568 tempest-VolumesActionsTest-1033232568-project-member] RESP STATUS: 201 Created {{(pid=99720) http_log /opt/stack/data/venv/lib/python3.12/site-packages/swiftclient/client.py:161}}
Jul 13 19:01:35.178885 np0000005135 devstack@g-api.service[99720]: DEBUG swiftclient [None req-928a9be5-55e6-40dc-93bc-defef8a86cb8 tempest-VolumesActionsTest-1033232568 tempest-VolumesActionsTest-1033232568-project-member] RESP HEADERS: {'Date': 'Mon, 13 Jul 2026 19:01:35 GMT', 'Server': 'Apache/2.4.58 (Ubuntu)', 'Content-Type': 'text/html; charset=UTF-8', 'Content-Length': '0', 'Etag': 'eda9a9889837ac4bc81d6387d92c1bec', 'Last-Modified': 'Mon, 13 Jul 2026 19:01:33 GMT', 'X-Trans-Id': 'txed6868a06c9c486d89280-006a55360c', 'X-Openstack-Request-Id': 'txed6868a06c9c486d89280-006a55360c', 'Connection': 'close'} {{(pid=99720) http_log /opt/stack/data/venv/lib/python3.12/site-packages/swiftclient/client.py:162}}
Jul 13 19:01:35.178974 np0000005135 devstack@g-api.service[99720]: DEBUG glance_store._drivers.swift.store [None req-928a9be5-55e6-40dc-93bc-defef8a86cb8 tempest-VolumesActionsTest-1033232568 tempest-VolumesActionsTest-1033232568-project-member] Wrote chunk 394f8f78-a495-4f06-91af-39e5283de00e-00002 (2/?) of length 204800000 to Swift returning MD5 of content: eda9a9889837ac4bc81d6387d92c1bec {{(pid=99720) add /opt/stack/data/venv/lib/python3.12/site-packages/glance_store/_drivers/swift/store.py:1059}}
Jul 13 19:01:35.759211 np0000005135 devstack@g-api.service[99719]: DEBUG glance.api.middleware.version_negotiation [None req-00d5f04b-dae1-4247-8d53-a07f5c44440e tempest-VolumesActionsTest-1033232568 tempest-VolumesActionsTest-1033232568-project-member] Determining version of request: GET /v2/images/394f8f78-a495-4f06-91af-39e5283de00e Accept: application/json {{(pid=99719) process_request /opt/stack/glance/glance/api/middleware/version_negotiation.py:44}}
Jul 13 19:01:35.759803 np0000005135 devstack@g-api.service[99719]: DEBUG glance.api.middleware.version_negotiation [None req-00d5f04b-dae1-4247-8d53-a07f5c44440e tempest-VolumesActionsTest-1033232568 tempest-VolumesActionsTest-1033232568-project-member] Using url versioning {{(pid=99719) process_request /opt/stack/glance/glance/api/middleware/version_negotiation.py:57}}
Jul 13 19:01:35.759803 np0000005135 devstack@g-api.service[99719]: DEBUG glance.api.middleware.version_negotiation [None req-00d5f04b-dae1-4247-8d53-a07f5c44440e tempest-VolumesActionsTest-1033232568 tempest-VolumesActionsTest-1033232568-project-member] Matched version: v2 {{(pid=99719) process_request /opt/stack/glance/glance/api/middleware/version_negotiation.py:69}}
Jul 13 19:01:35.759803 np0000005135 devstack@g-api.service[99719]: DEBUG glance.api.middleware.version_negotiation [None req-00d5f04b-dae1-4247-8d53-a07f5c44440e tempest-VolumesActionsTest-1033232568 tempest-VolumesActionsTest-1033232568-project-member] new path /v2/images/394f8f78-a495-4f06-91af-39e5283de00e {{(pid=99719) process_request /opt/stack/glance/glance/api/middleware/version_negotiation.py:70}}
Jul 13 19:01:35.780045 np0000005135 devstack@g-api.service[99719]: [pid: 99719|app: 0|req: 120/360] 127.0.0.1 () {40 vars in 834 bytes} [Mon Jul 13 19:01:35 2026] GET /v2/images/394f8f78-a495-4f06-91af-39e5283de00e => generated 650 bytes in 21 msecs (HTTP/1.1 200) 4 headers in 157 bytes (1 switches on core 0)
Jul 13 19:01:36.800037 np0000005135 devstack@g-api.service[99722]: DEBUG glance.api.middleware.version_negotiation [None req-00a9406c-7063-4441-828b-9934f6abe149 tempest-VolumesActionsTest-1033232568 tempest-VolumesActionsTest-1033232568-project-member] Determining version of request: GET /v2/images/394f8f78-a495-4f06-91af-39e5283de00e Accept: application/json {{(pid=99722) process_request /opt/stack/glance/glance/api/middleware/version_negotiation.py:44}}
Jul 13 19:01:36.800037 np0000005135 devstack@g-api.service[99722]: DEBUG glance.api.middleware.version_negotiation [None req-00a9406c-7063-4441-828b-9934f6abe149 tempest-VolumesActionsTest-1033232568 tempest-VolumesActionsTest-1033232568-project-member] Using url versioning {{(pid=99722) process_request /opt/stack/glance/glance/api/middleware/version_negotiation.py:57}}
Jul 13 19:01:36.800037 np0000005135 devstack@g-api.service[99722]: DEBUG glance.api.middleware.version_negotiation [None req-00a9406c-7063-4441-828b-9934f6abe149 tempest-VolumesActionsTest-1033232568 tempest-VolumesActionsTest-1033232568-project-member] Matched version: v2 {{(pid=99722) process_request /opt/stack/glance/glance/api/middleware/version_negotiation.py:69}}
Jul 13 19:01:36.800925 np0000005135 devstack@g-api.service[99722]: DEBUG glance.api.middleware.version_negotiation [None req-00a9406c-7063-4441-828b-9934f6abe149 tempest-VolumesActionsTest-1033232568 tempest-VolumesActionsTest-1033232568-project-member] new path /v2/images/394f8f78-a495-4f06-91af-39e5283de00e {{(pid=99722) process_request /opt/stack/glance/glance/api/middleware/version_negotiation.py:70}}
Jul 13 19:01:36.812152 np0000005135 devstack@g-api.service[99722]: [pid: 99722|app: 0|req: 123/361] 127.0.0.1 () {40 vars in 834 bytes} [Mon Jul 13 19:01:36 2026] GET /v2/images/394f8f78-a495-4f06-91af-39e5283de00e => generated 650 bytes in 13 msecs (HTTP/1.1 200) 4 headers in 157 bytes (1 switches on core 0)
Jul 13 19:01:37.822295 np0000005135 devstack@g-api.service[99719]: DEBUG glance.api.middleware.version_negotiation [None req-ba6452ce-8150-4a43-957e-39a0aef4977b tempest-VolumesActionsTest-1033232568 tempest-VolumesActionsTest-1033232568-project-member] Determining version of request: GET /v2/images/394f8f78-a495-4f06-91af-39e5283de00e Accept: application/json {{(pid=99719) process_request /opt/stack/glance/glance/api/middleware/version_negotiation.py:44}}
Jul 13 19:01:37.822879 np0000005135 devstack@g-api.service[99719]: DEBUG glance.api.middleware.version_negotiation [None req-ba6452ce-8150-4a43-957e-39a0aef4977b tempest-VolumesActionsTest-1033232568 tempest-VolumesActionsTest-1033232568-project-member] Using url versioning {{(pid=99719) process_request /opt/stack/glance/glance/api/middleware/version_negotiation.py:57}}
Jul 13 19:01:37.822879 np0000005135 devstack@g-api.service[99719]: DEBUG glance.api.middleware.version_negotiation [None req-ba6452ce-8150-4a43-957e-39a0aef4977b tempest-VolumesActionsTest-1033232568 tempest-VolumesActionsTest-1033232568-project-member] Matched version: v2 {{(pid=99719) process_request /opt/stack/glance/glance/api/middleware/version_negotiation.py:69}}
Jul 13 19:01:37.822879 np0000005135 devstack@g-api.service[99719]: DEBUG glance.api.middleware.version_negotiation [None req-ba6452ce-8150-4a43-957e-39a0aef4977b tempest-VolumesActionsTest-1033232568 tempest-VolumesActionsTest-1033232568-project-member] new path /v2/images/394f8f78-a495-4f06-91af-39e5283de00e {{(pid=99719) process_request /opt/stack/glance/glance/api/middleware/version_negotiation.py:70}}
Jul 13 19:01:37.844621 np0000005135 devstack@g-api.service[99719]: [pid: 99719|app: 0|req: 121/362] 127.0.0.1 () {40 vars in 834 bytes} [Mon Jul 13 19:01:37 2026] GET /v2/images/394f8f78-a495-4f06-91af-39e5283de00e => generated 650 bytes in 22 msecs (HTTP/1.1 200) 4 headers in 157 bytes (1 switches on core 0)
Jul 13 19:01:37.948976 np0000005135 devstack@g-api.service[99720]: DEBUG swiftclient [None req-928a9be5-55e6-40dc-93bc-defef8a86cb8 tempest-VolumesActionsTest-1033232568 tempest-VolumesActionsTest-1033232568-project-member] REQ: curl -i https://10.4.3.82:8080/v1/AUTH_3e6014a8fa624c068d02ad106fa9a847/glance/394f8f78-a495-4f06-91af-39e5283de00e-00003 -X PUT -H "X-Auth-Token: gAAAAABqVTYIfJii..." {{(pid=99720) http_log /opt/stack/data/venv/lib/python3.12/site-packages/swiftclient/client.py:160}}
Jul 13 19:01:37.949452 np0000005135 devstack@g-api.service[99720]: DEBUG swiftclient [None req-928a9be5-55e6-40dc-93bc-defef8a86cb8 tempest-VolumesActionsTest-1033232568 tempest-VolumesActionsTest-1033232568-project-member] RESP STATUS: 201 Created {{(pid=99720) http_log /opt/stack/data/venv/lib/python3.12/site-packages/swiftclient/client.py:161}}
Jul 13 19:01:37.949452 np0000005135 devstack@g-api.service[99720]: DEBUG swiftclient [None req-928a9be5-55e6-40dc-93bc-defef8a86cb8 tempest-VolumesActionsTest-1033232568 tempest-VolumesActionsTest-1033232568-project-member] RESP HEADERS: {'Date': 'Mon, 13 Jul 2026 19:01:37 GMT', 'Server': 'Apache/2.4.58 (Ubuntu)', 'Content-Type': 'text/html; charset=UTF-8', 'Content-Length': '0', 'Etag': 'eda9a9889837ac4bc81d6387d92c1bec', 'Last-Modified': 'Mon, 13 Jul 2026 19:01:36 GMT', 'X-Trans-Id': 'tx50ed4c8aeaaf46d286b63-006a55360f', 'X-Openstack-Request-Id': 'tx50ed4c8aeaaf46d286b63-006a55360f', 'Connection': 'close'} {{(pid=99720) http_log /opt/stack/data/venv/lib/python3.12/site-packages/swiftclient/client.py:162}}
Jul 13 19:01:37.949452 np0000005135 devstack@g-api.service[99720]: DEBUG glance_store._drivers.swift.store [None req-928a9be5-55e6-40dc-93bc-defef8a86cb8 tempest-VolumesActionsTest-1033232568 tempest-VolumesActionsTest-1033232568-project-member] Wrote chunk 394f8f78-a495-4f06-91af-39e5283de00e-00003 (3/?) of length 204800000 to Swift returning MD5 of content: eda9a9889837ac4bc81d6387d92c1bec {{(pid=99720) add /opt/stack/data/venv/lib/python3.12/site-packages/glance_store/_drivers/swift/store.py:1059}}
Jul 13 19:01:38.218570 np0000005135 devstack@g-api.service[99720]: DEBUG dbcounter [-] [99720] Writing DB stats glance:SELECT=10,glance:UPDATE=1 {{(pid=99720) stat_writer /opt/stack/data/venv/lib/python3.12/site-packages/dbcounter.py:115}}
Jul 13 19:01:38.857284 np0000005135 devstack@g-api.service[99722]: DEBUG glance.api.middleware.version_negotiation [None req-3b306fed-9cec-4424-bca6-684daa17183e tempest-VolumesActionsTest-1033232568 tempest-VolumesActionsTest-1033232568-project-member] Determining version of request: GET /v2/images/394f8f78-a495-4f06-91af-39e5283de00e Accept: application/json {{(pid=99722) process_request /opt/stack/glance/glance/api/middleware/version_negotiation.py:44}}
Jul 13 19:01:38.857792 np0000005135 devstack@g-api.service[99722]: DEBUG glance.api.middleware.version_negotiation [None req-3b306fed-9cec-4424-bca6-684daa17183e tempest-VolumesActionsTest-1033232568 tempest-VolumesActionsTest-1033232568-project-member] Using url versioning {{(pid=99722) process_request /opt/stack/glance/glance/api/middleware/version_negotiation.py:57}}
Jul 13 19:01:38.857792 np0000005135 devstack@g-api.service[99722]: DEBUG glance.api.middleware.version_negotiation [None req-3b306fed-9cec-4424-bca6-684daa17183e tempest-VolumesActionsTest-1033232568 tempest-VolumesActionsTest-1033232568-project-member] Matched version: v2 {{(pid=99722) process_request /opt/stack/glance/glance/api/middleware/version_negotiation.py:69}}
Jul 13 19:01:38.859778 np0000005135 devstack@g-api.service[99722]: DEBUG glance.api.middleware.version_negotiation [None req-3b306fed-9cec-4424-bca6-684daa17183e tempest-VolumesActionsTest-1033232568 tempest-VolumesActionsTest-1033232568-project-member] new path /v2/images/394f8f78-a495-4f06-91af-39e5283de00e {{(pid=99722) process_request /opt/stack/glance/glance/api/middleware/version_negotiation.py:70}}
Jul 13 19:01:38.873136 np0000005135 devstack@g-api.service[99722]: [pid: 99722|app: 0|req: 124/363] 127.0.0.1 () {40 vars in 834 bytes} [Mon Jul 13 19:01:38 2026] GET /v2/images/394f8f78-a495-4f06-91af-39e5283de00e => generated 650 bytes in 16 msecs (HTTP/1.1 200) 4 headers in 157 bytes (1 switches on core 0)
Jul 13 19:01:39.886613 np0000005135 devstack@g-api.service[99719]: DEBUG glance.api.middleware.version_negotiation [None req-6e3e17a1-49cc-4bad-a256-1d5f98007dad tempest-VolumesActionsTest-1033232568 tempest-VolumesActionsTest-1033232568-project-member] Determining version of request: GET /v2/images/394f8f78-a495-4f06-91af-39e5283de00e Accept: application/json {{(pid=99719) process_request /opt/stack/glance/glance/api/middleware/version_negotiation.py:44}}
Jul 13 19:01:39.886613 np0000005135 devstack@g-api.service[99719]: DEBUG glance.api.middleware.version_negotiation [None req-6e3e17a1-49cc-4bad-a256-1d5f98007dad tempest-VolumesActionsTest-1033232568 tempest-VolumesActionsTest-1033232568-project-member] Using url versioning {{(pid=99719) process_request /opt/stack/glance/glance/api/middleware/version_negotiation.py:57}}
Jul 13 19:01:39.886613 np0000005135 devstack@g-api.service[99719]: DEBUG glance.api.middleware.version_negotiation [None req-6e3e17a1-49cc-4bad-a256-1d5f98007dad tempest-VolumesActionsTest-1033232568 tempest-VolumesActionsTest-1033232568-project-member] Matched version: v2 {{(pid=99719) process_request /opt/stack/glance/glance/api/middleware/version_negotiation.py:69}}
Jul 13 19:01:39.886613 np0000005135 devstack@g-api.service[99719]: DEBUG glance.api.middleware.version_negotiation [None req-6e3e17a1-49cc-4bad-a256-1d5f98007dad tempest-VolumesActionsTest-1033232568 tempest-VolumesActionsTest-1033232568-project-member] new path /v2/images/394f8f78-a495-4f06-91af-39e5283de00e {{(pid=99719) process_request /opt/stack/glance/glance/api/middleware/version_negotiation.py:70}}
Jul 13 19:01:39.910762 np0000005135 devstack@g-api.service[99719]: [pid: 99719|app: 0|req: 122/364] 127.0.0.1 () {40 vars in 834 bytes} [Mon Jul 13 19:01:39 2026] GET /v2/images/394f8f78-a495-4f06-91af-39e5283de00e => generated 650 bytes in 27 msecs (HTTP/1.1 200) 4 headers in 157 bytes (1 switches on core 0)
Jul 13 19:01:40.380285 np0000005135 devstack@g-api.service[99722]: DEBUG glance.api.middleware.version_negotiation [None req-163e30c3-d271-4a0e-b6a2-0153a412c593 tempest-VolumesActionsTest-1033232568 tempest-VolumesActionsTest-1033232568-project-member] Determining version of request: GET /v2/images/adffdf7c-a93f-4a56-8eb1-7ab5ad9dc491 Accept: */* {{(pid=99722) process_request /opt/stack/glance/glance/api/middleware/version_negotiation.py:44}}
Jul 13 19:01:40.380285 np0000005135 devstack@g-api.service[99722]: DEBUG glance.api.middleware.version_negotiation [None req-163e30c3-d271-4a0e-b6a2-0153a412c593 tempest-VolumesActionsTest-1033232568 tempest-VolumesActionsTest-1033232568-project-member] Using url versioning {{(pid=99722) process_request /opt/stack/glance/glance/api/middleware/version_negotiation.py:57}}
Jul 13 19:01:40.380285 np0000005135 devstack@g-api.service[99722]: DEBUG glance.api.middleware.version_negotiation [None req-163e30c3-d271-4a0e-b6a2-0153a412c593 tempest-VolumesActionsTest-1033232568 tempest-VolumesActionsTest-1033232568-project-member] Matched version: v2 {{(pid=99722) process_request /opt/stack/glance/glance/api/middleware/version_negotiation.py:69}}
Jul 13 19:01:40.380285 np0000005135 devstack@g-api.service[99722]: DEBUG glance.api.middleware.version_negotiation [None req-163e30c3-d271-4a0e-b6a2-0153a412c593 tempest-VolumesActionsTest-1033232568 tempest-VolumesActionsTest-1033232568-project-member] new path /v2/images/adffdf7c-a93f-4a56-8eb1-7ab5ad9dc491 {{(pid=99722) process_request /opt/stack/glance/glance/api/middleware/version_negotiation.py:70}}
Jul 13 19:01:40.625610 np0000005135 devstack@g-api.service[99722]: [pid: 99722|app: 0|req: 125/365] 127.0.0.1 () {44 vars in 1111 bytes} [Mon Jul 13 19:01:40 2026] GET /v2/images/adffdf7c-a93f-4a56-8eb1-7ab5ad9dc491 => generated 1044 bytes in 246 msecs (HTTP/1.1 200) 4 headers in 158 bytes (1 switches on core 0)
Jul 13 19:01:40.683476 np0000005135 devstack@g-api.service[99719]: DEBUG glance.api.middleware.version_negotiation [None req-ce22ab13-9a80-48e2-92d6-6dd9113b5370 tempest-VolumesActionsTest-1033232568 tempest-VolumesActionsTest-1033232568-project-member] Determining version of request: GET /v2/schemas/image Accept: */* {{(pid=99719) process_request /opt/stack/glance/glance/api/middleware/version_negotiation.py:44}}
Jul 13 19:01:40.685013 np0000005135 devstack@g-api.service[99719]: DEBUG glance.api.middleware.version_negotiation [None req-ce22ab13-9a80-48e2-92d6-6dd9113b5370 tempest-VolumesActionsTest-1033232568 tempest-VolumesActionsTest-1033232568-project-member] Using url versioning {{(pid=99719) process_request /opt/stack/glance/glance/api/middleware/version_negotiation.py:57}}
Jul 13 19:01:40.685288 np0000005135 devstack@g-api.service[99719]: DEBUG glance.api.middleware.version_negotiation [None req-ce22ab13-9a80-48e2-92d6-6dd9113b5370 tempest-VolumesActionsTest-1033232568 tempest-VolumesActionsTest-1033232568-project-member] Matched version: v2 {{(pid=99719) process_request /opt/stack/glance/glance/api/middleware/version_negotiation.py:69}}
Jul 13 19:01:40.685375 np0000005135 devstack@g-api.service[99719]: DEBUG glance.api.middleware.version_negotiation [None req-ce22ab13-9a80-48e2-92d6-6dd9113b5370 tempest-VolumesActionsTest-1033232568 tempest-VolumesActionsTest-1033232568-project-member] new path /v2/schemas/image {{(pid=99719) process_request /opt/stack/glance/glance/api/middleware/version_negotiation.py:70}}
Jul 13 19:01:40.692914 np0000005135 devstack@g-api.service[99719]: [pid: 99719|app: 0|req: 123/366] 127.0.0.1 () {44 vars in 1051 bytes} [Mon Jul 13 19:01:40 2026] GET /v2/schemas/image => generated 6083 bytes in 10 msecs (HTTP/1.1 200) 4 headers in 158 bytes (1 switches on core 0)
Jul 13 19:01:40.701353 np0000005135 devstack@g-api.service[99720]: DEBUG swiftclient [None req-928a9be5-55e6-40dc-93bc-defef8a86cb8 tempest-VolumesActionsTest-1033232568 tempest-VolumesActionsTest-1033232568-project-member] REQ: curl -i https://10.4.3.82:8080/v1/AUTH_3e6014a8fa624c068d02ad106fa9a847/glance/394f8f78-a495-4f06-91af-39e5283de00e-00004 -X PUT -H "X-Auth-Token: gAAAAABqVTYIfJii..." {{(pid=99720) http_log /opt/stack/data/venv/lib/python3.12/site-packages/swiftclient/client.py:160}}
Jul 13 19:01:40.701353 np0000005135 devstack@g-api.service[99720]: DEBUG swiftclient [None req-928a9be5-55e6-40dc-93bc-defef8a86cb8 tempest-VolumesActionsTest-1033232568 tempest-VolumesActionsTest-1033232568-project-member] RESP STATUS: 201 Created {{(pid=99720) http_log /opt/stack/data/venv/lib/python3.12/site-packages/swiftclient/client.py:161}}
Jul 13 19:01:40.701353 np0000005135 devstack@g-api.service[99720]: DEBUG swiftclient [None req-928a9be5-55e6-40dc-93bc-defef8a86cb8 tempest-VolumesActionsTest-1033232568 tempest-VolumesActionsTest-1033232568-project-member] RESP HEADERS: {'Date': 'Mon, 13 Jul 2026 19:01:40 GMT', 'Server': 'Apache/2.4.58 (Ubuntu)', 'Content-Type': 'text/html; charset=UTF-8', 'Content-Length': '0', 'Etag': 'eda9a9889837ac4bc81d6387d92c1bec', 'Last-Modified': 'Mon, 13 Jul 2026 19:01:38 GMT', 'X-Trans-Id': 'tx8b2ad5d409634b5bbbd25-006a553611', 'X-Openstack-Request-Id': 'tx8b2ad5d409634b5bbbd25-006a553611', 'Connection': 'close'} {{(pid=99720) http_log /opt/stack/data/venv/lib/python3.12/site-packages/swiftclient/client.py:162}}
Jul 13 19:01:40.701353 np0000005135 devstack@g-api.service[99720]: DEBUG glance_store._drivers.swift.store [None req-928a9be5-55e6-40dc-93bc-defef8a86cb8 tempest-VolumesActionsTest-1033232568 tempest-VolumesActionsTest-1033232568-project-member] Wrote chunk 394f8f78-a495-4f06-91af-39e5283de00e-00004 (4/?) of length 204800000 to Swift returning MD5 of content: eda9a9889837ac4bc81d6387d92c1bec {{(pid=99720) add /opt/stack/data/venv/lib/python3.12/site-packages/glance_store/_drivers/swift/store.py:1059}}
