Jul 13 18:55:15.874568 np0000005135 devstack@neutron-api.service[87578]: DEBUG ovsdbapp.backend.ovs_idl.event [None req-4f45a9e4-4582-471f-9cb4-21f428cbff65 None None] Matched CREATE: LogicalSwitchPortCreateEvent(events=('create',), table='Logical_Switch_Port', conditions=[], old_conditions=None), priority=20 to row=Logical_Switch_Port(uuid=23ac890a-31e7-42e0-8e22-94ae9d718dca, addresses=['fa:16:3e:9f:3c:2a'], dhcpv4_options=[], dhcpv6_options=[], dynamic_addresses=[], enabled=True, external_ids={'neutron:cidrs': '', 'neutron:device_id': 'ovnmeta-30bae444-ebec-479a-b065-eb0b836d419a', 'neutron:device_owner': 'network:distributed', 'neutron:mtu': '1372', 'neutron:network_name': 'neutron-30bae444-ebec-479a-b065-eb0b836d419a', 'neutron:port_capabilities': '', 'neutron:port_name': '', 'neutron:project_id': '9d31cfe220b244819eb2f40cb8cdca35', 'neutron:revision_number': '1', 'neutron:security_group_ids': '', 'neutron:subnet_pool_addr_scope4': '', 'neutron:subnet_pool_addr_scope6': '', 'neutron:vnic_type': 'normal'}, ha_chassis_group=[], mirror_rules=[], name='b40613da-c320-44c0-af9c-f3827a24de1b', options={}, parent_name=[], port_security=[], tag=[], tag_request=[], type='localport', up=[]) old= {{(pid=87578) matches /opt/stack/data/venv/lib/python3.12/site-packages/ovsdbapp/backend/ovs_idl/event.py:55}}
Jul 13 18:55:15.875739 np0000005135 devstack@neutron-api.service[87578]: INFO neutron.plugins.ml2.drivers.ovn.mech_driver.mech_driver [None req-5d0d5a0b-6c07-4073-84b4-3f99d64ea1e9 None None] OVN reports status down for port: b40613da-c320-44c0-af9c-f3827a24de1b
Jul 13 18:55:15.877101 np0000005135 devstack@neutron-api.service[87578]: DEBUG neutron.plugins.ml2.drivers.ovn.mech_driver.ovsdb.ovsdb_monitor [None req-6dd99003-f542-432c-95cb-57af4e4bd098 None None] Hash Ring: Node 221f21ba8a645f649c2203672958ae46 (host: np0000005135) handling event "create" for row 4b354c04-c98c-4d1f-9d3a-7ce1b4c44371 (table: Port_Binding) {{(pid=87578) notify /opt/stack/neutron/neutron/plugins/ml2/drivers/ovn/mech_driver/ovsdb/ovsdb_monitor.py:1031}}
Jul 13 18:55:15.880226 np0000005135 devstack@neutron-api.service[87578]: DEBUG neutron.plugins.ml2.drivers.ovn.mech_driver.ovsdb.ovsdb_monitor [None req-4f45a9e4-4582-471f-9cb4-21f428cbff65 None None] Hash Ring: Node 221f21ba8a645f649c2203672958ae46 (host: np0000005135) handling event "update" for row 23ac890a-31e7-42e0-8e22-94ae9d718dca (table: Logical_Switch_Port) {{(pid=87578) notify /opt/stack/neutron/neutron/plugins/ml2/drivers/ovn/mech_driver/ovsdb/ovsdb_monitor.py:1031}}
Jul 13 18:55:15.926413 np0000005135 devstack@neutron-api.service[87578]: DEBUG neutron.db.provisioning_blocks [None req-5d0d5a0b-6c07-4073-84b4-3f99d64ea1e9 None None] Transition to ACTIVE for port object b40613da-c320-44c0-af9c-f3827a24de1b will not be triggered until provisioned by entity L2. {{(pid=87578) add_provisioning_component /opt/stack/neutron/neutron/db/provisioning_blocks.py:74}}
Jul 13 18:55:15.927101 np0000005135 devstack@neutron-api.service[87578]: INFO neutron.db.ovn_revision_numbers_db [None req-e5bbfc79-2666-4aa0-b000-26f3e1ab3ab6 admin admin] Successfully bumped revision number for resource b40613da-c320-44c0-af9c-f3827a24de1b (type: ports) to 1
Jul 13 18:55:15.950687 np0000005135 devstack@neutron-api.service[87578]: DEBUG neutron.pecan_wsgi.hooks.policy_enforcement [None req-e5bbfc79-2666-4aa0-b000-26f3e1ab3ab6 admin admin] Attributes excluded by policy engine: ['standard_attr_id'] {{(pid=87578) _exclude_attributes_by_policy /opt/stack/neutron/neutron/pecan_wsgi/hooks/policy_enforcement.py:259}}
Jul 13 18:55:15.951209 np0000005135 devstack@neutron-api.service[87578]: DEBUG neutron_lib.callbacks.manager [None req-e5bbfc79-2666-4aa0-b000-26f3e1ab3ab6 admin admin] Publish callbacks [] for network (None), before_response {{(pid=87578) _notify_loop /opt/stack/data/venv/lib/python3.12/site-packages/neutron_lib/callbacks/manager.py:184}}
Jul 13 18:55:15.962946 np0000005135 devstack@neutron-api.service[87578]: DEBUG neutron.plugins.ml2.plugin [None req-5d0d5a0b-6c07-4073-84b4-3f99d64ea1e9 None None] Current status of the port b40613da-c320-44c0-af9c-f3827a24de1b is: DOWN; New status is: DOWN {{(pid=87578) _update_individual_port_db_status /opt/stack/neutron/neutron/plugins/ml2/plugin.py:2473}}
Jul 13 18:55:15.964172 np0000005135 devstack@neutron-api.service[87578]: DEBUG ovsdbapp.backend.ovs_idl.transaction [None req-4f45a9e4-4582-471f-9cb4-21f428cbff65 None None] Running txn n=1 command(idx=0): DbRemoveCommand(_result=None, table=Logical_Switch_Port, record=b40613da-c320-44c0-af9c-f3827a24de1b, column=external_ids, values=('neutron:host_id',), keyvalues={}, if_exists=True) {{(pid=87578) do_commit /opt/stack/data/venv/lib/python3.12/site-packages/ovsdbapp/backend/ovs_idl/transaction.py:89}}
Jul 13 18:55:15.969256 np0000005135 devstack@neutron-api.service[87578]: [pid: 87578|app: 0|req: 12/37] 10.4.3.82 () {68 vars in 1319 bytes} [Mon Jul 13 18:55:15 2026] POST /networking/v2.0/networks => generated 679 bytes in 455 msecs (HTTP/1.1 201) 4 headers in 162 bytes (1 switches on core 0)
Jul 13 18:55:16.191325 np0000005135 devstack@neutron-api.service[87576]: INFO neutron.pecan_wsgi.hooks.translation [None req-1019b8c8-fb02-41b1-82d4-86db1a10c064 admin admin] GET failed (client error): The resource could not be found.
Jul 13 18:55:16.191889 np0000005135 devstack@neutron-api.service[87576]: [pid: 87576|app: 0|req: 14/38] 10.4.3.82 () {64 vars in 1287 bytes} [Mon Jul 13 18:55:16 2026] GET /networking/v2.0/networks/shared => generated 108 bytes in 9 msecs (HTTP/1.1 404) 4 headers in 164 bytes (1 switches on core 0)
Jul 13 18:55:16.217886 np0000005135 devstack@neutron-api.service[87577]: DEBUG neutron.pecan_wsgi.hooks.policy_enforcement [None req-ea4bc941-a631-4b02-893f-314e2aef1116 admin admin] Attributes excluded by policy engine: ['standard_attr_id'] {{(pid=87577) _exclude_attributes_by_policy /opt/stack/neutron/neutron/pecan_wsgi/hooks/policy_enforcement.py:259}}
Jul 13 18:55:16.218982 np0000005135 devstack@neutron-api.service[87577]: [pid: 87577|app: 0|req: 13/39] 10.4.3.82 () {64 vars in 1302 bytes} [Mon Jul 13 18:55:16 2026] GET /networking/v2.0/networks?name=shared => generated 663 bytes in 21 msecs (HTTP/1.1 200) 4 headers in 157 bytes (1 switches on core 0)
Jul 13 18:55:16.230277 np0000005135 devstack@neutron-api.service[87578]: DEBUG neutron.api.v2.base [None req-6f24cacd-35bf-4f2e-b668-425053d62693 admin admin] Request body: {'subnet': {'description': 'shared-subnet', 'ip_version': 4, 'cidr': '192.168.233.0/24', 'name': 'shared-subnet', 'network_id': '30bae444-ebec-479a-b065-eb0b836d419a'}} {{(pid=87578) prepare_request_body /opt/stack/neutron/neutron/api/v2/base.py:727}}
Jul 13 18:55:16.241879 np0000005135 devstack@neutron-api.service[87578]: DEBUG neutron.pecan_wsgi.hooks.quota_enforcement [None req-6f24cacd-35bf-4f2e-b668-425053d62693 admin admin] Made reservation on behalf of 9d31cfe220b244819eb2f40cb8cdca35 for: {'subnet': 1} {{(pid=87578) before /opt/stack/neutron/neutron/pecan_wsgi/hooks/quota_enforcement.py:66}}
Jul 13 18:55:16.244981 np0000005135 devstack@neutron-api.service[87578]: DEBUG neutron_lib.callbacks.manager [None req-6f24cacd-35bf-4f2e-b668-425053d62693 admin admin] Publish callbacks [] for subnet (None), before_create {{(pid=87578) _notify_loop /opt/stack/data/venv/lib/python3.12/site-packages/neutron_lib/callbacks/manager.py:184}}
Jul 13 18:55:16.300840 np0000005135 devstack@neutron-api.service[87578]: DEBUG neutron.db.ovn_revision_numbers_db [None req-6f24cacd-35bf-4f2e-b668-425053d62693 admin admin] create_initial_revision uuid=1737b836-9f34-4bc0-8f33-3e5c42649f3d, type=subnets, rev=-1 {{(pid=87578) create_initial_revision /opt/stack/neutron/neutron/db/ovn_revision_numbers_db.py:98}}
Jul 13 18:55:16.304818 np0000005135 devstack@neutron-api.service[87578]: DEBUG neutron_lib.callbacks.manager [None req-6f24cacd-35bf-4f2e-b668-425053d62693 admin admin] Publish callbacks ['neutron.plugins.ml2.ovo_rpc._ObjectChangeHandler.handle_event-6635001'] for subnet (1737b836-9f34-4bc0-8f33-3e5c42649f3d), after_create {{(pid=87578) _notify_loop /opt/stack/data/venv/lib/python3.12/site-packages/neutron_lib/callbacks/manager.py:184}}
Jul 13 18:55:16.316354 np0000005135 devstack@neutron-api.service[87578]: DEBUG neutron.api.rpc.handlers.resources_rpc [None req-6f24cacd-35bf-4f2e-b668-425053d62693 admin admin] Pushing event updated for resources: {'Subnet': ['ID=1737b836-9f34-4bc0-8f33-3e5c42649f3d,revision_number=0']} {{(pid=87578) push /opt/stack/neutron/neutron/api/rpc/handlers/resources_rpc.py:237}}
Jul 13 18:55:16.362140 np0000005135 devstack@neutron-api.service[87578]: DEBUG neutron_lib.callbacks.manager [None req-6f24cacd-35bf-4f2e-b668-425053d62693 admin admin] Publish callbacks ['neutron.plugins.ml2.plugin.SecurityGroupDbMixin._ensure_default_security_group_handler-157719', 'neutron.services.ovn_l3.plugin.OVNL3RouterPlugin._port_update-7943805104008', 'neutron.db.l3_db.L3_NAT_dbonly_mixin._prevent_internal_ip_change_for_fip-7943806989172'] for port (b40613da-c320-44c0-af9c-f3827a24de1b), before_update {{(pid=87578) _notify_loop /opt/stack/data/venv/lib/python3.12/site-packages/neutron_lib/callbacks/manager.py:184}}
Jul 13 18:55:16.454607 np0000005135 devstack@neutron-api.service[87578]: DEBUG neutron.db.db_base_plugin_common [None req-6f24cacd-35bf-4f2e-b668-425053d62693 admin admin] Allocated IP 192.168.233.2 (30bae444-ebec-479a-b065-eb0b836d419a/1737b836-9f34-4bc0-8f33-3e5c42649f3d/b40613da-c320-44c0-af9c-f3827a24de1b) {{(pid=87578) _store_ip_allocation /opt/stack/neutron/neutron/db/db_base_plugin_common.py:131}}
Jul 13 18:55:16.530097 np0000005135 devstack@neutron-api.service[87578]: DEBUG neutron_lib.callbacks.manager [None req-6f24cacd-35bf-4f2e-b668-425053d62693 admin admin] Publish callbacks [] for port (b40613da-c320-44c0-af9c-f3827a24de1b), precommit_update {{(pid=87578) _notify_loop /opt/stack/data/venv/lib/python3.12/site-packages/neutron_lib/callbacks/manager.py:184}}
Jul 13 18:55:16.530396 np0000005135 devstack@neutron-api.service[87578]: DEBUG neutron.plugins.ml2.drivers.ovn.mech_driver.mech_driver [None req-6f24cacd-35bf-4f2e-b668-425053d62693 admin admin] No provisioning block for port b40613da-c320-44c0-af9c-f3827a24de1b since it does not have a host {{(pid=87578) _is_port_provisioning_required /opt/stack/neutron/neutron/plugins/ml2/drivers/ovn/mech_driver/mech_driver.py:899}}
Jul 13 18:55:16.542583 np0000005135 devstack@neutron-api.service[87578]: DEBUG neutron_lib.callbacks.manager [None req-6f24cacd-35bf-4f2e-b668-425053d62693 admin admin] Publish callbacks ['neutron.plugins.ml2.ovo_rpc._ObjectChangeHandler.handle_event-6634996', 'neutron.services.ovn_l3.plugin.OVNL3RouterPlugin._port_update-7943805104008'] for port (b40613da-c320-44c0-af9c-f3827a24de1b), after_update {{(pid=87578) _notify_loop /opt/stack/data/venv/lib/python3.12/site-packages/neutron_lib/callbacks/manager.py:184}}
Jul 13 18:55:16.574855 np0000005135 devstack@neutron-api.service[87578]: DEBUG neutron.api.rpc.handlers.resources_rpc [None req-6f24cacd-35bf-4f2e-b668-425053d62693 admin admin] Pushing event updated for resources: {'Port': ['ID=b40613da-c320-44c0-af9c-f3827a24de1b,revision_number=2']} {{(pid=87578) push /opt/stack/neutron/neutron/api/rpc/handlers/resources_rpc.py:237}}
Jul 13 18:55:16.661591 np0000005135 devstack@neutron-api.service[87578]: DEBUG neutron.plugins.ml2.drivers.ovn.mech_driver.ovsdb.commands [None req-6f24cacd-35bf-4f2e-b668-425053d62693 admin admin] Converting tag [] to a tag_request {{(pid=87578) _tag_column_to_tag_request /opt/stack/neutron/neutron/plugins/ml2/drivers/ovn/mech_driver/ovsdb/commands.py:205}}
Jul 13 18:55:16.662196 np0000005135 devstack@neutron-api.service[87578]: DEBUG ovsdbapp.backend.ovs_idl.transaction [None req-4f45a9e4-4582-471f-9cb4-21f428cbff65 None None] Running txn n=1 command(idx=0): CheckRevisionNumberCommand(_result=None, name=b40613da-c320-44c0-af9c-f3827a24de1b, resource={'id': 'b40613da-c320-44c0-af9c-f3827a24de1b', 'name': '', 'network_id': '30bae444-ebec-479a-b065-eb0b836d419a', 'project_id': '9d31cfe220b244819eb2f40cb8cdca35', 'mac_address': 'fa:16:3e:9f:3c:2a', 'admin_state_up': True, 'status': 'DOWN', 'device_id': 'ovnmeta-30bae444-ebec-479a-b065-eb0b836d419a', 'device_owner': 'network:distributed', 'standard_attr_id': 28, 'fixed_ips': [{'subnet_id': '1737b836-9f34-4bc0-8f33-3e5c42649f3d', 'ip_address': '192.168.233.2'}], 'allowed_address_pairs': [], 'extra_dhcp_opts': [], 'security_groups': [], 'description': '', 'binding:vnic_type': 'normal', 'binding:profile': {}, 'binding:host_id': '', 'binding:vif_type': 'unbound', 'binding:vif_details': {}, 'port_security_enabled': False, 'tags': [], 'created_at': '2026-07-13T18:55:15Z', 'updated_at': '2026-07-13T18:55:16Z', 'revision_number': 2, 'tenant_id': '9d31cfe220b244819eb2f40cb8cdca35', 'network': {'id': '30bae444-ebec-479a-b065-eb0b836d419a', 'name': 'shared', 'tenant_id': '9d31cfe220b244819eb2f40cb8cdca35', 'project_id': '9d31cfe220b244819eb2f40cb8cdca35', 'admin_state_up': True, 'mtu': 1372, 'status': 'ACTIVE', 'subnets': ['1737b836-9f34-4bc0-8f33-3e5c42649f3d'], 'standard_attr_id': 26, 'shared': True, 'availability_zone_hints': [], 'availability_zones': [], 'ipv4_address_scope': None, 'ipv6_address_scope': None, 'router:external': False, 'qinq': False, 'vlan_transparent': False, 'description': '', 'port_security_enabled': True, 'tags': [], 'created_at': '2026-07-13T18:55:15Z', 'updated_at': '2026-07-13T18:55:16Z', 'revision_number': 2, 'provider:network_type': 'geneve', 'provider:physical_network': None, 'provider:segmentation_id': 24209}}, resource_type=ports, if_exists=True) {{(pid=87578) do_commit /opt/stack/data/venv/lib/python3.12/site-packages/ovsdbapp/backend/ovs_idl/transaction.py:89}}
Jul 13 18:55:16.662476 np0000005135 devstack@neutron-api.service[87578]: DEBUG ovsdbapp.backend.ovs_idl.transaction [None req-4f45a9e4-4582-471f-9cb4-21f428cbff65 None None] Running txn n=1 command(idx=1): AddDHCPOptionsCommand(_result=None, columns={'cidr': '192.168.233.0/24', 'options': {'server_id': '192.168.233.1', 'lease_time': '43200', 'mtu': '1372', 'router': '192.168.233.1', 'server_mac': 'fa:16:3e:31:3b:e5', 'dns_server': '{127.0.0.53}', 'classless_static_route': '{169.254.169.254/32,192.168.233.2, 0.0.0.0/0,192.168.233.1}'}, 'external_ids': {'subnet_id': '1737b836-9f34-4bc0-8f33-3e5c42649f3d', 'neutron:network_id': '30bae444-ebec-479a-b065-eb0b836d419a', 'neutron:revision_number': '0'}}, may_exist=True, subnet_id=1737b836-9f34-4bc0-8f33-3e5c42649f3d, port_id=None, new_insert=False) {{(pid=87578) do_commit /opt/stack/data/venv/lib/python3.12/site-packages/ovsdbapp/backend/ovs_idl/transaction.py:89}}
Jul 13 18:55:16.662748 np0000005135 devstack@neutron-api.service[87578]: DEBUG ovsdbapp.backend.ovs_idl.transaction [None req-4f45a9e4-4582-471f-9cb4-21f428cbff65 None None] Running txn n=1 command(idx=2): SetLSwitchPortCommand(_result=None, lport=b40613da-c320-44c0-af9c-f3827a24de1b, external_ids_update=None, columns={'external_ids': {'neutron:port_name': '', 'neutron:device_id': 'ovnmeta-30bae444-ebec-479a-b065-eb0b836d419a', 'neutron:project_id': '9d31cfe220b244819eb2f40cb8cdca35', 'neutron:cidrs': '192.168.233.2/24', 'neutron:device_owner': 'network:distributed', 'neutron:subnet_pool_addr_scope4': '', 'neutron:subnet_pool_addr_scope6': '', 'neutron:network_name': 'neutron-30bae444-ebec-479a-b065-eb0b836d419a', 'neutron:security_group_ids': '', 'neutron:revision_number': '2', 'neutron:vnic_type': 'normal', 'neutron:port_capabilities': '', 'neutron:mtu': '1372'}, 'parent_name': [], 'options': {}, 'enabled': True, 'port_security': [], 'dhcpv4_options': [], 'dhcpv6_options': [], 'type': 'localport', 'addresses': ['fa:16:3e:9f:3c:2a 192.168.233.2'], 'ha_chassis_group': [], 'tag_request': []}, if_exists=False) {{(pid=87578) do_commit /opt/stack/data/venv/lib/python3.12/site-packages/ovsdbapp/backend/ovs_idl/transaction.py:89}}
Jul 13 18:55:16.663220 np0000005135 devstack@neutron-api.service[87578]: DEBUG ovsdbapp.backend.ovs_idl.transaction [None req-4f45a9e4-4582-471f-9cb4-21f428cbff65 None None] Running txn n=1 command(idx=3): PgDelPortCommand(_result=None, port_group=neutron_pg_drop, lsp=['b40613da-c320-44c0-af9c-f3827a24de1b'], if_exists=False) {{(pid=87578) do_commit /opt/stack/data/venv/lib/python3.12/site-packages/ovsdbapp/backend/ovs_idl/transaction.py:89}}
Jul 13 18:55:16.667553 np0000005135 devstack@neutron-api.service[87578]: DEBUG neutron.plugins.ml2.drivers.ovn.mech_driver.ovsdb.ovsdb_monitor [None req-4f45a9e4-4582-471f-9cb4-21f428cbff65 None None] Hash Ring: Node 221f21ba8a645f649c2203672958ae46 (host: np0000005135) handling event "create" for row f33cdaaf-fcee-4f91-95b8-2d098734b808 (table: DHCP_Options) {{(pid=87578) notify /opt/stack/neutron/neutron/plugins/ml2/drivers/ovn/mech_driver/ovsdb/ovsdb_monitor.py:1031}}
Jul 13 18:55:16.667803 np0000005135 devstack@neutron-api.service[87578]: DEBUG neutron.plugins.ml2.drivers.ovn.mech_driver.ovsdb.ovsdb_monitor [None req-4f45a9e4-4582-471f-9cb4-21f428cbff65 None None] Hash Ring: Node 221f21ba8a645f649c2203672958ae46 (host: np0000005135) handling event "update" for row 23ac890a-31e7-42e0-8e22-94ae9d718dca (table: Logical_Switch_Port) {{(pid=87578) notify /opt/stack/neutron/neutron/plugins/ml2/drivers/ovn/mech_driver/ovsdb/ovsdb_monitor.py:1031}}
Jul 13 18:55:16.669853 np0000005135 devstack@neutron-api.service[87578]: DEBUG neutron.plugins.ml2.drivers.ovn.mech_driver.ovsdb.ovsdb_monitor [None req-6dd99003-f542-432c-95cb-57af4e4bd098 None None] Hash Ring: Node 221f21ba8a645f649c2203672958ae46 (host: np0000005135) handling event "update" for row 4b354c04-c98c-4d1f-9d3a-7ce1b4c44371 (table: Port_Binding) {{(pid=87578) notify /opt/stack/neutron/neutron/plugins/ml2/drivers/ovn/mech_driver/ovsdb/ovsdb_monitor.py:1031}}
Jul 13 18:55:16.694795 np0000005135 devstack@neutron-api.service[87578]: INFO neutron.db.ovn_revision_numbers_db [None req-6f24cacd-35bf-4f2e-b668-425053d62693 admin admin] Successfully bumped revision number for resource b40613da-c320-44c0-af9c-f3827a24de1b (type: ports) to 2
Jul 13 18:55:16.703390 np0000005135 devstack@neutron-api.service[87578]: DEBUG neutron.plugins.ml2.plugin [None req-6f24cacd-35bf-4f2e-b668-425053d62693 admin admin] In _notify_port_updated(), no bound segment for port b40613da-c320-44c0-af9c-f3827a24de1b on network 30bae444-ebec-479a-b065-eb0b836d419a {{(pid=87578) _notify_port_updated /opt/stack/neutron/neutron/plugins/ml2/plugin.py:1041}}
Jul 13 18:55:16.718329 np0000005135 devstack@neutron-api.service[87578]: INFO neutron.db.ovn_revision_numbers_db [None req-6f24cacd-35bf-4f2e-b668-425053d62693 admin admin] Successfully bumped revision number for resource 1737b836-9f34-4bc0-8f33-3e5c42649f3d (type: subnets) to 0
Jul 13 18:55:16.719535 np0000005135 devstack@neutron-api.service[87578]: DEBUG neutron.pecan_wsgi.hooks.policy_enforcement [None req-6f24cacd-35bf-4f2e-b668-425053d62693 admin admin] Attributes excluded by policy engine: ['standard_attr_id', 'shared', 'network'] {{(pid=87578) _exclude_attributes_by_policy /opt/stack/neutron/neutron/pecan_wsgi/hooks/policy_enforcement.py:259}}
Jul 13 18:55:16.719819 np0000005135 devstack@neutron-api.service[87578]: DEBUG neutron_lib.callbacks.manager [None req-6f24cacd-35bf-4f2e-b668-425053d62693 admin admin] Publish callbacks [] for subnet (None), before_response {{(pid=87578) _notify_loop /opt/stack/data/venv/lib/python3.12/site-packages/neutron_lib/callbacks/manager.py:184}}
Jul 13 18:55:16.729974 np0000005135 devstack@neutron-api.service[87578]: [pid: 87578|app: 0|req: 13/40] 10.4.3.82 () {68 vars in 1317 bytes} [Mon Jul 13 18:55:16 2026] POST /networking/v2.0/subnets => generated 665 bytes in 502 msecs (HTTP/1.1 201) 4 headers in 162 bytes (1 switches on core 0)
Jul 13 18:55:19.677008 np0000005135 devstack@neutron-api.service[87577]: DEBUG neutron.plugins.ml2.drivers.ovn.mech_driver.ovsdb.ovsdb_monitor [None req-d758e1ef-f9b3-4642-9950-24f2216cdf7d None None] ChassisOVNAgentWriteEvent : Matched Chassis_Private, update, None None {{(pid=87577) matches /opt/stack/neutron/neutron/plugins/ml2/drivers/ovn/mech_driver/ovsdb/ovsdb_monitor.py:65}}
Jul 13 18:55:19.677388 np0000005135 devstack@neutron-api.service[87578]: DEBUG neutron.plugins.ml2.drivers.ovn.mech_driver.ovsdb.ovsdb_monitor [None req-6dd99003-f542-432c-95cb-57af4e4bd098 None None] ChassisOVNAgentWriteEvent : Matched Chassis_Private, update, None None {{(pid=87578) matches /opt/stack/neutron/neutron/plugins/ml2/drivers/ovn/mech_driver/ovsdb/ovsdb_monitor.py:65}}
Jul 13 18:55:19.677650 np0000005135 devstack@neutron-api.service[87577]: DEBUG neutron.plugins.ml2.drivers.ovn.mech_driver.ovsdb.ovsdb_monitor [None req-d758e1ef-f9b3-4642-9950-24f2216cdf7d None None] Hash Ring: Node 2656f2ea8f0751b09c5aff98e73644fc (host: np0000005135) handling event "update" for row 2532be7b-091d-4520-8604-5d38152b70f6 (table: Chassis_Private) {{(pid=87577) notify /opt/stack/neutron/neutron/plugins/ml2/drivers/ovn/mech_driver/ovsdb/ovsdb_monitor.py:1031}}
Jul 13 18:55:19.677702 np0000005135 devstack@neutron-api.service[87576]: DEBUG neutron.plugins.ml2.drivers.ovn.mech_driver.ovsdb.ovsdb_monitor [None req-75064262-cd94-4512-b6ba-72dc883b36e5 None None] ChassisOVNAgentWriteEvent : Matched Chassis_Private, update, None None {{(pid=87576) matches /opt/stack/neutron/neutron/plugins/ml2/drivers/ovn/mech_driver/ovsdb/ovsdb_monitor.py:65}}
Jul 13 18:55:21.671726 np0000005135 devstack@neutron-api.service[87576]: DEBUG futurist.periodics [-] Submitting periodic callback 'neutron.plugins.ml2.drivers.ovn.mech_driver.ovsdb.maintenance.HashRingHealthCheckPeriodics.touch_hash_ring_node' {{(pid=87576) _process_scheduled /opt/stack/data/venv/lib/python3.12/site-packages/futurist/periodics.py:784}}
Jul 13 18:55:21.672408 np0000005135 devstack@neutron-api.service[87576]: DEBUG neutron.plugins.ml2.drivers.ovn.mech_driver.ovsdb.maintenance [-] Touching Hash Ring node "d0d34529f03e53e6a84227d4df2f2b8d" from periodic health check thread {{(pid=87576) touch_hash_ring_node /opt/stack/neutron/neutron/plugins/ml2/drivers/ovn/mech_driver/ovsdb/maintenance.py:1417}}
Jul 13 18:55:22.664099 np0000005135 devstack@neutron-api.service[87577]: DEBUG futurist.periodics [-] Submitting periodic callback 'neutron.plugins.ml2.drivers.ovn.mech_driver.ovsdb.maintenance.HashRingHealthCheckPeriodics.touch_hash_ring_node' {{(pid=87577) _process_scheduled /opt/stack/data/venv/lib/python3.12/site-packages/futurist/periodics.py:784}}
Jul 13 18:55:22.664564 np0000005135 devstack@neutron-api.service[87577]: DEBUG neutron.plugins.ml2.drivers.ovn.mech_driver.ovsdb.maintenance [-] Touching Hash Ring node "2656f2ea8f0751b09c5aff98e73644fc" from periodic health check thread {{(pid=87577) touch_hash_ring_node /opt/stack/neutron/neutron/plugins/ml2/drivers/ovn/mech_driver/ovsdb/maintenance.py:1417}}
Jul 13 18:55:22.679871 np0000005135 devstack@neutron-api.service[87578]: DEBUG futurist.periodics [-] Submitting periodic callback 'neutron.plugins.ml2.drivers.ovn.mech_driver.ovsdb.maintenance.HashRingHealthCheckPeriodics.touch_hash_ring_node' {{(pid=87578) _process_scheduled /opt/stack/data/venv/lib/python3.12/site-packages/futurist/periodics.py:784}}
Jul 13 18:55:22.680361 np0000005135 devstack@neutron-api.service[87578]: DEBUG neutron.plugins.ml2.drivers.ovn.mech_driver.ovsdb.maintenance [-] Touching Hash Ring node "221f21ba8a645f649c2203672958ae46" from periodic health check thread {{(pid=87578) touch_hash_ring_node /opt/stack/neutron/neutron/plugins/ml2/drivers/ovn/mech_driver/ovsdb/maintenance.py:1417}}
Jul 13 18:55:31.680563 np0000005135 devstack@neutron-api.service[87576]: DEBUG dbcounter [-] [87576] Writing DB stats neutron:UPDATE=2,neutron:SELECT=8 {{(pid=87576) stat_writer /opt/stack/data/venv/lib/python3.12/site-packages/dbcounter.py:115}}
Jul 13 18:55:32.670039 np0000005135 devstack@neutron-api.service[87577]: DEBUG dbcounter [-] [87577] Writing DB stats neutron:UPDATE=2,neutron:SELECT=33 {{(pid=87577) stat_writer /opt/stack/data/venv/lib/python3.12/site-packages/dbcounter.py:115}}
Jul 13 18:55:32.686059 np0000005135 devstack@neutron-api.service[87578]: DEBUG dbcounter [-] [87578] Writing DB stats neutron:UPDATE=16,neutron:SELECT=394,neutron:INSERT=26,neutron:DELETE=4 {{(pid=87578) stat_writer /opt/stack/data/venv/lib/python3.12/site-packages/dbcounter.py:115}}
Jul 13 18:55:36.672283 np0000005135 devstack@neutron-api.service[87576]: DEBUG futurist.periodics [-] Submitting periodic callback 'neutron.plugins.ml2.drivers.ovn.mech_driver.ovsdb.maintenance.HashRingHealthCheckPeriodics.touch_hash_ring_node' {{(pid=87576) _process_scheduled /opt/stack/data/venv/lib/python3.12/site-packages/futurist/periodics.py:784}}
Jul 13 18:55:36.672696 np0000005135 devstack@neutron-api.service[87576]: DEBUG neutron.plugins.ml2.drivers.ovn.mech_driver.ovsdb.maintenance [-] Touching Hash Ring node "d0d34529f03e53e6a84227d4df2f2b8d" from periodic health check thread {{(pid=87576) touch_hash_ring_node /opt/stack/neutron/neutron/plugins/ml2/drivers/ovn/mech_driver/ovsdb/maintenance.py:1417}}
Jul 13 18:55:37.664593 np0000005135 devstack@neutron-api.service[87577]: DEBUG futurist.periodics [-] Submitting periodic callback 'neutron.plugins.ml2.drivers.ovn.mech_driver.ovsdb.maintenance.HashRingHealthCheckPeriodics.touch_hash_ring_node' {{(pid=87577) _process_scheduled /opt/stack/data/venv/lib/python3.12/site-packages/futurist/periodics.py:784}}
Jul 13 18:55:37.664999 np0000005135 devstack@neutron-api.service[87577]: DEBUG neutron.plugins.ml2.drivers.ovn.mech_driver.ovsdb.maintenance [-] Touching Hash Ring node "2656f2ea8f0751b09c5aff98e73644fc" from periodic health check thread {{(pid=87577) touch_hash_ring_node /opt/stack/neutron/neutron/plugins/ml2/drivers/ovn/mech_driver/ovsdb/maintenance.py:1417}}
Jul 13 18:55:37.680382 np0000005135 devstack@neutron-api.service[87578]: DEBUG futurist.periodics [-] Submitting periodic callback 'neutron.plugins.ml2.drivers.ovn.mech_driver.ovsdb.maintenance.HashRingHealthCheckPeriodics.touch_hash_ring_node' {{(pid=87578) _process_scheduled /opt/stack/data/venv/lib/python3.12/site-packages/futurist/periodics.py:784}}
Jul 13 18:55:37.680752 np0000005135 devstack@neutron-api.service[87578]: DEBUG neutron.plugins.ml2.drivers.ovn.mech_driver.ovsdb.maintenance [-] Touching Hash Ring node "221f21ba8a645f649c2203672958ae46" from periodic health check thread {{(pid=87578) touch_hash_ring_node /opt/stack/neutron/neutron/plugins/ml2/drivers/ovn/mech_driver/ovsdb/maintenance.py:1417}}
Jul 13 18:55:44.382193 np0000005135 devstack@neutron-api.service[87576]: DEBUG neutron.api.wsgi [None req-27c24d2d-9e72-4faf-a864-dd9ee4094268 tempest-verify_tempest_config-1665210199 tempest-verify_tempest_config-1665210199-project-member] https://10.4.3.82/networking/v2.0/extensions returned with HTTP 200 {{(pid=87576) __call__ /opt/stack/neutron/neutron/api/wsgi.py:540}}
Jul 13 18:55:44.383087 np0000005135 devstack@neutron-api.service[87576]: [pid: 87576|app: 0|req: 15/41] 10.4.3.82 () {66 vars in 1254 bytes} [Mon Jul 13 18:55:44 2026] GET /networking/v2.0/extensions => generated 16171 bytes in 5 msecs (HTTP/1.1 200) 4 headers in 159 bytes (1 switches on core 0)
Jul 13 18:55:45.008502 np0000005135 devstack@neutron-api.service[87577]: DEBUG neutron_lib.callbacks.manager [None req-321e2a13-3cd5-426b-88a2-963dc094535b admin admin] Publish callbacks [] for security_group (None), before_create {{(pid=87577) _notify_loop /opt/stack/data/venv/lib/python3.12/site-packages/neutron_lib/callbacks/manager.py:184}}
Jul 13 18:55:45.098314 np0000005135 devstack@neutron-api.service[87577]: DEBUG neutron_lib.callbacks.manager [None req-321e2a13-3cd5-426b-88a2-963dc094535b admin admin] Publish callbacks ['neutron.plugins.ml2.drivers.ovn.mech_driver.mech_driver.OVNMechanismDriver._create_security_group_precommit-1040273'] for security_group (aa272d2a-2bc6-45ec-af54-8654ce12879f), precommit_create {{(pid=87577) _notify_loop /opt/stack/data/venv/lib/python3.12/site-packages/neutron_lib/callbacks/manager.py:184}}
Jul 13 18:55:45.098493 np0000005135 devstack@neutron-api.service[87577]: DEBUG neutron.db.ovn_revision_numbers_db [None req-321e2a13-3cd5-426b-88a2-963dc094535b admin admin] create_initial_revision uuid=aa272d2a-2bc6-45ec-af54-8654ce12879f, type=security_groups, rev=-1 {{(pid=87577) create_initial_revision /opt/stack/neutron/neutron/db/ovn_revision_numbers_db.py:98}}
Jul 13 18:55:45.099621 np0000005135 devstack@neutron-api.service[87577]: DEBUG neutron.db.ovn_revision_numbers_db [None req-321e2a13-3cd5-426b-88a2-963dc094535b admin admin] create_initial_revision uuid=055b67c1-df03-4671-bb43-ab49d78f4737, type=security_group_rules, rev=-1 {{(pid=87577) create_initial_revision /opt/stack/neutron/neutron/db/ovn_revision_numbers_db.py:98}}
Jul 13 18:55:45.100527 np0000005135 devstack@neutron-api.service[87577]: DEBUG neutron.db.ovn_revision_numbers_db [None req-321e2a13-3cd5-426b-88a2-963dc094535b admin admin] create_initial_revision uuid=6da01317-812e-4a9d-af51-21e64574a5a5, type=security_group_rules, rev=-1 {{(pid=87577) create_initial_revision /opt/stack/neutron/neutron/db/ovn_revision_numbers_db.py:98}}
Jul 13 18:55:45.101468 np0000005135 devstack@neutron-api.service[87577]: DEBUG neutron.db.ovn_revision_numbers_db [None req-321e2a13-3cd5-426b-88a2-963dc094535b admin admin] create_initial_revision uuid=cac2f7be-6489-4857-a84e-9564a8ae025a, type=security_group_rules, rev=-1 {{(pid=87577) create_initial_revision /opt/stack/neutron/neutron/db/ovn_revision_numbers_db.py:98}}
Jul 13 18:55:45.102275 np0000005135 devstack@neutron-api.service[87577]: DEBUG neutron.db.ovn_revision_numbers_db [None req-321e2a13-3cd5-426b-88a2-963dc094535b admin admin] create_initial_revision uuid=ec5628db-da18-4ee6-84ea-40dbdb8f51e2, type=security_group_rules, rev=-1 {{(pid=87577) create_initial_revision /opt/stack/neutron/neutron/db/ovn_revision_numbers_db.py:98}}
Jul 13 18:55:45.105188 np0000005135 devstack@neutron-api.service[87577]: DEBUG neutron_lib.callbacks.manager [None req-321e2a13-3cd5-426b-88a2-963dc094535b admin admin] Publish callbacks ['neutron.plugins.ml2.drivers.ovn.mech_driver.mech_driver.OVNMechanismDriver._create_security_group-1040263', 'neutron.plugins.ml2.ovo_rpc._ObjectChangeHandler.handle_event-6627368'] for security_group (aa272d2a-2bc6-45ec-af54-8654ce12879f), after_create {{(pid=87577) _notify_loop /opt/stack/data/venv/lib/python3.12/site-packages/neutron_lib/callbacks/manager.py:184}}
Jul 13 18:55:45.106007 np0000005135 devstack@neutron-api.service[87577]: DEBUG ovsdbapp.backend.ovs_idl.transaction [None req-406f7d14-7193-4d61-a124-182145da5304 None None] Running txn n=1 command(idx=0): PgAddCommand(_result=None, name=pg_aa272d2a_2bc6_45ec_af54_8654ce12879f, may_exist=False, columns={'acls': [], 'external_ids': {'neutron:security_group_id': 'aa272d2a-2bc6-45ec-af54-8654ce12879f'}}) {{(pid=87577) do_commit /opt/stack/data/venv/lib/python3.12/site-packages/ovsdbapp/backend/ovs_idl/transaction.py:89}}
Jul 13 18:55:45.106397 np0000005135 devstack@neutron-api.service[87577]: DEBUG ovsdbapp.backend.ovs_idl.transaction [None req-406f7d14-7193-4d61-a124-182145da5304 None None] Running txn n=1 command(idx=1): PgAclAddCommand(_result=None, entity=pg_aa272d2a_2bc6_45ec_af54_8654ce12879f, direction=to-lport, priority=1002, match=outport == @pg_aa272d2a_2bc6_45ec_af54_8654ce12879f && ip6 && ip6.src == $pg_aa272d2a_2bc6_45ec_af54_8654ce12879f_ip6, action=allow-related, log=False, may_exist=True, severity=[], name=[], meter=[], external_ids={'neutron:security_group_rule_id': '055b67c1-df03-4671-bb43-ab49d78f4737'}) {{(pid=87577) do_commit /opt/stack/data/venv/lib/python3.12/site-packages/ovsdbapp/backend/ovs_idl/transaction.py:89}}
Jul 13 18:55:45.106746 np0000005135 devstack@neutron-api.service[87577]: DEBUG ovsdbapp.backend.ovs_idl.transaction [None req-406f7d14-7193-4d61-a124-182145da5304 None None] Running txn n=1 command(idx=2): PgAclAddCommand(_result=None, entity=pg_aa272d2a_2bc6_45ec_af54_8654ce12879f, direction=to-lport, priority=1002, match=outport == @pg_aa272d2a_2bc6_45ec_af54_8654ce12879f && ip4 && ip4.src == $pg_aa272d2a_2bc6_45ec_af54_8654ce12879f_ip4, action=allow-related, log=False, may_exist=True, severity=[], name=[], meter=[], external_ids={'neutron:security_group_rule_id': '6da01317-812e-4a9d-af51-21e64574a5a5'}) {{(pid=87577) do_commit /opt/stack/data/venv/lib/python3.12/site-packages/ovsdbapp/backend/ovs_idl/transaction.py:89}}
Jul 13 18:55:45.107000 np0000005135 devstack@neutron-api.service[87577]: DEBUG ovsdbapp.backend.ovs_idl.transaction [None req-406f7d14-7193-4d61-a124-182145da5304 None None] Running txn n=1 command(idx=3): PgAclAddCommand(_result=None, entity=pg_aa272d2a_2bc6_45ec_af54_8654ce12879f, direction=from-lport, priority=1002, match=inport == @pg_aa272d2a_2bc6_45ec_af54_8654ce12879f && ip4, action=allow-related, log=False, may_exist=True, severity=[], name=[], meter=[], external_ids={'neutron:security_group_rule_id': 'cac2f7be-6489-4857-a84e-9564a8ae025a'}) {{(pid=87577) do_commit /opt/stack/data/venv/lib/python3.12/site-packages/ovsdbapp/backend/ovs_idl/transaction.py:89}}
Jul 13 18:55:45.107264 np0000005135 devstack@neutron-api.service[87577]: DEBUG ovsdbapp.backend.ovs_idl.transaction [None req-406f7d14-7193-4d61-a124-182145da5304 None None] Running txn n=1 command(idx=4): PgAclAddCommand(_result=None, entity=pg_aa272d2a_2bc6_45ec_af54_8654ce12879f, direction=from-lport, priority=1002, match=inport == @pg_aa272d2a_2bc6_45ec_af54_8654ce12879f && ip6, action=allow-related, log=False, may_exist=True, severity=[], name=[], meter=[], external_ids={'neutron:security_group_rule_id': 'ec5628db-da18-4ee6-84ea-40dbdb8f51e2'}) {{(pid=87577) do_commit /opt/stack/data/venv/lib/python3.12/site-packages/ovsdbapp/backend/ovs_idl/transaction.py:89}}
Jul 13 18:55:45.111359 np0000005135 devstack@neutron-api.service[87577]: DEBUG neutron.plugins.ml2.drivers.ovn.mech_driver.ovsdb.ovsdb_monitor [None req-406f7d14-7193-4d61-a124-182145da5304 None None] Touching Hash Ring node "2656f2ea8f0751b09c5aff98e73644fc" from IDL notify handler {{(pid=87577) notify /opt/stack/neutron/neutron/plugins/ml2/drivers/ovn/mech_driver/ovsdb/ovsdb_monitor.py:1023}}
Jul 13 18:55:45.115105 np0000005135 devstack@neutron-api.service[87578]: DEBUG neutron.plugins.ml2.drivers.ovn.mech_driver.ovsdb.ovsdb_monitor [None req-4f45a9e4-4582-471f-9cb4-21f428cbff65 None None] Touching Hash Ring node "221f21ba8a645f649c2203672958ae46" from IDL notify handler {{(pid=87578) notify /opt/stack/neutron/neutron/plugins/ml2/drivers/ovn/mech_driver/ovsdb/ovsdb_monitor.py:1023}}
Jul 13 18:55:45.116537 np0000005135 devstack@neutron-api.service[87577]: DEBUG neutron.plugins.ml2.drivers.ovn.mech_driver.ovsdb.ovsdb_monitor [None req-406f7d14-7193-4d61-a124-182145da5304 None None] Hash Ring: Node 2656f2ea8f0751b09c5aff98e73644fc (host: np0000005135) handling event "create" for row 03b1ebac-c814-49c9-9466-3ee9c2677fb8 (table: ACL) {{(pid=87577) notify /opt/stack/neutron/neutron/plugins/ml2/drivers/ovn/mech_driver/ovsdb/ovsdb_monitor.py:1031}}
Jul 13 18:55:45.117350 np0000005135 devstack@neutron-api.service[87577]: DEBUG neutron.plugins.ml2.drivers.ovn.mech_driver.ovsdb.ovsdb_monitor [None req-406f7d14-7193-4d61-a124-182145da5304 None None] Touching Hash Ring node "2656f2ea8f0751b09c5aff98e73644fc" from IDL notify handler {{(pid=87577) notify /opt/stack/neutron/neutron/plugins/ml2/drivers/ovn/mech_driver/ovsdb/ovsdb_monitor.py:1023}}
Jul 13 18:55:45.119414 np0000005135 devstack@neutron-api.service[87578]: DEBUG neutron.plugins.ml2.drivers.ovn.mech_driver.ovsdb.ovsdb_monitor [None req-4f45a9e4-4582-471f-9cb4-21f428cbff65 None None] Hash Ring: Node 221f21ba8a645f649c2203672958ae46 (host: np0000005135) handling event "create" for row c5e4498f-1734-44cb-9481-7eb41fb6d529 (table: ACL) {{(pid=87578) notify /opt/stack/neutron/neutron/plugins/ml2/drivers/ovn/mech_driver/ovsdb/ovsdb_monitor.py:1031}}
Jul 13 18:55:45.119706 np0000005135 devstack@neutron-api.service[87577]: DEBUG neutron.plugins.ml2.drivers.ovn.mech_driver.ovsdb.ovsdb_monitor [None req-406f7d14-7193-4d61-a124-182145da5304 None None] Hash Ring: Node 2656f2ea8f0751b09c5aff98e73644fc (host: np0000005135) handling event "create" for row 2d1880da-dd5c-48e4-b2b6-3889b650efc0 (table: ACL) {{(pid=87577) notify /opt/stack/neutron/neutron/plugins/ml2/drivers/ovn/mech_driver/ovsdb/ovsdb_monitor.py:1031}}
Jul 13 18:55:45.120457 np0000005135 devstack@neutron-api.service[87577]: DEBUG neutron.plugins.ml2.drivers.ovn.mech_driver.ovsdb.ovsdb_monitor [None req-406f7d14-7193-4d61-a124-182145da5304 None None] Touching Hash Ring node "2656f2ea8f0751b09c5aff98e73644fc" from IDL notify handler {{(pid=87577) notify /opt/stack/neutron/neutron/plugins/ml2/drivers/ovn/mech_driver/ovsdb/ovsdb_monitor.py:1023}}
Jul 13 18:55:45.122472 np0000005135 devstack@neutron-api.service[87577]: DEBUG neutron.plugins.ml2.drivers.ovn.mech_driver.ovsdb.ovsdb_monitor [None req-406f7d14-7193-4d61-a124-182145da5304 None None] Hash Ring: Node 2656f2ea8f0751b09c5aff98e73644fc (host: np0000005135) handling event "create" for row b4aa050e-b9ca-4e95-90b9-896e0d961bb0 (table: ACL) {{(pid=87577) notify /opt/stack/neutron/neutron/plugins/ml2/drivers/ovn/mech_driver/ovsdb/ovsdb_monitor.py:1031}}
Jul 13 18:55:45.123238 np0000005135 devstack@neutron-api.service[87577]: DEBUG neutron.plugins.ml2.drivers.ovn.mech_driver.ovsdb.ovsdb_monitor [None req-406f7d14-7193-4d61-a124-182145da5304 None None] Touching Hash Ring node "2656f2ea8f0751b09c5aff98e73644fc" from IDL notify handler {{(pid=87577) notify /opt/stack/neutron/neutron/plugins/ml2/drivers/ovn/mech_driver/ovsdb/ovsdb_monitor.py:1023}}
Jul 13 18:55:45.125215 np0000005135 devstack@neutron-api.service[87577]: DEBUG neutron.plugins.ml2.drivers.ovn.mech_driver.ovsdb.ovsdb_monitor [None req-406f7d14-7193-4d61-a124-182145da5304 None None] Hash Ring: Node 2656f2ea8f0751b09c5aff98e73644fc (host: np0000005135) handling event "create" for row 477741ca-28f2-4d6e-b07a-cdac76619d9e (table: Port_Group) {{(pid=87577) notify /opt/stack/neutron/neutron/plugins/ml2/drivers/ovn/mech_driver/ovsdb/ovsdb_monitor.py:1031}}
Jul 13 18:55:45.146336 np0000005135 devstack@neutron-api.service[87577]: INFO neutron.db.ovn_revision_numbers_db [None req-321e2a13-3cd5-426b-88a2-963dc094535b admin admin] Successfully bumped revision number for resource aa272d2a-2bc6-45ec-af54-8654ce12879f (type: security_groups) to 1
Jul 13 18:55:45.158313 np0000005135 devstack@neutron-api.service[87577]: INFO neutron.db.ovn_revision_numbers_db [None req-321e2a13-3cd5-426b-88a2-963dc094535b admin admin] Successfully bumped revision number for resource 055b67c1-df03-4671-bb43-ab49d78f4737 (type: security_group_rules) to 0
Jul 13 18:55:45.167826 np0000005135 devstack@neutron-api.service[87577]: INFO neutron.db.ovn_revision_numbers_db [None req-321e2a13-3cd5-426b-88a2-963dc094535b admin admin] Successfully bumped revision number for resource 6da01317-812e-4a9d-af51-21e64574a5a5 (type: security_group_rules) to 0
Jul 13 18:55:45.177691 np0000005135 devstack@neutron-api.service[87577]: INFO neutron.db.ovn_revision_numbers_db [None req-321e2a13-3cd5-426b-88a2-963dc094535b admin admin] Successfully bumped revision number for resource cac2f7be-6489-4857-a84e-9564a8ae025a (type: security_group_rules) to 0
Jul 13 18:55:45.187330 np0000005135 devstack@neutron-api.service[87577]: INFO neutron.db.ovn_revision_numbers_db [None req-321e2a13-3cd5-426b-88a2-963dc094535b admin admin] Successfully bumped revision number for resource ec5628db-da18-4ee6-84ea-40dbdb8f51e2 (type: security_group_rules) to 0
Jul 13 18:55:45.202208 np0000005135 devstack@neutron-api.service[87577]: DEBUG neutron.api.rpc.handlers.resources_rpc [None req-321e2a13-3cd5-426b-88a2-963dc094535b admin admin] Pushing event updated for resources: {'SecurityGroup': ['ID=aa272d2a-2bc6-45ec-af54-8654ce12879f,revision_number=1']} {{(pid=87577) push /opt/stack/neutron/neutron/api/rpc/handlers/resources_rpc.py:237}}
Jul 13 18:55:45.206188 np0000005135 devstack@neutron-api.service[87577]: DEBUG neutron.api.rpc.callbacks.version_manager [None req-321e2a13-3cd5-426b-88a2-963dc094535b admin admin] Tracked resource versions report:
Jul 13 18:55:45.206188 np0000005135 devstack@neutron-api.service[87577]: pushed versions:
Jul 13 18:55:45.206188 np0000005135 devstack@neutron-api.service[87577]: { 'AddressGroup': {'1.2'},
Jul 13 18:55:45.206188 np0000005135 devstack@neutron-api.service[87577]: 'Agent': {'1.1'},
Jul 13 18:55:45.206188 np0000005135 devstack@neutron-api.service[87577]: 'ConntrackHelper': {'1.0'},
Jul 13 18:55:45.206188 np0000005135 devstack@neutron-api.service[87577]: 'LocalIPAssociation': {'1.0'},
Jul 13 18:55:45.206188 np0000005135 devstack@neutron-api.service[87577]: 'Log': {'1.0'},
Jul 13 18:55:45.206188 np0000005135 devstack@neutron-api.service[87577]: 'NDPProxy': {'1.0'},
Jul 13 18:55:45.206188 np0000005135 devstack@neutron-api.service[87577]: 'Network': {'1.3'},
Jul 13 18:55:45.206188 np0000005135 devstack@neutron-api.service[87577]: 'Port': {'1.11'},
Jul 13 18:55:45.206188 np0000005135 devstack@neutron-api.service[87577]: 'PortForwarding': {'1.3'},
Jul 13 18:55:45.206188 np0000005135 devstack@neutron-api.service[87577]: 'QosPolicy': {'1.10'},
Jul 13 18:55:45.206188 np0000005135 devstack@neutron-api.service[87577]: 'SecurityGroup': {'1.6'},
Jul 13 18:55:45.206188 np0000005135 devstack@neutron-api.service[87577]: 'SecurityGroupRule': {'1.3'},
Jul 13 18:55:45.206188 np0000005135 devstack@neutron-api.service[87577]: 'SubPort': {'1.0'},
Jul 13 18:55:45.206188 np0000005135 devstack@neutron-api.service[87577]: 'Subnet': {'1.2'},
Jul 13 18:55:45.206188 np0000005135 devstack@neutron-api.service[87577]: 'Trunk': {'1.1'}}
Jul 13 18:55:45.206188 np0000005135 devstack@neutron-api.service[87577]: consumer versions:
Jul 13 18:55:45.206188 np0000005135 devstack@neutron-api.service[87577]: { OVN Controller Gateway agent@np0000005135: {},
Jul 13 18:55:45.206188 np0000005135 devstack@neutron-api.service[87577]: OVN Neutron agent@np0000005135: {}}
Jul 13 18:55:45.206188 np0000005135 devstack@neutron-api.service[87577]: {{(pid=87577) report /opt/stack/neutron/neutron/api/rpc/callbacks/version_manager.py:183}}
Jul 13 18:55:45.220889 np0000005135 devstack@neutron-api.service[87577]: [pid: 87577|app: 0|req: 14/42] 10.4.3.82 () {66 vars in 1382 bytes} [Mon Jul 13 18:55:44 2026] GET /networking/v2.0/security-groups?project_id=85e37afb37c94f41a17a0c1f300876f7&name=default => generated 2921 bytes in 497 msecs (HTTP/1.1 200) 4 headers in 158 bytes (1 switches on core 0)
Jul 13 18:55:45.269195 np0000005135 devstack@neutron-api.service[87578]: DEBUG neutron_lib.callbacks.manager [None req-35c8040c-7389-4a66-a528-aa62bb8bf5eb admin admin] Publish callbacks [] for security_group (aa272d2a-2bc6-45ec-af54-8654ce12879f), before_delete {{(pid=87578) _notify_loop /opt/stack/data/venv/lib/python3.12/site-packages/neutron_lib/callbacks/manager.py:184}}
Jul 13 18:55:45.283183 np0000005135 devstack@neutron-api.service[87578]: DEBUG neutron_lib.callbacks.manager [None req-35c8040c-7389-4a66-a528-aa62bb8bf5eb admin admin] Publish callbacks ['neutron.plugins.ml2.drivers.ovn.mech_driver.mech_driver.OVNMechanismDriver._delete_security_group_precommit-1036000'] for security_group (aa272d2a-2bc6-45ec-af54-8654ce12879f), precommit_delete {{(pid=87578) _notify_loop /opt/stack/data/venv/lib/python3.12/site-packages/neutron_lib/callbacks/manager.py:184}}
Jul 13 18:55:45.307147 np0000005135 devstack@neutron-api.service[87578]: DEBUG neutron.db.ovn_revision_numbers_db [None req-35c8040c-7389-4a66-a528-aa62bb8bf5eb admin admin] delete_revision(055b67c1-df03-4671-bb43-ab49d78f4737) {{(pid=87578) delete_revision /opt/stack/neutron/neutron/db/ovn_revision_numbers_db.py:112}}
Jul 13 18:55:45.309823 np0000005135 devstack@neutron-api.service[87578]: DEBUG neutron.db.ovn_revision_numbers_db [None req-35c8040c-7389-4a66-a528-aa62bb8bf5eb admin admin] delete_revision(6da01317-812e-4a9d-af51-21e64574a5a5) {{(pid=87578) delete_revision /opt/stack/neutron/neutron/db/ovn_revision_numbers_db.py:112}}
Jul 13 18:55:45.311734 np0000005135 devstack@neutron-api.service[87578]: DEBUG ovsdbapp.backend.ovs_idl.transaction [None req-4f45a9e4-4582-471f-9cb4-21f428cbff65 None None] Running txn n=1 command(idx=0): PgAclDelCommand(_result=None, entity=pg_aa272d2a_2bc6_45ec_af54_8654ce12879f, if_exists=False, conditions=[('direction', '=', 'to-lport'), ('priority', '=', 1002), ('match', '=', 'outport == @pg_aa272d2a_2bc6_45ec_af54_8654ce12879f && ip6 && ip6.src == $pg_aa272d2a_2bc6_45ec_af54_8654ce12879f_ip6')]) {{(pid=87578) do_commit /opt/stack/data/venv/lib/python3.12/site-packages/ovsdbapp/backend/ovs_idl/transaction.py:89}}
Jul 13 18:55:45.312012 np0000005135 devstack@neutron-api.service[87578]: DEBUG ovsdbapp.backend.ovs_idl.transaction [None req-4f45a9e4-4582-471f-9cb4-21f428cbff65 None None] Running txn n=1 command(idx=1): PgAclDelCommand(_result=None, entity=pg_aa272d2a_2bc6_45ec_af54_8654ce12879f, if_exists=False, conditions=[('direction', '=', 'to-lport'), ('priority', '=', 1002), ('match', '=', 'outport == @pg_aa272d2a_2bc6_45ec_af54_8654ce12879f && ip4 && ip4.src == $pg_aa272d2a_2bc6_45ec_af54_8654ce12879f_ip4')]) {{(pid=87578) do_commit /opt/stack/data/venv/lib/python3.12/site-packages/ovsdbapp/backend/ovs_idl/transaction.py:89}}
Jul 13 18:55:45.315358 np0000005135 devstack@neutron-api.service[87578]: DEBUG neutron.plugins.ml2.drivers.ovn.mech_driver.ovsdb.ovsdb_monitor [None req-4f45a9e4-4582-471f-9cb4-21f428cbff65 None None] Touching Hash Ring node "221f21ba8a645f649c2203672958ae46" from IDL notify handler {{(pid=87578) notify /opt/stack/neutron/neutron/plugins/ml2/drivers/ovn/mech_driver/ovsdb/ovsdb_monitor.py:1023}}
Jul 13 18:55:45.316906 np0000005135 devstack@neutron-api.service[87577]: DEBUG neutron.plugins.ml2.drivers.ovn.mech_driver.ovsdb.ovsdb_monitor [None req-406f7d14-7193-4d61-a124-182145da5304 None None] Touching Hash Ring node "2656f2ea8f0751b09c5aff98e73644fc" from IDL notify handler {{(pid=87577) notify /opt/stack/neutron/neutron/plugins/ml2/drivers/ovn/mech_driver/ovsdb/ovsdb_monitor.py:1023}}
Jul 13 18:55:45.317908 np0000005135 devstack@neutron-api.service[87578]: DEBUG neutron.plugins.ml2.drivers.ovn.mech_driver.ovsdb.ovsdb_monitor [None req-4f45a9e4-4582-471f-9cb4-21f428cbff65 None None] Hash Ring: Node 221f21ba8a645f649c2203672958ae46 (host: np0000005135) handling event "delete" for row c5e4498f-1734-44cb-9481-7eb41fb6d529 (table: ACL) {{(pid=87578) notify /opt/stack/neutron/neutron/plugins/ml2/drivers/ovn/mech_driver/ovsdb/ovsdb_monitor.py:1031}}
Jul 13 18:55:45.319216 np0000005135 devstack@neutron-api.service[87577]: DEBUG neutron.plugins.ml2.drivers.ovn.mech_driver.ovsdb.ovsdb_monitor [None req-406f7d14-7193-4d61-a124-182145da5304 None None] Hash Ring: Node 2656f2ea8f0751b09c5aff98e73644fc (host: np0000005135) handling event "delete" for row 2d1880da-dd5c-48e4-b2b6-3889b650efc0 (table: ACL) {{(pid=87577) notify /opt/stack/neutron/neutron/plugins/ml2/drivers/ovn/mech_driver/ovsdb/ovsdb_monitor.py:1031}}
Jul 13 18:55:45.319895 np0000005135 devstack@neutron-api.service[87577]: DEBUG neutron.plugins.ml2.drivers.ovn.mech_driver.ovsdb.ovsdb_monitor [None req-406f7d14-7193-4d61-a124-182145da5304 None None] Touching Hash Ring node "2656f2ea8f0751b09c5aff98e73644fc" from IDL notify handler {{(pid=87577) notify /opt/stack/neutron/neutron/plugins/ml2/drivers/ovn/mech_driver/ovsdb/ovsdb_monitor.py:1023}}
Jul 13 18:55:45.321898 np0000005135 devstack@neutron-api.service[87577]: DEBUG neutron.plugins.ml2.drivers.ovn.mech_driver.ovsdb.ovsdb_monitor [None req-406f7d14-7193-4d61-a124-182145da5304 None None] Hash Ring: Node 2656f2ea8f0751b09c5aff98e73644fc (host: np0000005135) handling event "update" for row 477741ca-28f2-4d6e-b07a-cdac76619d9e (table: Port_Group) {{(pid=87577) notify /opt/stack/neutron/neutron/plugins/ml2/drivers/ovn/mech_driver/ovsdb/ovsdb_monitor.py:1031}}
Jul 13 18:55:45.346777 np0000005135 devstack@neutron-api.service[87578]: DEBUG neutron_lib.callbacks.manager [None req-35c8040c-7389-4a66-a528-aa62bb8bf5eb admin admin] Publish callbacks ['neutron.plugins.ml2.drivers.ovn.mech_driver.mech_driver.OVNMechanismDriver._delete_security_group-1036010', 'neutron.plugins.ml2.ovo_rpc._ObjectChangeHandler.handle_event-6634496'] for security_group (aa272d2a-2bc6-45ec-af54-8654ce12879f), after_delete {{(pid=87578) _notify_loop /opt/stack/data/venv/lib/python3.12/site-packages/neutron_lib/callbacks/manager.py:184}}
Jul 13 18:55:45.347612 np0000005135 devstack@neutron-api.service[87578]: DEBUG ovsdbapp.backend.ovs_idl.transaction [None req-4f45a9e4-4582-471f-9cb4-21f428cbff65 None None] Running txn n=1 command(idx=0): PgDelCommand(_result=None, name=pg_aa272d2a_2bc6_45ec_af54_8654ce12879f, if_exists=True) {{(pid=87578) do_commit /opt/stack/data/venv/lib/python3.12/site-packages/ovsdbapp/backend/ovs_idl/transaction.py:89}}
Jul 13 18:55:45.350062 np0000005135 devstack@neutron-api.service[87578]: DEBUG neutron.db.ovn_revision_numbers_db [None req-35c8040c-7389-4a66-a528-aa62bb8bf5eb admin admin] delete_revision(aa272d2a-2bc6-45ec-af54-8654ce12879f) {{(pid=87578) delete_revision /opt/stack/neutron/neutron/db/ovn_revision_numbers_db.py:112}}
Jul 13 18:55:45.351902 np0000005135 devstack@neutron-api.service[87577]: DEBUG neutron.plugins.ml2.drivers.ovn.mech_driver.ovsdb.ovsdb_monitor [None req-406f7d14-7193-4d61-a124-182145da5304 None None] Touching Hash Ring node "2656f2ea8f0751b09c5aff98e73644fc" from IDL notify handler {{(pid=87577) notify /opt/stack/neutron/neutron/plugins/ml2/drivers/ovn/mech_driver/ovsdb/ovsdb_monitor.py:1023}}
