Aug 18 23:26:07.662596 np0000007718 devstack@g-api.service[99696]: [pid: 99696|app: 0|req: 149/442] 127.0.0.1 () {44 vars in 1055 bytes} [Tue Aug 18 23:26:07 2026] GET /v2/schemas/image => generated 6083 bytes in 3 msecs (HTTP/1.1 200) 4 headers in 158 bytes (1 switches on core 0)
Aug 18 23:26:08.616770 np0000007718 devstack@g-api.service[99695]: DEBUG dbcounter [-] [99695] Writing DB stats glance:SELECT=2 {{(pid=99695) stat_writer /opt/stack/data/venv/lib/python3.12/site-packages/dbcounter.py:115}}
Aug 18 23:26:17.146673 np0000007718 devstack@g-api.service[99696]: DEBUG dbcounter [-] [99696] Writing DB stats glance:SELECT=2 {{(pid=99696) stat_writer /opt/stack/data/venv/lib/python3.12/site-packages/dbcounter.py:115}}
Aug 18 23:26:17.606799 np0000007718 devstack@g-api.service[99694]: DEBUG dbcounter [-] [99694] Writing DB stats glance:SELECT=2 {{(pid=99694) stat_writer /opt/stack/data/venv/lib/python3.12/site-packages/dbcounter.py:115}}
Aug 18 23:26:20.703648 np0000007718 devstack@g-api.service[99695]: DEBUG glance.api.middleware.version_negotiation [None req-e0c10bc4-2f12-4845-9356-f81c19b075ac tempest-VolumesExtendAttachedTest-1221210926 tempest-VolumesExtendAttachedTest-1221210926-project-member] Determining version of request: GET / Accept: application/json {{(pid=99695) process_request /opt/stack/glance/glance/api/middleware/version_negotiation.py:44}}
Aug 18 23:26:20.704529 np0000007718 devstack@g-api.service[99695]: DEBUG glance.api.middleware.version_negotiation [None req-e0c10bc4-2f12-4845-9356-f81c19b075ac tempest-VolumesExtendAttachedTest-1221210926 tempest-VolumesExtendAttachedTest-1221210926-project-member] Using url versioning {{(pid=99695) process_request /opt/stack/glance/glance/api/middleware/version_negotiation.py:57}}
Aug 18 23:26:20.704529 np0000007718 devstack@g-api.service[99695]: DEBUG glance.api.middleware.version_negotiation [None req-e0c10bc4-2f12-4845-9356-f81c19b075ac tempest-VolumesExtendAttachedTest-1221210926 tempest-VolumesExtendAttachedTest-1221210926-project-member] Unknown version. Returning version choices. {{(pid=99695) process_request /opt/stack/glance/glance/api/middleware/version_negotiation.py:64}}
Aug 18 23:26:20.704849 np0000007718 devstack@g-api.service[99695]: [pid: 99695|app: 0|req: 148/443] 127.0.0.1 () {38 vars in 542 bytes} [Tue Aug 18 23:26:20 2026] GET / => generated 1515 bytes in 1 msecs (HTTP/1.1 300) 3 headers in 106 bytes (1 switches on core 0)
Aug 18 23:26:22.345990 np0000007718 devstack@g-api.service[99694]: DEBUG glance.api.middleware.version_negotiation [None req-e66f7930-0c21-4b38-9bf4-2417ef54529d tempest-ServerRescueNegativeTestJSON-1747272335 tempest-ServerRescueNegativeTestJSON-1747272335-project-member] Determining version of request: GET /v2/schemas/image Accept: */* {{(pid=99694) process_request /opt/stack/glance/glance/api/middleware/version_negotiation.py:44}}
Aug 18 23:26:22.346410 np0000007718 devstack@g-api.service[99694]: DEBUG glance.api.middleware.version_negotiation [None req-e66f7930-0c21-4b38-9bf4-2417ef54529d tempest-ServerRescueNegativeTestJSON-1747272335 tempest-ServerRescueNegativeTestJSON-1747272335-project-member] Using url versioning {{(pid=99694) process_request /opt/stack/glance/glance/api/middleware/version_negotiation.py:57}}
Aug 18 23:26:22.346585 np0000007718 devstack@g-api.service[99694]: DEBUG glance.api.middleware.version_negotiation [None req-e66f7930-0c21-4b38-9bf4-2417ef54529d tempest-ServerRescueNegativeTestJSON-1747272335 tempest-ServerRescueNegativeTestJSON-1747272335-project-member] Matched version: v2 {{(pid=99694) process_request /opt/stack/glance/glance/api/middleware/version_negotiation.py:69}}
Aug 18 23:26:22.346868 np0000007718 devstack@g-api.service[99694]: DEBUG glance.api.middleware.version_negotiation [None req-e66f7930-0c21-4b38-9bf4-2417ef54529d tempest-ServerRescueNegativeTestJSON-1747272335 tempest-ServerRescueNegativeTestJSON-1747272335-project-member] new path /v2/schemas/image {{(pid=99694) process_request /opt/stack/glance/glance/api/middleware/version_negotiation.py:70}}
Aug 18 23:26:22.351676 np0000007718 devstack@g-api.service[99694]: [pid: 99694|app: 0|req: 147/444] 127.0.0.1 () {44 vars in 1055 bytes} [Tue Aug 18 23:26:22 2026] GET /v2/schemas/image => generated 6083 bytes in 6 msecs (HTTP/1.1 200) 4 headers in 158 bytes (1 switches on core 0)
Aug 18 23:26:22.364662 np0000007718 devstack@g-api.service[99696]: DEBUG glance.api.middleware.version_negotiation [None req-e66f7930-0c21-4b38-9bf4-2417ef54529d tempest-ServerRescueNegativeTestJSON-1747272335 tempest-ServerRescueNegativeTestJSON-1747272335-project-member] Determining version of request: POST /v2/images Accept: */* {{(pid=99696) process_request /opt/stack/glance/glance/api/middleware/version_negotiation.py:44}}
Aug 18 23:26:22.365041 np0000007718 devstack@g-api.service[99696]: DEBUG glance.api.middleware.version_negotiation [None req-e66f7930-0c21-4b38-9bf4-2417ef54529d tempest-ServerRescueNegativeTestJSON-1747272335 tempest-ServerRescueNegativeTestJSON-1747272335-project-member] Using url versioning {{(pid=99696) process_request /opt/stack/glance/glance/api/middleware/version_negotiation.py:57}}
Aug 18 23:26:22.365152 np0000007718 devstack@g-api.service[99696]: DEBUG glance.api.middleware.version_negotiation [None req-e66f7930-0c21-4b38-9bf4-2417ef54529d tempest-ServerRescueNegativeTestJSON-1747272335 tempest-ServerRescueNegativeTestJSON-1747272335-project-member] Matched version: v2 {{(pid=99696) process_request /opt/stack/glance/glance/api/middleware/version_negotiation.py:69}}
Aug 18 23:26:22.365307 np0000007718 devstack@g-api.service[99696]: DEBUG glance.api.middleware.version_negotiation [None req-e66f7930-0c21-4b38-9bf4-2417ef54529d tempest-ServerRescueNegativeTestJSON-1747272335 tempest-ServerRescueNegativeTestJSON-1747272335-project-member] new path /v2/images {{(pid=99696) process_request /opt/stack/glance/glance/api/middleware/version_negotiation.py:70}}
Aug 18 23:26:22.843113 np0000007718 devstack@g-api.service[99696]: [pid: 99696|app: 0|req: 150/445] 127.0.0.1 () {46 vars in 1055 bytes} [Tue Aug 18 23:26:22 2026] POST /v2/images => generated 649 bytes in 478 msecs (HTTP/1.1 201) 6 headers in 315 bytes (1 switches on core 0)
Aug 18 23:26:22.858354 np0000007718 devstack@g-api.service[99695]: DEBUG glance.api.middleware.version_negotiation [None req-e0c10bc4-2f12-4845-9356-f81c19b075ac tempest-VolumesExtendAttachedTest-1221210926 tempest-VolumesExtendAttachedTest-1221210926-project-member] Determining version of request: GET /v2/images/cea15c1d-e752-4a33-9945-a0acac29d4cb Accept: application/json {{(pid=99695) process_request /opt/stack/glance/glance/api/middleware/version_negotiation.py:44}}
Aug 18 23:26:22.858693 np0000007718 devstack@g-api.service[99695]: DEBUG glance.api.middleware.version_negotiation [None req-e0c10bc4-2f12-4845-9356-f81c19b075ac tempest-VolumesExtendAttachedTest-1221210926 tempest-VolumesExtendAttachedTest-1221210926-project-member] Using url versioning {{(pid=99695) process_request /opt/stack/glance/glance/api/middleware/version_negotiation.py:57}}
Aug 18 23:26:22.858693 np0000007718 devstack@g-api.service[99695]: DEBUG glance.api.middleware.version_negotiation [None req-e0c10bc4-2f12-4845-9356-f81c19b075ac tempest-VolumesExtendAttachedTest-1221210926 tempest-VolumesExtendAttachedTest-1221210926-project-member] Matched version: v2 {{(pid=99695) process_request /opt/stack/glance/glance/api/middleware/version_negotiation.py:69}}
Aug 18 23:26:22.858693 np0000007718 devstack@g-api.service[99695]: DEBUG glance.api.middleware.version_negotiation [None req-e0c10bc4-2f12-4845-9356-f81c19b075ac tempest-VolumesExtendAttachedTest-1221210926 tempest-VolumesExtendAttachedTest-1221210926-project-member] new path /v2/images/cea15c1d-e752-4a33-9945-a0acac29d4cb {{(pid=99695) process_request /opt/stack/glance/glance/api/middleware/version_negotiation.py:70}}
Aug 18 23:26:22.877293 np0000007718 devstack@g-api.service[99695]: [pid: 99695|app: 0|req: 149/446] 127.0.0.1 () {40 vars in 838 bytes} [Tue Aug 18 23:26:22 2026] GET /v2/images/cea15c1d-e752-4a33-9945-a0acac29d4cb => generated 649 bytes in 19 msecs (HTTP/1.1 200) 4 headers in 157 bytes (1 switches on core 0)
Aug 18 23:26:23.122986 np0000007718 devstack@g-api.service[99694]: DEBUG glance.api.middleware.version_negotiation [None req-2044e794-18f1-4acb-9b13-cedccfe76020 tempest-TestImageHashVerification-746578362 tempest-TestImageHashVerification-746578362-project-member] Determining version of request: PUT /v2/images/cea15c1d-e752-4a33-9945-a0acac29d4cb/file Accept: */* {{(pid=99694) process_request /opt/stack/glance/glance/api/middleware/version_negotiation.py:44}}
Aug 18 23:26:23.123289 np0000007718 devstack@g-api.service[99694]: DEBUG glance.api.middleware.version_negotiation [None req-2044e794-18f1-4acb-9b13-cedccfe76020 tempest-TestImageHashVerification-746578362 tempest-TestImageHashVerification-746578362-project-member] Using url versioning {{(pid=99694) process_request /opt/stack/glance/glance/api/middleware/version_negotiation.py:57}}
Aug 18 23:26:23.123366 np0000007718 devstack@g-api.service[99694]: DEBUG glance.api.middleware.version_negotiation [None req-2044e794-18f1-4acb-9b13-cedccfe76020 tempest-TestImageHashVerification-746578362 tempest-TestImageHashVerification-746578362-project-member] Matched version: v2 {{(pid=99694) process_request /opt/stack/glance/glance/api/middleware/version_negotiation.py:69}}
Aug 18 23:26:23.123528 np0000007718 devstack@g-api.service[99694]: DEBUG glance.api.middleware.version_negotiation [None req-2044e794-18f1-4acb-9b13-cedccfe76020 tempest-TestImageHashVerification-746578362 tempest-TestImageHashVerification-746578362-project-member] new path /v2/images/cea15c1d-e752-4a33-9945-a0acac29d4cb/file {{(pid=99694) process_request /opt/stack/glance/glance/api/middleware/version_negotiation.py:70}}
Aug 18 23:26:23.656380 np0000007718 devstack@g-api.service[99694]: INFO glance.api.v2.image_data [None req-2044e794-18f1-4acb-9b13-cedccfe76020 tempest-TestImageHashVerification-746578362 tempest-TestImageHashVerification-746578362-project-member] Unable to create trust: no such option collect_timing in group [keystone_authtoken] Use the existing user token.
Aug 18 23:26:23.884922 np0000007718 devstack@g-api.service[99696]: DEBUG glance.api.middleware.version_negotiation [None req-2044e794-18f1-4acb-9b13-cedccfe76020 tempest-TestImageHashVerification-746578362 tempest-TestImageHashVerification-746578362-project-member] Determining version of request: GET /v2/images/cea15c1d-e752-4a33-9945-a0acac29d4cb Accept: application/json {{(pid=99696) process_request /opt/stack/glance/glance/api/middleware/version_negotiation.py:44}}
Aug 18 23:26:23.885323 np0000007718 devstack@g-api.service[99696]: DEBUG glance.api.middleware.version_negotiation [None req-2044e794-18f1-4acb-9b13-cedccfe76020 tempest-TestImageHashVerification-746578362 tempest-TestImageHashVerification-746578362-project-member] Using url versioning {{(pid=99696) process_request /opt/stack/glance/glance/api/middleware/version_negotiation.py:57}}
Aug 18 23:26:23.885376 np0000007718 devstack@g-api.service[99696]: DEBUG glance.api.middleware.version_negotiation [None req-2044e794-18f1-4acb-9b13-cedccfe76020 tempest-TestImageHashVerification-746578362 tempest-TestImageHashVerification-746578362-project-member] Matched version: v2 {{(pid=99696) process_request /opt/stack/glance/glance/api/middleware/version_negotiation.py:69}}
Aug 18 23:26:23.885652 np0000007718 devstack@g-api.service[99696]: DEBUG glance.api.middleware.version_negotiation [None req-2044e794-18f1-4acb-9b13-cedccfe76020 tempest-TestImageHashVerification-746578362 tempest-TestImageHashVerification-746578362-project-member] new path /v2/images/cea15c1d-e752-4a33-9945-a0acac29d4cb {{(pid=99696) process_request /opt/stack/glance/glance/api/middleware/version_negotiation.py:70}}
Aug 18 23:26:23.894488 np0000007718 devstack@g-api.service[99696]: [pid: 99696|app: 0|req: 151/447] 127.0.0.1 () {40 vars in 838 bytes} [Tue Aug 18 23:26:23 2026] GET /v2/images/cea15c1d-e752-4a33-9945-a0acac29d4cb => generated 649 bytes in 9 msecs (HTTP/1.1 200) 4 headers in 157 bytes (1 switches on core 0)
Aug 18 23:26:24.082973 np0000007718 devstack@g-api.service[99694]: DEBUG glance.location [None req-2044e794-18f1-4acb-9b13-cedccfe76020 tempest-TestImageHashVerification-746578362 tempest-TestImageHashVerification-746578362-project-member] Enabling in-flight format inspection for raw {{(pid=99694) set_data /opt/stack/glance/glance/location.py:596}}
Aug 18 23:26:24.083397 np0000007718 devstack@g-api.service[99694]: DEBUG glance_store.backend [None req-2044e794-18f1-4acb-9b13-cedccfe76020 tempest-TestImageHashVerification-746578362 tempest-TestImageHashVerification-746578362-project-member] Attempting to import store swift {{(pid=99694) _load_store /opt/stack/data/venv/lib/python3.12/site-packages/glance_store/backend.py:215}}
Aug 18 23:26:24.084795 np0000007718 devstack@g-api.service[99694]: DEBUG glance_store.capabilities [None req-2044e794-18f1-4acb-9b13-cedccfe76020 tempest-TestImageHashVerification-746578362 tempest-TestImageHashVerification-746578362-project-member] Store glance_store._drivers.swift.store.SingleTenantStore doesn't support updating dynamic storage capabilities. Please overwrite 'update_capabilities' method of the store to implement updating logics if needed. {{(pid=99694) update_capabilities /opt/stack/data/venv/lib/python3.12/site-packages/glance_store/capabilities.py:91}}
Aug 18 23:26:24.084947 np0000007718 devstack@g-api.service[99694]: DEBUG glance_store.driver [None req-2044e794-18f1-4acb-9b13-cedccfe76020 tempest-TestImageHashVerification-746578362 tempest-TestImageHashVerification-746578362-project-member] Late loading location class glance_store._drivers.swift.store.StoreLocation {{(pid=99694) get_store_location_class /opt/stack/data/venv/lib/python3.12/site-packages/glance_store/driver.py:134}}
Aug 18 23:26:24.084947 np0000007718 devstack@g-api.service[99694]: DEBUG glance_store.location [None req-2044e794-18f1-4acb-9b13-cedccfe76020 tempest-TestImageHashVerification-746578362 tempest-TestImageHashVerification-746578362-project-member] Registering scheme swift+https with {'store': , 'location_class': , 'store_entry': 'swift'} {{(pid=99694) register_scheme_map /opt/stack/data/venv/lib/python3.12/site-packages/glance_store/location.py:146}}
Aug 18 23:26:24.085115 np0000007718 devstack@g-api.service[99694]: DEBUG glance_store.location [None req-2044e794-18f1-4acb-9b13-cedccfe76020 tempest-TestImageHashVerification-746578362 tempest-TestImageHashVerification-746578362-project-member] Registering scheme swift+https with {'store': , 'location_class': , 'store_entry': 'swift'} {{(pid=99694) register_scheme_map /opt/stack/data/venv/lib/python3.12/site-packages/glance_store/location.py:146}}
Aug 18 23:26:24.085253 np0000007718 devstack@g-api.service[99694]: DEBUG glance_store.location [None req-2044e794-18f1-4acb-9b13-cedccfe76020 tempest-TestImageHashVerification-746578362 tempest-TestImageHashVerification-746578362-project-member] Registering scheme swift with {'store': , 'location_class': , 'store_entry': 'swift'} {{(pid=99694) register_scheme_map /opt/stack/data/venv/lib/python3.12/site-packages/glance_store/location.py:146}}
Aug 18 23:26:24.085253 np0000007718 devstack@g-api.service[99694]: DEBUG glance_store.location [None req-2044e794-18f1-4acb-9b13-cedccfe76020 tempest-TestImageHashVerification-746578362 tempest-TestImageHashVerification-746578362-project-member] Registering scheme swift+https with {'store': , 'location_class': , 'store_entry': 'swift'} {{(pid=99694) register_scheme_map /opt/stack/data/venv/lib/python3.12/site-packages/glance_store/location.py:146}}
Aug 18 23:26:24.085392 np0000007718 devstack@g-api.service[99694]: DEBUG glance_store.location [None req-2044e794-18f1-4acb-9b13-cedccfe76020 tempest-TestImageHashVerification-746578362 tempest-TestImageHashVerification-746578362-project-member] Registering scheme swift with {'store': , 'location_class': , 'store_entry': 'swift'} {{(pid=99694) register_scheme_map /opt/stack/data/venv/lib/python3.12/site-packages/glance_store/location.py:146}}
Aug 18 23:26:24.085446 np0000007718 devstack@g-api.service[99694]: DEBUG glance_store.location [None req-2044e794-18f1-4acb-9b13-cedccfe76020 tempest-TestImageHashVerification-746578362 tempest-TestImageHashVerification-746578362-project-member] Registering scheme swift+http with {'store': , 'location_class': , 'store_entry': 'swift'} {{(pid=99694) register_scheme_map /opt/stack/data/venv/lib/python3.12/site-packages/glance_store/location.py:146}}
Aug 18 23:26:24.085518 np0000007718 devstack@g-api.service[99694]: DEBUG glance_store.location [None req-2044e794-18f1-4acb-9b13-cedccfe76020 tempest-TestImageHashVerification-746578362 tempest-TestImageHashVerification-746578362-project-member] Registering scheme swift+https with {'store': , 'location_class': , 'store_entry': 'swift'} {{(pid=99694) register_scheme_map /opt/stack/data/venv/lib/python3.12/site-packages/glance_store/location.py:146}}
Aug 18 23:26:24.085585 np0000007718 devstack@g-api.service[99694]: DEBUG glance_store.location [None req-2044e794-18f1-4acb-9b13-cedccfe76020 tempest-TestImageHashVerification-746578362 tempest-TestImageHashVerification-746578362-project-member] Registering scheme swift with {'store': , 'location_class': , 'store_entry': 'swift'} {{(pid=99694) register_scheme_map /opt/stack/data/venv/lib/python3.12/site-packages/glance_store/location.py:146}}
Aug 18 23:26:24.085682 np0000007718 devstack@g-api.service[99694]: DEBUG glance_store.location [None req-2044e794-18f1-4acb-9b13-cedccfe76020 tempest-TestImageHashVerification-746578362 tempest-TestImageHashVerification-746578362-project-member] Registering scheme swift+http with {'store': , 'location_class': , 'store_entry': 'swift'} {{(pid=99694) register_scheme_map /opt/stack/data/venv/lib/python3.12/site-packages/glance_store/location.py:146}}
Aug 18 23:26:24.085748 np0000007718 devstack@g-api.service[99694]: DEBUG glance_store.location [None req-2044e794-18f1-4acb-9b13-cedccfe76020 tempest-TestImageHashVerification-746578362 tempest-TestImageHashVerification-746578362-project-member] Registering scheme swift+config with {'store': , 'location_class': , 'store_entry': 'swift'} {{(pid=99694) register_scheme_map /opt/stack/data/venv/lib/python3.12/site-packages/glance_store/location.py:146}}
Aug 18 23:26:24.268325 np0000007718 devstack@g-api.service[99694]: DEBUG swiftclient [None req-2044e794-18f1-4acb-9b13-cedccfe76020 tempest-TestImageHashVerification-746578362 tempest-TestImageHashVerification-746578362-project-member] REQ: curl -i https://10.4.3.129:8080/v1/AUTH_38eb076b48f940c9bc58a742ea05c85c/glance -I -H "X-Auth-Token: gAAAAABqhOogPyix..." {{(pid=99694) http_log /opt/stack/data/venv/lib/python3.12/site-packages/swiftclient/client.py:160}}
Aug 18 23:26:24.268428 np0000007718 devstack@g-api.service[99694]: DEBUG swiftclient [None req-2044e794-18f1-4acb-9b13-cedccfe76020 tempest-TestImageHashVerification-746578362 tempest-TestImageHashVerification-746578362-project-member] RESP STATUS: 204 No Content {{(pid=99694) http_log /opt/stack/data/venv/lib/python3.12/site-packages/swiftclient/client.py:161}}
Aug 18 23:26:24.268589 np0000007718 devstack@g-api.service[99694]: DEBUG swiftclient [None req-2044e794-18f1-4acb-9b13-cedccfe76020 tempest-TestImageHashVerification-746578362 tempest-TestImageHashVerification-746578362-project-member] RESP HEADERS: {'Date': 'Tue, 18 Aug 2026 23:26:24 GMT', 'Server': 'Apache/2.4.58 (Ubuntu)', 'Content-Type': 'text/plain; charset=utf-8', 'X-Container-Object-Count': '3', 'X-Container-Bytes-Used': '64356352', 'X-Timestamp': '1787095227.16466', 'Last-Modified': 'Tue, 18 Aug 2026 23:20:28 GMT', 'Accept-Ranges': 'bytes', 'X-Storage-Policy': 'Policy-0', 'X-Container-Sharding': 'False', 'Vary': 'Accept', 'X-Trans-Id': 'txbd0d334d256b4d2bb2320-006a84ea20', 'X-Openstack-Request-Id': 'txbd0d334d256b4d2bb2320-006a84ea20', 'Connection': 'close'} {{(pid=99694) http_log /opt/stack/data/venv/lib/python3.12/site-packages/swiftclient/client.py:162}}
Aug 18 23:26:24.268776 np0000007718 devstack@g-api.service[99694]: DEBUG glance_store._drivers.swift.store [None req-2044e794-18f1-4acb-9b13-cedccfe76020 tempest-TestImageHashVerification-746578362 tempest-TestImageHashVerification-746578362-project-member] Adding image object 'cea15c1d-e752-4a33-9945-a0acac29d4cb' to Swift {{(pid=99694) add /opt/stack/data/venv/lib/python3.12/site-packages/glance_store/_drivers/swift/store.py:970}}
Aug 18 23:26:24.268921 np0000007718 devstack@g-api.service[99694]: DEBUG glance_store._drivers.swift.store [None req-2044e794-18f1-4acb-9b13-cedccfe76020 tempest-TestImageHashVerification-746578362 tempest-TestImageHashVerification-746578362-project-member] Cannot determine image size because it is either not provided in the request or chunked-transfer encoding is used. Adding image as a segmented object to Swift. {{(pid=99694) add /opt/stack/data/venv/lib/python3.12/site-packages/glance_store/_drivers/swift/store.py:994}}
Aug 18 23:26:24.273766 np0000007718 devstack@g-api.service[99694]: DEBUG oslo_utils.imageutils.format_inspector [None req-2044e794-18f1-4acb-9b13-cedccfe76020 tempest-TestImageHashVerification-746578362 tempest-TestImageHashVerification-746578362-project-member] Format inspector for vmdk does not match, excluding from consideration (Signature KDMV not found: b'\x00\x00\x00\x00') {{(pid=99694) _process_chunk /opt/stack/data/venv/lib/python3.12/site-packages/oslo_utils/imageutils/format_inspector.py:1758}}
Aug 18 23:26:24.276343 np0000007718 devstack@g-api.service[99694]: DEBUG oslo_utils.imageutils.format_inspector [None req-2044e794-18f1-4acb-9b13-cedccfe76020 tempest-TestImageHashVerification-746578362 tempest-TestImageHashVerification-746578362-project-member] Format inspector for vhdx does not match, excluding from consideration (Region signature not found at 30000) {{(pid=99694) _process_chunk /opt/stack/data/venv/lib/python3.12/site-packages/oslo_utils/imageutils/format_inspector.py:1758}}
Aug 18 23:26:24.906795 np0000007718 devstack@g-api.service[99695]: DEBUG glance.api.middleware.version_negotiation [None req-477a6e55-8298-4098-889b-3290e6398b41 tempest-TestImageHashVerification-746578362 tempest-TestImageHashVerification-746578362-project-member] Determining version of request: GET /v2/images/cea15c1d-e752-4a33-9945-a0acac29d4cb Accept: application/json {{(pid=99695) process_request /opt/stack/glance/glance/api/middleware/version_negotiation.py:44}}
Aug 18 23:26:24.907550 np0000007718 devstack@g-api.service[99695]: DEBUG glance.api.middleware.version_negotiation [None req-477a6e55-8298-4098-889b-3290e6398b41 tempest-TestImageHashVerification-746578362 tempest-TestImageHashVerification-746578362-project-member] Using url versioning {{(pid=99695) process_request /opt/stack/glance/glance/api/middleware/version_negotiation.py:57}}
Aug 18 23:26:24.907550 np0000007718 devstack@g-api.service[99695]: DEBUG glance.api.middleware.version_negotiation [None req-477a6e55-8298-4098-889b-3290e6398b41 tempest-TestImageHashVerification-746578362 tempest-TestImageHashVerification-746578362-project-member] Matched version: v2 {{(pid=99695) process_request /opt/stack/glance/glance/api/middleware/version_negotiation.py:69}}
Aug 18 23:26:24.907550 np0000007718 devstack@g-api.service[99695]: DEBUG glance.api.middleware.version_negotiation [None req-477a6e55-8298-4098-889b-3290e6398b41 tempest-TestImageHashVerification-746578362 tempest-TestImageHashVerification-746578362-project-member] new path /v2/images/cea15c1d-e752-4a33-9945-a0acac29d4cb {{(pid=99695) process_request /opt/stack/glance/glance/api/middleware/version_negotiation.py:70}}
Aug 18 23:26:24.926406 np0000007718 devstack@g-api.service[99695]: [pid: 99695|app: 0|req: 150/448] 127.0.0.1 () {40 vars in 838 bytes} [Tue Aug 18 23:26:24 2026] GET /v2/images/cea15c1d-e752-4a33-9945-a0acac29d4cb => generated 649 bytes in 20 msecs (HTTP/1.1 200) 4 headers in 157 bytes (1 switches on core 0)
Aug 18 23:26:25.933625 np0000007718 devstack@g-api.service[99696]: DEBUG glance.api.middleware.version_negotiation [None req-aec4478a-72ff-4919-b3e4-ff79749b4334 tempest-TestImageHashVerification-746578362 tempest-TestImageHashVerification-746578362-project-member] Determining version of request: GET /v2/images/cea15c1d-e752-4a33-9945-a0acac29d4cb Accept: application/json {{(pid=99696) process_request /opt/stack/glance/glance/api/middleware/version_negotiation.py:44}}
Aug 18 23:26:25.935110 np0000007718 devstack@g-api.service[99696]: DEBUG glance.api.middleware.version_negotiation [None req-aec4478a-72ff-4919-b3e4-ff79749b4334 tempest-TestImageHashVerification-746578362 tempest-TestImageHashVerification-746578362-project-member] Using url versioning {{(pid=99696) process_request /opt/stack/glance/glance/api/middleware/version_negotiation.py:57}}
Aug 18 23:26:25.935110 np0000007718 devstack@g-api.service[99696]: DEBUG glance.api.middleware.version_negotiation [None req-aec4478a-72ff-4919-b3e4-ff79749b4334 tempest-TestImageHashVerification-746578362 tempest-TestImageHashVerification-746578362-project-member] Matched version: v2 {{(pid=99696) process_request /opt/stack/glance/glance/api/middleware/version_negotiation.py:69}}
Aug 18 23:26:25.935110 np0000007718 devstack@g-api.service[99696]: DEBUG glance.api.middleware.version_negotiation [None req-aec4478a-72ff-4919-b3e4-ff79749b4334 tempest-TestImageHashVerification-746578362 tempest-TestImageHashVerification-746578362-project-member] new path /v2/images/cea15c1d-e752-4a33-9945-a0acac29d4cb {{(pid=99696) process_request /opt/stack/glance/glance/api/middleware/version_negotiation.py:70}}
Aug 18 23:26:25.948076 np0000007718 devstack@g-api.service[99696]: [pid: 99696|app: 0|req: 152/449] 127.0.0.1 () {40 vars in 838 bytes} [Tue Aug 18 23:26:25 2026] GET /v2/images/cea15c1d-e752-4a33-9945-a0acac29d4cb => generated 649 bytes in 14 msecs (HTTP/1.1 200) 4 headers in 157 bytes (1 switches on core 0)
Aug 18 23:26:26.153069 np0000007718 devstack@g-api.service[99694]: DEBUG swiftclient [None req-2044e794-18f1-4acb-9b13-cedccfe76020 tempest-TestImageHashVerification-746578362 tempest-TestImageHashVerification-746578362-project-member] REQ: curl -i https://10.4.3.129:8080/v1/AUTH_38eb076b48f940c9bc58a742ea05c85c/glance/cea15c1d-e752-4a33-9945-a0acac29d4cb-00001 -X PUT -H "X-Auth-Token: gAAAAABqhOogPyix..." {{(pid=99694) http_log /opt/stack/data/venv/lib/python3.12/site-packages/swiftclient/client.py:160}}
Aug 18 23:26:26.153069 np0000007718 devstack@g-api.service[99694]: DEBUG swiftclient [None req-2044e794-18f1-4acb-9b13-cedccfe76020 tempest-TestImageHashVerification-746578362 tempest-TestImageHashVerification-746578362-project-member] RESP STATUS: 201 Created {{(pid=99694) http_log /opt/stack/data/venv/lib/python3.12/site-packages/swiftclient/client.py:161}}
Aug 18 23:26:26.153069 np0000007718 devstack@g-api.service[99694]: DEBUG swiftclient [None req-2044e794-18f1-4acb-9b13-cedccfe76020 tempest-TestImageHashVerification-746578362 tempest-TestImageHashVerification-746578362-project-member] RESP HEADERS: {'Date': 'Tue, 18 Aug 2026 23:26:26 GMT', 'Server': 'Apache/2.4.58 (Ubuntu)', 'Content-Type': 'text/html; charset=UTF-8', 'Content-Length': '0', 'Etag': 'eda9a9889837ac4bc81d6387d92c1bec', 'Last-Modified': 'Tue, 18 Aug 2026 23:26:25 GMT', 'X-Trans-Id': 'tx2f17d0fb8bd8424fbc38a-006a84ea20', 'X-Openstack-Request-Id': 'tx2f17d0fb8bd8424fbc38a-006a84ea20', 'Connection': 'close'} {{(pid=99694) http_log /opt/stack/data/venv/lib/python3.12/site-packages/swiftclient/client.py:162}}
Aug 18 23:26:26.153069 np0000007718 devstack@g-api.service[99694]: DEBUG glance_store._drivers.swift.store [None req-2044e794-18f1-4acb-9b13-cedccfe76020 tempest-TestImageHashVerification-746578362 tempest-TestImageHashVerification-746578362-project-member] Wrote chunk cea15c1d-e752-4a33-9945-a0acac29d4cb-00001 (1/?) of length 204800000 to Swift returning MD5 of content: eda9a9889837ac4bc81d6387d92c1bec {{(pid=99694) add /opt/stack/data/venv/lib/python3.12/site-packages/glance_store/_drivers/swift/store.py:1059}}
Aug 18 23:26:26.955630 np0000007718 devstack@g-api.service[99695]: DEBUG glance.api.middleware.version_negotiation [None req-38e10698-bae9-44cb-b7e2-d3f7a0647f74 tempest-TestImageHashVerification-746578362 tempest-TestImageHashVerification-746578362-project-member] Determining version of request: GET /v2/images/cea15c1d-e752-4a33-9945-a0acac29d4cb Accept: application/json {{(pid=99695) process_request /opt/stack/glance/glance/api/middleware/version_negotiation.py:44}}
Aug 18 23:26:26.956055 np0000007718 devstack@g-api.service[99695]: DEBUG glance.api.middleware.version_negotiation [None req-38e10698-bae9-44cb-b7e2-d3f7a0647f74 tempest-TestImageHashVerification-746578362 tempest-TestImageHashVerification-746578362-project-member] Using url versioning {{(pid=99695) process_request /opt/stack/glance/glance/api/middleware/version_negotiation.py:57}}
Aug 18 23:26:26.956055 np0000007718 devstack@g-api.service[99695]: DEBUG glance.api.middleware.version_negotiation [None req-38e10698-bae9-44cb-b7e2-d3f7a0647f74 tempest-TestImageHashVerification-746578362 tempest-TestImageHashVerification-746578362-project-member] Matched version: v2 {{(pid=99695) process_request /opt/stack/glance/glance/api/middleware/version_negotiation.py:69}}
Aug 18 23:26:26.956938 np0000007718 devstack@g-api.service[99695]: DEBUG glance.api.middleware.version_negotiation [None req-38e10698-bae9-44cb-b7e2-d3f7a0647f74 tempest-TestImageHashVerification-746578362 tempest-TestImageHashVerification-746578362-project-member] new path /v2/images/cea15c1d-e752-4a33-9945-a0acac29d4cb {{(pid=99695) process_request /opt/stack/glance/glance/api/middleware/version_negotiation.py:70}}
Aug 18 23:26:26.969023 np0000007718 devstack@g-api.service[99695]: [pid: 99695|app: 0|req: 151/450] 127.0.0.1 () {40 vars in 838 bytes} [Tue Aug 18 23:26:26 2026] GET /v2/images/cea15c1d-e752-4a33-9945-a0acac29d4cb => generated 649 bytes in 13 msecs (HTTP/1.1 200) 4 headers in 157 bytes (1 switches on core 0)
Aug 18 23:26:27.976277 np0000007718 devstack@g-api.service[99696]: DEBUG glance.api.middleware.version_negotiation [None req-0526e259-6b88-4450-b8e8-5ab010484204 tempest-TestImageHashVerification-746578362 tempest-TestImageHashVerification-746578362-project-member] Determining version of request: GET /v2/images/cea15c1d-e752-4a33-9945-a0acac29d4cb Accept: application/json {{(pid=99696) process_request /opt/stack/glance/glance/api/middleware/version_negotiation.py:44}}
Aug 18 23:26:27.976728 np0000007718 devstack@g-api.service[99696]: DEBUG glance.api.middleware.version_negotiation [None req-0526e259-6b88-4450-b8e8-5ab010484204 tempest-TestImageHashVerification-746578362 tempest-TestImageHashVerification-746578362-project-member] Using url versioning {{(pid=99696) process_request /opt/stack/glance/glance/api/middleware/version_negotiation.py:57}}
Aug 18 23:26:27.976728 np0000007718 devstack@g-api.service[99696]: DEBUG glance.api.middleware.version_negotiation [None req-0526e259-6b88-4450-b8e8-5ab010484204 tempest-TestImageHashVerification-746578362 tempest-TestImageHashVerification-746578362-project-member] Matched version: v2 {{(pid=99696) process_request /opt/stack/glance/glance/api/middleware/version_negotiation.py:69}}
Aug 18 23:26:27.976728 np0000007718 devstack@g-api.service[99696]: DEBUG glance.api.middleware.version_negotiation [None req-0526e259-6b88-4450-b8e8-5ab010484204 tempest-TestImageHashVerification-746578362 tempest-TestImageHashVerification-746578362-project-member] new path /v2/images/cea15c1d-e752-4a33-9945-a0acac29d4cb {{(pid=99696) process_request /opt/stack/glance/glance/api/middleware/version_negotiation.py:70}}
Aug 18 23:26:27.989172 np0000007718 devstack@g-api.service[99696]: [pid: 99696|app: 0|req: 153/451] 127.0.0.1 () {40 vars in 838 bytes} [Tue Aug 18 23:26:27 2026] GET /v2/images/cea15c1d-e752-4a33-9945-a0acac29d4cb => generated 649 bytes in 13 msecs (HTTP/1.1 200) 4 headers in 157 bytes (1 switches on core 0)
Aug 18 23:26:28.053425 np0000007718 devstack@g-api.service[99694]: DEBUG swiftclient [None req-2044e794-18f1-4acb-9b13-cedccfe76020 tempest-TestImageHashVerification-746578362 tempest-TestImageHashVerification-746578362-project-member] REQ: curl -i https://10.4.3.129:8080/v1/AUTH_38eb076b48f940c9bc58a742ea05c85c/glance/cea15c1d-e752-4a33-9945-a0acac29d4cb-00002 -X PUT -H "X-Auth-Token: gAAAAABqhOogPyix..." {{(pid=99694) http_log /opt/stack/data/venv/lib/python3.12/site-packages/swiftclient/client.py:160}}
Aug 18 23:26:28.053654 np0000007718 devstack@g-api.service[99694]: DEBUG swiftclient [None req-2044e794-18f1-4acb-9b13-cedccfe76020 tempest-TestImageHashVerification-746578362 tempest-TestImageHashVerification-746578362-project-member] RESP STATUS: 201 Created {{(pid=99694) http_log /opt/stack/data/venv/lib/python3.12/site-packages/swiftclient/client.py:161}}
Aug 18 23:26:28.053654 np0000007718 devstack@g-api.service[99694]: DEBUG swiftclient [None req-2044e794-18f1-4acb-9b13-cedccfe76020 tempest-TestImageHashVerification-746578362 tempest-TestImageHashVerification-746578362-project-member] RESP HEADERS: {'Date': 'Tue, 18 Aug 2026 23:26:28 GMT', 'Server': 'Apache/2.4.58 (Ubuntu)', 'Content-Type': 'text/html; charset=UTF-8', 'Content-Length': '0', 'Etag': 'eda9a9889837ac4bc81d6387d92c1bec', 'Last-Modified': 'Tue, 18 Aug 2026 23:26:27 GMT', 'X-Trans-Id': 'tx5057b1ad0fa140949208a-006a84ea22', 'X-Openstack-Request-Id': 'tx5057b1ad0fa140949208a-006a84ea22', 'Connection': 'close'} {{(pid=99694) http_log /opt/stack/data/venv/lib/python3.12/site-packages/swiftclient/client.py:162}}
Aug 18 23:26:28.053962 np0000007718 devstack@g-api.service[99694]: DEBUG glance_store._drivers.swift.store [None req-2044e794-18f1-4acb-9b13-cedccfe76020 tempest-TestImageHashVerification-746578362 tempest-TestImageHashVerification-746578362-project-member] Wrote chunk cea15c1d-e752-4a33-9945-a0acac29d4cb-00002 (2/?) of length 204800000 to Swift returning MD5 of content: eda9a9889837ac4bc81d6387d92c1bec {{(pid=99694) add /opt/stack/data/venv/lib/python3.12/site-packages/glance_store/_drivers/swift/store.py:1059}}
Aug 18 23:26:28.998599 np0000007718 devstack@g-api.service[99695]: DEBUG glance.api.middleware.version_negotiation [None req-57234f44-0b4a-4b88-8469-8e4148c8b94e tempest-TestImageHashVerification-746578362 tempest-TestImageHashVerification-746578362-project-member] Determining version of request: GET /v2/images/cea15c1d-e752-4a33-9945-a0acac29d4cb Accept: application/json {{(pid=99695) process_request /opt/stack/glance/glance/api/middleware/version_negotiation.py:44}}
Aug 18 23:26:28.999002 np0000007718 devstack@g-api.service[99695]: DEBUG glance.api.middleware.version_negotiation [None req-57234f44-0b4a-4b88-8469-8e4148c8b94e tempest-TestImageHashVerification-746578362 tempest-TestImageHashVerification-746578362-project-member] Using url versioning {{(pid=99695) process_request /opt/stack/glance/glance/api/middleware/version_negotiation.py:57}}
Aug 18 23:26:28.999002 np0000007718 devstack@g-api.service[99695]: DEBUG glance.api.middleware.version_negotiation [None req-57234f44-0b4a-4b88-8469-8e4148c8b94e tempest-TestImageHashVerification-746578362 tempest-TestImageHashVerification-746578362-project-member] Matched version: v2 {{(pid=99695) process_request /opt/stack/glance/glance/api/middleware/version_negotiation.py:69}}
Aug 18 23:26:28.999002 np0000007718 devstack@g-api.service[99695]: DEBUG glance.api.middleware.version_negotiation [None req-57234f44-0b4a-4b88-8469-8e4148c8b94e tempest-TestImageHashVerification-746578362 tempest-TestImageHashVerification-746578362-project-member] new path /v2/images/cea15c1d-e752-4a33-9945-a0acac29d4cb {{(pid=99695) process_request /opt/stack/glance/glance/api/middleware/version_negotiation.py:70}}
Aug 18 23:26:29.013343 np0000007718 devstack@g-api.service[99695]: [pid: 99695|app: 0|req: 152/452] 127.0.0.1 () {40 vars in 838 bytes} [Tue Aug 18 23:26:28 2026] GET /v2/images/cea15c1d-e752-4a33-9945-a0acac29d4cb => generated 649 bytes in 15 msecs (HTTP/1.1 200) 4 headers in 157 bytes (1 switches on core 0)
Aug 18 23:26:29.958130 np0000007718 devstack@g-api.service[99694]: DEBUG swiftclient [None req-2044e794-18f1-4acb-9b13-cedccfe76020 tempest-TestImageHashVerification-746578362 tempest-TestImageHashVerification-746578362-project-member] REQ: curl -i https://10.4.3.129:8080/v1/AUTH_38eb076b48f940c9bc58a742ea05c85c/glance/cea15c1d-e752-4a33-9945-a0acac29d4cb-00003 -X PUT -H "X-Auth-Token: gAAAAABqhOogPyix..." {{(pid=99694) http_log /opt/stack/data/venv/lib/python3.12/site-packages/swiftclient/client.py:160}}
Aug 18 23:26:29.958403 np0000007718 devstack@g-api.service[99694]: DEBUG swiftclient [None req-2044e794-18f1-4acb-9b13-cedccfe76020 tempest-TestImageHashVerification-746578362 tempest-TestImageHashVerification-746578362-project-member] RESP STATUS: 201 Created {{(pid=99694) http_log /opt/stack/data/venv/lib/python3.12/site-packages/swiftclient/client.py:161}}
Aug 18 23:26:29.958438 np0000007718 devstack@g-api.service[99694]: DEBUG swiftclient [None req-2044e794-18f1-4acb-9b13-cedccfe76020 tempest-TestImageHashVerification-746578362 tempest-TestImageHashVerification-746578362-project-member] RESP HEADERS: {'Date': 'Tue, 18 Aug 2026 23:26:29 GMT', 'Server': 'Apache/2.4.58 (Ubuntu)', 'Content-Type': 'text/html; charset=UTF-8', 'Content-Length': '0', 'Etag': 'eda9a9889837ac4bc81d6387d92c1bec', 'Last-Modified': 'Tue, 18 Aug 2026 23:26:29 GMT', 'X-Trans-Id': 'tx58e091a4bb0047829e9bc-006a84ea24', 'X-Openstack-Request-Id': 'tx58e091a4bb0047829e9bc-006a84ea24', 'Connection': 'close'} {{(pid=99694) http_log /opt/stack/data/venv/lib/python3.12/site-packages/swiftclient/client.py:162}}
Aug 18 23:26:29.958592 np0000007718 devstack@g-api.service[99694]: DEBUG glance_store._drivers.swift.store [None req-2044e794-18f1-4acb-9b13-cedccfe76020 tempest-TestImageHashVerification-746578362 tempest-TestImageHashVerification-746578362-project-member] Wrote chunk cea15c1d-e752-4a33-9945-a0acac29d4cb-00003 (3/?) of length 204800000 to Swift returning MD5 of content: eda9a9889837ac4bc81d6387d92c1bec {{(pid=99694) add /opt/stack/data/venv/lib/python3.12/site-packages/glance_store/_drivers/swift/store.py:1059}}
Aug 18 23:26:30.022588 np0000007718 devstack@g-api.service[99696]: DEBUG glance.api.middleware.version_negotiation [None req-94f826ca-1c28-4b76-a99f-6a33e8e59830 tempest-TestImageHashVerification-746578362 tempest-TestImageHashVerification-746578362-project-member] Determining version of request: GET /v2/images/cea15c1d-e752-4a33-9945-a0acac29d4cb Accept: application/json {{(pid=99696) process_request /opt/stack/glance/glance/api/middleware/version_negotiation.py:44}}
Aug 18 23:26:30.022914 np0000007718 devstack@g-api.service[99696]: DEBUG glance.api.middleware.version_negotiation [None req-94f826ca-1c28-4b76-a99f-6a33e8e59830 tempest-TestImageHashVerification-746578362 tempest-TestImageHashVerification-746578362-project-member] Using url versioning {{(pid=99696) process_request /opt/stack/glance/glance/api/middleware/version_negotiation.py:57}}
Aug 18 23:26:30.023034 np0000007718 devstack@g-api.service[99696]: DEBUG glance.api.middleware.version_negotiation [None req-94f826ca-1c28-4b76-a99f-6a33e8e59830 tempest-TestImageHashVerification-746578362 tempest-TestImageHashVerification-746578362-project-member] Matched version: v2 {{(pid=99696) process_request /opt/stack/glance/glance/api/middleware/version_negotiation.py:69}}
Aug 18 23:26:30.027142 np0000007718 devstack@g-api.service[99696]: DEBUG glance.api.middleware.version_negotiation [None req-94f826ca-1c28-4b76-a99f-6a33e8e59830 tempest-TestImageHashVerification-746578362 tempest-TestImageHashVerification-746578362-project-member] new path /v2/images/cea15c1d-e752-4a33-9945-a0acac29d4cb {{(pid=99696) process_request /opt/stack/glance/glance/api/middleware/version_negotiation.py:70}}
Aug 18 23:26:30.039329 np0000007718 devstack@g-api.service[99696]: [pid: 99696|app: 0|req: 154/453] 127.0.0.1 () {40 vars in 838 bytes} [Tue Aug 18 23:26:30 2026] GET /v2/images/cea15c1d-e752-4a33-9945-a0acac29d4cb => generated 649 bytes in 17 msecs (HTTP/1.1 200) 4 headers in 157 bytes (1 switches on core 0)
Aug 18 23:26:31.047874 np0000007718 devstack@g-api.service[99695]: DEBUG glance.api.middleware.version_negotiation [None req-a18ade1c-5422-4cc7-93e3-1b627a571ba3 tempest-TestImageHashVerification-746578362 tempest-TestImageHashVerification-746578362-project-member] Determining version of request: GET /v2/images/cea15c1d-e752-4a33-9945-a0acac29d4cb Accept: application/json {{(pid=99695) process_request /opt/stack/glance/glance/api/middleware/version_negotiation.py:44}}
Aug 18 23:26:31.048711 np0000007718 devstack@g-api.service[99695]: DEBUG glance.api.middleware.version_negotiation [None req-a18ade1c-5422-4cc7-93e3-1b627a571ba3 tempest-TestImageHashVerification-746578362 tempest-TestImageHashVerification-746578362-project-member] Using url versioning {{(pid=99695) process_request /opt/stack/glance/glance/api/middleware/version_negotiation.py:57}}
Aug 18 23:26:31.048711 np0000007718 devstack@g-api.service[99695]: DEBUG glance.api.middleware.version_negotiation [None req-a18ade1c-5422-4cc7-93e3-1b627a571ba3 tempest-TestImageHashVerification-746578362 tempest-TestImageHashVerification-746578362-project-member] Matched version: v2 {{(pid=99695) process_request /opt/stack/glance/glance/api/middleware/version_negotiation.py:69}}
Aug 18 23:26:31.048711 np0000007718 devstack@g-api.service[99695]: DEBUG glance.api.middleware.version_negotiation [None req-a18ade1c-5422-4cc7-93e3-1b627a571ba3 tempest-TestImageHashVerification-746578362 tempest-TestImageHashVerification-746578362-project-member] new path /v2/images/cea15c1d-e752-4a33-9945-a0acac29d4cb {{(pid=99695) process_request /opt/stack/glance/glance/api/middleware/version_negotiation.py:70}}
Aug 18 23:26:31.058696 np0000007718 devstack@g-api.service[99695]: [pid: 99695|app: 0|req: 153/454] 127.0.0.1 () {40 vars in 838 bytes} [Tue Aug 18 23:26:31 2026] GET /v2/images/cea15c1d-e752-4a33-9945-a0acac29d4cb => generated 649 bytes in 11 msecs (HTTP/1.1 200) 4 headers in 157 bytes (1 switches on core 0)
Aug 18 23:26:31.912818 np0000007718 devstack@g-api.service[99694]: DEBUG swiftclient [None req-2044e794-18f1-4acb-9b13-cedccfe76020 tempest-TestImageHashVerification-746578362 tempest-TestImageHashVerification-746578362-project-member] REQ: curl -i https://10.4.3.129:8080/v1/AUTH_38eb076b48f940c9bc58a742ea05c85c/glance/cea15c1d-e752-4a33-9945-a0acac29d4cb-00004 -X PUT -H "X-Auth-Token: gAAAAABqhOogPyix..." {{(pid=99694) http_log /opt/stack/data/venv/lib/python3.12/site-packages/swiftclient/client.py:160}}
Aug 18 23:26:31.913180 np0000007718 devstack@g-api.service[99694]: DEBUG swiftclient [None req-2044e794-18f1-4acb-9b13-cedccfe76020 tempest-TestImageHashVerification-746578362 tempest-TestImageHashVerification-746578362-project-member] RESP STATUS: 201 Created {{(pid=99694) http_log /opt/stack/data/venv/lib/python3.12/site-packages/swiftclient/client.py:161}}
Aug 18 23:26:31.913180 np0000007718 devstack@g-api.service[99694]: DEBUG swiftclient [None req-2044e794-18f1-4acb-9b13-cedccfe76020 tempest-TestImageHashVerification-746578362 tempest-TestImageHashVerification-746578362-project-member] RESP HEADERS: {'Date': 'Tue, 18 Aug 2026 23:26:31 GMT', 'Server': 'Apache/2.4.58 (Ubuntu)', 'Content-Type': 'text/html; charset=UTF-8', 'Content-Length': '0', 'Etag': 'eda9a9889837ac4bc81d6387d92c1bec', 'Last-Modified': 'Tue, 18 Aug 2026 23:26:30 GMT', 'X-Trans-Id': 'tx085f6593f0104dbdbef52-006a84ea25', 'X-Openstack-Request-Id': 'tx085f6593f0104dbdbef52-006a84ea25', 'Connection': 'close'} {{(pid=99694) http_log /opt/stack/data/venv/lib/python3.12/site-packages/swiftclient/client.py:162}}
Aug 18 23:26:31.913180 np0000007718 devstack@g-api.service[99694]: DEBUG glance_store._drivers.swift.store [None req-2044e794-18f1-4acb-9b13-cedccfe76020 tempest-TestImageHashVerification-746578362 tempest-TestImageHashVerification-746578362-project-member] Wrote chunk cea15c1d-e752-4a33-9945-a0acac29d4cb-00004 (4/?) of length 204800000 to Swift returning MD5 of content: eda9a9889837ac4bc81d6387d92c1bec {{(pid=99694) add /opt/stack/data/venv/lib/python3.12/site-packages/glance_store/_drivers/swift/store.py:1059}}
Aug 18 23:26:32.066869 np0000007718 devstack@g-api.service[99696]: DEBUG glance.api.middleware.version_negotiation [None req-cbf00702-69ac-4eef-aa98-f27d9086558e tempest-TestImageHashVerification-746578362 tempest-TestImageHashVerification-746578362-project-member] Determining version of request: GET /v2/images/cea15c1d-e752-4a33-9945-a0acac29d4cb Accept: application/json {{(pid=99696) process_request /opt/stack/glance/glance/api/middleware/version_negotiation.py:44}}
Aug 18 23:26:32.067187 np0000007718 devstack@g-api.service[99696]: DEBUG glance.api.middleware.version_negotiation [None req-cbf00702-69ac-4eef-aa98-f27d9086558e tempest-TestImageHashVerification-746578362 tempest-TestImageHashVerification-746578362-project-member] Using url versioning {{(pid=99696) process_request /opt/stack/glance/glance/api/middleware/version_negotiation.py:57}}
Aug 18 23:26:32.067743 np0000007718 devstack@g-api.service[99696]: DEBUG glance.api.middleware.version_negotiation [None req-cbf00702-69ac-4eef-aa98-f27d9086558e tempest-TestImageHashVerification-746578362 tempest-TestImageHashVerification-746578362-project-member] Matched version: v2 {{(pid=99696) process_request /opt/stack/glance/glance/api/middleware/version_negotiation.py:69}}
Aug 18 23:26:32.067935 np0000007718 devstack@g-api.service[99696]: DEBUG glance.api.middleware.version_negotiation [None req-cbf00702-69ac-4eef-aa98-f27d9086558e tempest-TestImageHashVerification-746578362 tempest-TestImageHashVerification-746578362-project-member] new path /v2/images/cea15c1d-e752-4a33-9945-a0acac29d4cb {{(pid=99696) process_request /opt/stack/glance/glance/api/middleware/version_negotiation.py:70}}
Aug 18 23:26:32.082118 np0000007718 devstack@g-api.service[99696]: [pid: 99696|app: 0|req: 155/455] 127.0.0.1 () {40 vars in 838 bytes} [Tue Aug 18 23:26:32 2026] GET /v2/images/cea15c1d-e752-4a33-9945-a0acac29d4cb => generated 649 bytes in 15 msecs (HTTP/1.1 200) 4 headers in 157 bytes (1 switches on core 0)
Aug 18 23:26:32.137595 np0000007718 devstack@g-api.service[99695]: DEBUG glance.api.middleware.version_negotiation [None req-77e8d3d9-a4ea-47c4-99a0-b606294f7956 tempest-TestImageHashVerification-746578362 tempest-TestImageHashVerification-746578362-project-member] Determining version of request: GET /v2/images/bb7c3b6c-1df1-44a5-a17e-2aaf8cc09ea7 Accept: */* {{(pid=99695) process_request /opt/stack/glance/glance/api/middleware/version_negotiation.py:44}}
Aug 18 23:26:32.138143 np0000007718 devstack@g-api.service[99695]: DEBUG glance.api.middleware.version_negotiation [None req-77e8d3d9-a4ea-47c4-99a0-b606294f7956 tempest-TestImageHashVerification-746578362 tempest-TestImageHashVerification-746578362-project-member] Using url versioning {{(pid=99695) process_request /opt/stack/glance/glance/api/middleware/version_negotiation.py:57}}
Aug 18 23:26:32.138143 np0000007718 devstack@g-api.service[99695]: DEBUG glance.api.middleware.version_negotiation [None req-77e8d3d9-a4ea-47c4-99a0-b606294f7956 tempest-TestImageHashVerification-746578362 tempest-TestImageHashVerification-746578362-project-member] Matched version: v2 {{(pid=99695) process_request /opt/stack/glance/glance/api/middleware/version_negotiation.py:69}}
Aug 18 23:26:32.138143 np0000007718 devstack@g-api.service[99695]: DEBUG glance.api.middleware.version_negotiation [None req-77e8d3d9-a4ea-47c4-99a0-b606294f7956 tempest-TestImageHashVerification-746578362 tempest-TestImageHashVerification-746578362-project-member] new path /v2/images/bb7c3b6c-1df1-44a5-a17e-2aaf8cc09ea7 {{(pid=99695) process_request /opt/stack/glance/glance/api/middleware/version_negotiation.py:70}}
Aug 18 23:26:32.147612 np0000007718 devstack@g-api.service[99695]: [pid: 99695|app: 0|req: 154/456] 127.0.0.1 () {44 vars in 1115 bytes} [Tue Aug 18 23:26:32 2026] GET /v2/images/bb7c3b6c-1df1-44a5-a17e-2aaf8cc09ea7 => generated 1044 bytes in 10 msecs (HTTP/1.1 200) 4 headers in 158 bytes (1 switches on core 0)
Aug 18 23:26:32.181148 np0000007718 devstack@g-api.service[99696]: DEBUG glance.api.middleware.version_negotiation [None req-58463279-31c1-43bd-9036-b7ef21655629 tempest-TestImageHashVerification-746578362 tempest-TestImageHashVerification-746578362-project-member] Determining version of request: GET /v2/schemas/image Accept: */* {{(pid=99696) process_request /opt/stack/glance/glance/api/middleware/version_negotiation.py:44}}
Aug 18 23:26:32.181307 np0000007718 devstack@g-api.service[99696]: DEBUG glance.api.middleware.version_negotiation [None req-58463279-31c1-43bd-9036-b7ef21655629 tempest-TestImageHashVerification-746578362 tempest-TestImageHashVerification-746578362-project-member] Using url versioning {{(pid=99696) process_request /opt/stack/glance/glance/api/middleware/version_negotiation.py:57}}
Aug 18 23:26:32.181661 np0000007718 devstack@g-api.service[99696]: DEBUG glance.api.middleware.version_negotiation [None req-58463279-31c1-43bd-9036-b7ef21655629 tempest-TestImageHashVerification-746578362 tempest-TestImageHashVerification-746578362-project-member] Matched version: v2 {{(pid=99696) process_request /opt/stack/glance/glance/api/middleware/version_negotiation.py:69}}
Aug 18 23:26:32.181827 np0000007718 devstack@g-api.service[99696]: DEBUG glance.api.middleware.version_negotiation [None req-58463279-31c1-43bd-9036-b7ef21655629 tempest-TestImageHashVerification-746578362 tempest-TestImageHashVerification-746578362-project-member] new path /v2/schemas/image {{(pid=99696) process_request /opt/stack/glance/glance/api/middleware/version_negotiation.py:70}}
