May 13 14:39:47.106624 np0000000705 devstack@g-api.service[101693]: DEBUG glance_store.capabilities [-] Store glance_store._drivers.swift.store.SingleTenantStore doesn't support updating dynamic storage capabilities. Please overwrite 'update_capabilities' method of the store to implement updating logics if needed. {{(pid=101693) update_capabilities /opt/stack/data/venv/lib/python3.12/site-packages/glance_store/capabilities.py:91}}
May 13 14:39:47.106624 np0000000705 devstack@g-api.service[101693]: DEBUG glance_store.driver [-] Late loading location class glance_store._drivers.swift.store.StoreLocation {{(pid=101693) get_store_location_class /opt/stack/data/venv/lib/python3.12/site-packages/glance_store/driver.py:134}}
May 13 14:39:47.106624 np0000000705 devstack@g-api.service[101693]: DEBUG glance_store.location [-] Registering scheme swift+https with {'store': , 'location_class': , 'store_entry': 'swift'} {{(pid=101693) register_scheme_map /opt/stack/data/venv/lib/python3.12/site-packages/glance_store/location.py:146}}
May 13 14:39:47.106624 np0000000705 devstack@g-api.service[101693]: DEBUG glance_store.location [-] Registering scheme swift+https with {'store': , 'location_class': , 'store_entry': 'swift'} {{(pid=101693) register_scheme_map /opt/stack/data/venv/lib/python3.12/site-packages/glance_store/location.py:146}}
May 13 14:39:47.106624 np0000000705 devstack@g-api.service[101693]: DEBUG glance_store.location [-] Registering scheme swift with {'store': , 'location_class': , 'store_entry': 'swift'} {{(pid=101693) register_scheme_map /opt/stack/data/venv/lib/python3.12/site-packages/glance_store/location.py:146}}
May 13 14:39:47.106812 np0000000705 devstack@g-api.service[101693]: DEBUG glance_store.location [-] Registering scheme swift+https with {'store': , 'location_class': , 'store_entry': 'swift'} {{(pid=101693) register_scheme_map /opt/stack/data/venv/lib/python3.12/site-packages/glance_store/location.py:146}}
May 13 14:39:47.106812 np0000000705 devstack@g-api.service[101693]: DEBUG glance_store.location [-] Registering scheme swift with {'store': , 'location_class': , 'store_entry': 'swift'} {{(pid=101693) register_scheme_map /opt/stack/data/venv/lib/python3.12/site-packages/glance_store/location.py:146}}
May 13 14:39:47.106812 np0000000705 devstack@g-api.service[101693]: DEBUG glance_store.location [-] Registering scheme swift+http with {'store': , 'location_class': , 'store_entry': 'swift'} {{(pid=101693) register_scheme_map /opt/stack/data/venv/lib/python3.12/site-packages/glance_store/location.py:146}}
May 13 14:39:47.106812 np0000000705 devstack@g-api.service[101693]: DEBUG glance_store.location [-] Registering scheme swift+https with {'store': , 'location_class': , 'store_entry': 'swift'} {{(pid=101693) register_scheme_map /opt/stack/data/venv/lib/python3.12/site-packages/glance_store/location.py:146}}
May 13 14:39:47.106812 np0000000705 devstack@g-api.service[101693]: DEBUG glance_store.location [-] Registering scheme swift with {'store': , 'location_class': , 'store_entry': 'swift'} {{(pid=101693) register_scheme_map /opt/stack/data/venv/lib/python3.12/site-packages/glance_store/location.py:146}}
May 13 14:39:47.106972 np0000000705 devstack@g-api.service[101693]: DEBUG glance_store.location [-] Registering scheme swift+http with {'store': , 'location_class': , 'store_entry': 'swift'} {{(pid=101693) register_scheme_map /opt/stack/data/venv/lib/python3.12/site-packages/glance_store/location.py:146}}
May 13 14:39:47.106972 np0000000705 devstack@g-api.service[101693]: DEBUG glance_store.location [-] Registering scheme swift+config with {'store': , 'location_class': , 'store_entry': 'swift'} {{(pid=101693) register_scheme_map /opt/stack/data/venv/lib/python3.12/site-packages/glance_store/location.py:146}}
May 13 14:39:47.107052 np0000000705 devstack@g-api.service[101694]: DEBUG glance_store.capabilities [-] Store glance_store._drivers.swift.store.SingleTenantStore doesn't support updating dynamic storage capabilities. Please overwrite 'update_capabilities' method of the store to implement updating logics if needed. {{(pid=101694) update_capabilities /opt/stack/data/venv/lib/python3.12/site-packages/glance_store/capabilities.py:91}}
May 13 14:39:47.107052 np0000000705 devstack@g-api.service[101694]: DEBUG glance_store.driver [-] Late loading location class glance_store._drivers.swift.store.StoreLocation {{(pid=101694) get_store_location_class /opt/stack/data/venv/lib/python3.12/site-packages/glance_store/driver.py:134}}
May 13 14:39:47.107052 np0000000705 devstack@g-api.service[101694]: DEBUG glance_store.location [-] Registering scheme swift+https with {'store': , 'location_class': , 'store_entry': 'swift'} {{(pid=101694) register_scheme_map /opt/stack/data/venv/lib/python3.12/site-packages/glance_store/location.py:146}}
May 13 14:39:47.107052 np0000000705 devstack@g-api.service[101694]: DEBUG glance_store.location [-] Registering scheme swift+https with {'store': , 'location_class': , 'store_entry': 'swift'} {{(pid=101694) register_scheme_map /opt/stack/data/venv/lib/python3.12/site-packages/glance_store/location.py:146}}
May 13 14:39:47.107201 np0000000705 devstack@g-api.service[101693]: DEBUG glance.sqlite_migration [-] SQLite caching database not located, skipping migration {{(pid=101693) get_db_path /opt/stack/glance/glance/sqlite_migration.py:68}}
May 13 14:39:47.107241 np0000000705 devstack@g-api.service[101694]: DEBUG glance_store.location [-] Registering scheme swift with {'store': , 'location_class': , 'store_entry': 'swift'} {{(pid=101694) register_scheme_map /opt/stack/data/venv/lib/python3.12/site-packages/glance_store/location.py:146}}
May 13 14:39:47.107241 np0000000705 devstack@g-api.service[101694]: DEBUG glance_store.location [-] Registering scheme swift+https with {'store': , 'location_class': , 'store_entry': 'swift'} {{(pid=101694) register_scheme_map /opt/stack/data/venv/lib/python3.12/site-packages/glance_store/location.py:146}}
May 13 14:39:47.107241 np0000000705 devstack@g-api.service[101694]: DEBUG glance_store.location [-] Registering scheme swift with {'store': , 'location_class': , 'store_entry': 'swift'} {{(pid=101694) register_scheme_map /opt/stack/data/venv/lib/python3.12/site-packages/glance_store/location.py:146}}
May 13 14:39:47.107354 np0000000705 devstack@g-api.service[101693]: WARNING glance.common.wsgi_app [-] Import methods are enabled but staging directory /tmp/staging/ does not exist; Imports will fail!
May 13 14:39:47.107394 np0000000705 devstack@g-api.service[101694]: DEBUG glance_store.location [-] Registering scheme swift+http with {'store': , 'location_class': , 'store_entry': 'swift'} {{(pid=101694) register_scheme_map /opt/stack/data/venv/lib/python3.12/site-packages/glance_store/location.py:146}}
May 13 14:39:47.107394 np0000000705 devstack@g-api.service[101694]: DEBUG glance_store.location [-] Registering scheme swift+https with {'store': , 'location_class': , 'store_entry': 'swift'} {{(pid=101694) register_scheme_map /opt/stack/data/venv/lib/python3.12/site-packages/glance_store/location.py:146}}
May 13 14:39:47.107394 np0000000705 devstack@g-api.service[101694]: DEBUG glance_store.location [-] Registering scheme swift with {'store': , 'location_class': , 'store_entry': 'swift'} {{(pid=101694) register_scheme_map /opt/stack/data/venv/lib/python3.12/site-packages/glance_store/location.py:146}}
May 13 14:39:47.107394 np0000000705 devstack@g-api.service[101694]: DEBUG glance_store.location [-] Registering scheme swift+http with {'store': , 'location_class': , 'store_entry': 'swift'} {{(pid=101694) register_scheme_map /opt/stack/data/venv/lib/python3.12/site-packages/glance_store/location.py:146}}
May 13 14:39:47.107394 np0000000705 devstack@g-api.service[101694]: DEBUG glance_store.location [-] Registering scheme swift+config with {'store': , 'location_class': , 'store_entry': 'swift'} {{(pid=101694) register_scheme_map /opt/stack/data/venv/lib/python3.12/site-packages/glance_store/location.py:146}}
May 13 14:39:47.107562 np0000000705 devstack@g-api.service[101694]: DEBUG glance.sqlite_migration [-] SQLite caching database not located, skipping migration {{(pid=101694) get_db_path /opt/stack/glance/glance/sqlite_migration.py:68}}
May 13 14:39:47.107562 np0000000705 devstack@g-api.service[101694]: WARNING glance.common.wsgi_app [-] Import methods are enabled but staging directory /tmp/staging/ does not exist; Imports will fail!
May 13 14:39:47.335268 np0000000705 devstack@g-api.service[101695]: DEBUG glance.common.config [None req-5defa24d-ac19-4a4b-94c0-d96d01d9df3c None None] Loading glance-api-keystone+cachemanagement from /etc/glance/glance-api-paste.ini {{(pid=101695) load_paste_app /opt/stack/glance/glance/common/config.py:758}}
May 13 14:39:47.361506 np0000000705 devstack@g-api.service[101694]: DEBUG glance.common.config [None req-09e10d9e-634f-4a83-bb8a-76db886d5509 None None] Loading glance-api-keystone+cachemanagement from /etc/glance/glance-api-paste.ini {{(pid=101694) load_paste_app /opt/stack/glance/glance/common/config.py:758}}
May 13 14:39:47.364346 np0000000705 devstack@g-api.service[101693]: DEBUG glance.common.config [None req-11a43e58-0aae-4a34-aca9-933ecb7435a5 None None] Loading glance-api-keystone+cachemanagement from /etc/glance/glance-api-paste.ini {{(pid=101693) load_paste_app /opt/stack/glance/glance/common/config.py:758}}
May 13 14:39:47.863712 np0000000705 devstack@g-api.service[101695]: INFO glance.image_cache [None req-5defa24d-ac19-4a4b-94c0-d96d01d9df3c None None] Image cache loaded driver 'centralized_db'.
May 13 14:39:47.869434 np0000000705 devstack@g-api.service[101693]: INFO glance.image_cache [None req-11a43e58-0aae-4a34-aca9-933ecb7435a5 None None] Image cache loaded driver 'centralized_db'.
May 13 14:39:47.873536 np0000000705 devstack@g-api.service[101694]: INFO glance.image_cache [None req-09e10d9e-634f-4a83-bb8a-76db886d5509 None None] Image cache loaded driver 'centralized_db'.
May 13 14:39:47.905990 np0000000705 devstack@g-api.service[101695]: INFO dbcounter [None req-5defa24d-ac19-4a4b-94c0-d96d01d9df3c None None] Registered counter for database glance
May 13 14:39:47.913172 np0000000705 devstack@g-api.service[101693]: INFO dbcounter [None req-11a43e58-0aae-4a34-aca9-933ecb7435a5 None None] Registered counter for database glance
May 13 14:39:47.918257 np0000000705 devstack@g-api.service[101694]: INFO dbcounter [None req-09e10d9e-634f-4a83-bb8a-76db886d5509 None None] Registered counter for database glance
May 13 14:39:47.918349 np0000000705 devstack@g-api.service[101695]: DEBUG oslo_db.sqlalchemy.engines [None req-5defa24d-ac19-4a4b-94c0-d96d01d9df3c None None] MySQL server mode set to STRICT_TRANS_TABLES,STRICT_ALL_TABLES,NO_ZERO_IN_DATE,NO_ZERO_DATE,ERROR_FOR_DIVISION_BY_ZERO,TRADITIONAL,NO_ENGINE_SUBSTITUTION {{(pid=101695) _check_effective_sql_mode /opt/stack/data/venv/lib/python3.12/site-packages/oslo_db/sqlalchemy/engines.py:325}}
May 13 14:39:47.925764 np0000000705 devstack@g-api.service[101693]: DEBUG oslo_db.sqlalchemy.engines [None req-11a43e58-0aae-4a34-aca9-933ecb7435a5 None None] MySQL server mode set to STRICT_TRANS_TABLES,STRICT_ALL_TABLES,NO_ZERO_IN_DATE,NO_ZERO_DATE,ERROR_FOR_DIVISION_BY_ZERO,TRADITIONAL,NO_ENGINE_SUBSTITUTION {{(pid=101693) _check_effective_sql_mode /opt/stack/data/venv/lib/python3.12/site-packages/oslo_db/sqlalchemy/engines.py:325}}
May 13 14:39:47.930491 np0000000705 devstack@g-api.service[101694]: DEBUG oslo_db.sqlalchemy.engines [None req-09e10d9e-634f-4a83-bb8a-76db886d5509 None None] MySQL server mode set to STRICT_TRANS_TABLES,STRICT_ALL_TABLES,NO_ZERO_IN_DATE,NO_ZERO_DATE,ERROR_FOR_DIVISION_BY_ZERO,TRADITIONAL,NO_ENGINE_SUBSTITUTION {{(pid=101694) _check_effective_sql_mode /opt/stack/data/venv/lib/python3.12/site-packages/oslo_db/sqlalchemy/engines.py:325}}
May 13 14:39:47.937863 np0000000705 devstack@g-api.service[101695]: DEBUG dbcounter [-] [101695] Writer thread running {{(pid=101695) stat_writer /opt/stack/data/venv/lib/python3.12/site-packages/dbcounter.py:102}}
May 13 14:39:47.947845 np0000000705 devstack@g-api.service[101695]: INFO glance.image_cache [None req-5defa24d-ac19-4a4b-94c0-d96d01d9df3c None None] Image cache loaded driver 'centralized_db'.
May 13 14:39:47.950205 np0000000705 devstack@g-api.service[101694]: DEBUG dbcounter [-] [101694] Writer thread running {{(pid=101694) stat_writer /opt/stack/data/venv/lib/python3.12/site-packages/dbcounter.py:102}}
May 13 14:39:47.952262 np0000000705 devstack@g-api.service[101693]: DEBUG dbcounter [-] [101693] Writer thread running {{(pid=101693) stat_writer /opt/stack/data/venv/lib/python3.12/site-packages/dbcounter.py:102}}
May 13 14:39:47.952731 np0000000705 devstack@g-api.service[101694]: DEBUG glance.image_cache.drivers.centralized_db [None req-09e10d9e-634f-4a83-bb8a-76db886d5509 None None] Node reference is already recorded, ignoring it {{(pid=101694) configure /opt/stack/glance/glance/image_cache/drivers/centralized_db.py:71}}
May 13 14:39:47.954268 np0000000705 devstack@g-api.service[101695]: DEBUG glance.image_cache.drivers.centralized_db [None req-5defa24d-ac19-4a4b-94c0-d96d01d9df3c None None] Node reference is already recorded, ignoring it {{(pid=101695) configure /opt/stack/glance/glance/image_cache/drivers/centralized_db.py:71}}
May 13 14:39:47.954583 np0000000705 devstack@g-api.service[101693]: DEBUG glance.image_cache.drivers.centralized_db [None req-11a43e58-0aae-4a34-aca9-933ecb7435a5 None None] Node reference is already recorded, ignoring it {{(pid=101693) configure /opt/stack/glance/glance/image_cache/drivers/centralized_db.py:71}}
May 13 14:39:47.957686 np0000000705 devstack@g-api.service[101694]: INFO glance.image_cache [None req-09e10d9e-634f-4a83-bb8a-76db886d5509 None None] Image cache loaded driver 'centralized_db'.
May 13 14:39:47.958740 np0000000705 devstack@g-api.service[101695]: DEBUG glance.api.v2.cached_images [None req-5defa24d-ac19-4a4b-94c0-d96d01d9df3c None None] Started cache worker thread {{(pid=101695) __init__ /opt/stack/glance/glance/api/v2/cached_images.py:69}}
May 13 14:39:47.959307 np0000000705 devstack@g-api.service[101695]: INFO glance.image_cache [None req-5defa24d-ac19-4a4b-94c0-d96d01d9df3c None None] Image cache loaded driver 'centralized_db'.
May 13 14:39:47.961766 np0000000705 devstack@g-api.service[101693]: INFO glance.image_cache [None req-11a43e58-0aae-4a34-aca9-933ecb7435a5 None None] Image cache loaded driver 'centralized_db'.
May 13 14:39:47.963883 np0000000705 devstack@g-api.service[101694]: DEBUG glance.image_cache.drivers.centralized_db [None req-09e10d9e-634f-4a83-bb8a-76db886d5509 None None] Node reference is already recorded, ignoring it {{(pid=101694) configure /opt/stack/glance/glance/image_cache/drivers/centralized_db.py:71}}
May 13 14:39:47.964879 np0000000705 devstack@g-api.service[101695]: DEBUG glance.image_cache.drivers.centralized_db [None req-5defa24d-ac19-4a4b-94c0-d96d01d9df3c None None] Node reference is already recorded, ignoring it {{(pid=101695) configure /opt/stack/glance/glance/image_cache/drivers/centralized_db.py:71}}
May 13 14:39:47.968088 np0000000705 devstack@g-api.service[101694]: DEBUG glance.api.v2.cached_images [None req-09e10d9e-634f-4a83-bb8a-76db886d5509 None None] Started cache worker thread {{(pid=101694) __init__ /opt/stack/glance/glance/api/v2/cached_images.py:69}}
May 13 14:39:47.968560 np0000000705 devstack@g-api.service[101694]: INFO glance.image_cache [None req-09e10d9e-634f-4a83-bb8a-76db886d5509 None None] Image cache loaded driver 'centralized_db'.
May 13 14:39:47.968964 np0000000705 devstack@g-api.service[101695]: INFO glance.api.middleware.cache_manage [None req-5defa24d-ac19-4a4b-94c0-d96d01d9df3c None None] Initialized image cache management middleware
May 13 14:39:47.969092 np0000000705 devstack@g-api.service[101695]: INFO glance.image_cache [None req-5defa24d-ac19-4a4b-94c0-d96d01d9df3c None None] Image cache loaded driver 'centralized_db'.
May 13 14:39:47.969246 np0000000705 devstack@g-api.service[101693]: DEBUG glance.image_cache.drivers.centralized_db [None req-11a43e58-0aae-4a34-aca9-933ecb7435a5 None None] Node reference is already recorded, ignoring it {{(pid=101693) configure /opt/stack/glance/glance/image_cache/drivers/centralized_db.py:71}}
May 13 14:39:47.973690 np0000000705 devstack@g-api.service[101693]: DEBUG glance.api.v2.cached_images [None req-11a43e58-0aae-4a34-aca9-933ecb7435a5 None None] Started cache worker thread {{(pid=101693) __init__ /opt/stack/glance/glance/api/v2/cached_images.py:69}}
May 13 14:39:47.974191 np0000000705 devstack@g-api.service[101693]: INFO glance.image_cache [None req-11a43e58-0aae-4a34-aca9-933ecb7435a5 None None] Image cache loaded driver 'centralized_db'.
May 13 14:39:47.974303 np0000000705 devstack@g-api.service[101694]: DEBUG glance.image_cache.drivers.centralized_db [None req-09e10d9e-634f-4a83-bb8a-76db886d5509 None None] Node reference is already recorded, ignoring it {{(pid=101694) configure /opt/stack/glance/glance/image_cache/drivers/centralized_db.py:71}}
May 13 14:39:47.975606 np0000000705 devstack@g-api.service[101695]: DEBUG glance.image_cache.drivers.centralized_db [None req-5defa24d-ac19-4a4b-94c0-d96d01d9df3c None None] Node reference is already recorded, ignoring it {{(pid=101695) configure /opt/stack/glance/glance/image_cache/drivers/centralized_db.py:71}}
May 13 14:39:47.978343 np0000000705 devstack@g-api.service[101694]: INFO glance.api.middleware.cache_manage [None req-09e10d9e-634f-4a83-bb8a-76db886d5509 None None] Initialized image cache management middleware
May 13 14:39:47.978572 np0000000705 devstack@g-api.service[101694]: INFO glance.image_cache [None req-09e10d9e-634f-4a83-bb8a-76db886d5509 None None] Image cache loaded driver 'centralized_db'.
May 13 14:39:47.979087 np0000000705 devstack@g-api.service[101695]: INFO glance.api.middleware.cache [None req-5defa24d-ac19-4a4b-94c0-d96d01d9df3c None None] Initialized image cache middleware
May 13 14:39:47.980683 np0000000705 devstack@g-api.service[101693]: DEBUG glance.image_cache.drivers.centralized_db [None req-11a43e58-0aae-4a34-aca9-933ecb7435a5 None None] Node reference is already recorded, ignoring it {{(pid=101693) configure /opt/stack/glance/glance/image_cache/drivers/centralized_db.py:71}}
May 13 14:39:47.984213 np0000000705 devstack@g-api.service[101695]: WARNING keystonemiddleware.auth_token [None req-5defa24d-ac19-4a4b-94c0-d96d01d9df3c None None] AuthToken middleware is set with keystone_authtoken.service_token_roles_required set to False. This is backwards compatible but deprecated behaviour. Please set this to True.
May 13 14:39:47.984630 np0000000705 devstack@g-api.service[101694]: DEBUG glance.image_cache.drivers.centralized_db [None req-09e10d9e-634f-4a83-bb8a-76db886d5509 None None] Node reference is already recorded, ignoring it {{(pid=101694) configure /opt/stack/glance/glance/image_cache/drivers/centralized_db.py:71}}
May 13 14:39:47.987148 np0000000705 devstack@g-api.service[101693]: INFO glance.api.middleware.cache_manage [None req-11a43e58-0aae-4a34-aca9-933ecb7435a5 None None] Initialized image cache management middleware
May 13 14:39:47.987345 np0000000705 devstack@g-api.service[101693]: INFO glance.image_cache [None req-11a43e58-0aae-4a34-aca9-933ecb7435a5 None None] Image cache loaded driver 'centralized_db'.
May 13 14:39:47.988822 np0000000705 devstack@g-api.service[101694]: INFO glance.api.middleware.cache [None req-09e10d9e-634f-4a83-bb8a-76db886d5509 None None] Initialized image cache middleware
May 13 14:39:47.989568 np0000000705 devstack@g-api.service[101695]: DEBUG glance.common.config [None req-5defa24d-ac19-4a4b-94c0-d96d01d9df3c None None] ******************************************************************************** {{(pid=101695) log_opt_values /opt/stack/data/venv/lib/python3.12/site-packages/oslo_config/cfg.py:2979}}
May 13 14:39:47.989682 np0000000705 devstack@g-api.service[101695]: DEBUG glance.common.config [None req-5defa24d-ac19-4a4b-94c0-d96d01d9df3c None None] Configuration options gathered from: {{(pid=101695) log_opt_values /opt/stack/data/venv/lib/python3.12/site-packages/oslo_config/cfg.py:2980}}
May 13 14:39:47.989963 np0000000705 devstack@g-api.service[101695]: DEBUG glance.common.config [None req-5defa24d-ac19-4a4b-94c0-d96d01d9df3c None None] command line args: [] {{(pid=101695) log_opt_values /opt/stack/data/venv/lib/python3.12/site-packages/oslo_config/cfg.py:2981}}
May 13 14:39:47.990059 np0000000705 devstack@g-api.service[101695]: DEBUG glance.common.config [None req-5defa24d-ac19-4a4b-94c0-d96d01d9df3c None None] config files: ['/etc/glance/glance-image-import.conf', '/etc/glance/glance-api.conf'] {{(pid=101695) log_opt_values /opt/stack/data/venv/lib/python3.12/site-packages/oslo_config/cfg.py:2982}}
May 13 14:39:47.990126 np0000000705 devstack@g-api.service[101695]: DEBUG glance.common.config [None req-5defa24d-ac19-4a4b-94c0-d96d01d9df3c None None] ================================================================================ {{(pid=101695) log_opt_values /opt/stack/data/venv/lib/python3.12/site-packages/oslo_config/cfg.py:2987}}
May 13 14:39:47.990239 np0000000705 devstack@g-api.service[101695]: DEBUG glance.common.config [None req-5defa24d-ac19-4a4b-94c0-d96d01d9df3c None None] allow_anonymous_access = False {{(pid=101695) log_opt_values /opt/stack/data/venv/lib/python3.12/site-packages/oslo_config/cfg.py:2995}}
May 13 14:39:47.990332 np0000000705 devstack@g-api.service[101695]: DEBUG glance.common.config [None req-5defa24d-ac19-4a4b-94c0-d96d01d9df3c None None] api_limit_max = 1000 {{(pid=101695) log_opt_values /opt/stack/data/venv/lib/python3.12/site-packages/oslo_config/cfg.py:2995}}
May 13 14:39:47.990422 np0000000705 devstack@g-api.service[101695]: DEBUG glance.common.config [None req-5defa24d-ac19-4a4b-94c0-d96d01d9df3c None None] backlog = 4096 {{(pid=101695) log_opt_values /opt/stack/data/venv/lib/python3.12/site-packages/oslo_config/cfg.py:2995}}
May 13 14:39:47.990566 np0000000705 devstack@g-api.service[101695]: DEBUG glance.common.config [None req-5defa24d-ac19-4a4b-94c0-d96d01d9df3c None None] bind_host = 0.0.0.0 {{(pid=101695) log_opt_values /opt/stack/data/venv/lib/python3.12/site-packages/oslo_config/cfg.py:2995}}
May 13 14:39:47.990668 np0000000705 devstack@g-api.service[101695]: DEBUG glance.common.config [None req-5defa24d-ac19-4a4b-94c0-d96d01d9df3c None None] bind_port = 19292 {{(pid=101695) log_opt_values /opt/stack/data/venv/lib/python3.12/site-packages/oslo_config/cfg.py:2995}}
May 13 14:39:47.990757 np0000000705 devstack@g-api.service[101695]: DEBUG glance.common.config [None req-5defa24d-ac19-4a4b-94c0-d96d01d9df3c None None] client_socket_timeout = 900 {{(pid=101695) log_opt_values /opt/stack/data/venv/lib/python3.12/site-packages/oslo_config/cfg.py:2995}}
May 13 14:39:47.990846 np0000000705 devstack@g-api.service[101695]: DEBUG glance.common.config [None req-5defa24d-ac19-4a4b-94c0-d96d01d9df3c None None] config_dir = [] {{(pid=101695) log_opt_values /opt/stack/data/venv/lib/python3.12/site-packages/oslo_config/cfg.py:2995}}
May 13 14:39:47.990914 np0000000705 devstack@g-api.service[101695]: DEBUG glance.common.config [None req-5defa24d-ac19-4a4b-94c0-d96d01d9df3c None None] config_file = ['/etc/glance/glance-image-import.conf', '/etc/glance/glance-api.conf'] {{(pid=101695) log_opt_values /opt/stack/data/venv/lib/python3.12/site-packages/oslo_config/cfg.py:2995}}
May 13 14:39:47.990990 np0000000705 devstack@g-api.service[101695]: DEBUG glance.common.config [None req-5defa24d-ac19-4a4b-94c0-d96d01d9df3c None None] config_source = [] {{(pid=101695) log_opt_values /opt/stack/data/venv/lib/python3.12/site-packages/oslo_config/cfg.py:2995}}
May 13 14:39:47.991093 np0000000705 devstack@g-api.service[101695]: DEBUG glance.common.config [None req-5defa24d-ac19-4a4b-94c0-d96d01d9df3c None None] control_exchange = glance {{(pid=101695) log_opt_values /opt/stack/data/venv/lib/python3.12/site-packages/oslo_config/cfg.py:2995}}
May 13 14:39:47.991158 np0000000705 devstack@g-api.service[101695]: DEBUG glance.common.config [None req-5defa24d-ac19-4a4b-94c0-d96d01d9df3c None None] debug = True {{(pid=101695) log_opt_values /opt/stack/data/venv/lib/python3.12/site-packages/oslo_config/cfg.py:2995}}
May 13 14:39:47.991284 np0000000705 devstack@g-api.service[101695]: DEBUG glance.common.config [None req-5defa24d-ac19-4a4b-94c0-d96d01d9df3c None None] default_log_levels = ['amqp=WARN', 'boto=WARN', 'sqlalchemy=WARN', 'suds=INFO', 'oslo.messaging=INFO', 'oslo_messaging=INFO', 'iso8601=WARN', 'requests.packages.urllib3.connectionpool=WARN', 'urllib3.connectionpool=WARN', 'websocket=WARN', 'requests.packages.urllib3.util.retry=WARN', 'urllib3.util.retry=WARN', 'keystonemiddleware=WARN', 'routes.middleware=WARN', 'stevedore=WARN', 'taskflow=WARN', 'keystoneauth=WARN', 'oslo.cache=INFO', 'oslo_policy=INFO', 'dogpile.core.dogpile=INFO'] {{(pid=101695) log_opt_values /opt/stack/data/venv/lib/python3.12/site-packages/oslo_config/cfg.py:2995}}
May 13 14:39:47.991369 np0000000705 devstack@g-api.service[101695]: DEBUG glance.common.config [None req-5defa24d-ac19-4a4b-94c0-d96d01d9df3c None None] default_publisher_id = image.localhost {{(pid=101695) log_opt_values /opt/stack/data/venv/lib/python3.12/site-packages/oslo_config/cfg.py:2995}}
May 13 14:39:47.991455 np0000000705 devstack@g-api.service[101695]: DEBUG glance.common.config [None req-5defa24d-ac19-4a4b-94c0-d96d01d9df3c None None] delayed_delete = False {{(pid=101695) log_opt_values /opt/stack/data/venv/lib/python3.12/site-packages/oslo_config/cfg.py:2995}}
May 13 14:39:47.991540 np0000000705 devstack@g-api.service[101695]: DEBUG glance.common.config [None req-5defa24d-ac19-4a4b-94c0-d96d01d9df3c None None] digest_algorithm = sha256 {{(pid=101695) log_opt_values /opt/stack/data/venv/lib/python3.12/site-packages/oslo_config/cfg.py:2995}}
May 13 14:39:47.991651 np0000000705 devstack@g-api.service[101695]: DEBUG glance.common.config [None req-5defa24d-ac19-4a4b-94c0-d96d01d9df3c None None] disabled_notifications = [] {{(pid=101695) log_opt_values /opt/stack/data/venv/lib/python3.12/site-packages/oslo_config/cfg.py:2995}}
May 13 14:39:47.991736 np0000000705 devstack@g-api.service[101695]: DEBUG glance.common.config [None req-5defa24d-ac19-4a4b-94c0-d96d01d9df3c None None] do_secure_hash = True {{(pid=101695) log_opt_values /opt/stack/data/venv/lib/python3.12/site-packages/oslo_config/cfg.py:2995}}
May 13 14:39:47.991819 np0000000705 devstack@g-api.service[101695]: DEBUG glance.common.config [None req-5defa24d-ac19-4a4b-94c0-d96d01d9df3c None None] enabled_backends = None {{(pid=101695) log_opt_values /opt/stack/data/venv/lib/python3.12/site-packages/oslo_config/cfg.py:2995}}
May 13 14:39:47.991917 np0000000705 devstack@g-api.service[101695]: DEBUG glance.common.config [None req-5defa24d-ac19-4a4b-94c0-d96d01d9df3c None None] enabled_import_methods = ['glance-direct', 'web-download', 'copy-image'] {{(pid=101695) log_opt_values /opt/stack/data/venv/lib/python3.12/site-packages/oslo_config/cfg.py:2995}}
May 13 14:39:47.992001 np0000000705 devstack@g-api.service[101695]: DEBUG glance.common.config [None req-5defa24d-ac19-4a4b-94c0-d96d01d9df3c None None] fatal_deprecations = False {{(pid=101695) log_opt_values /opt/stack/data/venv/lib/python3.12/site-packages/oslo_config/cfg.py:2995}}
May 13 14:39:47.992087 np0000000705 devstack@g-api.service[101695]: DEBUG glance.common.config [None req-5defa24d-ac19-4a4b-94c0-d96d01d9df3c None None] hashing_algorithm = sha512 {{(pid=101695) log_opt_values /opt/stack/data/venv/lib/python3.12/site-packages/oslo_config/cfg.py:2995}}
May 13 14:39:47.992168 np0000000705 devstack@g-api.service[101695]: DEBUG glance.common.config [None req-5defa24d-ac19-4a4b-94c0-d96d01d9df3c None None] http_keepalive = True {{(pid=101695) log_opt_values /opt/stack/data/venv/lib/python3.12/site-packages/oslo_config/cfg.py:2995}}
May 13 14:39:47.992350 np0000000705 devstack@g-api.service[101695]: DEBUG glance.common.config [None req-5defa24d-ac19-4a4b-94c0-d96d01d9df3c None None] http_retries = 3 {{(pid=101695) log_opt_values /opt/stack/data/venv/lib/python3.12/site-packages/oslo_config/cfg.py:2995}}
May 13 14:39:47.992431 np0000000705 devstack@g-api.service[101695]: DEBUG glance.common.config [None req-5defa24d-ac19-4a4b-94c0-d96d01d9df3c None None] image_cache_dir = /opt/stack/data/glance/cache/ {{(pid=101695) log_opt_values /opt/stack/data/venv/lib/python3.12/site-packages/oslo_config/cfg.py:2995}}
May 13 14:39:47.992521 np0000000705 devstack@g-api.service[101695]: DEBUG glance.common.config [None req-5defa24d-ac19-4a4b-94c0-d96d01d9df3c None None] image_cache_driver = centralized_db {{(pid=101695) log_opt_values /opt/stack/data/venv/lib/python3.12/site-packages/oslo_config/cfg.py:2995}}
May 13 14:39:47.992617 np0000000705 devstack@g-api.service[101695]: DEBUG glance.common.config [None req-5defa24d-ac19-4a4b-94c0-d96d01d9df3c None None] image_cache_max_size = 10737418240 {{(pid=101695) log_opt_values /opt/stack/data/venv/lib/python3.12/site-packages/oslo_config/cfg.py:2995}}
May 13 14:39:47.992730 np0000000705 devstack@g-api.service[101695]: DEBUG glance.common.config [None req-5defa24d-ac19-4a4b-94c0-d96d01d9df3c None None] image_cache_sqlite_db = cache.db {{(pid=101695) log_opt_values /opt/stack/data/venv/lib/python3.12/site-packages/oslo_config/cfg.py:2995}}
May 13 14:39:47.992821 np0000000705 devstack@g-api.service[101695]: DEBUG glance.common.config [None req-5defa24d-ac19-4a4b-94c0-d96d01d9df3c None None] image_cache_stall_time = 86400 {{(pid=101695) log_opt_values /opt/stack/data/venv/lib/python3.12/site-packages/oslo_config/cfg.py:2995}}
May 13 14:39:47.992906 np0000000705 devstack@g-api.service[101695]: DEBUG glance.common.config [None req-5defa24d-ac19-4a4b-94c0-d96d01d9df3c None None] image_location_quota = 10 {{(pid=101695) log_opt_values /opt/stack/data/venv/lib/python3.12/site-packages/oslo_config/cfg.py:2995}}
May 13 14:39:47.993159 np0000000705 devstack@g-api.service[101695]: DEBUG glance.common.config [None req-5defa24d-ac19-4a4b-94c0-d96d01d9df3c None None] image_member_quota = 128 {{(pid=101695) log_opt_values /opt/stack/data/venv/lib/python3.12/site-packages/oslo_config/cfg.py:2995}}
May 13 14:39:47.993159 np0000000705 devstack@g-api.service[101695]: DEBUG glance.common.config [None req-5defa24d-ac19-4a4b-94c0-d96d01d9df3c None None] image_property_quota = 128 {{(pid=101695) log_opt_values /opt/stack/data/venv/lib/python3.12/site-packages/oslo_config/cfg.py:2995}}
May 13 14:39:47.993159 np0000000705 devstack@g-api.service[101695]: DEBUG glance.common.config [None req-5defa24d-ac19-4a4b-94c0-d96d01d9df3c None None] image_size_cap = 1099511627776 {{(pid=101695) log_opt_values /opt/stack/data/venv/lib/python3.12/site-packages/oslo_config/cfg.py:2995}}
May 13 14:39:47.993297 np0000000705 devstack@g-api.service[101695]: DEBUG glance.common.config [None req-5defa24d-ac19-4a4b-94c0-d96d01d9df3c None None] image_tag_quota = 128 {{(pid=101695) log_opt_values /opt/stack/data/venv/lib/python3.12/site-packages/oslo_config/cfg.py:2995}}
May 13 14:39:47.993297 np0000000705 devstack@g-api.service[101695]: DEBUG glance.common.config [None req-5defa24d-ac19-4a4b-94c0-d96d01d9df3c None None] instance_format = [instance: %(uuid)s] {{(pid=101695) log_opt_values /opt/stack/data/venv/lib/python3.12/site-packages/oslo_config/cfg.py:2995}}
May 13 14:39:47.993393 np0000000705 devstack@g-api.service[101695]: DEBUG glance.common.config [None req-5defa24d-ac19-4a4b-94c0-d96d01d9df3c None None] instance_uuid_format = [instance: %(uuid)s] {{(pid=101695) log_opt_values /opt/stack/data/venv/lib/python3.12/site-packages/oslo_config/cfg.py:2995}}
May 13 14:39:47.993463 np0000000705 devstack@g-api.service[101695]: DEBUG glance.common.config [None req-5defa24d-ac19-4a4b-94c0-d96d01d9df3c None None] limit_param_default = 25 {{(pid=101695) log_opt_values /opt/stack/data/venv/lib/python3.12/site-packages/oslo_config/cfg.py:2995}}
May 13 14:39:47.993672 np0000000705 devstack@g-api.service[101695]: DEBUG glance.common.config [None req-5defa24d-ac19-4a4b-94c0-d96d01d9df3c None None] log_color = False {{(pid=101695) log_opt_values /opt/stack/data/venv/lib/python3.12/site-packages/oslo_config/cfg.py:2995}}
May 13 14:39:47.993672 np0000000705 devstack@g-api.service[101695]: DEBUG glance.common.config [None req-5defa24d-ac19-4a4b-94c0-d96d01d9df3c None None] log_config_append = None {{(pid=101695) log_opt_values /opt/stack/data/venv/lib/python3.12/site-packages/oslo_config/cfg.py:2995}}
May 13 14:39:47.993790 np0000000705 devstack@g-api.service[101695]: DEBUG glance.common.config [None req-5defa24d-ac19-4a4b-94c0-d96d01d9df3c None None] log_date_format = %Y-%m-%d %H:%M:%S {{(pid=101695) log_opt_values /opt/stack/data/venv/lib/python3.12/site-packages/oslo_config/cfg.py:2995}}
May 13 14:39:47.993843 np0000000705 devstack@g-api.service[101695]: DEBUG glance.common.config [None req-5defa24d-ac19-4a4b-94c0-d96d01d9df3c None None] log_dir = None {{(pid=101695) log_opt_values /opt/stack/data/venv/lib/python3.12/site-packages/oslo_config/cfg.py:2995}}
May 13 14:39:47.993963 np0000000705 devstack@g-api.service[101695]: DEBUG glance.common.config [None req-5defa24d-ac19-4a4b-94c0-d96d01d9df3c None None] log_file = None {{(pid=101695) log_opt_values /opt/stack/data/venv/lib/python3.12/site-packages/oslo_config/cfg.py:2995}}
May 13 14:39:47.994075 np0000000705 devstack@g-api.service[101695]: DEBUG glance.common.config [None req-5defa24d-ac19-4a4b-94c0-d96d01d9df3c None None] log_rotate_interval = 1 {{(pid=101695) log_opt_values /opt/stack/data/venv/lib/python3.12/site-packages/oslo_config/cfg.py:2995}}
May 13 14:39:47.994167 np0000000705 devstack@g-api.service[101695]: DEBUG glance.common.config [None req-5defa24d-ac19-4a4b-94c0-d96d01d9df3c None None] log_rotate_interval_type = days {{(pid=101695) log_opt_values /opt/stack/data/venv/lib/python3.12/site-packages/oslo_config/cfg.py:2995}}
May 13 14:39:47.994259 np0000000705 devstack@g-api.service[101693]: DEBUG glance.image_cache.drivers.centralized_db [None req-11a43e58-0aae-4a34-aca9-933ecb7435a5 None None] Node reference is already recorded, ignoring it {{(pid=101693) configure /opt/stack/glance/glance/image_cache/drivers/centralized_db.py:71}}
May 13 14:39:47.994341 np0000000705 devstack@g-api.service[101695]: DEBUG glance.common.config [None req-5defa24d-ac19-4a4b-94c0-d96d01d9df3c None None] log_rotation_type = none {{(pid=101695) log_opt_values /opt/stack/data/venv/lib/python3.12/site-packages/oslo_config/cfg.py:2995}}
May 13 14:39:47.994400 np0000000705 devstack@g-api.service[101694]: WARNING keystonemiddleware.auth_token [None req-09e10d9e-634f-4a83-bb8a-76db886d5509 None None] AuthToken middleware is set with keystone_authtoken.service_token_roles_required set to False. This is backwards compatible but deprecated behaviour. Please set this to True.
May 13 14:39:47.994453 np0000000705 devstack@g-api.service[101695]: DEBUG glance.common.config [None req-5defa24d-ac19-4a4b-94c0-d96d01d9df3c None None] logging_context_format_string = %(color)s%(levelname)s %(name)s [%(global_request_id)s %(request_id)s %(project_name)s %(user_name)s%(color)s] %(instance)s%(color)s%(message)s {{(pid=101695) log_opt_values /opt/stack/data/venv/lib/python3.12/site-packages/oslo_config/cfg.py:2995}}
May 13 14:39:47.994453 np0000000705 devstack@g-api.service[101695]: DEBUG glance.common.config [None req-5defa24d-ac19-4a4b-94c0-d96d01d9df3c None None] logging_debug_format_suffix = {{(pid=%(process)d) %(funcName)s %(pathname)s:%(lineno)d}} {{(pid=101695) log_opt_values /opt/stack/data/venv/lib/python3.12/site-packages/oslo_config/cfg.py:2995}}
May 13 14:39:47.994453 np0000000705 devstack@g-api.service[101695]: DEBUG glance.common.config [None req-5defa24d-ac19-4a4b-94c0-d96d01d9df3c None None] logging_default_format_string = %(color)s%(levelname)s %(name)s [-%(color)s] %(instance)s%(color)s%(message)s {{(pid=101695) log_opt_values /opt/stack/data/venv/lib/python3.12/site-packages/oslo_config/cfg.py:2995}}
May 13 14:39:47.994577 np0000000705 devstack@g-api.service[101695]: DEBUG glance.common.config [None req-5defa24d-ac19-4a4b-94c0-d96d01d9df3c None None] logging_exception_prefix = ERROR %(name)s %(instance)s {{(pid=101695) log_opt_values /opt/stack/data/venv/lib/python3.12/site-packages/oslo_config/cfg.py:2995}}
May 13 14:39:47.994669 np0000000705 devstack@g-api.service[101695]: DEBUG glance.common.config [None req-5defa24d-ac19-4a4b-94c0-d96d01d9df3c None None] logging_user_identity_format = %(user)s %(project)s %(domain)s %(system_scope)s %(user_domain)s %(project_domain)s {{(pid=101695) log_opt_values /opt/stack/data/venv/lib/python3.12/site-packages/oslo_config/cfg.py:2995}}
May 13 14:39:47.994717 np0000000705 devstack@g-api.service[101695]: DEBUG glance.common.config [None req-5defa24d-ac19-4a4b-94c0-d96d01d9df3c None None] max_header_line = 16384 {{(pid=101695) log_opt_values /opt/stack/data/venv/lib/python3.12/site-packages/oslo_config/cfg.py:2995}}
May 13 14:39:47.994792 np0000000705 devstack@g-api.service[101695]: DEBUG glance.common.config [None req-5defa24d-ac19-4a4b-94c0-d96d01d9df3c None None] max_logfile_count = 30 {{(pid=101695) log_opt_values /opt/stack/data/venv/lib/python3.12/site-packages/oslo_config/cfg.py:2995}}
May 13 14:39:47.994872 np0000000705 devstack@g-api.service[101695]: DEBUG glance.common.config [None req-5defa24d-ac19-4a4b-94c0-d96d01d9df3c None None] max_logfile_size_mb = 200 {{(pid=101695) log_opt_values /opt/stack/data/venv/lib/python3.12/site-packages/oslo_config/cfg.py:2995}}
May 13 14:39:47.994953 np0000000705 devstack@g-api.service[101695]: DEBUG glance.common.config [None req-5defa24d-ac19-4a4b-94c0-d96d01d9df3c None None] max_request_id_length = 64 {{(pid=101695) log_opt_values /opt/stack/data/venv/lib/python3.12/site-packages/oslo_config/cfg.py:2995}}
May 13 14:39:47.995032 np0000000705 devstack@g-api.service[101695]: DEBUG glance.common.config [None req-5defa24d-ac19-4a4b-94c0-d96d01d9df3c None None] metadata_encryption_key = **** {{(pid=101695) log_opt_values /opt/stack/data/venv/lib/python3.12/site-packages/oslo_config/cfg.py:2995}}
May 13 14:39:47.995120 np0000000705 devstack@g-api.service[101695]: DEBUG glance.common.config [None req-5defa24d-ac19-4a4b-94c0-d96d01d9df3c None None] node_staging_uri = file:///tmp/staging/ {{(pid=101695) log_opt_values /opt/stack/data/venv/lib/python3.12/site-packages/oslo_config/cfg.py:2995}}
May 13 14:39:47.995200 np0000000705 devstack@g-api.service[101695]: DEBUG glance.common.config [None req-5defa24d-ac19-4a4b-94c0-d96d01d9df3c None None] property_protection_file = None {{(pid=101695) log_opt_values /opt/stack/data/venv/lib/python3.12/site-packages/oslo_config/cfg.py:2995}}
May 13 14:39:47.995292 np0000000705 devstack@g-api.service[101695]: DEBUG glance.common.config [None req-5defa24d-ac19-4a4b-94c0-d96d01d9df3c None None] property_protection_rule_format = roles {{(pid=101695) log_opt_values /opt/stack/data/venv/lib/python3.12/site-packages/oslo_config/cfg.py:2995}}
May 13 14:39:47.995378 np0000000705 devstack@g-api.service[101695]: DEBUG glance.common.config [None req-5defa24d-ac19-4a4b-94c0-d96d01d9df3c None None] public_endpoint = https://10.4.3.49/image {{(pid=101695) log_opt_values /opt/stack/data/venv/lib/python3.12/site-packages/oslo_config/cfg.py:2995}}
May 13 14:39:47.995504 np0000000705 devstack@g-api.service[101695]: DEBUG glance.common.config [None req-5defa24d-ac19-4a4b-94c0-d96d01d9df3c None None] publish_errors = False {{(pid=101695) log_opt_values /opt/stack/data/venv/lib/python3.12/site-packages/oslo_config/cfg.py:2995}}
May 13 14:39:47.995702 np0000000705 devstack@g-api.service[101695]: DEBUG glance.common.config [None req-5defa24d-ac19-4a4b-94c0-d96d01d9df3c None None] pydev_worker_debug_host = None {{(pid=101695) log_opt_values /opt/stack/data/venv/lib/python3.12/site-packages/oslo_config/cfg.py:2995}}
May 13 14:39:47.995702 np0000000705 devstack@g-api.service[101695]: DEBUG glance.common.config [None req-5defa24d-ac19-4a4b-94c0-d96d01d9df3c None None] pydev_worker_debug_port = 5678 {{(pid=101695) log_opt_values /opt/stack/data/venv/lib/python3.12/site-packages/oslo_config/cfg.py:2995}}
May 13 14:39:47.995811 np0000000705 devstack@g-api.service[101695]: DEBUG glance.common.config [None req-5defa24d-ac19-4a4b-94c0-d96d01d9df3c None None] rate_limit_burst = 0 {{(pid=101695) log_opt_values /opt/stack/data/venv/lib/python3.12/site-packages/oslo_config/cfg.py:2995}}
May 13 14:39:47.995858 np0000000705 devstack@g-api.service[101695]: DEBUG glance.common.config [None req-5defa24d-ac19-4a4b-94c0-d96d01d9df3c None None] rate_limit_except_level = CRITICAL {{(pid=101695) log_opt_values /opt/stack/data/venv/lib/python3.12/site-packages/oslo_config/cfg.py:2995}}
May 13 14:39:47.995940 np0000000705 devstack@g-api.service[101695]: DEBUG glance.common.config [None req-5defa24d-ac19-4a4b-94c0-d96d01d9df3c None None] rate_limit_interval = 0 {{(pid=101695) log_opt_values /opt/stack/data/venv/lib/python3.12/site-packages/oslo_config/cfg.py:2995}}
May 13 14:39:47.996018 np0000000705 devstack@g-api.service[101695]: DEBUG glance.common.config [None req-5defa24d-ac19-4a4b-94c0-d96d01d9df3c None None] scrub_pool_size = 1 {{(pid=101695) log_opt_values /opt/stack/data/venv/lib/python3.12/site-packages/oslo_config/cfg.py:2995}}
May 13 14:39:47.996101 np0000000705 devstack@g-api.service[101695]: DEBUG glance.common.config [None req-5defa24d-ac19-4a4b-94c0-d96d01d9df3c None None] scrub_time = 0 {{(pid=101695) log_opt_values /opt/stack/data/venv/lib/python3.12/site-packages/oslo_config/cfg.py:2995}}
May 13 14:39:47.996171 np0000000705 devstack@g-api.service[101695]: DEBUG glance.common.config [None req-5defa24d-ac19-4a4b-94c0-d96d01d9df3c None None] shell_completion = None {{(pid=101695) log_opt_values /opt/stack/data/venv/lib/python3.12/site-packages/oslo_config/cfg.py:2995}}
May 13 14:39:47.996283 np0000000705 devstack@g-api.service[101695]: DEBUG glance.common.config [None req-5defa24d-ac19-4a4b-94c0-d96d01d9df3c None None] show_image_direct_url = False {{(pid=101695) log_opt_values /opt/stack/data/venv/lib/python3.12/site-packages/oslo_config/cfg.py:2995}}
May 13 14:39:47.996469 np0000000705 devstack@g-api.service[101695]: WARNING oslo_config.cfg [None req-5defa24d-ac19-4a4b-94c0-d96d01d9df3c None None] Deprecated: Option "show_multiple_locations" from group "DEFAULT" is deprecated for removal (Use of this option, deprecated since Newton, is a security risk and will be removed once we figure out a way to satisfy those use cases that currently require it. An earlier announcement that the same functionality can be achieved with greater granularity by using policies is incorrect. You cannot work around this option via policy configuration at the present time, though that is the direction we believe the fix will take. Please keep an eye on the Glance release notes to stay up to date on progress in addressing this issue.). Its value may be silently ignored in the future.
May 13 14:39:47.996556 np0000000705 devstack@g-api.service[101695]: DEBUG glance.common.config [None req-5defa24d-ac19-4a4b-94c0-d96d01d9df3c None None] show_multiple_locations = False {{(pid=101695) log_opt_values /opt/stack/data/venv/lib/python3.12/site-packages/oslo_config/cfg.py:2995}}
May 13 14:39:47.996687 np0000000705 devstack@g-api.service[101695]: DEBUG glance.common.config [None req-5defa24d-ac19-4a4b-94c0-d96d01d9df3c None None] syslog_log_facility = LOG_USER {{(pid=101695) log_opt_values /opt/stack/data/venv/lib/python3.12/site-packages/oslo_config/cfg.py:2995}}
May 13 14:39:47.996778 np0000000705 devstack@g-api.service[101695]: DEBUG glance.common.config [None req-5defa24d-ac19-4a4b-94c0-d96d01d9df3c None None] tcp_keepidle = 600 {{(pid=101695) log_opt_values /opt/stack/data/venv/lib/python3.12/site-packages/oslo_config/cfg.py:2995}}
May 13 14:39:47.996871 np0000000705 devstack@g-api.service[101695]: DEBUG glance.common.config [None req-5defa24d-ac19-4a4b-94c0-d96d01d9df3c None None] transport_url = **** {{(pid=101695) log_opt_values /opt/stack/data/venv/lib/python3.12/site-packages/oslo_config/cfg.py:2995}}
May 13 14:39:47.996955 np0000000705 devstack@g-api.service[101695]: DEBUG glance.common.config [None req-5defa24d-ac19-4a4b-94c0-d96d01d9df3c None None] use_journal = False {{(pid=101695) log_opt_values /opt/stack/data/venv/lib/python3.12/site-packages/oslo_config/cfg.py:2995}}
May 13 14:39:47.997039 np0000000705 devstack@g-api.service[101695]: DEBUG glance.common.config [None req-5defa24d-ac19-4a4b-94c0-d96d01d9df3c None None] use_json = False {{(pid=101695) log_opt_values /opt/stack/data/venv/lib/python3.12/site-packages/oslo_config/cfg.py:2995}}
May 13 14:39:47.997119 np0000000705 devstack@g-api.service[101695]: DEBUG glance.common.config [None req-5defa24d-ac19-4a4b-94c0-d96d01d9df3c None None] use_keystone_limits = True {{(pid=101695) log_opt_values /opt/stack/data/venv/lib/python3.12/site-packages/oslo_config/cfg.py:2995}}
May 13 14:39:47.997214 np0000000705 devstack@g-api.service[101695]: DEBUG glance.common.config [None req-5defa24d-ac19-4a4b-94c0-d96d01d9df3c None None] use_stderr = False {{(pid=101695) log_opt_values /opt/stack/data/venv/lib/python3.12/site-packages/oslo_config/cfg.py:2995}}
May 13 14:39:47.997311 np0000000705 devstack@g-api.service[101695]: DEBUG glance.common.config [None req-5defa24d-ac19-4a4b-94c0-d96d01d9df3c None None] use_syslog = False {{(pid=101695) log_opt_values /opt/stack/data/venv/lib/python3.12/site-packages/oslo_config/cfg.py:2995}}
May 13 14:39:47.997403 np0000000705 devstack@g-api.service[101695]: DEBUG glance.common.config [None req-5defa24d-ac19-4a4b-94c0-d96d01d9df3c None None] user_storage_quota = 0 {{(pid=101695) log_opt_values /opt/stack/data/venv/lib/python3.12/site-packages/oslo_config/cfg.py:2995}}
May 13 14:39:47.997488 np0000000705 devstack@g-api.service[101695]: DEBUG glance.common.config [None req-5defa24d-ac19-4a4b-94c0-d96d01d9df3c None None] worker_self_reference_url = http://127.0.0.1:60999 {{(pid=101695) log_opt_values /opt/stack/data/venv/lib/python3.12/site-packages/oslo_config/cfg.py:2995}}
May 13 14:39:47.997574 np0000000705 devstack@g-api.service[101695]: DEBUG glance.common.config [None req-5defa24d-ac19-4a4b-94c0-d96d01d9df3c None None] workers = None {{(pid=101695) log_opt_values /opt/stack/data/venv/lib/python3.12/site-packages/oslo_config/cfg.py:2995}}
May 13 14:39:47.997714 np0000000705 devstack@g-api.service[101695]: DEBUG glance.common.config [None req-5defa24d-ac19-4a4b-94c0-d96d01d9df3c None None] oslo_concurrency.disable_process_locking = False {{(pid=101695) log_opt_values /opt/stack/data/venv/lib/python3.12/site-packages/oslo_config/cfg.py:3006}}
May 13 14:39:47.997812 np0000000705 devstack@g-api.service[101695]: DEBUG glance.common.config [None req-5defa24d-ac19-4a4b-94c0-d96d01d9df3c None None] oslo_concurrency.lock_path = /opt/stack/data/glance/locks {{(pid=101695) log_opt_values /opt/stack/data/venv/lib/python3.12/site-packages/oslo_config/cfg.py:3006}}
May 13 14:39:47.997906 np0000000705 devstack@g-api.service[101695]: DEBUG glance.common.config [None req-5defa24d-ac19-4a4b-94c0-d96d01d9df3c None None] oslo_middleware.enable_proxy_headers_parsing = False {{(pid=101695) log_opt_values /opt/stack/data/venv/lib/python3.12/site-packages/oslo_config/cfg.py:3006}}
May 13 14:39:47.997957 np0000000705 devstack@g-api.service[101693]: INFO glance.api.middleware.cache [None req-11a43e58-0aae-4a34-aca9-933ecb7435a5 None None] Initialized image cache middleware
May 13 14:39:47.998007 np0000000705 devstack@g-api.service[101695]: DEBUG glance.common.config [None req-5defa24d-ac19-4a4b-94c0-d96d01d9df3c None None] oslo_middleware.http_basic_auth_user_file = /etc/htpasswd {{(pid=101695) log_opt_values /opt/stack/data/venv/lib/python3.12/site-packages/oslo_config/cfg.py:3006}}
May 13 14:39:47.998065 np0000000705 devstack@g-api.service[101695]: DEBUG glance.common.config [None req-5defa24d-ac19-4a4b-94c0-d96d01d9df3c None None] paste_deploy.config_file = None {{(pid=101695) log_opt_values /opt/stack/data/venv/lib/python3.12/site-packages/oslo_config/cfg.py:3006}}
May 13 14:39:47.998168 np0000000705 devstack@g-api.service[101695]: DEBUG glance.common.config [None req-5defa24d-ac19-4a4b-94c0-d96d01d9df3c None None] paste_deploy.flavor = keystone+cachemanagement {{(pid=101695) log_opt_values /opt/stack/data/venv/lib/python3.12/site-packages/oslo_config/cfg.py:3006}}
May 13 14:39:47.998394 np0000000705 devstack@g-api.service[101695]: DEBUG glance.common.config [None req-5defa24d-ac19-4a4b-94c0-d96d01d9df3c None None] image_format.container_formats = ['ami', 'ari', 'aki', 'bare', 'ovf', 'ova', 'docker', 'compressed'] {{(pid=101695) log_opt_values /opt/stack/data/venv/lib/python3.12/site-packages/oslo_config/cfg.py:3006}}
May 13 14:39:47.998511 np0000000705 devstack@g-api.service[101695]: DEBUG glance.common.config [None req-5defa24d-ac19-4a4b-94c0-d96d01d9df3c None None] image_format.disk_formats = ['ami', 'ari', 'aki', 'vhd', 'vhdx', 'vmdk', 'raw', 'qcow2', 'vdi', 'iso', 'ploop'] {{(pid=101695) log_opt_values /opt/stack/data/venv/lib/python3.12/site-packages/oslo_config/cfg.py:3006}}
May 13 14:39:47.998585 np0000000705 devstack@g-api.service[101695]: DEBUG glance.common.config [None req-5defa24d-ac19-4a4b-94c0-d96d01d9df3c None None] image_format.gpt_safety_checks_nonfatal = [] {{(pid=101695) log_opt_values /opt/stack/data/venv/lib/python3.12/site-packages/oslo_config/cfg.py:3006}}
May 13 14:39:47.998710 np0000000705 devstack@g-api.service[101695]: DEBUG glance.common.config [None req-5defa24d-ac19-4a4b-94c0-d96d01d9df3c None None] image_format.require_image_format_match = True {{(pid=101695) log_opt_values /opt/stack/data/venv/lib/python3.12/site-packages/oslo_config/cfg.py:3006}}
