May 13 14:38:59.970522 np0000000705 neutron-periodic-workers[91683]: DEBUG cotyledon.oslo_config_glue [-] ovn.broadcast_arps_to_all_routers = True {{(pid=91683) log_opt_values /opt/stack/data/venv/lib/python3.12/site-packages/oslo_config/cfg.py:3006}}
May 13 14:38:59.970522 np0000000705 neutron-periodic-workers[91683]: DEBUG cotyledon.oslo_config_glue [-] ovn.dhcp_default_lease_time = 43200 {{(pid=91683) log_opt_values /opt/stack/data/venv/lib/python3.12/site-packages/oslo_config/cfg.py:3006}}
May 13 14:38:59.970522 np0000000705 neutron-periodic-workers[91683]: DEBUG cotyledon.oslo_config_glue [-] ovn.disable_ovn_dhcp_for_baremetal_ports = False {{(pid=91683) log_opt_values /opt/stack/data/venv/lib/python3.12/site-packages/oslo_config/cfg.py:3006}}
May 13 14:38:59.970522 np0000000705 neutron-periodic-workers[91683]: DEBUG cotyledon.oslo_config_glue [-] ovn.dns_records_ovn_owned = False {{(pid=91683) log_opt_values /opt/stack/data/venv/lib/python3.12/site-packages/oslo_config/cfg.py:3006}}
May 13 14:38:59.970522 np0000000705 neutron-periodic-workers[91683]: DEBUG cotyledon.oslo_config_glue [-] ovn.dns_servers = [] {{(pid=91683) log_opt_values /opt/stack/data/venv/lib/python3.12/site-packages/oslo_config/cfg.py:3006}}
May 13 14:38:59.970522 np0000000705 neutron-periodic-workers[91683]: DEBUG cotyledon.oslo_config_glue [-] ovn.enable_distributed_floating_ip = False {{(pid=91683) log_opt_values /opt/stack/data/venv/lib/python3.12/site-packages/oslo_config/cfg.py:3006}}
May 13 14:38:59.970879 np0000000705 neutron-periodic-workers[91683]: DEBUG cotyledon.oslo_config_glue [-] ovn.fdb_age_threshold = 300 {{(pid=91683) log_opt_values /opt/stack/data/venv/lib/python3.12/site-packages/oslo_config/cfg.py:3006}}
May 13 14:38:59.970879 np0000000705 neutron-periodic-workers[91683]: DEBUG cotyledon.oslo_config_glue [-] ovn.ha_failover_strategy = normal {{(pid=91683) log_opt_values /opt/stack/data/venv/lib/python3.12/site-packages/oslo_config/cfg.py:3006}}
May 13 14:38:59.970879 np0000000705 neutron-periodic-workers[91683]: DEBUG cotyledon.oslo_config_glue [-] ovn.live_migration_activation_strategy = rarp {{(pid=91683) log_opt_values /opt/stack/data/venv/lib/python3.12/site-packages/oslo_config/cfg.py:3006}}
May 13 14:38:59.970879 np0000000705 neutron-periodic-workers[91683]: DEBUG cotyledon.oslo_config_glue [-] ovn.localnet_learn_fdb = False {{(pid=91683) log_opt_values /opt/stack/data/venv/lib/python3.12/site-packages/oslo_config/cfg.py:3006}}
May 13 14:38:59.970879 np0000000705 neutron-periodic-workers[91683]: DEBUG cotyledon.oslo_config_glue [-] ovn.mac_binding_age_threshold = 300 {{(pid=91683) log_opt_values /opt/stack/data/venv/lib/python3.12/site-packages/oslo_config/cfg.py:3006}}
May 13 14:38:59.970879 np0000000705 neutron-periodic-workers[91683]: DEBUG cotyledon.oslo_config_glue [-] ovn.neutron_sync_mode = log {{(pid=91683) log_opt_values /opt/stack/data/venv/lib/python3.12/site-packages/oslo_config/cfg.py:3006}}
May 13 14:38:59.970879 np0000000705 neutron-periodic-workers[91683]: DEBUG cotyledon.oslo_config_glue [-] ovn.ovn_dhcp4_global_options = {} {{(pid=91683) log_opt_values /opt/stack/data/venv/lib/python3.12/site-packages/oslo_config/cfg.py:3006}}
May 13 14:38:59.970879 np0000000705 neutron-periodic-workers[91683]: DEBUG cotyledon.oslo_config_glue [-] ovn.ovn_dhcp6_global_options = {} {{(pid=91683) log_opt_values /opt/stack/data/venv/lib/python3.12/site-packages/oslo_config/cfg.py:3006}}
May 13 14:38:59.970879 np0000000705 neutron-periodic-workers[91683]: DEBUG cotyledon.oslo_config_glue [-] ovn.ovn_l3_scheduler = leastloaded {{(pid=91683) log_opt_values /opt/stack/data/venv/lib/python3.12/site-packages/oslo_config/cfg.py:3006}}
May 13 14:38:59.971217 np0000000705 neutron-periodic-workers[91683]: DEBUG cotyledon.oslo_config_glue [-] ovn.ovn_metadata_enabled = True {{(pid=91683) log_opt_values /opt/stack/data/venv/lib/python3.12/site-packages/oslo_config/cfg.py:3006}}
May 13 14:38:59.971217 np0000000705 neutron-periodic-workers[91683]: DEBUG cotyledon.oslo_config_glue [-] ovn.ovn_nb_ca_cert = /opt/stack/data/CA/int-ca/ca-chain.pem {{(pid=91683) log_opt_values /opt/stack/data/venv/lib/python3.12/site-packages/oslo_config/cfg.py:3006}}
May 13 14:38:59.971217 np0000000705 neutron-periodic-workers[91683]: DEBUG cotyledon.oslo_config_glue [-] ovn.ovn_nb_certificate = /opt/stack/data/CA/int-ca/devstack-cert.crt {{(pid=91683) log_opt_values /opt/stack/data/venv/lib/python3.12/site-packages/oslo_config/cfg.py:3006}}
May 13 14:38:59.971217 np0000000705 neutron-periodic-workers[91683]: DEBUG cotyledon.oslo_config_glue [-] ovn.ovn_nb_connection = ['ssl:10.4.3.49:6641'] {{(pid=91683) log_opt_values /opt/stack/data/venv/lib/python3.12/site-packages/oslo_config/cfg.py:3006}}
May 13 14:38:59.971217 np0000000705 neutron-periodic-workers[91683]: DEBUG cotyledon.oslo_config_glue [-] ovn.ovn_nb_private_key = /opt/stack/data/CA/int-ca/private/devstack-cert.key {{(pid=91683) log_opt_values /opt/stack/data/venv/lib/python3.12/site-packages/oslo_config/cfg.py:3006}}
May 13 14:38:59.971217 np0000000705 neutron-periodic-workers[91683]: DEBUG cotyledon.oslo_config_glue [-] ovn.ovn_router_indirect_snat = False {{(pid=91683) log_opt_values /opt/stack/data/venv/lib/python3.12/site-packages/oslo_config/cfg.py:3006}}
May 13 14:38:59.971217 np0000000705 neutron-periodic-workers[91683]: DEBUG cotyledon.oslo_config_glue [-] ovn.ovn_sb_ca_cert = /opt/stack/data/CA/int-ca/ca-chain.pem {{(pid=91683) log_opt_values /opt/stack/data/venv/lib/python3.12/site-packages/oslo_config/cfg.py:3006}}
May 13 14:38:59.971217 np0000000705 neutron-periodic-workers[91683]: DEBUG cotyledon.oslo_config_glue [-] ovn.ovn_sb_certificate = /opt/stack/data/CA/int-ca/devstack-cert.crt {{(pid=91683) log_opt_values /opt/stack/data/venv/lib/python3.12/site-packages/oslo_config/cfg.py:3006}}
May 13 14:38:59.971787 np0000000705 neutron-periodic-workers[91683]: DEBUG cotyledon.oslo_config_glue [-] ovn.ovn_sb_connection = ['ssl:10.4.3.49:6642'] {{(pid=91683) log_opt_values /opt/stack/data/venv/lib/python3.12/site-packages/oslo_config/cfg.py:3006}}
May 13 14:38:59.971787 np0000000705 neutron-periodic-workers[91683]: DEBUG cotyledon.oslo_config_glue [-] ovn.ovn_sb_private_key = /opt/stack/data/CA/int-ca/private/devstack-cert.key {{(pid=91683) log_opt_values /opt/stack/data/venv/lib/python3.12/site-packages/oslo_config/cfg.py:3006}}
May 13 14:38:59.971787 np0000000705 neutron-periodic-workers[91683]: DEBUG cotyledon.oslo_config_glue [-] ovn.ovs_create_tap = False {{(pid=91683) log_opt_values /opt/stack/data/venv/lib/python3.12/site-packages/oslo_config/cfg.py:3006}}
May 13 14:38:59.971787 np0000000705 neutron-periodic-workers[91683]: DEBUG cotyledon.oslo_config_glue [-] ovn.ovsdb_connection_timeout = 180 {{(pid=91683) log_opt_values /opt/stack/data/venv/lib/python3.12/site-packages/oslo_config/cfg.py:3006}}
May 13 14:38:59.971787 np0000000705 neutron-periodic-workers[91683]: DEBUG cotyledon.oslo_config_glue [-] ovn.ovsdb_log_level = INFO {{(pid=91683) log_opt_values /opt/stack/data/venv/lib/python3.12/site-packages/oslo_config/cfg.py:3006}}
May 13 14:38:59.971787 np0000000705 neutron-periodic-workers[91683]: DEBUG cotyledon.oslo_config_glue [-] ovn.ovsdb_probe_interval = 60000 {{(pid=91683) log_opt_values /opt/stack/data/venv/lib/python3.12/site-packages/oslo_config/cfg.py:3006}}
May 13 14:38:59.971787 np0000000705 neutron-periodic-workers[91683]: DEBUG cotyledon.oslo_config_glue [-] ovn.ovsdb_retry_max_interval = 180 {{(pid=91683) log_opt_values /opt/stack/data/venv/lib/python3.12/site-packages/oslo_config/cfg.py:3006}}
May 13 14:38:59.971787 np0000000705 neutron-periodic-workers[91683]: DEBUG cotyledon.oslo_config_glue [-] ovn.stateless_nat_enabled = False {{(pid=91683) log_opt_values /opt/stack/data/venv/lib/python3.12/site-packages/oslo_config/cfg.py:3006}}
May 13 14:38:59.971787 np0000000705 neutron-periodic-workers[91683]: DEBUG cotyledon.oslo_config_glue [-] ovn.vhost_sock_dir = /var/run/openvswitch {{(pid=91683) log_opt_values /opt/stack/data/venv/lib/python3.12/site-packages/oslo_config/cfg.py:3006}}
May 13 14:38:59.972143 np0000000705 neutron-periodic-workers[91683]: DEBUG cotyledon.oslo_config_glue [-] OVS.bridge_mac_table_size = 50000 {{(pid=91683) log_opt_values /opt/stack/data/venv/lib/python3.12/site-packages/oslo_config/cfg.py:3006}}
May 13 14:38:59.972143 np0000000705 neutron-periodic-workers[91683]: DEBUG cotyledon.oslo_config_glue [-] OVS.igmp_flood = False {{(pid=91683) log_opt_values /opt/stack/data/venv/lib/python3.12/site-packages/oslo_config/cfg.py:3006}}
May 13 14:38:59.972143 np0000000705 neutron-periodic-workers[91683]: DEBUG cotyledon.oslo_config_glue [-] OVS.igmp_flood_reports = True {{(pid=91683) log_opt_values /opt/stack/data/venv/lib/python3.12/site-packages/oslo_config/cfg.py:3006}}
May 13 14:38:59.972143 np0000000705 neutron-periodic-workers[91683]: DEBUG cotyledon.oslo_config_glue [-] OVS.igmp_flood_unregistered = False {{(pid=91683) log_opt_values /opt/stack/data/venv/lib/python3.12/site-packages/oslo_config/cfg.py:3006}}
May 13 14:38:59.972143 np0000000705 neutron-periodic-workers[91683]: DEBUG cotyledon.oslo_config_glue [-] OVS.igmp_snooping_enable = False {{(pid=91683) log_opt_values /opt/stack/data/venv/lib/python3.12/site-packages/oslo_config/cfg.py:3006}}
May 13 14:38:59.972143 np0000000705 neutron-periodic-workers[91683]: DEBUG cotyledon.oslo_config_glue [-] OVS.ovsdb_timeout = 10 {{(pid=91683) log_opt_values /opt/stack/data/venv/lib/python3.12/site-packages/oslo_config/cfg.py:3006}}
May 13 14:38:59.972143 np0000000705 neutron-periodic-workers[91683]: DEBUG cotyledon.oslo_config_glue [-] ovn_nb_global.fdb_removal_limit = 0 {{(pid=91683) log_opt_values /opt/stack/data/venv/lib/python3.12/site-packages/oslo_config/cfg.py:3006}}
May 13 14:38:59.972143 np0000000705 neutron-periodic-workers[91683]: DEBUG cotyledon.oslo_config_glue [-] ovn_nb_global.ignore_lsp_down = False {{(pid=91683) log_opt_values /opt/stack/data/venv/lib/python3.12/site-packages/oslo_config/cfg.py:3006}}
May 13 14:38:59.972143 np0000000705 neutron-periodic-workers[91683]: DEBUG cotyledon.oslo_config_glue [-] ovn_nb_global.mac_binding_removal_limit = 0 {{(pid=91683) log_opt_values /opt/stack/data/venv/lib/python3.12/site-packages/oslo_config/cfg.py:3006}}
May 13 14:38:59.972476 np0000000705 neutron-periodic-workers[91683]: DEBUG cotyledon.oslo_config_glue [-] ******************************************************************************** {{(pid=91683) log_opt_values /opt/stack/data/venv/lib/python3.12/site-packages/oslo_config/cfg.py:3013}}
May 13 14:38:59.972476 np0000000705 neutron-periodic-workers[91683]: DEBUG cotyledon._service_worker [-] Run service ServiceWrapper(0) [91683] {{(pid=91683) wait_forever /opt/stack/data/venv/lib/python3.12/site-packages/cotyledon/_service_worker.py:218}}
May 13 14:39:09.624548 np0000000705 neutron-periodic-workers[90663]: DEBUG dbcounter [-] [90663] Writing DB stats neutron:SELECT=4 {{(pid=90663) stat_writer /opt/stack/data/venv/lib/python3.12/site-packages/dbcounter.py:115}}
May 13 14:40:03.920480 np0000000705 neutron-periodic-workers[91653]: DEBUG oslo_db.sqlalchemy.engines [None req-8a87fa6c-a8f6-42f4-9a68-87f4c8b5d9d5 None None] Parent process 90663 forked (91653) with an open database connection, which is being discarded and recreated. {{(pid=91653) checkout /opt/stack/data/venv/lib/python3.12/site-packages/oslo_db/sqlalchemy/engines.py:402}}
May 13 14:40:03.925978 np0000000705 neutron-periodic-workers[91653]: DEBUG dbcounter [-] [91653] Writer thread running {{(pid=91653) stat_writer /opt/stack/data/venv/lib/python3.12/site-packages/dbcounter.py:102}}
May 13 14:40:03.933562 np0000000705 neutron-periodic-workers[91653]: DEBUG oslo.service.backend._threading.loopingcall [None req-8a87fa6c-a8f6-42f4-9a68-87f4c8b5d9d5 None None] Fixed interval looping call 'neutron.plugins.ml2.plugin.DhcpAgentSchedulerDbMixin.remove_networks_from_down_agents' sleeping for 36.98 seconds {{(pid=91653) _run_loop /opt/stack/data/venv/lib/python3.12/site-packages/oslo_service/backend/_threading/loopingcall.py:125}}
May 13 14:40:11.959068 np0000000705 neutron-periodic-workers[91662]: DEBUG dbcounter [-] [91662] Writer thread running {{(pid=91662) stat_writer /opt/stack/data/venv/lib/python3.12/site-packages/dbcounter.py:102}}
May 13 14:40:11.962766 np0000000705 neutron-periodic-workers[91662]: DEBUG neutron.db.agents_db [None req-a20ab066-984a-4d6a-855e-558c039526b3 None None] Agent healthcheck: found 0 active agents {{(pid=91662) agent_health_check /opt/stack/neutron/neutron/db/agents_db.py:322}}
May 13 14:40:11.962995 np0000000705 neutron-periodic-workers[91662]: DEBUG oslo.service.backend._threading.loopingcall [None req-a20ab066-984a-4d6a-855e-558c039526b3 None None] Fixed interval looping call 'neutron.plugins.ml2.plugin.AgentDbMixin.agent_health_check' sleeping for 36.98 seconds {{(pid=91662) _run_loop /opt/stack/data/venv/lib/python3.12/site-packages/oslo_service/backend/_threading/loopingcall.py:125}}
May 13 14:40:13.932651 np0000000705 neutron-periodic-workers[91653]: DEBUG dbcounter [-] [91653] Writing DB stats neutron:SELECT=3 {{(pid=91653) stat_writer /opt/stack/data/venv/lib/python3.12/site-packages/dbcounter.py:115}}
May 13 14:40:21.959492 np0000000705 neutron-periodic-workers[91662]: DEBUG dbcounter [-] [91662] Writing DB stats neutron:SELECT=1 {{(pid=91662) stat_writer /opt/stack/data/venv/lib/python3.12/site-packages/dbcounter.py:115}}
May 13 14:40:40.919497 np0000000705 neutron-periodic-workers[91653]: DEBUG oslo.service.backend._threading.loopingcall [None req-8a87fa6c-a8f6-42f4-9a68-87f4c8b5d9d5 None None] Fixed interval looping call 'neutron.plugins.ml2.plugin.DhcpAgentSchedulerDbMixin.remove_networks_from_down_agents' sleeping for 36.99 seconds {{(pid=91653) _run_loop /opt/stack/data/venv/lib/python3.12/site-packages/oslo_service/backend/_threading/loopingcall.py:125}}
May 13 14:40:48.946626 np0000000705 neutron-periodic-workers[91662]: DEBUG neutron.db.agents_db [None req-a20ab066-984a-4d6a-855e-558c039526b3 None None] Agent healthcheck: found 0 active agents {{(pid=91662) agent_health_check /opt/stack/neutron/neutron/db/agents_db.py:322}}
May 13 14:40:48.947154 np0000000705 neutron-periodic-workers[91662]: DEBUG oslo.service.backend._threading.loopingcall [None req-a20ab066-984a-4d6a-855e-558c039526b3 None None] Fixed interval looping call 'neutron.plugins.ml2.plugin.AgentDbMixin.agent_health_check' sleeping for 37.00 seconds {{(pid=91662) _run_loop /opt/stack/data/venv/lib/python3.12/site-packages/oslo_service/backend/_threading/loopingcall.py:125}}
May 13 14:40:50.918827 np0000000705 neutron-periodic-workers[91653]: DEBUG dbcounter [-] [91653] Writing DB stats neutron:SELECT=3 {{(pid=91653) stat_writer /opt/stack/data/venv/lib/python3.12/site-packages/dbcounter.py:115}}
May 13 14:40:58.945439 np0000000705 neutron-periodic-workers[91662]: DEBUG dbcounter [-] [91662] Writing DB stats neutron:SELECT=1 {{(pid=91662) stat_writer /opt/stack/data/venv/lib/python3.12/site-packages/dbcounter.py:115}}
May 13 14:40:59.961537 np0000000705 neutron-periodic-workers[91668]: DEBUG dbcounter [-] [91668] Writer thread running {{(pid=91668) stat_writer /opt/stack/data/venv/lib/python3.12/site-packages/dbcounter.py:102}}
May 13 14:40:59.963283 np0000000705 neutron-periodic-workers[91668]: DEBUG oslo.service.backend._threading.loopingcall [None req-664fce33-4aa1-47fb-855f-0fa6e464b200 None None] Fixed interval looping call 'neutron.db.quota.driver_nolock.DbQuotaNoLockDriver._remove_expired_reservations' sleeping for 119.99 seconds {{(pid=91668) _run_loop /opt/stack/data/venv/lib/python3.12/site-packages/oslo_service/backend/_threading/loopingcall.py:125}}
May 13 14:41:09.962057 np0000000705 neutron-periodic-workers[91668]: DEBUG dbcounter [-] [91668] Writing DB stats neutron:DELETE=1 {{(pid=91668) stat_writer /opt/stack/data/venv/lib/python3.12/site-packages/dbcounter.py:115}}
May 13 14:41:17.915147 np0000000705 neutron-periodic-workers[91653]: DEBUG oslo.service.backend._threading.loopingcall [None req-8a87fa6c-a8f6-42f4-9a68-87f4c8b5d9d5 None None] Fixed interval looping call 'neutron.plugins.ml2.plugin.DhcpAgentSchedulerDbMixin.remove_networks_from_down_agents' sleeping for 36.99 seconds {{(pid=91653) _run_loop /opt/stack/data/venv/lib/python3.12/site-packages/oslo_service/backend/_threading/loopingcall.py:125}}
May 13 14:41:25.950486 np0000000705 neutron-periodic-workers[91662]: DEBUG neutron.db.agents_db [None req-a20ab066-984a-4d6a-855e-558c039526b3 None None] Agent healthcheck: found 0 active agents {{(pid=91662) agent_health_check /opt/stack/neutron/neutron/db/agents_db.py:322}}
May 13 14:41:25.950486 np0000000705 neutron-periodic-workers[91662]: DEBUG oslo.service.backend._threading.loopingcall [None req-a20ab066-984a-4d6a-855e-558c039526b3 None None] Fixed interval looping call 'neutron.plugins.ml2.plugin.AgentDbMixin.agent_health_check' sleeping for 37.00 seconds {{(pid=91662) _run_loop /opt/stack/data/venv/lib/python3.12/site-packages/oslo_service/backend/_threading/loopingcall.py:125}}
May 13 14:41:27.914659 np0000000705 neutron-periodic-workers[91653]: DEBUG dbcounter [-] [91653] Writing DB stats neutron:SELECT=3 {{(pid=91653) stat_writer /opt/stack/data/venv/lib/python3.12/site-packages/dbcounter.py:115}}
May 13 14:41:35.949930 np0000000705 neutron-periodic-workers[91662]: DEBUG dbcounter [-] [91662] Writing DB stats neutron:SELECT=1 {{(pid=91662) stat_writer /opt/stack/data/venv/lib/python3.12/site-packages/dbcounter.py:115}}
May 13 14:41:47.990419 np0000000705 neutron-periodic-workers[91683]: DEBUG dbcounter [-] [91683] Writer thread running {{(pid=91683) stat_writer /opt/stack/data/venv/lib/python3.12/site-packages/dbcounter.py:102}}
May 13 14:41:47.999630 np0000000705 neutron-periodic-workers[91683]: DEBUG oslo.service.backend._threading.loopingcall [None req-557dec30-102d-4e07-bdb2-96c5def3082e None None] Fixed interval looping call 'neutron.services.ovn_l3.plugin.L3_NAT_dbonly_mixin._clean_garbage' sleeping for 299.96 seconds {{(pid=91683) _run_loop /opt/stack/data/venv/lib/python3.12/site-packages/oslo_service/backend/_threading/loopingcall.py:125}}
May 13 14:41:54.912730 np0000000705 neutron-periodic-workers[91653]: DEBUG oslo.service.backend._threading.loopingcall [None req-8a87fa6c-a8f6-42f4-9a68-87f4c8b5d9d5 None None] Fixed interval looping call 'neutron.plugins.ml2.plugin.DhcpAgentSchedulerDbMixin.remove_networks_from_down_agents' sleeping for 36.99 seconds {{(pid=91653) _run_loop /opt/stack/data/venv/lib/python3.12/site-packages/oslo_service/backend/_threading/loopingcall.py:125}}
May 13 14:41:57.990939 np0000000705 neutron-periodic-workers[91683]: DEBUG dbcounter [-] [91683] Writing DB stats neutron:SELECT=1 {{(pid=91683) stat_writer /opt/stack/data/venv/lib/python3.12/site-packages/dbcounter.py:115}}
May 13 14:42:02.953791 np0000000705 neutron-periodic-workers[91662]: DEBUG neutron.db.agents_db [None req-a20ab066-984a-4d6a-855e-558c039526b3 None None] Agent healthcheck: found 0 active agents {{(pid=91662) agent_health_check /opt/stack/neutron/neutron/db/agents_db.py:322}}
May 13 14:42:02.954261 np0000000705 neutron-periodic-workers[91662]: DEBUG oslo.service.backend._threading.loopingcall [None req-a20ab066-984a-4d6a-855e-558c039526b3 None None] Fixed interval looping call 'neutron.plugins.ml2.plugin.AgentDbMixin.agent_health_check' sleeping for 37.00 seconds {{(pid=91662) _run_loop /opt/stack/data/venv/lib/python3.12/site-packages/oslo_service/backend/_threading/loopingcall.py:125}}
May 13 14:42:04.911925 np0000000705 neutron-periodic-workers[91653]: DEBUG dbcounter [-] [91653] Writing DB stats neutron:SELECT=3 {{(pid=91653) stat_writer /opt/stack/data/venv/lib/python3.12/site-packages/dbcounter.py:115}}
May 13 14:42:12.953374 np0000000705 neutron-periodic-workers[91662]: DEBUG dbcounter [-] [91662] Writing DB stats neutron:SELECT=1 {{(pid=91662) stat_writer /opt/stack/data/venv/lib/python3.12/site-packages/dbcounter.py:115}}
May 13 14:42:31.917330 np0000000705 neutron-periodic-workers[91653]: DEBUG oslo.service.backend._threading.loopingcall [None req-8a87fa6c-a8f6-42f4-9a68-87f4c8b5d9d5 None None] Fixed interval looping call 'neutron.plugins.ml2.plugin.DhcpAgentSchedulerDbMixin.remove_networks_from_down_agents' sleeping for 36.99 seconds {{(pid=91653) _run_loop /opt/stack/data/venv/lib/python3.12/site-packages/oslo_service/backend/_threading/loopingcall.py:125}}
May 13 14:42:39.960057 np0000000705 neutron-periodic-workers[91662]: DEBUG neutron.db.agents_db [None req-a20ab066-984a-4d6a-855e-558c039526b3 None None] Agent healthcheck: found 0 active agents {{(pid=91662) agent_health_check /opt/stack/neutron/neutron/db/agents_db.py:322}}
May 13 14:42:39.960443 np0000000705 neutron-periodic-workers[91662]: DEBUG oslo.service.backend._threading.loopingcall [None req-a20ab066-984a-4d6a-855e-558c039526b3 None None] Fixed interval looping call 'neutron.plugins.ml2.plugin.AgentDbMixin.agent_health_check' sleeping for 36.99 seconds {{(pid=91662) _run_loop /opt/stack/data/venv/lib/python3.12/site-packages/oslo_service/backend/_threading/loopingcall.py:125}}
May 13 14:42:41.919613 np0000000705 neutron-periodic-workers[91653]: DEBUG dbcounter [-] [91653] Writing DB stats neutron:SELECT=3 {{(pid=91653) stat_writer /opt/stack/data/venv/lib/python3.12/site-packages/dbcounter.py:115}}
May 13 14:42:49.958065 np0000000705 neutron-periodic-workers[91662]: DEBUG dbcounter [-] [91662] Writing DB stats neutron:SELECT=1 {{(pid=91662) stat_writer /opt/stack/data/venv/lib/python3.12/site-packages/dbcounter.py:115}}
May 13 14:42:59.979303 np0000000705 neutron-periodic-workers[91668]: DEBUG oslo.service.backend._threading.loopingcall [None req-664fce33-4aa1-47fb-855f-0fa6e464b200 None None] Fixed interval looping call 'neutron.db.quota.driver_nolock.DbQuotaNoLockDriver._remove_expired_reservations' sleeping for 119.98 seconds {{(pid=91668) _run_loop /opt/stack/data/venv/lib/python3.12/site-packages/oslo_service/backend/_threading/loopingcall.py:125}}
May 13 14:43:08.935462 np0000000705 neutron-periodic-workers[91653]: DEBUG oslo.service.backend._threading.loopingcall [None req-8a87fa6c-a8f6-42f4-9a68-87f4c8b5d9d5 None None] Fixed interval looping call 'neutron.plugins.ml2.plugin.DhcpAgentSchedulerDbMixin.remove_networks_from_down_agents' sleeping for 36.97 seconds {{(pid=91653) _run_loop /opt/stack/data/venv/lib/python3.12/site-packages/oslo_service/backend/_threading/loopingcall.py:125}}
May 13 14:43:09.959997 np0000000705 neutron-periodic-workers[91668]: DEBUG dbcounter [-] [91668] Writing DB stats neutron:DELETE=1 {{(pid=91668) stat_writer /opt/stack/data/venv/lib/python3.12/site-packages/dbcounter.py:115}}
May 13 14:43:16.959319 np0000000705 neutron-periodic-workers[91662]: DEBUG neutron.db.agents_db [None req-a20ab066-984a-4d6a-855e-558c039526b3 None None] Agent healthcheck: found 0 active agents {{(pid=91662) agent_health_check /opt/stack/neutron/neutron/db/agents_db.py:322}}
May 13 14:43:16.959319 np0000000705 neutron-periodic-workers[91662]: DEBUG oslo.service.backend._threading.loopingcall [None req-a20ab066-984a-4d6a-855e-558c039526b3 None None] Fixed interval looping call 'neutron.plugins.ml2.plugin.AgentDbMixin.agent_health_check' sleeping for 36.99 seconds {{(pid=91662) _run_loop /opt/stack/data/venv/lib/python3.12/site-packages/oslo_service/backend/_threading/loopingcall.py:125}}
May 13 14:43:18.933469 np0000000705 neutron-periodic-workers[91653]: DEBUG dbcounter [-] [91653] Writing DB stats neutron:SELECT=3 {{(pid=91653) stat_writer /opt/stack/data/venv/lib/python3.12/site-packages/dbcounter.py:115}}
May 13 14:43:26.955455 np0000000705 neutron-periodic-workers[91662]: DEBUG dbcounter [-] [91662] Writing DB stats neutron:SELECT=1 {{(pid=91662) stat_writer /opt/stack/data/venv/lib/python3.12/site-packages/dbcounter.py:115}}
May 13 14:43:45.919927 np0000000705 neutron-periodic-workers[91653]: DEBUG oslo.service.backend._threading.loopingcall [None req-8a87fa6c-a8f6-42f4-9a68-87f4c8b5d9d5 None None] Fixed interval looping call 'neutron.plugins.ml2.plugin.DhcpAgentSchedulerDbMixin.remove_networks_from_down_agents' sleeping for 36.98 seconds {{(pid=91653) _run_loop /opt/stack/data/venv/lib/python3.12/site-packages/oslo_service/backend/_threading/loopingcall.py:125}}
May 13 14:43:53.959242 np0000000705 neutron-periodic-workers[91662]: DEBUG neutron.db.agents_db [None req-a20ab066-984a-4d6a-855e-558c039526b3 None None] Agent healthcheck: found 0 active agents {{(pid=91662) agent_health_check /opt/stack/neutron/neutron/db/agents_db.py:322}}
May 13 14:43:53.959653 np0000000705 neutron-periodic-workers[91662]: DEBUG oslo.service.backend._threading.loopingcall [None req-a20ab066-984a-4d6a-855e-558c039526b3 None None] Fixed interval looping call 'neutron.plugins.ml2.plugin.AgentDbMixin.agent_health_check' sleeping for 36.99 seconds {{(pid=91662) _run_loop /opt/stack/data/venv/lib/python3.12/site-packages/oslo_service/backend/_threading/loopingcall.py:125}}
May 13 14:43:55.918291 np0000000705 neutron-periodic-workers[91653]: DEBUG dbcounter [-] [91653] Writing DB stats neutron:SELECT=3 {{(pid=91653) stat_writer /opt/stack/data/venv/lib/python3.12/site-packages/dbcounter.py:115}}
May 13 14:44:03.958003 np0000000705 neutron-periodic-workers[91662]: DEBUG dbcounter [-] [91662] Writing DB stats neutron:SELECT=1 {{(pid=91662) stat_writer /opt/stack/data/venv/lib/python3.12/site-packages/dbcounter.py:115}}
May 13 14:44:22.908691 np0000000705 neutron-periodic-workers[91653]: DEBUG oslo.service.backend._threading.loopingcall [None req-8a87fa6c-a8f6-42f4-9a68-87f4c8b5d9d5 None None] Fixed interval looping call 'neutron.plugins.ml2.plugin.DhcpAgentSchedulerDbMixin.remove_networks_from_down_agents' sleeping for 36.99 seconds {{(pid=91653) _run_loop /opt/stack/data/venv/lib/python3.12/site-packages/oslo_service/backend/_threading/loopingcall.py:125}}
May 13 14:44:30.955410 np0000000705 neutron-periodic-workers[91662]: DEBUG neutron.db.agents_db [None req-a20ab066-984a-4d6a-855e-558c039526b3 None None] Agent healthcheck: found 0 active agents {{(pid=91662) agent_health_check /opt/stack/neutron/neutron/db/agents_db.py:322}}
May 13 14:44:30.956320 np0000000705 neutron-periodic-workers[91662]: DEBUG oslo.service.backend._threading.loopingcall [None req-a20ab066-984a-4d6a-855e-558c039526b3 None None] Fixed interval looping call 'neutron.plugins.ml2.plugin.AgentDbMixin.agent_health_check' sleeping for 36.99 seconds {{(pid=91662) _run_loop /opt/stack/data/venv/lib/python3.12/site-packages/oslo_service/backend/_threading/loopingcall.py:125}}
May 13 14:44:32.906653 np0000000705 neutron-periodic-workers[91653]: DEBUG dbcounter [-] [91653] Writing DB stats neutron:SELECT=3 {{(pid=91653) stat_writer /opt/stack/data/venv/lib/python3.12/site-packages/dbcounter.py:115}}
May 13 14:44:40.953339 np0000000705 neutron-periodic-workers[91662]: DEBUG dbcounter [-] [91662] Writing DB stats neutron:SELECT=1 {{(pid=91662) stat_writer /opt/stack/data/venv/lib/python3.12/site-packages/dbcounter.py:115}}
May 13 14:44:59.906108 np0000000705 neutron-periodic-workers[91653]: DEBUG oslo.service.backend._threading.loopingcall [None req-8a87fa6c-a8f6-42f4-9a68-87f4c8b5d9d5 None None] Fixed interval looping call 'neutron.plugins.ml2.plugin.DhcpAgentSchedulerDbMixin.remove_networks_from_down_agents' sleeping for 36.99 seconds {{(pid=91653) _run_loop /opt/stack/data/venv/lib/python3.12/site-packages/oslo_service/backend/_threading/loopingcall.py:125}}
May 13 14:44:59.967186 np0000000705 neutron-periodic-workers[91668]: DEBUG oslo.service.backend._threading.loopingcall [None req-664fce33-4aa1-47fb-855f-0fa6e464b200 None None] Fixed interval looping call 'neutron.db.quota.driver_nolock.DbQuotaNoLockDriver._remove_expired_reservations' sleeping for 119.99 seconds {{(pid=91668) _run_loop /opt/stack/data/venv/lib/python3.12/site-packages/oslo_service/backend/_threading/loopingcall.py:125}}
May 13 14:45:07.951159 np0000000705 neutron-periodic-workers[91662]: DEBUG neutron.db.agents_db [None req-a20ab066-984a-4d6a-855e-558c039526b3 None None] Agent healthcheck: found 0 active agents {{(pid=91662) agent_health_check /opt/stack/neutron/neutron/db/agents_db.py:322}}
May 13 14:45:07.952787 np0000000705 neutron-periodic-workers[91662]: DEBUG oslo.service.backend._threading.loopingcall [None req-a20ab066-984a-4d6a-855e-558c039526b3 None None] Fixed interval looping call 'neutron.plugins.ml2.plugin.AgentDbMixin.agent_health_check' sleeping for 37.00 seconds {{(pid=91662) _run_loop /opt/stack/data/venv/lib/python3.12/site-packages/oslo_service/backend/_threading/loopingcall.py:125}}
May 13 14:45:09.904833 np0000000705 neutron-periodic-workers[91653]: DEBUG dbcounter [-] [91653] Writing DB stats neutron:SELECT=3 {{(pid=91653) stat_writer /opt/stack/data/venv/lib/python3.12/site-packages/dbcounter.py:115}}
May 13 14:45:09.965963 np0000000705 neutron-periodic-workers[91668]: DEBUG dbcounter [-] [91668] Writing DB stats neutron:DELETE=1 {{(pid=91668) stat_writer /opt/stack/data/venv/lib/python3.12/site-packages/dbcounter.py:115}}
May 13 14:45:17.952697 np0000000705 neutron-periodic-workers[91662]: DEBUG dbcounter [-] [91662] Writing DB stats neutron:SELECT=1 {{(pid=91662) stat_writer /opt/stack/data/venv/lib/python3.12/site-packages/dbcounter.py:115}}
May 13 14:45:36.904667 np0000000705 neutron-periodic-workers[91653]: DEBUG oslo.service.backend._threading.loopingcall [None req-8a87fa6c-a8f6-42f4-9a68-87f4c8b5d9d5 None None] Fixed interval looping call 'neutron.plugins.ml2.plugin.DhcpAgentSchedulerDbMixin.remove_networks_from_down_agents' sleeping for 36.99 seconds {{(pid=91653) _run_loop /opt/stack/data/venv/lib/python3.12/site-packages/oslo_service/backend/_threading/loopingcall.py:125}}
May 13 14:45:44.955707 np0000000705 neutron-periodic-workers[91662]: DEBUG neutron.db.agents_db [None req-a20ab066-984a-4d6a-855e-558c039526b3 None None] Agent healthcheck: found 0 active agents {{(pid=91662) agent_health_check /opt/stack/neutron/neutron/db/agents_db.py:322}}
May 13 14:45:44.956148 np0000000705 neutron-periodic-workers[91662]: DEBUG oslo.service.backend._threading.loopingcall [None req-a20ab066-984a-4d6a-855e-558c039526b3 None None] Fixed interval looping call 'neutron.plugins.ml2.plugin.AgentDbMixin.agent_health_check' sleeping for 37.00 seconds {{(pid=91662) _run_loop /opt/stack/data/venv/lib/python3.12/site-packages/oslo_service/backend/_threading/loopingcall.py:125}}
May 13 14:45:46.905791 np0000000705 neutron-periodic-workers[91653]: DEBUG dbcounter [-] [91653] Writing DB stats neutron:SELECT=3 {{(pid=91653) stat_writer /opt/stack/data/venv/lib/python3.12/site-packages/dbcounter.py:115}}
May 13 14:45:54.954150 np0000000705 neutron-periodic-workers[91662]: DEBUG dbcounter [-] [91662] Writing DB stats neutron:SELECT=1 {{(pid=91662) stat_writer /opt/stack/data/venv/lib/python3.12/site-packages/dbcounter.py:115}}
May 13 14:46:13.919081 np0000000705 neutron-periodic-workers[91653]: DEBUG oslo.service.backend._threading.loopingcall [None req-8a87fa6c-a8f6-42f4-9a68-87f4c8b5d9d5 None None] Fixed interval looping call 'neutron.plugins.ml2.plugin.DhcpAgentSchedulerDbMixin.remove_networks_from_down_agents' sleeping for 36.98 seconds {{(pid=91653) _run_loop /opt/stack/data/venv/lib/python3.12/site-packages/oslo_service/backend/_threading/loopingcall.py:125}}
May 13 14:46:21.961886 np0000000705 neutron-periodic-workers[91662]: DEBUG neutron.db.agents_db [None req-a20ab066-984a-4d6a-855e-558c039526b3 None None] Agent healthcheck: found 0 active agents {{(pid=91662) agent_health_check /opt/stack/neutron/neutron/db/agents_db.py:322}}
May 13 14:46:21.961886 np0000000705 neutron-periodic-workers[91662]: DEBUG oslo.service.backend._threading.loopingcall [None req-a20ab066-984a-4d6a-855e-558c039526b3 None None] Fixed interval looping call 'neutron.plugins.ml2.plugin.AgentDbMixin.agent_health_check' sleeping for 37.00 seconds {{(pid=91662) _run_loop /opt/stack/data/venv/lib/python3.12/site-packages/oslo_service/backend/_threading/loopingcall.py:125}}
May 13 14:46:23.911550 np0000000705 neutron-periodic-workers[91653]: DEBUG dbcounter [-] [91653] Writing DB stats neutron:SELECT=3 {{(pid=91653) stat_writer /opt/stack/data/venv/lib/python3.12/site-packages/dbcounter.py:115}}
May 13 14:46:31.961982 np0000000705 neutron-periodic-workers[91662]: DEBUG dbcounter [-] [91662] Writing DB stats neutron:SELECT=1 {{(pid=91662) stat_writer /opt/stack/data/venv/lib/python3.12/site-packages/dbcounter.py:115}}
May 13 14:46:47.979311 np0000000705 neutron-periodic-workers[91683]: DEBUG oslo.service.backend._threading.loopingcall [None req-557dec30-102d-4e07-bdb2-96c5def3082e None None] Fixed interval looping call 'neutron.services.ovn_l3.plugin.L3_NAT_dbonly_mixin._clean_garbage' sleeping for 299.98 seconds {{(pid=91683) _run_loop /opt/stack/data/venv/lib/python3.12/site-packages/oslo_service/backend/_threading/loopingcall.py:125}}
May 13 14:46:50.902980 np0000000705 neutron-periodic-workers[91653]: DEBUG oslo.service.backend._threading.loopingcall [None req-8a87fa6c-a8f6-42f4-9a68-87f4c8b5d9d5 None None] Fixed interval looping call 'neutron.plugins.ml2.plugin.DhcpAgentSchedulerDbMixin.remove_networks_from_down_agents' sleeping for 36.99 seconds {{(pid=91653) _run_loop /opt/stack/data/venv/lib/python3.12/site-packages/oslo_service/backend/_threading/loopingcall.py:125}}
May 13 14:46:57.967688 np0000000705 neutron-periodic-workers[91683]: DEBUG dbcounter [-] [91683] Writing DB stats neutron:SELECT=1 {{(pid=91683) stat_writer /opt/stack/data/venv/lib/python3.12/site-packages/dbcounter.py:115}}
May 13 14:46:58.967064 np0000000705 neutron-periodic-workers[91662]: DEBUG neutron.db.agents_db [None req-a20ab066-984a-4d6a-855e-558c039526b3 None None] Agent healthcheck: found 0 active agents {{(pid=91662) agent_health_check /opt/stack/neutron/neutron/db/agents_db.py:322}}
May 13 14:46:58.967064 np0000000705 neutron-periodic-workers[91662]: DEBUG oslo.service.backend._threading.loopingcall [None req-a20ab066-984a-4d6a-855e-558c039526b3 None None] Fixed interval looping call 'neutron.plugins.ml2.plugin.AgentDbMixin.agent_health_check' sleeping for 37.00 seconds {{(pid=91662) _run_loop /opt/stack/data/venv/lib/python3.12/site-packages/oslo_service/backend/_threading/loopingcall.py:125}}
May 13 14:46:59.961648 np0000000705 neutron-periodic-workers[91668]: DEBUG oslo.service.backend._threading.loopingcall [None req-664fce33-4aa1-47fb-855f-0fa6e464b200 None None] Fixed interval looping call 'neutron.db.quota.driver_nolock.DbQuotaNoLockDriver._remove_expired_reservations' sleeping for 120.00 seconds {{(pid=91668) _run_loop /opt/stack/data/venv/lib/python3.12/site-packages/oslo_service/backend/_threading/loopingcall.py:125}}
May 13 14:47:00.902138 np0000000705 neutron-periodic-workers[91653]: DEBUG dbcounter [-] [91653] Writing DB stats neutron:SELECT=3 {{(pid=91653) stat_writer /opt/stack/data/venv/lib/python3.12/site-packages/dbcounter.py:115}}
May 13 14:47:08.964167 np0000000705 neutron-periodic-workers[91662]: DEBUG dbcounter [-] [91662] Writing DB stats neutron:SELECT=1 {{(pid=91662) stat_writer /opt/stack/data/venv/lib/python3.12/site-packages/dbcounter.py:115}}
May 13 14:47:09.960424 np0000000705 neutron-periodic-workers[91668]: DEBUG dbcounter [-] [91668] Writing DB stats neutron:DELETE=1 {{(pid=91668) stat_writer /opt/stack/data/venv/lib/python3.12/site-packages/dbcounter.py:115}}
May 13 14:47:27.902838 np0000000705 neutron-periodic-workers[91653]: DEBUG oslo.service.backend._threading.loopingcall [None req-8a87fa6c-a8f6-42f4-9a68-87f4c8b5d9d5 None None] Fixed interval looping call 'neutron.plugins.ml2.plugin.DhcpAgentSchedulerDbMixin.remove_networks_from_down_agents' sleeping for 36.99 seconds {{(pid=91653) _run_loop /opt/stack/data/venv/lib/python3.12/site-packages/oslo_service/backend/_threading/loopingcall.py:125}}
May 13 14:47:35.972969 np0000000705 neutron-periodic-workers[91662]: DEBUG neutron.db.agents_db [None req-a20ab066-984a-4d6a-855e-558c039526b3 None None] Agent healthcheck: found 0 active agents {{(pid=91662) agent_health_check /opt/stack/neutron/neutron/db/agents_db.py:322}}
May 13 14:47:35.972969 np0000000705 neutron-periodic-workers[91662]: DEBUG oslo.service.backend._threading.loopingcall [None req-a20ab066-984a-4d6a-855e-558c039526b3 None None] Fixed interval looping call 'neutron.plugins.ml2.plugin.AgentDbMixin.agent_health_check' sleeping for 36.99 seconds {{(pid=91662) _run_loop /opt/stack/data/venv/lib/python3.12/site-packages/oslo_service/backend/_threading/loopingcall.py:125}}
May 13 14:47:37.900831 np0000000705 neutron-periodic-workers[91653]: DEBUG dbcounter [-] [91653] Writing DB stats neutron:SELECT=3 {{(pid=91653) stat_writer /opt/stack/data/venv/lib/python3.12/site-packages/dbcounter.py:115}}
May 13 14:47:45.977542 np0000000705 neutron-periodic-workers[91662]: DEBUG dbcounter [-] [91662] Writing DB stats neutron:SELECT=1 {{(pid=91662) stat_writer /opt/stack/data/venv/lib/python3.12/site-packages/dbcounter.py:115}}
May 13 14:48:04.902359 np0000000705 neutron-periodic-workers[91653]: DEBUG oslo.service.backend._threading.loopingcall [None req-8a87fa6c-a8f6-42f4-9a68-87f4c8b5d9d5 None None] Fixed interval looping call 'neutron.plugins.ml2.plugin.DhcpAgentSchedulerDbMixin.remove_networks_from_down_agents' sleeping for 36.99 seconds {{(pid=91653) _run_loop /opt/stack/data/venv/lib/python3.12/site-packages/oslo_service/backend/_threading/loopingcall.py:125}}
May 13 14:48:12.970279 np0000000705 neutron-periodic-workers[91662]: DEBUG neutron.db.agents_db [None req-a20ab066-984a-4d6a-855e-558c039526b3 None None] Agent healthcheck: found 0 active agents {{(pid=91662) agent_health_check /opt/stack/neutron/neutron/db/agents_db.py:322}}
May 13 14:48:12.970897 np0000000705 neutron-periodic-workers[91662]: DEBUG oslo.service.backend._threading.loopingcall [None req-a20ab066-984a-4d6a-855e-558c039526b3 None None] Fixed interval looping call 'neutron.plugins.ml2.plugin.AgentDbMixin.agent_health_check' sleeping for 36.99 seconds {{(pid=91662) _run_loop /opt/stack/data/venv/lib/python3.12/site-packages/oslo_service/backend/_threading/loopingcall.py:125}}
May 13 14:48:14.901398 np0000000705 neutron-periodic-workers[91653]: DEBUG dbcounter [-] [91653] Writing DB stats neutron:SELECT=3 {{(pid=91653) stat_writer /opt/stack/data/venv/lib/python3.12/site-packages/dbcounter.py:115}}
May 13 14:48:22.967006 np0000000705 neutron-periodic-workers[91662]: DEBUG dbcounter [-] [91662] Writing DB stats neutron:SELECT=1 {{(pid=91662) stat_writer /opt/stack/data/venv/lib/python3.12/site-packages/dbcounter.py:115}}
May 13 14:48:41.903561 np0000000705 neutron-periodic-workers[91653]: DEBUG oslo.service.backend._threading.loopingcall [None req-8a87fa6c-a8f6-42f4-9a68-87f4c8b5d9d5 None None] Fixed interval looping call 'neutron.plugins.ml2.plugin.DhcpAgentSchedulerDbMixin.remove_networks_from_down_agents' sleeping for 36.99 seconds {{(pid=91653) _run_loop /opt/stack/data/venv/lib/python3.12/site-packages/oslo_service/backend/_threading/loopingcall.py:125}}
May 13 14:48:49.966624 np0000000705 neutron-periodic-workers[91662]: DEBUG neutron.db.agents_db [None req-a20ab066-984a-4d6a-855e-558c039526b3 None None] Agent healthcheck: found 0 active agents {{(pid=91662) agent_health_check /opt/stack/neutron/neutron/db/agents_db.py:322}}
May 13 14:48:49.966624 np0000000705 neutron-periodic-workers[91662]: DEBUG oslo.service.backend._threading.loopingcall [None req-a20ab066-984a-4d6a-855e-558c039526b3 None None] Fixed interval looping call 'neutron.plugins.ml2.plugin.AgentDbMixin.agent_health_check' sleeping for 37.00 seconds {{(pid=91662) _run_loop /opt/stack/data/venv/lib/python3.12/site-packages/oslo_service/backend/_threading/loopingcall.py:125}}
May 13 14:48:51.905459 np0000000705 neutron-periodic-workers[91653]: DEBUG dbcounter [-] [91653] Writing DB stats neutron:SELECT=3 {{(pid=91653) stat_writer /opt/stack/data/venv/lib/python3.12/site-packages/dbcounter.py:115}}
May 13 14:48:59.964097 np0000000705 neutron-periodic-workers[91662]: DEBUG dbcounter [-] [91662] Writing DB stats neutron:SELECT=1 {{(pid=91662) stat_writer /opt/stack/data/venv/lib/python3.12/site-packages/dbcounter.py:115}}
May 13 14:48:59.971085 np0000000705 neutron-periodic-workers[91668]: DEBUG oslo.service.backend._threading.loopingcall [None req-664fce33-4aa1-47fb-855f-0fa6e464b200 None None] Fixed interval looping call 'neutron.db.quota.driver_nolock.DbQuotaNoLockDriver._remove_expired_reservations' sleeping for 119.99 seconds {{(pid=91668) _run_loop /opt/stack/data/venv/lib/python3.12/site-packages/oslo_service/backend/_threading/loopingcall.py:125}}
May 13 14:49:09.967052 np0000000705 neutron-periodic-workers[91668]: DEBUG dbcounter [-] [91668] Writing DB stats neutron:DELETE=1 {{(pid=91668) stat_writer /opt/stack/data/venv/lib/python3.12/site-packages/dbcounter.py:115}}
May 13 14:49:18.911745 np0000000705 neutron-periodic-workers[91653]: DEBUG oslo.service.backend._threading.loopingcall [None req-8a87fa6c-a8f6-42f4-9a68-87f4c8b5d9d5 None None] Fixed interval looping call 'neutron.plugins.ml2.plugin.DhcpAgentSchedulerDbMixin.remove_networks_from_down_agents' sleeping for 36.98 seconds {{(pid=91653) _run_loop /opt/stack/data/venv/lib/python3.12/site-packages/oslo_service/backend/_threading/loopingcall.py:125}}
May 13 14:49:26.974978 np0000000705 neutron-periodic-workers[91662]: DEBUG neutron.db.agents_db [None req-a20ab066-984a-4d6a-855e-558c039526b3 None None] Agent healthcheck: found 0 active agents {{(pid=91662) agent_health_check /opt/stack/neutron/neutron/db/agents_db.py:322}}
May 13 14:49:26.975390 np0000000705 neutron-periodic-workers[91662]: DEBUG oslo.service.backend._threading.loopingcall [None req-a20ab066-984a-4d6a-855e-558c039526b3 None None] Fixed interval looping call 'neutron.plugins.ml2.plugin.AgentDbMixin.agent_health_check' sleeping for 36.99 seconds {{(pid=91662) _run_loop /opt/stack/data/venv/lib/python3.12/site-packages/oslo_service/backend/_threading/loopingcall.py:125}}
May 13 14:49:28.909252 np0000000705 neutron-periodic-workers[91653]: DEBUG dbcounter [-] [91653] Writing DB stats neutron:SELECT=3 {{(pid=91653) stat_writer /opt/stack/data/venv/lib/python3.12/site-packages/dbcounter.py:115}}
May 13 14:49:36.973514 np0000000705 neutron-periodic-workers[91662]: DEBUG dbcounter [-] [91662] Writing DB stats neutron:SELECT=1 {{(pid=91662) stat_writer /opt/stack/data/venv/lib/python3.12/site-packages/dbcounter.py:115}}
May 13 14:49:55.900301 np0000000705 neutron-periodic-workers[91653]: DEBUG oslo.service.backend._threading.loopingcall [None req-8a87fa6c-a8f6-42f4-9a68-87f4c8b5d9d5 None None] Fixed interval looping call 'neutron.plugins.ml2.plugin.DhcpAgentSchedulerDbMixin.remove_networks_from_down_agents' sleeping for 36.99 seconds {{(pid=91653) _run_loop /opt/stack/data/venv/lib/python3.12/site-packages/oslo_service/backend/_threading/loopingcall.py:125}}
May 13 14:50:03.970818 np0000000705 neutron-periodic-workers[91662]: DEBUG neutron.db.agents_db [None req-a20ab066-984a-4d6a-855e-558c039526b3 None None] Agent healthcheck: found 0 active agents {{(pid=91662) agent_health_check /opt/stack/neutron/neutron/db/agents_db.py:322}}
May 13 14:50:03.971413 np0000000705 neutron-periodic-workers[91662]: DEBUG oslo.service.backend._threading.loopingcall [None req-a20ab066-984a-4d6a-855e-558c039526b3 None None] Fixed interval looping call 'neutron.plugins.ml2.plugin.AgentDbMixin.agent_health_check' sleeping for 36.99 seconds {{(pid=91662) _run_loop /opt/stack/data/venv/lib/python3.12/site-packages/oslo_service/backend/_threading/loopingcall.py:125}}
May 13 14:50:05.898925 np0000000705 neutron-periodic-workers[91653]: DEBUG dbcounter [-] [91653] Writing DB stats neutron:SELECT=3 {{(pid=91653) stat_writer /opt/stack/data/venv/lib/python3.12/site-packages/dbcounter.py:115}}
May 13 14:50:13.968495 np0000000705 neutron-periodic-workers[91662]: DEBUG dbcounter [-] [91662] Writing DB stats neutron:SELECT=1 {{(pid=91662) stat_writer /opt/stack/data/venv/lib/python3.12/site-packages/dbcounter.py:115}}
May 13 14:50:32.899270 np0000000705 neutron-periodic-workers[91653]: DEBUG oslo.service.backend._threading.loopingcall [None req-8a87fa6c-a8f6-42f4-9a68-87f4c8b5d9d5 None None] Fixed interval looping call 'neutron.plugins.ml2.plugin.DhcpAgentSchedulerDbMixin.remove_networks_from_down_agents' sleeping for 36.99 seconds {{(pid=91653) _run_loop /opt/stack/data/venv/lib/python3.12/site-packages/oslo_service/backend/_threading/loopingcall.py:125}}
May 13 14:50:40.967408 np0000000705 neutron-periodic-workers[91662]: DEBUG neutron.db.agents_db [None req-a20ab066-984a-4d6a-855e-558c039526b3 None None] Agent healthcheck: found 0 active agents {{(pid=91662) agent_health_check /opt/stack/neutron/neutron/db/agents_db.py:322}}
May 13 14:50:40.967892 np0000000705 neutron-periodic-workers[91662]: DEBUG oslo.service.backend._threading.loopingcall [None req-a20ab066-984a-4d6a-855e-558c039526b3 None None] Fixed interval looping call 'neutron.plugins.ml2.plugin.AgentDbMixin.agent_health_check' sleeping for 36.99 seconds {{(pid=91662) _run_loop /opt/stack/data/venv/lib/python3.12/site-packages/oslo_service/backend/_threading/loopingcall.py:125}}
May 13 14:50:42.898695 np0000000705 neutron-periodic-workers[91653]: DEBUG dbcounter [-] [91653] Writing DB stats neutron:SELECT=3 {{(pid=91653) stat_writer /opt/stack/data/venv/lib/python3.12/site-packages/dbcounter.py:115}}
May 13 14:50:50.966033 np0000000705 neutron-periodic-workers[91662]: DEBUG dbcounter [-] [91662] Writing DB stats neutron:SELECT=1 {{(pid=91662) stat_writer /opt/stack/data/venv/lib/python3.12/site-packages/dbcounter.py:115}}
May 13 14:50:59.975933 np0000000705 neutron-periodic-workers[91668]: DEBUG oslo.service.backend._threading.loopingcall [None req-664fce33-4aa1-47fb-855f-0fa6e464b200 None None] Fixed interval looping call 'neutron.db.quota.driver_nolock.DbQuotaNoLockDriver._remove_expired_reservations' sleeping for 119.99 seconds {{(pid=91668) _run_loop /opt/stack/data/venv/lib/python3.12/site-packages/oslo_service/backend/_threading/loopingcall.py:125}}
May 13 14:51:09.905815 np0000000705 neutron-periodic-workers[91653]: DEBUG oslo.service.backend._threading.loopingcall [None req-8a87fa6c-a8f6-42f4-9a68-87f4c8b5d9d5 None None] Fixed interval looping call 'neutron.plugins.ml2.plugin.DhcpAgentSchedulerDbMixin.remove_networks_from_down_agents' sleeping for 36.98 seconds {{(pid=91653) _run_loop /opt/stack/data/venv/lib/python3.12/site-packages/oslo_service/backend/_threading/loopingcall.py:125}}
May 13 14:51:09.972219 np0000000705 neutron-periodic-workers[91668]: DEBUG dbcounter [-] [91668] Writing DB stats neutron:DELETE=1 {{(pid=91668) stat_writer /opt/stack/data/venv/lib/python3.12/site-packages/dbcounter.py:115}}
May 13 14:51:17.963059 np0000000705 neutron-periodic-workers[91662]: DEBUG neutron.db.agents_db [None req-a20ab066-984a-4d6a-855e-558c039526b3 None None] Agent healthcheck: found 0 active agents {{(pid=91662) agent_health_check /opt/stack/neutron/neutron/db/agents_db.py:322}}
May 13 14:51:17.963570 np0000000705 neutron-periodic-workers[91662]: DEBUG oslo.service.backend._threading.loopingcall [None req-a20ab066-984a-4d6a-855e-558c039526b3 None None] Fixed interval looping call 'neutron.plugins.ml2.plugin.AgentDbMixin.agent_health_check' sleeping for 37.00 seconds {{(pid=91662) _run_loop /opt/stack/data/venv/lib/python3.12/site-packages/oslo_service/backend/_threading/loopingcall.py:125}}
May 13 14:51:19.903715 np0000000705 neutron-periodic-workers[91653]: DEBUG dbcounter [-] [91653] Writing DB stats neutron:SELECT=3 {{(pid=91653) stat_writer /opt/stack/data/venv/lib/python3.12/site-packages/dbcounter.py:115}}
May 13 14:51:27.964908 np0000000705 neutron-periodic-workers[91662]: DEBUG dbcounter [-] [91662] Writing DB stats neutron:SELECT=1 {{(pid=91662) stat_writer /opt/stack/data/venv/lib/python3.12/site-packages/dbcounter.py:115}}
May 13 14:51:46.893398 np0000000705 neutron-periodic-workers[91653]: DEBUG oslo.service.backend._threading.loopingcall [None req-8a87fa6c-a8f6-42f4-9a68-87f4c8b5d9d5 None None] Fixed interval looping call 'neutron.plugins.ml2.plugin.DhcpAgentSchedulerDbMixin.remove_networks_from_down_agents' sleeping for 36.99 seconds {{(pid=91653) _run_loop /opt/stack/data/venv/lib/python3.12/site-packages/oslo_service/backend/_threading/loopingcall.py:125}}
May 13 14:51:47.971406 np0000000705 neutron-periodic-workers[91683]: DEBUG oslo.service.backend._threading.loopingcall [None req-557dec30-102d-4e07-bdb2-96c5def3082e None None] Fixed interval looping call 'neutron.services.ovn_l3.plugin.L3_NAT_dbonly_mixin._clean_garbage' sleeping for 299.99 seconds {{(pid=91683) _run_loop /opt/stack/data/venv/lib/python3.12/site-packages/oslo_service/backend/_threading/loopingcall.py:125}}
May 13 14:51:54.967266 np0000000705 neutron-periodic-workers[91662]: DEBUG neutron.db.agents_db [None req-a20ab066-984a-4d6a-855e-558c039526b3 None None] Agent healthcheck: found 0 active agents {{(pid=91662) agent_health_check /opt/stack/neutron/neutron/db/agents_db.py:322}}
May 13 14:51:54.967266 np0000000705 neutron-periodic-workers[91662]: DEBUG oslo.service.backend._threading.loopingcall [None req-a20ab066-984a-4d6a-855e-558c039526b3 None None] Fixed interval looping call 'neutron.plugins.ml2.plugin.AgentDbMixin.agent_health_check' sleeping for 37.00 seconds {{(pid=91662) _run_loop /opt/stack/data/venv/lib/python3.12/site-packages/oslo_service/backend/_threading/loopingcall.py:125}}
May 13 14:51:56.893309 np0000000705 neutron-periodic-workers[91653]: DEBUG dbcounter [-] [91653] Writing DB stats neutron:SELECT=3 {{(pid=91653) stat_writer /opt/stack/data/venv/lib/python3.12/site-packages/dbcounter.py:115}}
May 13 14:51:57.964902 np0000000705 neutron-periodic-workers[91683]: DEBUG dbcounter [-] [91683] Writing DB stats neutron:SELECT=1 {{(pid=91683) stat_writer /opt/stack/data/venv/lib/python3.12/site-packages/dbcounter.py:115}}
