Jul 08 07:57:55.557151 np0000004796 nova-scheduler[96475]: DEBUG cotyledon.oslo_config_glue [-] oslo_messaging_metrics.metrics_process_name = {{(pid=96475) log_opt_values /opt/stack/data/venv/lib/python3.12/site-packages/oslo_config/cfg.py:3253}}
Jul 08 07:57:55.557151 np0000004796 nova-scheduler[96475]: DEBUG cotyledon.oslo_config_glue [-] oslo_messaging_metrics.metrics_socket_file = /var/tmp/metrics_collector.sock {{(pid=96475) log_opt_values /opt/stack/data/venv/lib/python3.12/site-packages/oslo_config/cfg.py:3253}}
Jul 08 07:57:55.557151 np0000004796 nova-scheduler[96475]: DEBUG cotyledon.oslo_config_glue [-] oslo_messaging_metrics.metrics_thread_stop_timeout = 10 {{(pid=96475) log_opt_values /opt/stack/data/venv/lib/python3.12/site-packages/oslo_config/cfg.py:3253}}
Jul 08 07:57:55.557151 np0000004796 nova-scheduler[96475]: DEBUG cotyledon.oslo_config_glue [-] profiler.connection_string = messaging:// {{(pid=96475) log_opt_values /opt/stack/data/venv/lib/python3.12/site-packages/oslo_config/cfg.py:3253}}
Jul 08 07:57:55.557151 np0000004796 nova-scheduler[96475]: DEBUG cotyledon.oslo_config_glue [-] profiler.enabled = False {{(pid=96475) log_opt_values /opt/stack/data/venv/lib/python3.12/site-packages/oslo_config/cfg.py:3253}}
Jul 08 07:57:55.557151 np0000004796 nova-scheduler[96475]: DEBUG cotyledon.oslo_config_glue [-] profiler.es_doc_type = notification {{(pid=96475) log_opt_values /opt/stack/data/venv/lib/python3.12/site-packages/oslo_config/cfg.py:3253}}
Jul 08 07:57:55.557151 np0000004796 nova-scheduler[96475]: DEBUG cotyledon.oslo_config_glue [-] profiler.es_scroll_size = 10000 {{(pid=96475) log_opt_values /opt/stack/data/venv/lib/python3.12/site-packages/oslo_config/cfg.py:3253}}
Jul 08 07:57:55.557338 np0000004796 nova-scheduler[96475]: DEBUG cotyledon.oslo_config_glue [-] profiler.es_scroll_time = 2m {{(pid=96475) log_opt_values /opt/stack/data/venv/lib/python3.12/site-packages/oslo_config/cfg.py:3253}}
Jul 08 07:57:55.557338 np0000004796 nova-scheduler[96475]: DEBUG cotyledon.oslo_config_glue [-] profiler.filter_error_trace = False {{(pid=96475) log_opt_values /opt/stack/data/venv/lib/python3.12/site-packages/oslo_config/cfg.py:3253}}
Jul 08 07:57:55.557338 np0000004796 nova-scheduler[96475]: DEBUG cotyledon.oslo_config_glue [-] profiler.hmac_keys = **** {{(pid=96475) log_opt_values /opt/stack/data/venv/lib/python3.12/site-packages/oslo_config/cfg.py:3253}}
Jul 08 07:57:55.557338 np0000004796 nova-scheduler[96475]: DEBUG cotyledon.oslo_config_glue [-] profiler.sentinel_service_name = mymaster {{(pid=96475) log_opt_values /opt/stack/data/venv/lib/python3.12/site-packages/oslo_config/cfg.py:3253}}
Jul 08 07:57:55.557338 np0000004796 nova-scheduler[96475]: DEBUG cotyledon.oslo_config_glue [-] profiler.socket_timeout = 0.1 {{(pid=96475) log_opt_values /opt/stack/data/venv/lib/python3.12/site-packages/oslo_config/cfg.py:3253}}
Jul 08 07:57:55.557338 np0000004796 nova-scheduler[96475]: DEBUG cotyledon.oslo_config_glue [-] profiler.trace_requests = False {{(pid=96475) log_opt_values /opt/stack/data/venv/lib/python3.12/site-packages/oslo_config/cfg.py:3253}}
Jul 08 07:57:55.557338 np0000004796 nova-scheduler[96475]: DEBUG cotyledon.oslo_config_glue [-] profiler.trace_sqlalchemy = False {{(pid=96475) log_opt_values /opt/stack/data/venv/lib/python3.12/site-packages/oslo_config/cfg.py:3253}}
Jul 08 07:57:55.557338 np0000004796 nova-scheduler[96475]: DEBUG cotyledon.oslo_config_glue [-] profiler_jaeger.process_tags = {} {{(pid=96475) log_opt_values /opt/stack/data/venv/lib/python3.12/site-packages/oslo_config/cfg.py:3253}}
Jul 08 07:57:55.557338 np0000004796 nova-scheduler[96475]: DEBUG cotyledon.oslo_config_glue [-] profiler_jaeger.service_name_prefix = None {{(pid=96475) log_opt_values /opt/stack/data/venv/lib/python3.12/site-packages/oslo_config/cfg.py:3253}}
Jul 08 07:57:55.557560 np0000004796 nova-scheduler[96475]: DEBUG cotyledon.oslo_config_glue [-] profiler_otlp.service_name_prefix = None {{(pid=96475) log_opt_values /opt/stack/data/venv/lib/python3.12/site-packages/oslo_config/cfg.py:3253}}
Jul 08 07:57:55.557560 np0000004796 nova-scheduler[96475]: DEBUG cotyledon.oslo_config_glue [-] oslo_messaging_rabbit.amqp_auto_delete = False {{(pid=96475) log_opt_values /opt/stack/data/venv/lib/python3.12/site-packages/oslo_config/cfg.py:3253}}
Jul 08 07:57:55.557560 np0000004796 nova-scheduler[96475]: DEBUG cotyledon.oslo_config_glue [-] oslo_messaging_rabbit.amqp_durable_queues = False {{(pid=96475) log_opt_values /opt/stack/data/venv/lib/python3.12/site-packages/oslo_config/cfg.py:3253}}
Jul 08 07:57:55.557560 np0000004796 nova-scheduler[96475]: DEBUG cotyledon.oslo_config_glue [-] oslo_messaging_rabbit.conn_pool_min_size = 2 {{(pid=96475) log_opt_values /opt/stack/data/venv/lib/python3.12/site-packages/oslo_config/cfg.py:3253}}
Jul 08 07:57:55.557560 np0000004796 nova-scheduler[96475]: DEBUG cotyledon.oslo_config_glue [-] oslo_messaging_rabbit.conn_pool_ttl = 1200 {{(pid=96475) log_opt_values /opt/stack/data/venv/lib/python3.12/site-packages/oslo_config/cfg.py:3253}}
Jul 08 07:57:55.557560 np0000004796 nova-scheduler[96475]: DEBUG cotyledon.oslo_config_glue [-] oslo_messaging_rabbit.direct_mandatory_flag = True {{(pid=96475) log_opt_values /opt/stack/data/venv/lib/python3.12/site-packages/oslo_config/cfg.py:3253}}
Jul 08 07:57:55.557560 np0000004796 nova-scheduler[96475]: DEBUG cotyledon.oslo_config_glue [-] oslo_messaging_rabbit.enable_cancel_on_failover = False {{(pid=96475) log_opt_values /opt/stack/data/venv/lib/python3.12/site-packages/oslo_config/cfg.py:3253}}
Jul 08 07:57:55.557560 np0000004796 nova-scheduler[96475]: DEBUG cotyledon.oslo_config_glue [-] oslo_messaging_rabbit.heartbeat_rate = 3 {{(pid=96475) log_opt_values /opt/stack/data/venv/lib/python3.12/site-packages/oslo_config/cfg.py:3253}}
Jul 08 07:57:55.557560 np0000004796 nova-scheduler[96475]: DEBUG cotyledon.oslo_config_glue [-] oslo_messaging_rabbit.heartbeat_timeout_threshold = 60 {{(pid=96475) log_opt_values /opt/stack/data/venv/lib/python3.12/site-packages/oslo_config/cfg.py:3253}}
Jul 08 07:57:55.557749 np0000004796 nova-scheduler[96475]: DEBUG cotyledon.oslo_config_glue [-] oslo_messaging_rabbit.hostname = np0000004796 {{(pid=96475) log_opt_values /opt/stack/data/venv/lib/python3.12/site-packages/oslo_config/cfg.py:3253}}
Jul 08 07:57:55.557749 np0000004796 nova-scheduler[96475]: DEBUG cotyledon.oslo_config_glue [-] oslo_messaging_rabbit.kombu_compression = None {{(pid=96475) log_opt_values /opt/stack/data/venv/lib/python3.12/site-packages/oslo_config/cfg.py:3253}}
Jul 08 07:57:55.557749 np0000004796 nova-scheduler[96475]: DEBUG cotyledon.oslo_config_glue [-] oslo_messaging_rabbit.kombu_failover_strategy = round-robin {{(pid=96475) log_opt_values /opt/stack/data/venv/lib/python3.12/site-packages/oslo_config/cfg.py:3253}}
Jul 08 07:57:55.557749 np0000004796 nova-scheduler[96475]: DEBUG cotyledon.oslo_config_glue [-] oslo_messaging_rabbit.kombu_missing_consumer_retry_timeout = 60 {{(pid=96475) log_opt_values /opt/stack/data/venv/lib/python3.12/site-packages/oslo_config/cfg.py:3253}}
Jul 08 07:57:55.557749 np0000004796 nova-scheduler[96475]: DEBUG cotyledon.oslo_config_glue [-] oslo_messaging_rabbit.kombu_reconnect_delay = 1.0 {{(pid=96475) log_opt_values /opt/stack/data/venv/lib/python3.12/site-packages/oslo_config/cfg.py:3253}}
Jul 08 07:57:55.557749 np0000004796 nova-scheduler[96475]: DEBUG cotyledon.oslo_config_glue [-] oslo_messaging_rabbit.kombu_reconnect_splay = 0.0 {{(pid=96475) log_opt_values /opt/stack/data/venv/lib/python3.12/site-packages/oslo_config/cfg.py:3253}}
Jul 08 07:57:55.557749 np0000004796 nova-scheduler[96475]: DEBUG cotyledon.oslo_config_glue [-] oslo_messaging_rabbit.processname = nova-scheduler {{(pid=96475) log_opt_values /opt/stack/data/venv/lib/python3.12/site-packages/oslo_config/cfg.py:3253}}
Jul 08 07:57:55.557749 np0000004796 nova-scheduler[96475]: DEBUG cotyledon.oslo_config_glue [-] oslo_messaging_rabbit.rabbit_ha_queues = False {{(pid=96475) log_opt_values /opt/stack/data/venv/lib/python3.12/site-packages/oslo_config/cfg.py:3253}}
Jul 08 07:57:55.557749 np0000004796 nova-scheduler[96475]: DEBUG cotyledon.oslo_config_glue [-] oslo_messaging_rabbit.rabbit_interval_max = 30 {{(pid=96475) log_opt_values /opt/stack/data/venv/lib/python3.12/site-packages/oslo_config/cfg.py:3253}}
Jul 08 07:57:55.558047 np0000004796 nova-scheduler[96475]: DEBUG cotyledon.oslo_config_glue [-] oslo_messaging_rabbit.rabbit_login_method = AMQPLAIN {{(pid=96475) log_opt_values /opt/stack/data/venv/lib/python3.12/site-packages/oslo_config/cfg.py:3253}}
Jul 08 07:57:55.558047 np0000004796 nova-scheduler[96475]: DEBUG cotyledon.oslo_config_glue [-] oslo_messaging_rabbit.rabbit_qos_prefetch_count = 0 {{(pid=96475) log_opt_values /opt/stack/data/venv/lib/python3.12/site-packages/oslo_config/cfg.py:3253}}
Jul 08 07:57:55.558047 np0000004796 nova-scheduler[96475]: DEBUG cotyledon.oslo_config_glue [-] oslo_messaging_rabbit.rabbit_quorum_delivery_limit = 0 {{(pid=96475) log_opt_values /opt/stack/data/venv/lib/python3.12/site-packages/oslo_config/cfg.py:3253}}
Jul 08 07:57:55.558047 np0000004796 nova-scheduler[96475]: DEBUG cotyledon.oslo_config_glue [-] oslo_messaging_rabbit.rabbit_quorum_max_memory_bytes = 0 {{(pid=96475) log_opt_values /opt/stack/data/venv/lib/python3.12/site-packages/oslo_config/cfg.py:3253}}
Jul 08 07:57:55.558047 np0000004796 nova-scheduler[96475]: DEBUG cotyledon.oslo_config_glue [-] oslo_messaging_rabbit.rabbit_quorum_max_memory_length = 0 {{(pid=96475) log_opt_values /opt/stack/data/venv/lib/python3.12/site-packages/oslo_config/cfg.py:3253}}
Jul 08 07:57:55.558047 np0000004796 nova-scheduler[96475]: DEBUG cotyledon.oslo_config_glue [-] oslo_messaging_rabbit.rabbit_quorum_queue = False {{(pid=96475) log_opt_values /opt/stack/data/venv/lib/python3.12/site-packages/oslo_config/cfg.py:3253}}
Jul 08 07:57:55.558047 np0000004796 nova-scheduler[96475]: DEBUG cotyledon.oslo_config_glue [-] oslo_messaging_rabbit.rabbit_retry_backoff = 2 {{(pid=96475) log_opt_values /opt/stack/data/venv/lib/python3.12/site-packages/oslo_config/cfg.py:3253}}
Jul 08 07:57:55.558047 np0000004796 nova-scheduler[96475]: DEBUG cotyledon.oslo_config_glue [-] oslo_messaging_rabbit.rabbit_retry_interval = 1 {{(pid=96475) log_opt_values /opt/stack/data/venv/lib/python3.12/site-packages/oslo_config/cfg.py:3253}}
Jul 08 07:57:55.558047 np0000004796 nova-scheduler[96475]: DEBUG cotyledon.oslo_config_glue [-] oslo_messaging_rabbit.rabbit_stream_fanout = False {{(pid=96475) log_opt_values /opt/stack/data/venv/lib/python3.12/site-packages/oslo_config/cfg.py:3253}}
Jul 08 07:57:55.558290 np0000004796 nova-scheduler[96475]: DEBUG cotyledon.oslo_config_glue [-] oslo_messaging_rabbit.rabbit_transient_queues_ttl = 1800 {{(pid=96475) log_opt_values /opt/stack/data/venv/lib/python3.12/site-packages/oslo_config/cfg.py:3253}}
Jul 08 07:57:55.558290 np0000004796 nova-scheduler[96475]: DEBUG cotyledon.oslo_config_glue [-] oslo_messaging_rabbit.rabbit_transient_quorum_queue = False {{(pid=96475) log_opt_values /opt/stack/data/venv/lib/python3.12/site-packages/oslo_config/cfg.py:3253}}
Jul 08 07:57:55.558290 np0000004796 nova-scheduler[96475]: DEBUG cotyledon.oslo_config_glue [-] oslo_messaging_rabbit.rpc_conn_pool_size = 30 {{(pid=96475) log_opt_values /opt/stack/data/venv/lib/python3.12/site-packages/oslo_config/cfg.py:3253}}
Jul 08 07:57:55.558380 np0000004796 nova-scheduler[96472]: DEBUG oslo_db.sqlalchemy.engines [None req-9104e69e-f7f2-4ebf-aa6a-2d48fd2f5bcc None None] MySQL server mode set to STRICT_TRANS_TABLES,STRICT_ALL_TABLES,NO_ZERO_IN_DATE,NO_ZERO_DATE,ERROR_FOR_DIVISION_BY_ZERO,TRADITIONAL,NO_ENGINE_SUBSTITUTION {{(pid=96472) _check_effective_sql_mode /opt/stack/data/venv/lib/python3.12/site-packages/oslo_db/sqlalchemy/engines.py:325}}
Jul 08 07:57:55.558416 np0000004796 nova-scheduler[96475]: DEBUG cotyledon.oslo_config_glue [-] oslo_messaging_rabbit.ssl = False {{(pid=96475) log_opt_values /opt/stack/data/venv/lib/python3.12/site-packages/oslo_config/cfg.py:3253}}
Jul 08 07:57:55.558416 np0000004796 nova-scheduler[96475]: DEBUG cotyledon.oslo_config_glue [-] oslo_messaging_rabbit.ssl_ca_file = {{(pid=96475) log_opt_values /opt/stack/data/venv/lib/python3.12/site-packages/oslo_config/cfg.py:3253}}
Jul 08 07:57:55.558416 np0000004796 nova-scheduler[96475]: DEBUG cotyledon.oslo_config_glue [-] oslo_messaging_rabbit.ssl_cert_file = {{(pid=96475) log_opt_values /opt/stack/data/venv/lib/python3.12/site-packages/oslo_config/cfg.py:3253}}
Jul 08 07:57:55.558416 np0000004796 nova-scheduler[96475]: DEBUG cotyledon.oslo_config_glue [-] oslo_messaging_rabbit.ssl_enforce_fips_mode = False {{(pid=96475) log_opt_values /opt/stack/data/venv/lib/python3.12/site-packages/oslo_config/cfg.py:3253}}
Jul 08 07:57:55.558416 np0000004796 nova-scheduler[96475]: DEBUG cotyledon.oslo_config_glue [-] oslo_messaging_rabbit.ssl_enforce_hostname_verification = True {{(pid=96475) log_opt_values /opt/stack/data/venv/lib/python3.12/site-packages/oslo_config/cfg.py:3253}}
Jul 08 07:57:55.558416 np0000004796 nova-scheduler[96475]: DEBUG cotyledon.oslo_config_glue [-] oslo_messaging_rabbit.ssl_key_file = {{(pid=96475) log_opt_values /opt/stack/data/venv/lib/python3.12/site-packages/oslo_config/cfg.py:3253}}
Jul 08 07:57:55.558416 np0000004796 nova-scheduler[96475]: DEBUG cotyledon.oslo_config_glue [-] oslo_messaging_rabbit.ssl_version = {{(pid=96475) log_opt_values /opt/stack/data/venv/lib/python3.12/site-packages/oslo_config/cfg.py:3253}}
Jul 08 07:57:55.558416 np0000004796 nova-scheduler[96475]: DEBUG cotyledon.oslo_config_glue [-] oslo_messaging_rabbit.use_queue_manager = False {{(pid=96475) log_opt_values /opt/stack/data/venv/lib/python3.12/site-packages/oslo_config/cfg.py:3253}}
Jul 08 07:57:55.558416 np0000004796 nova-scheduler[96475]: DEBUG cotyledon.oslo_config_glue [-] oslo_messaging_notifications.driver = ['messagingv2'] {{(pid=96475) log_opt_values /opt/stack/data/venv/lib/python3.12/site-packages/oslo_config/cfg.py:3253}}
Jul 08 07:57:55.558644 np0000004796 nova-scheduler[96475]: DEBUG cotyledon.oslo_config_glue [-] oslo_messaging_notifications.retry = -1 {{(pid=96475) log_opt_values /opt/stack/data/venv/lib/python3.12/site-packages/oslo_config/cfg.py:3253}}
Jul 08 07:57:55.558644 np0000004796 nova-scheduler[96475]: DEBUG cotyledon.oslo_config_glue [-] oslo_messaging_notifications.topics = ['notifications'] {{(pid=96475) log_opt_values /opt/stack/data/venv/lib/python3.12/site-packages/oslo_config/cfg.py:3253}}
Jul 08 07:57:55.558644 np0000004796 nova-scheduler[96475]: DEBUG cotyledon.oslo_config_glue [-] oslo_messaging_notifications.transport_url = **** {{(pid=96475) log_opt_values /opt/stack/data/venv/lib/python3.12/site-packages/oslo_config/cfg.py:3253}}
Jul 08 07:57:55.558644 np0000004796 nova-scheduler[96475]: DEBUG cotyledon.oslo_config_glue [-] oslo_limit.auth_section = None {{(pid=96475) log_opt_values /opt/stack/data/venv/lib/python3.12/site-packages/oslo_config/cfg.py:3253}}
Jul 08 07:57:55.558644 np0000004796 nova-scheduler[96475]: DEBUG cotyledon.oslo_config_glue [-] oslo_limit.auth_type = None {{(pid=96475) log_opt_values /opt/stack/data/venv/lib/python3.12/site-packages/oslo_config/cfg.py:3253}}
Jul 08 07:57:55.558644 np0000004796 nova-scheduler[96475]: DEBUG cotyledon.oslo_config_glue [-] oslo_limit.cafile = None {{(pid=96475) log_opt_values /opt/stack/data/venv/lib/python3.12/site-packages/oslo_config/cfg.py:3253}}
Jul 08 07:57:55.558644 np0000004796 nova-scheduler[96475]: DEBUG cotyledon.oslo_config_glue [-] oslo_limit.certfile = None {{(pid=96475) log_opt_values /opt/stack/data/venv/lib/python3.12/site-packages/oslo_config/cfg.py:3253}}
Jul 08 07:57:55.558644 np0000004796 nova-scheduler[96475]: DEBUG cotyledon.oslo_config_glue [-] oslo_limit.collect_timing = False {{(pid=96475) log_opt_values /opt/stack/data/venv/lib/python3.12/site-packages/oslo_config/cfg.py:3253}}
Jul 08 07:57:55.558644 np0000004796 nova-scheduler[96475]: DEBUG cotyledon.oslo_config_glue [-] oslo_limit.connect_retries = None {{(pid=96475) log_opt_values /opt/stack/data/venv/lib/python3.12/site-packages/oslo_config/cfg.py:3253}}
Jul 08 07:57:55.558834 np0000004796 nova-scheduler[96475]: DEBUG cotyledon.oslo_config_glue [-] oslo_limit.connect_retry_delay = None {{(pid=96475) log_opt_values /opt/stack/data/venv/lib/python3.12/site-packages/oslo_config/cfg.py:3253}}
Jul 08 07:57:55.558834 np0000004796 nova-scheduler[96475]: DEBUG cotyledon.oslo_config_glue [-] oslo_limit.endpoint_id = None {{(pid=96475) log_opt_values /opt/stack/data/venv/lib/python3.12/site-packages/oslo_config/cfg.py:3253}}
Jul 08 07:57:55.558834 np0000004796 nova-scheduler[96475]: DEBUG cotyledon.oslo_config_glue [-] oslo_limit.endpoint_interface = public {{(pid=96475) log_opt_values /opt/stack/data/venv/lib/python3.12/site-packages/oslo_config/cfg.py:3253}}
Jul 08 07:57:55.558834 np0000004796 nova-scheduler[96475]: DEBUG cotyledon.oslo_config_glue [-] oslo_limit.endpoint_override = None {{(pid=96475) log_opt_values /opt/stack/data/venv/lib/python3.12/site-packages/oslo_config/cfg.py:3253}}
Jul 08 07:57:55.558834 np0000004796 nova-scheduler[96475]: DEBUG cotyledon.oslo_config_glue [-] oslo_limit.endpoint_region_name = None {{(pid=96475) log_opt_values /opt/stack/data/venv/lib/python3.12/site-packages/oslo_config/cfg.py:3253}}
Jul 08 07:57:55.558834 np0000004796 nova-scheduler[96475]: DEBUG cotyledon.oslo_config_glue [-] oslo_limit.endpoint_service_name = None {{(pid=96475) log_opt_values /opt/stack/data/venv/lib/python3.12/site-packages/oslo_config/cfg.py:3253}}
Jul 08 07:57:55.558834 np0000004796 nova-scheduler[96475]: DEBUG cotyledon.oslo_config_glue [-] oslo_limit.endpoint_service_type = None {{(pid=96475) log_opt_values /opt/stack/data/venv/lib/python3.12/site-packages/oslo_config/cfg.py:3253}}
Jul 08 07:57:55.558834 np0000004796 nova-scheduler[96475]: DEBUG cotyledon.oslo_config_glue [-] oslo_limit.insecure = False {{(pid=96475) log_opt_values /opt/stack/data/venv/lib/python3.12/site-packages/oslo_config/cfg.py:3253}}
Jul 08 07:57:55.558834 np0000004796 nova-scheduler[96475]: DEBUG cotyledon.oslo_config_glue [-] oslo_limit.keyfile = None {{(pid=96475) log_opt_values /opt/stack/data/venv/lib/python3.12/site-packages/oslo_config/cfg.py:3253}}
Jul 08 07:57:55.559145 np0000004796 nova-scheduler[96475]: DEBUG cotyledon.oslo_config_glue [-] oslo_limit.max_version = None {{(pid=96475) log_opt_values /opt/stack/data/venv/lib/python3.12/site-packages/oslo_config/cfg.py:3253}}
Jul 08 07:57:55.559145 np0000004796 nova-scheduler[96475]: DEBUG cotyledon.oslo_config_glue [-] oslo_limit.min_version = None {{(pid=96475) log_opt_values /opt/stack/data/venv/lib/python3.12/site-packages/oslo_config/cfg.py:3253}}
Jul 08 07:57:55.559145 np0000004796 nova-scheduler[96475]: DEBUG cotyledon.oslo_config_glue [-] oslo_limit.region_name = None {{(pid=96475) log_opt_values /opt/stack/data/venv/lib/python3.12/site-packages/oslo_config/cfg.py:3253}}
Jul 08 07:57:55.559145 np0000004796 nova-scheduler[96475]: DEBUG cotyledon.oslo_config_glue [-] oslo_limit.retriable_status_codes = None {{(pid=96475) log_opt_values /opt/stack/data/venv/lib/python3.12/site-packages/oslo_config/cfg.py:3253}}
Jul 08 07:57:55.559145 np0000004796 nova-scheduler[96475]: DEBUG cotyledon.oslo_config_glue [-] oslo_limit.service_name = None {{(pid=96475) log_opt_values /opt/stack/data/venv/lib/python3.12/site-packages/oslo_config/cfg.py:3253}}
Jul 08 07:57:55.559145 np0000004796 nova-scheduler[96475]: DEBUG cotyledon.oslo_config_glue [-] oslo_limit.service_type = None {{(pid=96475) log_opt_values /opt/stack/data/venv/lib/python3.12/site-packages/oslo_config/cfg.py:3253}}
Jul 08 07:57:55.559145 np0000004796 nova-scheduler[96475]: DEBUG cotyledon.oslo_config_glue [-] oslo_limit.split_loggers = False {{(pid=96475) log_opt_values /opt/stack/data/venv/lib/python3.12/site-packages/oslo_config/cfg.py:3253}}
Jul 08 07:57:55.559145 np0000004796 nova-scheduler[96475]: DEBUG cotyledon.oslo_config_glue [-] oslo_limit.status_code_retries = None {{(pid=96475) log_opt_values /opt/stack/data/venv/lib/python3.12/site-packages/oslo_config/cfg.py:3253}}
Jul 08 07:57:55.559145 np0000004796 nova-scheduler[96475]: DEBUG cotyledon.oslo_config_glue [-] oslo_limit.status_code_retry_delay = None {{(pid=96475) log_opt_values /opt/stack/data/venv/lib/python3.12/site-packages/oslo_config/cfg.py:3253}}
Jul 08 07:57:55.559469 np0000004796 nova-scheduler[96475]: DEBUG cotyledon.oslo_config_glue [-] oslo_limit.timeout = None {{(pid=96475) log_opt_values /opt/stack/data/venv/lib/python3.12/site-packages/oslo_config/cfg.py:3253}}
Jul 08 07:57:55.559469 np0000004796 nova-scheduler[96475]: DEBUG cotyledon.oslo_config_glue [-] oslo_limit.valid_interfaces = None {{(pid=96475) log_opt_values /opt/stack/data/venv/lib/python3.12/site-packages/oslo_config/cfg.py:3253}}
Jul 08 07:57:55.559469 np0000004796 nova-scheduler[96475]: DEBUG cotyledon.oslo_config_glue [-] oslo_limit.version = None {{(pid=96475) log_opt_values /opt/stack/data/venv/lib/python3.12/site-packages/oslo_config/cfg.py:3253}}
Jul 08 07:57:55.559469 np0000004796 nova-scheduler[96475]: DEBUG cotyledon.oslo_config_glue [-] oslo_reports.file_event_handler = None {{(pid=96475) log_opt_values /opt/stack/data/venv/lib/python3.12/site-packages/oslo_config/cfg.py:3253}}
Jul 08 07:57:55.559469 np0000004796 nova-scheduler[96475]: DEBUG cotyledon.oslo_config_glue [-] oslo_reports.file_event_handler_interval = 1 {{(pid=96475) log_opt_values /opt/stack/data/venv/lib/python3.12/site-packages/oslo_config/cfg.py:3253}}
Jul 08 07:57:55.559469 np0000004796 nova-scheduler[96475]: DEBUG cotyledon.oslo_config_glue [-] oslo_reports.log_dir = None {{(pid=96475) log_opt_values /opt/stack/data/venv/lib/python3.12/site-packages/oslo_config/cfg.py:3253}}
Jul 08 07:57:55.559469 np0000004796 nova-scheduler[96475]: DEBUG cotyledon.oslo_config_glue [-] ******************************************************************************** {{(pid=96475) log_opt_values /opt/stack/data/venv/lib/python3.12/site-packages/oslo_config/cfg.py:3260}}
Jul 08 07:57:55.559469 np0000004796 nova-scheduler[96475]: DEBUG cotyledon._service_worker [-] Run service ServiceWrapper(3) [96475] {{(pid=96475) wait_forever /opt/stack/data/venv/lib/python3.12/site-packages/cotyledon/_service_worker.py:218}}
Jul 08 07:57:55.559469 np0000004796 nova-scheduler[96475]: INFO nova.service [-] Starting scheduler node (version 33.1.0)
Jul 08 07:57:55.559783 np0000004796 nova-scheduler[96464]: DEBUG oslo_db.sqlalchemy.engines [None req-d3f3fb6d-d4e4-4491-9191-51f0eb617a3e None None] MySQL server mode set to STRICT_TRANS_TABLES,STRICT_ALL_TABLES,NO_ZERO_IN_DATE,NO_ZERO_DATE,ERROR_FOR_DIVISION_BY_ZERO,TRADITIONAL,NO_ENGINE_SUBSTITUTION {{(pid=96464) _check_effective_sql_mode /opt/stack/data/venv/lib/python3.12/site-packages/oslo_db/sqlalchemy/engines.py:325}}
Jul 08 07:57:55.559819 np0000004796 nova-scheduler[96475]: INFO dbcounter [None req-5d6e8e23-80f9-4a9d-80af-787df9d053aa None None] Registered counter for database nova_cell0
Jul 08 07:57:55.559842 np0000004796 nova-scheduler[96472]: DEBUG dbcounter [-] [96472] Writer thread running {{(pid=96472) stat_writer /opt/stack/data/venv/lib/python3.12/site-packages/dbcounter.py:102}}
Jul 08 07:57:55.559879 np0000004796 nova-scheduler[96466]: DEBUG oslo_db.sqlalchemy.engines [None req-4acfc595-635e-4bdd-bbee-316eb957eb40 None None] MySQL server mode set to STRICT_TRANS_TABLES,STRICT_ALL_TABLES,NO_ZERO_IN_DATE,NO_ZERO_DATE,ERROR_FOR_DIVISION_BY_ZERO,TRADITIONAL,NO_ENGINE_SUBSTITUTION {{(pid=96466) _check_effective_sql_mode /opt/stack/data/venv/lib/python3.12/site-packages/oslo_db/sqlalchemy/engines.py:325}}
Jul 08 07:57:55.564434 np0000004796 nova-scheduler[96464]: DEBUG dbcounter [-] [96464] Writer thread running {{(pid=96464) stat_writer /opt/stack/data/venv/lib/python3.12/site-packages/dbcounter.py:102}}
Jul 08 07:57:55.566134 np0000004796 nova-scheduler[96466]: DEBUG dbcounter [-] [96466] Writer thread running {{(pid=96466) stat_writer /opt/stack/data/venv/lib/python3.12/site-packages/dbcounter.py:102}}
Jul 08 07:57:55.580029 np0000004796 nova-scheduler[96472]: DEBUG nova.service [None req-9104e69e-f7f2-4ebf-aa6a-2d48fd2f5bcc None None] Creating RPC server for service: nova-scheduler on topic: scheduler {{(pid=96472) start /opt/stack/nova/nova/service.py:196}}
Jul 08 07:57:55.588692 np0000004796 nova-scheduler[96466]: DEBUG nova.service [None req-4acfc595-635e-4bdd-bbee-316eb957eb40 None None] Creating RPC server for service: nova-scheduler on topic: scheduler {{(pid=96466) start /opt/stack/nova/nova/service.py:196}}
Jul 08 07:57:55.590730 np0000004796 nova-scheduler[96464]: DEBUG nova.service [None req-d3f3fb6d-d4e4-4491-9191-51f0eb617a3e None None] Creating RPC server for service: nova-scheduler on topic: scheduler {{(pid=96464) start /opt/stack/nova/nova/service.py:196}}
Jul 08 07:57:55.600596 np0000004796 nova-scheduler[96475]: DEBUG oslo_db.sqlalchemy.engines [None req-5d6e8e23-80f9-4a9d-80af-787df9d053aa None None] MySQL server mode set to STRICT_TRANS_TABLES,STRICT_ALL_TABLES,NO_ZERO_IN_DATE,NO_ZERO_DATE,ERROR_FOR_DIVISION_BY_ZERO,TRADITIONAL,NO_ENGINE_SUBSTITUTION {{(pid=96475) _check_effective_sql_mode /opt/stack/data/venv/lib/python3.12/site-packages/oslo_db/sqlalchemy/engines.py:325}}
Jul 08 07:57:55.612545 np0000004796 nova-scheduler[96475]: DEBUG dbcounter [-] [96475] Writer thread running {{(pid=96475) stat_writer /opt/stack/data/venv/lib/python3.12/site-packages/dbcounter.py:102}}
Jul 08 07:57:55.616683 np0000004796 nova-scheduler[96475]: DEBUG nova.service [None req-5d6e8e23-80f9-4a9d-80af-787df9d053aa None None] Creating RPC server for service: nova-scheduler on topic: scheduler {{(pid=96475) start /opt/stack/nova/nova/service.py:196}}
Jul 08 07:57:55.618117 np0000004796 nova-scheduler[96466]: DEBUG nova.service [None req-4acfc595-635e-4bdd-bbee-316eb957eb40 None None] Join ServiceGroup membership for this service scheduler {{(pid=96466) start /opt/stack/nova/nova/service.py:222}}
Jul 08 07:57:55.618117 np0000004796 nova-scheduler[96466]: DEBUG nova.servicegroup.drivers.db [None req-4acfc595-635e-4bdd-bbee-316eb957eb40 None None] DB_Driver: join new ServiceGroup member np0000004796 to the scheduler group, service = {{(pid=96466) join /opt/stack/nova/nova/servicegroup/drivers/db.py:44}}
Jul 08 07:57:55.618764 np0000004796 nova-scheduler[96472]: DEBUG nova.service [None req-9104e69e-f7f2-4ebf-aa6a-2d48fd2f5bcc None None] Join ServiceGroup membership for this service scheduler {{(pid=96472) start /opt/stack/nova/nova/service.py:222}}
Jul 08 07:57:55.619170 np0000004796 nova-scheduler[96472]: DEBUG nova.servicegroup.drivers.db [None req-9104e69e-f7f2-4ebf-aa6a-2d48fd2f5bcc None None] DB_Driver: join new ServiceGroup member np0000004796 to the scheduler group, service = {{(pid=96472) join /opt/stack/nova/nova/servicegroup/drivers/db.py:44}}
Jul 08 07:57:55.622042 np0000004796 nova-scheduler[96464]: DEBUG nova.service [None req-d3f3fb6d-d4e4-4491-9191-51f0eb617a3e None None] Join ServiceGroup membership for this service scheduler {{(pid=96464) start /opt/stack/nova/nova/service.py:222}}
Jul 08 07:57:55.622253 np0000004796 nova-scheduler[96464]: DEBUG nova.servicegroup.drivers.db [None req-d3f3fb6d-d4e4-4491-9191-51f0eb617a3e None None] DB_Driver: join new ServiceGroup member np0000004796 to the scheduler group, service = {{(pid=96464) join /opt/stack/nova/nova/servicegroup/drivers/db.py:44}}
Jul 08 07:57:55.637020 np0000004796 nova-scheduler[96475]: DEBUG nova.service [None req-5d6e8e23-80f9-4a9d-80af-787df9d053aa None None] Join ServiceGroup membership for this service scheduler {{(pid=96475) start /opt/stack/nova/nova/service.py:222}}
Jul 08 07:57:55.637222 np0000004796 nova-scheduler[96475]: DEBUG nova.servicegroup.drivers.db [None req-5d6e8e23-80f9-4a9d-80af-787df9d053aa None None] DB_Driver: join new ServiceGroup member np0000004796 to the scheduler group, service = {{(pid=96475) join /opt/stack/nova/nova/servicegroup/drivers/db.py:44}}
Jul 08 07:58:00.634510 np0000004796 nova-scheduler[96466]: DEBUG oslo.service.backend._threading.loopingcall [-] Fixed interval looping call 'nova.servicegroup.drivers.db.DbDriver._report_state' sleeping for 119.99 seconds {{(pid=96466) _run_loop /opt/stack/data/venv/lib/python3.12/site-packages/oslo_service/backend/_threading/loopingcall.py:125}}
Jul 08 07:58:00.635567 np0000004796 nova-scheduler[96472]: DEBUG oslo.service.backend._threading.loopingcall [-] Fixed interval looping call 'nova.servicegroup.drivers.db.DbDriver._report_state' sleeping for 119.99 seconds {{(pid=96472) _run_loop /opt/stack/data/venv/lib/python3.12/site-packages/oslo_service/backend/_threading/loopingcall.py:125}}
Jul 08 07:58:00.636367 np0000004796 nova-scheduler[96464]: DEBUG oslo.service.backend._threading.loopingcall [-] Fixed interval looping call 'nova.servicegroup.drivers.db.DbDriver._report_state' sleeping for 119.99 seconds {{(pid=96464) _run_loop /opt/stack/data/venv/lib/python3.12/site-packages/oslo_service/backend/_threading/loopingcall.py:125}}
Jul 08 07:58:00.651100 np0000004796 nova-scheduler[96475]: DEBUG oslo.service.backend._threading.loopingcall [-] Fixed interval looping call 'nova.servicegroup.drivers.db.DbDriver._report_state' sleeping for 119.99 seconds {{(pid=96475) _run_loop /opt/stack/data/venv/lib/python3.12/site-packages/oslo_service/backend/_threading/loopingcall.py:125}}
Jul 08 07:58:04.049752 np0000004796 nova-scheduler[95275]: DEBUG dbcounter [-] [95275] Writing DB stats nova_api:SELECT=3 {{(pid=95275) stat_writer /opt/stack/data/venv/lib/python3.12/site-packages/dbcounter.py:115}}
Jul 08 07:58:04.219348 np0000004796 nova-scheduler[95275]: DEBUG dbcounter [-] [95275] Writing DB stats nova_cell1:SELECT=1 {{(pid=95275) stat_writer /opt/stack/data/venv/lib/python3.12/site-packages/dbcounter.py:115}}
Jul 08 07:58:04.223658 np0000004796 nova-scheduler[95275]: DEBUG dbcounter [-] [95275] Writing DB stats nova_cell0:SELECT=1 {{(pid=95275) stat_writer /opt/stack/data/venv/lib/python3.12/site-packages/dbcounter.py:115}}
Jul 08 07:58:10.629636 np0000004796 nova-scheduler[96466]: DEBUG dbcounter [-] [96466] Writing DB stats nova_cell0:SELECT=5,nova_cell0:INSERT=1,nova_cell0:UPDATE=1 {{(pid=96466) stat_writer /opt/stack/data/venv/lib/python3.12/site-packages/dbcounter.py:115}}
Jul 08 07:58:10.631873 np0000004796 nova-scheduler[96472]: DEBUG dbcounter [-] [96472] Writing DB stats nova_cell0:SELECT=4,nova_cell0:INSERT=1,nova_cell0:UPDATE=1 {{(pid=96472) stat_writer /opt/stack/data/venv/lib/python3.12/site-packages/dbcounter.py:115}}
Jul 08 07:58:10.632846 np0000004796 nova-scheduler[96464]: DEBUG dbcounter [-] [96464] Writing DB stats nova_cell0:SELECT=5,nova_cell0:INSERT=1,nova_cell0:UPDATE=1 {{(pid=96464) stat_writer /opt/stack/data/venv/lib/python3.12/site-packages/dbcounter.py:115}}
Jul 08 07:58:10.646817 np0000004796 nova-scheduler[96475]: DEBUG dbcounter [-] [96475] Writing DB stats nova_cell0:SELECT=3 {{(pid=96475) stat_writer /opt/stack/data/venv/lib/python3.12/site-packages/dbcounter.py:115}}
Jul 08 07:58:18.620508 np0000004796 nova-scheduler[96466]: DEBUG oslo.service.backend._threading.loopingcall [None req-c5560b7b-2b1c-4c64-bd1a-cc40063a7907 None None] Dynamic interval looping call 'nova.service.Service.periodic_tasks' sleeping for 60.00 seconds {{(pid=96466) _run_loop /opt/stack/data/venv/lib/python3.12/site-packages/oslo_service/backend/_threading/loopingcall.py:125}}
Jul 08 07:58:18.622131 np0000004796 nova-scheduler[96472]: DEBUG oslo.service.backend._threading.loopingcall [None req-cf8bdee4-8c03-4dda-805c-6b069ff4f94d None None] Dynamic interval looping call 'nova.service.Service.periodic_tasks' sleeping for 60.00 seconds {{(pid=96472) _run_loop /opt/stack/data/venv/lib/python3.12/site-packages/oslo_service/backend/_threading/loopingcall.py:125}}
Jul 08 07:58:34.624207 np0000004796 nova-scheduler[96464]: DEBUG oslo.service.backend._threading.loopingcall [None req-e0b016fd-e766-475b-9d0b-d37a9b62726c None None] Dynamic interval looping call 'nova.service.Service.periodic_tasks' sleeping for 60.00 seconds {{(pid=96464) _run_loop /opt/stack/data/venv/lib/python3.12/site-packages/oslo_service/backend/_threading/loopingcall.py:125}}
Jul 08 07:58:51.639366 np0000004796 nova-scheduler[96475]: DEBUG oslo.service.backend._threading.loopingcall [None req-f514a438-02d2-48ab-bf02-57236194bbfe None None] Dynamic interval looping call 'nova.service.Service.periodic_tasks' sleeping for 60.00 seconds {{(pid=96475) _run_loop /opt/stack/data/venv/lib/python3.12/site-packages/oslo_service/backend/_threading/loopingcall.py:125}}
Jul 08 07:59:18.620983 np0000004796 nova-scheduler[96466]: DEBUG oslo.service.backend._threading.loopingcall [None req-c5560b7b-2b1c-4c64-bd1a-cc40063a7907 None None] Dynamic interval looping call 'nova.service.Service.periodic_tasks' sleeping for 60.00 seconds {{(pid=96466) _run_loop /opt/stack/data/venv/lib/python3.12/site-packages/oslo_service/backend/_threading/loopingcall.py:125}}
Jul 08 07:59:18.622644 np0000004796 nova-scheduler[96472]: DEBUG oslo.service.backend._threading.loopingcall [None req-cf8bdee4-8c03-4dda-805c-6b069ff4f94d None None] Dynamic interval looping call 'nova.service.Service.periodic_tasks' sleeping for 60.00 seconds {{(pid=96472) _run_loop /opt/stack/data/venv/lib/python3.12/site-packages/oslo_service/backend/_threading/loopingcall.py:125}}
Jul 08 07:59:34.624740 np0000004796 nova-scheduler[96464]: DEBUG oslo.service.backend._threading.loopingcall [None req-e0b016fd-e766-475b-9d0b-d37a9b62726c None None] Dynamic interval looping call 'nova.service.Service.periodic_tasks' sleeping for 60.00 seconds {{(pid=96464) _run_loop /opt/stack/data/venv/lib/python3.12/site-packages/oslo_service/backend/_threading/loopingcall.py:125}}
Jul 08 07:59:51.639869 np0000004796 nova-scheduler[96475]: DEBUG oslo.service.backend._threading.loopingcall [None req-f514a438-02d2-48ab-bf02-57236194bbfe None None] Dynamic interval looping call 'nova.service.Service.periodic_tasks' sleeping for 60.00 seconds {{(pid=96475) _run_loop /opt/stack/data/venv/lib/python3.12/site-packages/oslo_service/backend/_threading/loopingcall.py:125}}
Jul 08 08:00:00.638081 np0000004796 nova-scheduler[96472]: DEBUG oslo.service.backend._threading.loopingcall [-] Fixed interval looping call 'nova.servicegroup.drivers.db.DbDriver._report_state' sleeping for 119.99 seconds {{(pid=96472) _run_loop /opt/stack/data/venv/lib/python3.12/site-packages/oslo_service/backend/_threading/loopingcall.py:125}}
Jul 08 08:00:00.638599 np0000004796 nova-scheduler[96464]: DEBUG oslo.service.backend._threading.loopingcall [-] Fixed interval looping call 'nova.servicegroup.drivers.db.DbDriver._report_state' sleeping for 119.99 seconds {{(pid=96464) _run_loop /opt/stack/data/venv/lib/python3.12/site-packages/oslo_service/backend/_threading/loopingcall.py:125}}
Jul 08 08:00:00.638877 np0000004796 nova-scheduler[96466]: DEBUG oslo.service.backend._threading.loopingcall [-] Fixed interval looping call 'nova.servicegroup.drivers.db.DbDriver._report_state' sleeping for 119.99 seconds {{(pid=96466) _run_loop /opt/stack/data/venv/lib/python3.12/site-packages/oslo_service/backend/_threading/loopingcall.py:125}}
Jul 08 08:00:00.647903 np0000004796 nova-scheduler[96475]: DEBUG oslo.service.backend._threading.loopingcall [-] Fixed interval looping call 'nova.servicegroup.drivers.db.DbDriver._report_state' sleeping for 119.99 seconds {{(pid=96475) _run_loop /opt/stack/data/venv/lib/python3.12/site-packages/oslo_service/backend/_threading/loopingcall.py:125}}
Jul 08 08:00:10.629771 np0000004796 nova-scheduler[96472]: DEBUG dbcounter [-] [96472] Writing DB stats nova_cell0:SELECT=1,nova_cell0:UPDATE=1 {{(pid=96472) stat_writer /opt/stack/data/venv/lib/python3.12/site-packages/dbcounter.py:115}}
Jul 08 08:00:10.630232 np0000004796 nova-scheduler[96464]: DEBUG dbcounter [-] [96464] Writing DB stats nova_cell0:SELECT=1,nova_cell0:UPDATE=1 {{(pid=96464) stat_writer /opt/stack/data/venv/lib/python3.12/site-packages/dbcounter.py:115}}
Jul 08 08:00:10.630516 np0000004796 nova-scheduler[96466]: DEBUG dbcounter [-] [96466] Writing DB stats nova_cell0:SELECT=1,nova_cell0:UPDATE=1 {{(pid=96466) stat_writer /opt/stack/data/venv/lib/python3.12/site-packages/dbcounter.py:115}}
Jul 08 08:00:10.643582 np0000004796 nova-scheduler[96475]: DEBUG dbcounter [-] [96475] Writing DB stats nova_cell0:SELECT=1 {{(pid=96475) stat_writer /opt/stack/data/venv/lib/python3.12/site-packages/dbcounter.py:115}}
Jul 08 08:00:14.262413 np0000004796 nova-scheduler[96472]: DEBUG nova.scheduler.manager [None req-d8c6349b-be59-4440-8e45-fbc2f8df7371 tempest-DeleteServersTestJSON-554367974 tempest-DeleteServersTestJSON-554367974-project-member] Starting to schedule for instances: ['9192292e-00f5-4a2d-b81c-9a7a8e5599c7'] {{(pid=96472) select_destinations /opt/stack/nova/nova/scheduler/manager.py:209}}
Jul 08 08:00:14.262878 np0000004796 nova-scheduler[96472]: DEBUG nova.scheduler.request_filter [None req-d8c6349b-be59-4440-8e45-fbc2f8df7371 tempest-DeleteServersTestJSON-554367974 tempest-DeleteServersTestJSON-554367974-project-member] compute_status_filter request filter added forbidden trait COMPUTE_STATUS_DISABLED {{(pid=96472) compute_status_filter /opt/stack/nova/nova/scheduler/request_filter.py:253}}
Jul 08 08:00:14.262932 np0000004796 nova-scheduler[96472]: DEBUG nova.scheduler.request_filter [None req-d8c6349b-be59-4440-8e45-fbc2f8df7371 tempest-DeleteServersTestJSON-554367974 tempest-DeleteServersTestJSON-554367974-project-member] Request filter 'compute_status_filter' took 0.0 seconds {{(pid=96472) wrapper /opt/stack/nova/nova/scheduler/request_filter.py:46}}
Jul 08 08:00:14.263221 np0000004796 nova-scheduler[96472]: DEBUG nova.scheduler.request_filter [None req-d8c6349b-be59-4440-8e45-fbc2f8df7371 tempest-DeleteServersTestJSON-554367974 tempest-DeleteServersTestJSON-554367974-project-member] Request filter 'accelerators_filter' took 0.0 seconds {{(pid=96472) wrapper /opt/stack/nova/nova/scheduler/request_filter.py:46}}
Jul 08 08:00:14.263597 np0000004796 nova-scheduler[96472]: DEBUG nova.scheduler.request_filter [None req-d8c6349b-be59-4440-8e45-fbc2f8df7371 tempest-DeleteServersTestJSON-554367974 tempest-DeleteServersTestJSON-554367974-project-member] Request filter 'packed_virtqueue_filter' took 0.0 seconds {{(pid=96472) wrapper /opt/stack/nova/nova/scheduler/request_filter.py:46}}
Jul 08 08:00:14.263882 np0000004796 nova-scheduler[96472]: DEBUG nova.scheduler.request_filter [None req-d8c6349b-be59-4440-8e45-fbc2f8df7371 tempest-DeleteServersTestJSON-554367974 tempest-DeleteServersTestJSON-554367974-project-member] Request filter 'remote_managed_ports_filter' took 0.0 seconds {{(pid=96472) wrapper /opt/stack/nova/nova/scheduler/request_filter.py:46}}
Jul 08 08:00:14.264657 np0000004796 nova-scheduler[96472]: DEBUG nova.scheduler.request_filter [None req-d8c6349b-be59-4440-8e45-fbc2f8df7371 tempest-DeleteServersTestJSON-554367974 tempest-DeleteServersTestJSON-554367974-project-member] ephemeral_encryption_filter skipped {{(pid=96472) ephemeral_encryption_filter /opt/stack/nova/nova/scheduler/request_filter.py:426}}
Jul 08 08:00:14.264657 np0000004796 nova-scheduler[96472]: DEBUG nova.scheduler.request_filter [None req-d8c6349b-be59-4440-8e45-fbc2f8df7371 tempest-DeleteServersTestJSON-554367974 tempest-DeleteServersTestJSON-554367974-project-member] virtio_sound_filter skipped {{(pid=96472) virtio_sound_filter /opt/stack/nova/nova/scheduler/request_filter.py:460}}
Jul 08 08:00:14.264657 np0000004796 nova-scheduler[96472]: DEBUG nova.scheduler.request_filter [None req-d8c6349b-be59-4440-8e45-fbc2f8df7371 tempest-DeleteServersTestJSON-554367974 tempest-DeleteServersTestJSON-554367974-project-member] tpm_secret_security_filter skipped {{(pid=96472) tpm_secret_security_filter /opt/stack/nova/nova/scheduler/request_filter.py:477}}
Jul 08 08:00:14.767319 np0000004796 nova-scheduler[96466]: DEBUG nova.scheduler.manager [None req-43fdd84c-2a21-4a8a-a1f9-d2367b2ab434 tempest-ServerActionsTestOtherA-958615050 tempest-ServerActionsTestOtherA-958615050-project-member] Starting to schedule for instances: ['f603ccdb-6c44-48b9-b386-075c7f576766'] {{(pid=96466) select_destinations /opt/stack/nova/nova/scheduler/manager.py:209}}
Jul 08 08:00:14.768729 np0000004796 nova-scheduler[96466]: DEBUG nova.scheduler.request_filter [None req-43fdd84c-2a21-4a8a-a1f9-d2367b2ab434 tempest-ServerActionsTestOtherA-958615050 tempest-ServerActionsTestOtherA-958615050-project-member] compute_status_filter request filter added forbidden trait COMPUTE_STATUS_DISABLED {{(pid=96466) compute_status_filter /opt/stack/nova/nova/scheduler/request_filter.py:253}}
Jul 08 08:00:14.768897 np0000004796 nova-scheduler[96466]: DEBUG nova.scheduler.request_filter [None req-43fdd84c-2a21-4a8a-a1f9-d2367b2ab434 tempest-ServerActionsTestOtherA-958615050 tempest-ServerActionsTestOtherA-958615050-project-member] Request filter 'compute_status_filter' took 0.0 seconds {{(pid=96466) wrapper /opt/stack/nova/nova/scheduler/request_filter.py:46}}
Jul 08 08:00:14.769179 np0000004796 nova-scheduler[96466]: DEBUG nova.scheduler.request_filter [None req-43fdd84c-2a21-4a8a-a1f9-d2367b2ab434 tempest-ServerActionsTestOtherA-958615050 tempest-ServerActionsTestOtherA-958615050-project-member] Request filter 'accelerators_filter' took 0.0 seconds {{(pid=96466) wrapper /opt/stack/nova/nova/scheduler/request_filter.py:46}}
Jul 08 08:00:14.769474 np0000004796 nova-scheduler[96466]: DEBUG nova.scheduler.request_filter [None req-43fdd84c-2a21-4a8a-a1f9-d2367b2ab434 tempest-ServerActionsTestOtherA-958615050 tempest-ServerActionsTestOtherA-958615050-project-member] Request filter 'packed_virtqueue_filter' took 0.0 seconds {{(pid=96466) wrapper /opt/stack/nova/nova/scheduler/request_filter.py:46}}
Jul 08 08:00:14.769865 np0000004796 nova-scheduler[96466]: DEBUG nova.scheduler.request_filter [None req-43fdd84c-2a21-4a8a-a1f9-d2367b2ab434 tempest-ServerActionsTestOtherA-958615050 tempest-ServerActionsTestOtherA-958615050-project-member] Request filter 'remote_managed_ports_filter' took 0.0 seconds {{(pid=96466) wrapper /opt/stack/nova/nova/scheduler/request_filter.py:46}}
Jul 08 08:00:14.770084 np0000004796 nova-scheduler[96466]: DEBUG nova.scheduler.request_filter [None req-43fdd84c-2a21-4a8a-a1f9-d2367b2ab434 tempest-ServerActionsTestOtherA-958615050 tempest-ServerActionsTestOtherA-958615050-project-member] ephemeral_encryption_filter skipped {{(pid=96466) ephemeral_encryption_filter /opt/stack/nova/nova/scheduler/request_filter.py:426}}
Jul 08 08:00:14.770333 np0000004796 nova-scheduler[96466]: DEBUG nova.scheduler.request_filter [None req-43fdd84c-2a21-4a8a-a1f9-d2367b2ab434 tempest-ServerActionsTestOtherA-958615050 tempest-ServerActionsTestOtherA-958615050-project-member] virtio_sound_filter skipped {{(pid=96466) virtio_sound_filter /opt/stack/nova/nova/scheduler/request_filter.py:460}}
Jul 08 08:00:14.770487 np0000004796 nova-scheduler[96466]: DEBUG nova.scheduler.request_filter [None req-43fdd84c-2a21-4a8a-a1f9-d2367b2ab434 tempest-ServerActionsTestOtherA-958615050 tempest-ServerActionsTestOtherA-958615050-project-member] tpm_secret_security_filter skipped {{(pid=96466) tpm_secret_security_filter /opt/stack/nova/nova/scheduler/request_filter.py:477}}
Jul 08 08:00:14.800597 np0000004796 nova-scheduler[96464]: DEBUG nova.scheduler.manager [None req-2ad8d70e-89a6-4326-ad0b-b6935e94beb6 tempest-ImageDependencyTests-306211631 tempest-ImageDependencyTests-306211631-project-member] Starting to schedule for instances: ['6ab70a20-285a-4d55-b365-7aca3ce22d05'] {{(pid=96464) select_destinations /opt/stack/nova/nova/scheduler/manager.py:209}}
Jul 08 08:00:14.801380 np0000004796 nova-scheduler[96464]: DEBUG nova.scheduler.request_filter [None req-2ad8d70e-89a6-4326-ad0b-b6935e94beb6 tempest-ImageDependencyTests-306211631 tempest-ImageDependencyTests-306211631-project-member] compute_status_filter request filter added forbidden trait COMPUTE_STATUS_DISABLED {{(pid=96464) compute_status_filter /opt/stack/nova/nova/scheduler/request_filter.py:253}}
Jul 08 08:00:14.801505 np0000004796 nova-scheduler[96464]: DEBUG nova.scheduler.request_filter [None req-2ad8d70e-89a6-4326-ad0b-b6935e94beb6 tempest-ImageDependencyTests-306211631 tempest-ImageDependencyTests-306211631-project-member] Request filter 'compute_status_filter' took 0.0 seconds {{(pid=96464) wrapper /opt/stack/nova/nova/scheduler/request_filter.py:46}}
Jul 08 08:00:14.801776 np0000004796 nova-scheduler[96464]: DEBUG nova.scheduler.request_filter [None req-2ad8d70e-89a6-4326-ad0b-b6935e94beb6 tempest-ImageDependencyTests-306211631 tempest-ImageDependencyTests-306211631-project-member] Request filter 'accelerators_filter' took 0.0 seconds {{(pid=96464) wrapper /opt/stack/nova/nova/scheduler/request_filter.py:46}}
Jul 08 08:00:14.802250 np0000004796 nova-scheduler[96464]: DEBUG nova.scheduler.request_filter [None req-2ad8d70e-89a6-4326-ad0b-b6935e94beb6 tempest-ImageDependencyTests-306211631 tempest-ImageDependencyTests-306211631-project-member] Request filter 'packed_virtqueue_filter' took 0.0 seconds {{(pid=96464) wrapper /opt/stack/nova/nova/scheduler/request_filter.py:46}}
Jul 08 08:00:14.802540 np0000004796 nova-scheduler[96464]: DEBUG nova.scheduler.request_filter [None req-2ad8d70e-89a6-4326-ad0b-b6935e94beb6 tempest-ImageDependencyTests-306211631 tempest-ImageDependencyTests-306211631-project-member] Request filter 'remote_managed_ports_filter' took 0.0 seconds {{(pid=96464) wrapper /opt/stack/nova/nova/scheduler/request_filter.py:46}}
Jul 08 08:00:14.803067 np0000004796 nova-scheduler[96464]: DEBUG nova.scheduler.request_filter [None req-2ad8d70e-89a6-4326-ad0b-b6935e94beb6 tempest-ImageDependencyTests-306211631 tempest-ImageDependencyTests-306211631-project-member] ephemeral_encryption_filter skipped {{(pid=96464) ephemeral_encryption_filter /opt/stack/nova/nova/scheduler/request_filter.py:426}}
Jul 08 08:00:14.804438 np0000004796 nova-scheduler[96464]: DEBUG nova.scheduler.request_filter [None req-2ad8d70e-89a6-4326-ad0b-b6935e94beb6 tempest-ImageDependencyTests-306211631 tempest-ImageDependencyTests-306211631-project-member] virtio_sound_filter skipped {{(pid=96464) virtio_sound_filter /opt/stack/nova/nova/scheduler/request_filter.py:460}}
Jul 08 08:00:14.804438 np0000004796 nova-scheduler[96464]: DEBUG nova.scheduler.request_filter [None req-2ad8d70e-89a6-4326-ad0b-b6935e94beb6 tempest-ImageDependencyTests-306211631 tempest-ImageDependencyTests-306211631-project-member] tpm_secret_security_filter skipped {{(pid=96464) tpm_secret_security_filter /opt/stack/nova/nova/scheduler/request_filter.py:477}}
Jul 08 08:00:14.902855 np0000004796 nova-scheduler[96466]: INFO nova.utils [None req-43fdd84c-2a21-4a8a-a1f9-d2367b2ab434 tempest-ServerActionsTestOtherA-958615050 tempest-ServerActionsTestOtherA-958615050-project-member] The cell worker thread pool ForkProcess-2.cell_worker is initialized
Jul 08 08:00:14.906529 np0000004796 nova-scheduler[96466]: DEBUG oslo_concurrency.lockutils [None req-43fdd84c-2a21-4a8a-a1f9-d2367b2ab434 tempest-ServerActionsTestOtherA-958615050 tempest-ServerActionsTestOtherA-958615050-project-member] Acquiring lock "56fc22c0-e890-452b-a749-7e7552a92d8e" by "nova.context.set_target_cell..get_or_set_cached_cell_and_set_connections" {{(pid=96466) inner /opt/stack/data/venv/lib/python3.12/site-packages/oslo_concurrency/lockutils.py:511}}
Jul 08 08:00:14.906529 np0000004796 nova-scheduler[96466]: DEBUG oslo_concurrency.lockutils [None req-43fdd84c-2a21-4a8a-a1f9-d2367b2ab434 tempest-ServerActionsTestOtherA-958615050 tempest-ServerActionsTestOtherA-958615050-project-member] Lock "56fc22c0-e890-452b-a749-7e7552a92d8e" acquired by "nova.context.set_target_cell..get_or_set_cached_cell_and_set_connections" :: waited 0.000s {{(pid=96466) inner /opt/stack/data/venv/lib/python3.12/site-packages/oslo_concurrency/lockutils.py:524}}
Jul 08 08:00:14.906529 np0000004796 nova-scheduler[96466]: DEBUG oslo_concurrency.lockutils [None req-43fdd84c-2a21-4a8a-a1f9-d2367b2ab434 tempest-ServerActionsTestOtherA-958615050 tempest-ServerActionsTestOtherA-958615050-project-member] Lock "56fc22c0-e890-452b-a749-7e7552a92d8e" "released" by "nova.context.set_target_cell..get_or_set_cached_cell_and_set_connections" :: held 0.001s {{(pid=96466) inner /opt/stack/data/venv/lib/python3.12/site-packages/oslo_concurrency/lockutils.py:543}}
Jul 08 08:00:14.907649 np0000004796 nova-scheduler[96472]: INFO nova.utils [None req-d8c6349b-be59-4440-8e45-fbc2f8df7371 tempest-DeleteServersTestJSON-554367974 tempest-DeleteServersTestJSON-554367974-project-member] The cell worker thread pool ForkProcess-3.cell_worker is initialized
Jul 08 08:00:14.908132 np0000004796 nova-scheduler[96472]: DEBUG oslo_concurrency.lockutils [None req-d8c6349b-be59-4440-8e45-fbc2f8df7371 tempest-DeleteServersTestJSON-554367974 tempest-DeleteServersTestJSON-554367974-project-member] Acquiring lock "56fc22c0-e890-452b-a749-7e7552a92d8e" by "nova.context.set_target_cell..get_or_set_cached_cell_and_set_connections" {{(pid=96472) inner /opt/stack/data/venv/lib/python3.12/site-packages/oslo_concurrency/lockutils.py:511}}
Jul 08 08:00:14.908364 np0000004796 nova-scheduler[96466]: INFO dbcounter [None req-43fdd84c-2a21-4a8a-a1f9-d2367b2ab434 tempest-ServerActionsTestOtherA-958615050 tempest-ServerActionsTestOtherA-958615050-project-member] Registered counter for database nova_cell1
Jul 08 08:00:14.908423 np0000004796 nova-scheduler[96472]: DEBUG oslo_concurrency.lockutils [None req-d8c6349b-be59-4440-8e45-fbc2f8df7371 tempest-DeleteServersTestJSON-554367974 tempest-DeleteServersTestJSON-554367974-project-member] Lock "56fc22c0-e890-452b-a749-7e7552a92d8e" acquired by "nova.context.set_target_cell..get_or_set_cached_cell_and_set_connections" :: waited 0.000s {{(pid=96472) inner /opt/stack/data/venv/lib/python3.12/site-packages/oslo_concurrency/lockutils.py:524}}
