Jul 08 07:58:01.257350 np0000004796 nova-conductor[98898]: DEBUG cotyledon.oslo_config_glue [-] oslo_middleware.http_basic_auth_user_file = /etc/htpasswd {{(pid=98898) log_opt_values /opt/stack/data/venv/lib/python3.12/site-packages/oslo_config/cfg.py:3253}}
Jul 08 07:58:01.257350 np0000004796 nova-conductor[98898]: DEBUG cotyledon.oslo_config_glue [-] profiler.connection_string = messaging:// {{(pid=98898) log_opt_values /opt/stack/data/venv/lib/python3.12/site-packages/oslo_config/cfg.py:3253}}
Jul 08 07:58:01.257350 np0000004796 nova-conductor[98898]: DEBUG cotyledon.oslo_config_glue [-] profiler.enabled = False {{(pid=98898) log_opt_values /opt/stack/data/venv/lib/python3.12/site-packages/oslo_config/cfg.py:3253}}
Jul 08 07:58:01.257350 np0000004796 nova-conductor[98898]: DEBUG cotyledon.oslo_config_glue [-] profiler.es_doc_type = notification {{(pid=98898) log_opt_values /opt/stack/data/venv/lib/python3.12/site-packages/oslo_config/cfg.py:3253}}
Jul 08 07:58:01.257350 np0000004796 nova-conductor[98898]: DEBUG cotyledon.oslo_config_glue [-] profiler.es_scroll_size = 10000 {{(pid=98898) log_opt_values /opt/stack/data/venv/lib/python3.12/site-packages/oslo_config/cfg.py:3253}}
Jul 08 07:58:01.257695 np0000004796 nova-conductor[98898]: DEBUG cotyledon.oslo_config_glue [-] profiler.es_scroll_time = 2m {{(pid=98898) log_opt_values /opt/stack/data/venv/lib/python3.12/site-packages/oslo_config/cfg.py:3253}}
Jul 08 07:58:01.257695 np0000004796 nova-conductor[98898]: DEBUG cotyledon.oslo_config_glue [-] profiler.filter_error_trace = False {{(pid=98898) log_opt_values /opt/stack/data/venv/lib/python3.12/site-packages/oslo_config/cfg.py:3253}}
Jul 08 07:58:01.257695 np0000004796 nova-conductor[98898]: DEBUG cotyledon.oslo_config_glue [-] profiler.hmac_keys = **** {{(pid=98898) log_opt_values /opt/stack/data/venv/lib/python3.12/site-packages/oslo_config/cfg.py:3253}}
Jul 08 07:58:01.257695 np0000004796 nova-conductor[98898]: DEBUG cotyledon.oslo_config_glue [-] profiler.sentinel_service_name = mymaster {{(pid=98898) log_opt_values /opt/stack/data/venv/lib/python3.12/site-packages/oslo_config/cfg.py:3253}}
Jul 08 07:58:01.257695 np0000004796 nova-conductor[98898]: DEBUG cotyledon.oslo_config_glue [-] profiler.socket_timeout = 0.1 {{(pid=98898) log_opt_values /opt/stack/data/venv/lib/python3.12/site-packages/oslo_config/cfg.py:3253}}
Jul 08 07:58:01.257695 np0000004796 nova-conductor[98898]: DEBUG cotyledon.oslo_config_glue [-] profiler.trace_requests = False {{(pid=98898) log_opt_values /opt/stack/data/venv/lib/python3.12/site-packages/oslo_config/cfg.py:3253}}
Jul 08 07:58:01.257695 np0000004796 nova-conductor[98898]: DEBUG cotyledon.oslo_config_glue [-] profiler.trace_sqlalchemy = False {{(pid=98898) log_opt_values /opt/stack/data/venv/lib/python3.12/site-packages/oslo_config/cfg.py:3253}}
Jul 08 07:58:01.257695 np0000004796 nova-conductor[98898]: DEBUG cotyledon.oslo_config_glue [-] profiler_jaeger.process_tags = {} {{(pid=98898) log_opt_values /opt/stack/data/venv/lib/python3.12/site-packages/oslo_config/cfg.py:3253}}
Jul 08 07:58:01.257695 np0000004796 nova-conductor[98898]: DEBUG cotyledon.oslo_config_glue [-] profiler_jaeger.service_name_prefix = None {{(pid=98898) log_opt_values /opt/stack/data/venv/lib/python3.12/site-packages/oslo_config/cfg.py:3253}}
Jul 08 07:58:01.257955 np0000004796 nova-conductor[98898]: DEBUG cotyledon.oslo_config_glue [-] profiler_otlp.service_name_prefix = None {{(pid=98898) log_opt_values /opt/stack/data/venv/lib/python3.12/site-packages/oslo_config/cfg.py:3253}}
Jul 08 07:58:01.257955 np0000004796 nova-conductor[98898]: DEBUG cotyledon.oslo_config_glue [-] oslo_messaging_rabbit.amqp_auto_delete = False {{(pid=98898) log_opt_values /opt/stack/data/venv/lib/python3.12/site-packages/oslo_config/cfg.py:3253}}
Jul 08 07:58:01.257955 np0000004796 nova-conductor[98898]: DEBUG cotyledon.oslo_config_glue [-] oslo_messaging_rabbit.amqp_durable_queues = False {{(pid=98898) log_opt_values /opt/stack/data/venv/lib/python3.12/site-packages/oslo_config/cfg.py:3253}}
Jul 08 07:58:01.257955 np0000004796 nova-conductor[98898]: DEBUG cotyledon.oslo_config_glue [-] oslo_messaging_rabbit.conn_pool_min_size = 2 {{(pid=98898) log_opt_values /opt/stack/data/venv/lib/python3.12/site-packages/oslo_config/cfg.py:3253}}
Jul 08 07:58:01.257955 np0000004796 nova-conductor[98898]: DEBUG cotyledon.oslo_config_glue [-] oslo_messaging_rabbit.conn_pool_ttl = 1200 {{(pid=98898) log_opt_values /opt/stack/data/venv/lib/python3.12/site-packages/oslo_config/cfg.py:3253}}
Jul 08 07:58:01.257955 np0000004796 nova-conductor[98898]: DEBUG cotyledon.oslo_config_glue [-] oslo_messaging_rabbit.direct_mandatory_flag = True {{(pid=98898) log_opt_values /opt/stack/data/venv/lib/python3.12/site-packages/oslo_config/cfg.py:3253}}
Jul 08 07:58:01.257955 np0000004796 nova-conductor[98898]: DEBUG cotyledon.oslo_config_glue [-] oslo_messaging_rabbit.enable_cancel_on_failover = False {{(pid=98898) log_opt_values /opt/stack/data/venv/lib/python3.12/site-packages/oslo_config/cfg.py:3253}}
Jul 08 07:58:01.257955 np0000004796 nova-conductor[98898]: DEBUG cotyledon.oslo_config_glue [-] oslo_messaging_rabbit.heartbeat_rate = 3 {{(pid=98898) log_opt_values /opt/stack/data/venv/lib/python3.12/site-packages/oslo_config/cfg.py:3253}}
Jul 08 07:58:01.257955 np0000004796 nova-conductor[98898]: DEBUG cotyledon.oslo_config_glue [-] oslo_messaging_rabbit.heartbeat_timeout_threshold = 60 {{(pid=98898) log_opt_values /opt/stack/data/venv/lib/python3.12/site-packages/oslo_config/cfg.py:3253}}
Jul 08 07:58:01.258262 np0000004796 nova-conductor[98898]: DEBUG cotyledon.oslo_config_glue [-] oslo_messaging_rabbit.hostname = np0000004796 {{(pid=98898) log_opt_values /opt/stack/data/venv/lib/python3.12/site-packages/oslo_config/cfg.py:3253}}
Jul 08 07:58:01.258262 np0000004796 nova-conductor[98898]: DEBUG cotyledon.oslo_config_glue [-] oslo_messaging_rabbit.kombu_compression = None {{(pid=98898) log_opt_values /opt/stack/data/venv/lib/python3.12/site-packages/oslo_config/cfg.py:3253}}
Jul 08 07:58:01.258262 np0000004796 nova-conductor[98898]: DEBUG cotyledon.oslo_config_glue [-] oslo_messaging_rabbit.kombu_failover_strategy = round-robin {{(pid=98898) log_opt_values /opt/stack/data/venv/lib/python3.12/site-packages/oslo_config/cfg.py:3253}}
Jul 08 07:58:01.258262 np0000004796 nova-conductor[98898]: DEBUG cotyledon.oslo_config_glue [-] oslo_messaging_rabbit.kombu_missing_consumer_retry_timeout = 60 {{(pid=98898) log_opt_values /opt/stack/data/venv/lib/python3.12/site-packages/oslo_config/cfg.py:3253}}
Jul 08 07:58:01.258262 np0000004796 nova-conductor[98898]: DEBUG cotyledon.oslo_config_glue [-] oslo_messaging_rabbit.kombu_reconnect_delay = 1.0 {{(pid=98898) log_opt_values /opt/stack/data/venv/lib/python3.12/site-packages/oslo_config/cfg.py:3253}}
Jul 08 07:58:01.258262 np0000004796 nova-conductor[98898]: DEBUG cotyledon.oslo_config_glue [-] oslo_messaging_rabbit.kombu_reconnect_splay = 0.0 {{(pid=98898) log_opt_values /opt/stack/data/venv/lib/python3.12/site-packages/oslo_config/cfg.py:3253}}
Jul 08 07:58:01.258262 np0000004796 nova-conductor[98898]: DEBUG cotyledon.oslo_config_glue [-] oslo_messaging_rabbit.processname = nova-conductor {{(pid=98898) log_opt_values /opt/stack/data/venv/lib/python3.12/site-packages/oslo_config/cfg.py:3253}}
Jul 08 07:58:01.258262 np0000004796 nova-conductor[98898]: DEBUG cotyledon.oslo_config_glue [-] oslo_messaging_rabbit.rabbit_ha_queues = False {{(pid=98898) log_opt_values /opt/stack/data/venv/lib/python3.12/site-packages/oslo_config/cfg.py:3253}}
Jul 08 07:58:01.258262 np0000004796 nova-conductor[98898]: DEBUG cotyledon.oslo_config_glue [-] oslo_messaging_rabbit.rabbit_interval_max = 30 {{(pid=98898) log_opt_values /opt/stack/data/venv/lib/python3.12/site-packages/oslo_config/cfg.py:3253}}
Jul 08 07:58:01.258538 np0000004796 nova-conductor[98898]: DEBUG cotyledon.oslo_config_glue [-] oslo_messaging_rabbit.rabbit_login_method = AMQPLAIN {{(pid=98898) log_opt_values /opt/stack/data/venv/lib/python3.12/site-packages/oslo_config/cfg.py:3253}}
Jul 08 07:58:01.258538 np0000004796 nova-conductor[98898]: DEBUG cotyledon.oslo_config_glue [-] oslo_messaging_rabbit.rabbit_qos_prefetch_count = 0 {{(pid=98898) log_opt_values /opt/stack/data/venv/lib/python3.12/site-packages/oslo_config/cfg.py:3253}}
Jul 08 07:58:01.258538 np0000004796 nova-conductor[98898]: DEBUG cotyledon.oslo_config_glue [-] oslo_messaging_rabbit.rabbit_quorum_delivery_limit = 0 {{(pid=98898) log_opt_values /opt/stack/data/venv/lib/python3.12/site-packages/oslo_config/cfg.py:3253}}
Jul 08 07:58:01.258538 np0000004796 nova-conductor[98898]: DEBUG cotyledon.oslo_config_glue [-] oslo_messaging_rabbit.rabbit_quorum_max_memory_bytes = 0 {{(pid=98898) log_opt_values /opt/stack/data/venv/lib/python3.12/site-packages/oslo_config/cfg.py:3253}}
Jul 08 07:58:01.258538 np0000004796 nova-conductor[98898]: DEBUG cotyledon.oslo_config_glue [-] oslo_messaging_rabbit.rabbit_quorum_max_memory_length = 0 {{(pid=98898) log_opt_values /opt/stack/data/venv/lib/python3.12/site-packages/oslo_config/cfg.py:3253}}
Jul 08 07:58:01.258538 np0000004796 nova-conductor[98898]: DEBUG cotyledon.oslo_config_glue [-] oslo_messaging_rabbit.rabbit_quorum_queue = False {{(pid=98898) log_opt_values /opt/stack/data/venv/lib/python3.12/site-packages/oslo_config/cfg.py:3253}}
Jul 08 07:58:01.258538 np0000004796 nova-conductor[98898]: DEBUG cotyledon.oslo_config_glue [-] oslo_messaging_rabbit.rabbit_retry_backoff = 2 {{(pid=98898) log_opt_values /opt/stack/data/venv/lib/python3.12/site-packages/oslo_config/cfg.py:3253}}
Jul 08 07:58:01.258538 np0000004796 nova-conductor[98898]: DEBUG cotyledon.oslo_config_glue [-] oslo_messaging_rabbit.rabbit_retry_interval = 1 {{(pid=98898) log_opt_values /opt/stack/data/venv/lib/python3.12/site-packages/oslo_config/cfg.py:3253}}
Jul 08 07:58:01.258538 np0000004796 nova-conductor[98898]: DEBUG cotyledon.oslo_config_glue [-] oslo_messaging_rabbit.rabbit_stream_fanout = False {{(pid=98898) log_opt_values /opt/stack/data/venv/lib/python3.12/site-packages/oslo_config/cfg.py:3253}}
Jul 08 07:58:01.258807 np0000004796 nova-conductor[98898]: DEBUG cotyledon.oslo_config_glue [-] oslo_messaging_rabbit.rabbit_transient_queues_ttl = 1800 {{(pid=98898) log_opt_values /opt/stack/data/venv/lib/python3.12/site-packages/oslo_config/cfg.py:3253}}
Jul 08 07:58:01.258807 np0000004796 nova-conductor[98898]: DEBUG cotyledon.oslo_config_glue [-] oslo_messaging_rabbit.rabbit_transient_quorum_queue = False {{(pid=98898) log_opt_values /opt/stack/data/venv/lib/python3.12/site-packages/oslo_config/cfg.py:3253}}
Jul 08 07:58:01.258807 np0000004796 nova-conductor[98898]: DEBUG cotyledon.oslo_config_glue [-] oslo_messaging_rabbit.rpc_conn_pool_size = 30 {{(pid=98898) log_opt_values /opt/stack/data/venv/lib/python3.12/site-packages/oslo_config/cfg.py:3253}}
Jul 08 07:58:01.258807 np0000004796 nova-conductor[98898]: DEBUG cotyledon.oslo_config_glue [-] oslo_messaging_rabbit.ssl = False {{(pid=98898) log_opt_values /opt/stack/data/venv/lib/python3.12/site-packages/oslo_config/cfg.py:3253}}
Jul 08 07:58:01.258807 np0000004796 nova-conductor[98898]: DEBUG cotyledon.oslo_config_glue [-] oslo_messaging_rabbit.ssl_ca_file = {{(pid=98898) log_opt_values /opt/stack/data/venv/lib/python3.12/site-packages/oslo_config/cfg.py:3253}}
Jul 08 07:58:01.258807 np0000004796 nova-conductor[98898]: DEBUG cotyledon.oslo_config_glue [-] oslo_messaging_rabbit.ssl_cert_file = {{(pid=98898) log_opt_values /opt/stack/data/venv/lib/python3.12/site-packages/oslo_config/cfg.py:3253}}
Jul 08 07:58:01.258807 np0000004796 nova-conductor[98898]: DEBUG cotyledon.oslo_config_glue [-] oslo_messaging_rabbit.ssl_enforce_fips_mode = False {{(pid=98898) log_opt_values /opt/stack/data/venv/lib/python3.12/site-packages/oslo_config/cfg.py:3253}}
Jul 08 07:58:01.258807 np0000004796 nova-conductor[98898]: DEBUG cotyledon.oslo_config_glue [-] oslo_messaging_rabbit.ssl_enforce_hostname_verification = True {{(pid=98898) log_opt_values /opt/stack/data/venv/lib/python3.12/site-packages/oslo_config/cfg.py:3253}}
Jul 08 07:58:01.258807 np0000004796 nova-conductor[98898]: DEBUG cotyledon.oslo_config_glue [-] oslo_messaging_rabbit.ssl_key_file = {{(pid=98898) log_opt_values /opt/stack/data/venv/lib/python3.12/site-packages/oslo_config/cfg.py:3253}}
Jul 08 07:58:01.259115 np0000004796 nova-conductor[98898]: DEBUG cotyledon.oslo_config_glue [-] oslo_messaging_rabbit.ssl_version = {{(pid=98898) log_opt_values /opt/stack/data/venv/lib/python3.12/site-packages/oslo_config/cfg.py:3253}}
Jul 08 07:58:01.259115 np0000004796 nova-conductor[98898]: DEBUG cotyledon.oslo_config_glue [-] oslo_messaging_rabbit.use_queue_manager = False {{(pid=98898) log_opt_values /opt/stack/data/venv/lib/python3.12/site-packages/oslo_config/cfg.py:3253}}
Jul 08 07:58:01.259115 np0000004796 nova-conductor[98898]: DEBUG cotyledon.oslo_config_glue [-] oslo_messaging_notifications.driver = ['messagingv2'] {{(pid=98898) log_opt_values /opt/stack/data/venv/lib/python3.12/site-packages/oslo_config/cfg.py:3253}}
Jul 08 07:58:01.259115 np0000004796 nova-conductor[98898]: DEBUG cotyledon.oslo_config_glue [-] oslo_messaging_notifications.retry = -1 {{(pid=98898) log_opt_values /opt/stack/data/venv/lib/python3.12/site-packages/oslo_config/cfg.py:3253}}
Jul 08 07:58:01.259115 np0000004796 nova-conductor[98898]: DEBUG cotyledon.oslo_config_glue [-] oslo_messaging_notifications.topics = ['notifications'] {{(pid=98898) log_opt_values /opt/stack/data/venv/lib/python3.12/site-packages/oslo_config/cfg.py:3253}}
Jul 08 07:58:01.259115 np0000004796 nova-conductor[98898]: DEBUG cotyledon.oslo_config_glue [-] oslo_messaging_notifications.transport_url = **** {{(pid=98898) log_opt_values /opt/stack/data/venv/lib/python3.12/site-packages/oslo_config/cfg.py:3253}}
Jul 08 07:58:01.259115 np0000004796 nova-conductor[98898]: DEBUG cotyledon.oslo_config_glue [-] oslo_limit.auth_section = None {{(pid=98898) log_opt_values /opt/stack/data/venv/lib/python3.12/site-packages/oslo_config/cfg.py:3253}}
Jul 08 07:58:01.259115 np0000004796 nova-conductor[98898]: DEBUG cotyledon.oslo_config_glue [-] oslo_limit.auth_type = None {{(pid=98898) log_opt_values /opt/stack/data/venv/lib/python3.12/site-packages/oslo_config/cfg.py:3253}}
Jul 08 07:58:01.259115 np0000004796 nova-conductor[98898]: DEBUG cotyledon.oslo_config_glue [-] oslo_limit.cafile = None {{(pid=98898) log_opt_values /opt/stack/data/venv/lib/python3.12/site-packages/oslo_config/cfg.py:3253}}
Jul 08 07:58:01.259445 np0000004796 nova-conductor[98898]: DEBUG cotyledon.oslo_config_glue [-] oslo_limit.certfile = None {{(pid=98898) log_opt_values /opt/stack/data/venv/lib/python3.12/site-packages/oslo_config/cfg.py:3253}}
Jul 08 07:58:01.259445 np0000004796 nova-conductor[98898]: DEBUG cotyledon.oslo_config_glue [-] oslo_limit.collect_timing = False {{(pid=98898) log_opt_values /opt/stack/data/venv/lib/python3.12/site-packages/oslo_config/cfg.py:3253}}
Jul 08 07:58:01.259445 np0000004796 nova-conductor[98898]: DEBUG cotyledon.oslo_config_glue [-] oslo_limit.connect_retries = None {{(pid=98898) log_opt_values /opt/stack/data/venv/lib/python3.12/site-packages/oslo_config/cfg.py:3253}}
Jul 08 07:58:01.259445 np0000004796 nova-conductor[98898]: DEBUG cotyledon.oslo_config_glue [-] oslo_limit.connect_retry_delay = None {{(pid=98898) log_opt_values /opt/stack/data/venv/lib/python3.12/site-packages/oslo_config/cfg.py:3253}}
Jul 08 07:58:01.259445 np0000004796 nova-conductor[98898]: DEBUG cotyledon.oslo_config_glue [-] oslo_limit.endpoint_id = None {{(pid=98898) log_opt_values /opt/stack/data/venv/lib/python3.12/site-packages/oslo_config/cfg.py:3253}}
Jul 08 07:58:01.259445 np0000004796 nova-conductor[98898]: DEBUG cotyledon.oslo_config_glue [-] oslo_limit.endpoint_interface = public {{(pid=98898) log_opt_values /opt/stack/data/venv/lib/python3.12/site-packages/oslo_config/cfg.py:3253}}
Jul 08 07:58:01.259445 np0000004796 nova-conductor[98898]: DEBUG cotyledon.oslo_config_glue [-] oslo_limit.endpoint_override = None {{(pid=98898) log_opt_values /opt/stack/data/venv/lib/python3.12/site-packages/oslo_config/cfg.py:3253}}
Jul 08 07:58:01.259445 np0000004796 nova-conductor[98898]: DEBUG cotyledon.oslo_config_glue [-] oslo_limit.endpoint_region_name = None {{(pid=98898) log_opt_values /opt/stack/data/venv/lib/python3.12/site-packages/oslo_config/cfg.py:3253}}
Jul 08 07:58:01.259445 np0000004796 nova-conductor[98898]: DEBUG cotyledon.oslo_config_glue [-] oslo_limit.endpoint_service_name = None {{(pid=98898) log_opt_values /opt/stack/data/venv/lib/python3.12/site-packages/oslo_config/cfg.py:3253}}
Jul 08 07:58:01.259705 np0000004796 nova-conductor[98898]: DEBUG cotyledon.oslo_config_glue [-] oslo_limit.endpoint_service_type = None {{(pid=98898) log_opt_values /opt/stack/data/venv/lib/python3.12/site-packages/oslo_config/cfg.py:3253}}
Jul 08 07:58:01.259705 np0000004796 nova-conductor[98898]: DEBUG cotyledon.oslo_config_glue [-] oslo_limit.insecure = False {{(pid=98898) log_opt_values /opt/stack/data/venv/lib/python3.12/site-packages/oslo_config/cfg.py:3253}}
Jul 08 07:58:01.259705 np0000004796 nova-conductor[98898]: DEBUG cotyledon.oslo_config_glue [-] oslo_limit.keyfile = None {{(pid=98898) log_opt_values /opt/stack/data/venv/lib/python3.12/site-packages/oslo_config/cfg.py:3253}}
Jul 08 07:58:01.259705 np0000004796 nova-conductor[98898]: DEBUG cotyledon.oslo_config_glue [-] oslo_limit.max_version = None {{(pid=98898) log_opt_values /opt/stack/data/venv/lib/python3.12/site-packages/oslo_config/cfg.py:3253}}
Jul 08 07:58:01.259705 np0000004796 nova-conductor[98898]: DEBUG cotyledon.oslo_config_glue [-] oslo_limit.min_version = None {{(pid=98898) log_opt_values /opt/stack/data/venv/lib/python3.12/site-packages/oslo_config/cfg.py:3253}}
Jul 08 07:58:01.259705 np0000004796 nova-conductor[98898]: DEBUG cotyledon.oslo_config_glue [-] oslo_limit.region_name = None {{(pid=98898) log_opt_values /opt/stack/data/venv/lib/python3.12/site-packages/oslo_config/cfg.py:3253}}
Jul 08 07:58:01.259705 np0000004796 nova-conductor[98898]: DEBUG cotyledon.oslo_config_glue [-] oslo_limit.retriable_status_codes = None {{(pid=98898) log_opt_values /opt/stack/data/venv/lib/python3.12/site-packages/oslo_config/cfg.py:3253}}
Jul 08 07:58:01.259705 np0000004796 nova-conductor[98898]: DEBUG cotyledon.oslo_config_glue [-] oslo_limit.service_name = None {{(pid=98898) log_opt_values /opt/stack/data/venv/lib/python3.12/site-packages/oslo_config/cfg.py:3253}}
Jul 08 07:58:01.259705 np0000004796 nova-conductor[98898]: DEBUG cotyledon.oslo_config_glue [-] oslo_limit.service_type = None {{(pid=98898) log_opt_values /opt/stack/data/venv/lib/python3.12/site-packages/oslo_config/cfg.py:3253}}
Jul 08 07:58:01.259990 np0000004796 nova-conductor[98898]: DEBUG cotyledon.oslo_config_glue [-] oslo_limit.split_loggers = False {{(pid=98898) log_opt_values /opt/stack/data/venv/lib/python3.12/site-packages/oslo_config/cfg.py:3253}}
Jul 08 07:58:01.259990 np0000004796 nova-conductor[98898]: DEBUG cotyledon.oslo_config_glue [-] oslo_limit.status_code_retries = None {{(pid=98898) log_opt_values /opt/stack/data/venv/lib/python3.12/site-packages/oslo_config/cfg.py:3253}}
Jul 08 07:58:01.259990 np0000004796 nova-conductor[98898]: DEBUG cotyledon.oslo_config_glue [-] oslo_limit.status_code_retry_delay = None {{(pid=98898) log_opt_values /opt/stack/data/venv/lib/python3.12/site-packages/oslo_config/cfg.py:3253}}
Jul 08 07:58:01.259990 np0000004796 nova-conductor[98898]: DEBUG cotyledon.oslo_config_glue [-] oslo_limit.timeout = None {{(pid=98898) log_opt_values /opt/stack/data/venv/lib/python3.12/site-packages/oslo_config/cfg.py:3253}}
Jul 08 07:58:01.259990 np0000004796 nova-conductor[98898]: DEBUG cotyledon.oslo_config_glue [-] oslo_limit.valid_interfaces = None {{(pid=98898) log_opt_values /opt/stack/data/venv/lib/python3.12/site-packages/oslo_config/cfg.py:3253}}
Jul 08 07:58:01.259990 np0000004796 nova-conductor[98898]: DEBUG cotyledon.oslo_config_glue [-] oslo_limit.version = None {{(pid=98898) log_opt_values /opt/stack/data/venv/lib/python3.12/site-packages/oslo_config/cfg.py:3253}}
Jul 08 07:58:01.259990 np0000004796 nova-conductor[98898]: DEBUG cotyledon.oslo_config_glue [-] oslo_reports.file_event_handler = None {{(pid=98898) log_opt_values /opt/stack/data/venv/lib/python3.12/site-packages/oslo_config/cfg.py:3253}}
Jul 08 07:58:01.259990 np0000004796 nova-conductor[98898]: DEBUG cotyledon.oslo_config_glue [-] oslo_reports.file_event_handler_interval = 1 {{(pid=98898) log_opt_values /opt/stack/data/venv/lib/python3.12/site-packages/oslo_config/cfg.py:3253}}
Jul 08 07:58:01.259990 np0000004796 nova-conductor[98898]: DEBUG cotyledon.oslo_config_glue [-] oslo_reports.log_dir = None {{(pid=98898) log_opt_values /opt/stack/data/venv/lib/python3.12/site-packages/oslo_config/cfg.py:3253}}
Jul 08 07:58:01.260267 np0000004796 nova-conductor[98898]: DEBUG cotyledon.oslo_config_glue [-] ******************************************************************************** {{(pid=98898) log_opt_values /opt/stack/data/venv/lib/python3.12/site-packages/oslo_config/cfg.py:3260}}
Jul 08 07:58:01.260267 np0000004796 nova-conductor[98898]: DEBUG cotyledon._service_worker [-] Run service ServiceWrapper(3) [98898] {{(pid=98898) wait_forever /opt/stack/data/venv/lib/python3.12/site-packages/cotyledon/_service_worker.py:218}}
Jul 08 07:58:01.260331 np0000004796 nova-conductor[98875]: DEBUG oslo_db.sqlalchemy.engines [None req-84c29ba5-99b1-4720-92fb-d7b0dc129dbd None None] MySQL server mode set to STRICT_TRANS_TABLES,STRICT_ALL_TABLES,NO_ZERO_IN_DATE,NO_ZERO_DATE,ERROR_FOR_DIVISION_BY_ZERO,TRADITIONAL,NO_ENGINE_SUBSTITUTION {{(pid=98875) _check_effective_sql_mode /opt/stack/data/venv/lib/python3.12/site-packages/oslo_db/sqlalchemy/engines.py:325}}
Jul 08 07:58:01.260384 np0000004796 nova-conductor[98898]: INFO nova.service [-] Starting conductor node (version 33.1.0)
Jul 08 07:58:01.260384 np0000004796 nova-conductor[98898]: INFO dbcounter [None req-ff09f657-d3a1-4d28-a08c-a41d5775537d None None] Registered counter for database nova_cell0
Jul 08 07:58:01.260446 np0000004796 nova-conductor[98875]: DEBUG dbcounter [-] [98875] Writer thread running {{(pid=98875) stat_writer /opt/stack/data/venv/lib/python3.12/site-packages/dbcounter.py:102}}
Jul 08 07:58:01.260487 np0000004796 nova-conductor[98882]: DEBUG oslo_db.sqlalchemy.engines [None req-19672b40-5956-41a6-91f3-a88f954458a2 None None] MySQL server mode set to STRICT_TRANS_TABLES,STRICT_ALL_TABLES,NO_ZERO_IN_DATE,NO_ZERO_DATE,ERROR_FOR_DIVISION_BY_ZERO,TRADITIONAL,NO_ENGINE_SUBSTITUTION {{(pid=98882) _check_effective_sql_mode /opt/stack/data/venv/lib/python3.12/site-packages/oslo_db/sqlalchemy/engines.py:325}}
Jul 08 07:58:01.260525 np0000004796 nova-conductor[98875]: DEBUG nova.service [None req-84c29ba5-99b1-4720-92fb-d7b0dc129dbd None None] Creating RPC server for service: nova-conductor on topic: conductor {{(pid=98875) start /opt/stack/nova/nova/service.py:196}}
Jul 08 07:58:01.260559 np0000004796 nova-conductor[98882]: DEBUG dbcounter [-] [98882] Writer thread running {{(pid=98882) stat_writer /opt/stack/data/venv/lib/python3.12/site-packages/dbcounter.py:102}}
Jul 08 07:58:01.260559 np0000004796 nova-conductor[98882]: DEBUG nova.service [None req-19672b40-5956-41a6-91f3-a88f954458a2 None None] Creating RPC server for service: nova-conductor on topic: conductor {{(pid=98882) start /opt/stack/nova/nova/service.py:196}}
Jul 08 07:58:01.260622 np0000004796 nova-conductor[98886]: DEBUG oslo_db.sqlalchemy.engines [None req-1b0987ba-cf76-4bdc-9454-1b614f779759 None None] MySQL server mode set to STRICT_TRANS_TABLES,STRICT_ALL_TABLES,NO_ZERO_IN_DATE,NO_ZERO_DATE,ERROR_FOR_DIVISION_BY_ZERO,TRADITIONAL,NO_ENGINE_SUBSTITUTION {{(pid=98886) _check_effective_sql_mode /opt/stack/data/venv/lib/python3.12/site-packages/oslo_db/sqlalchemy/engines.py:325}}
Jul 08 07:58:01.260622 np0000004796 nova-conductor[98886]: DEBUG dbcounter [-] [98886] Writer thread running {{(pid=98886) stat_writer /opt/stack/data/venv/lib/python3.12/site-packages/dbcounter.py:102}}
Jul 08 07:58:01.260622 np0000004796 nova-conductor[98886]: DEBUG nova.service [None req-1b0987ba-cf76-4bdc-9454-1b614f779759 None None] Creating RPC server for service: nova-conductor on topic: conductor {{(pid=98886) start /opt/stack/nova/nova/service.py:196}}
Jul 08 07:58:01.264281 np0000004796 nova-conductor[98898]: DEBUG oslo_db.sqlalchemy.engines [None req-ff09f657-d3a1-4d28-a08c-a41d5775537d None None] MySQL server mode set to STRICT_TRANS_TABLES,STRICT_ALL_TABLES,NO_ZERO_IN_DATE,NO_ZERO_DATE,ERROR_FOR_DIVISION_BY_ZERO,TRADITIONAL,NO_ENGINE_SUBSTITUTION {{(pid=98898) _check_effective_sql_mode /opt/stack/data/venv/lib/python3.12/site-packages/oslo_db/sqlalchemy/engines.py:325}}
Jul 08 07:58:01.274145 np0000004796 nova-conductor[98875]: DEBUG nova.service [None req-84c29ba5-99b1-4720-92fb-d7b0dc129dbd None None] Join ServiceGroup membership for this service conductor {{(pid=98875) start /opt/stack/nova/nova/service.py:222}}
Jul 08 07:58:01.274327 np0000004796 nova-conductor[98882]: DEBUG nova.service [None req-19672b40-5956-41a6-91f3-a88f954458a2 None None] Join ServiceGroup membership for this service conductor {{(pid=98882) start /opt/stack/nova/nova/service.py:222}}
Jul 08 07:58:01.274426 np0000004796 nova-conductor[98875]: DEBUG nova.servicegroup.drivers.db [None req-84c29ba5-99b1-4720-92fb-d7b0dc129dbd None None] DB_Driver: join new ServiceGroup member np0000004796 to the conductor group, service = {{(pid=98875) join /opt/stack/nova/nova/servicegroup/drivers/db.py:44}}
Jul 08 07:58:01.275151 np0000004796 nova-conductor[98882]: DEBUG nova.servicegroup.drivers.db [None req-19672b40-5956-41a6-91f3-a88f954458a2 None None] DB_Driver: join new ServiceGroup member np0000004796 to the conductor group, service = {{(pid=98882) join /opt/stack/nova/nova/servicegroup/drivers/db.py:44}}
Jul 08 07:58:01.276246 np0000004796 nova-conductor[98898]: DEBUG dbcounter [-] [98898] Writer thread running {{(pid=98898) stat_writer /opt/stack/data/venv/lib/python3.12/site-packages/dbcounter.py:102}}
Jul 08 07:58:01.280151 np0000004796 nova-conductor[98898]: DEBUG nova.service [None req-ff09f657-d3a1-4d28-a08c-a41d5775537d None None] Creating RPC server for service: nova-conductor on topic: conductor {{(pid=98898) start /opt/stack/nova/nova/service.py:196}}
Jul 08 07:58:01.286856 np0000004796 nova-conductor[98886]: DEBUG nova.service [None req-1b0987ba-cf76-4bdc-9454-1b614f779759 None None] Join ServiceGroup membership for this service conductor {{(pid=98886) start /opt/stack/nova/nova/service.py:222}}
Jul 08 07:58:01.288055 np0000004796 nova-conductor[98886]: DEBUG nova.servicegroup.drivers.db [None req-1b0987ba-cf76-4bdc-9454-1b614f779759 None None] DB_Driver: join new ServiceGroup member np0000004796 to the conductor group, service = {{(pid=98886) join /opt/stack/nova/nova/servicegroup/drivers/db.py:44}}
Jul 08 07:58:01.306258 np0000004796 nova-conductor[98898]: DEBUG nova.service [None req-ff09f657-d3a1-4d28-a08c-a41d5775537d None None] Join ServiceGroup membership for this service conductor {{(pid=98898) start /opt/stack/nova/nova/service.py:222}}
Jul 08 07:58:01.306602 np0000004796 nova-conductor[98898]: DEBUG nova.servicegroup.drivers.db [None req-ff09f657-d3a1-4d28-a08c-a41d5775537d None None] DB_Driver: join new ServiceGroup member np0000004796 to the conductor group, service = {{(pid=98898) join /opt/stack/nova/nova/servicegroup/drivers/db.py:44}}
Jul 08 07:58:02.277949 np0000004796 nova-conductor[98882]: DEBUG oslo.service.backend._threading.loopingcall [None req-cbd9c6c8-42e1-4613-95cc-84554d044062 None None] Dynamic interval looping call 'nova.service.Service.periodic_tasks' sleeping for 60.00 seconds {{(pid=98882) _run_loop /opt/stack/data/venv/lib/python3.12/site-packages/oslo_service/backend/_threading/loopingcall.py:125}}
Jul 08 07:58:06.300110 np0000004796 nova-conductor[98882]: DEBUG oslo.service.backend._threading.loopingcall [-] Fixed interval looping call 'nova.servicegroup.drivers.db.DbDriver._report_state' sleeping for 119.98 seconds {{(pid=98882) _run_loop /opt/stack/data/venv/lib/python3.12/site-packages/oslo_service/backend/_threading/loopingcall.py:125}}
Jul 08 07:58:06.300692 np0000004796 nova-conductor[98875]: DEBUG oslo.service.backend._threading.loopingcall [-] Fixed interval looping call 'nova.servicegroup.drivers.db.DbDriver._report_state' sleeping for 119.98 seconds {{(pid=98875) _run_loop /opt/stack/data/venv/lib/python3.12/site-packages/oslo_service/backend/_threading/loopingcall.py:125}}
Jul 08 07:58:06.303220 np0000004796 nova-conductor[98886]: DEBUG oslo.service.backend._threading.loopingcall [-] Fixed interval looping call 'nova.servicegroup.drivers.db.DbDriver._report_state' sleeping for 119.99 seconds {{(pid=98886) _run_loop /opt/stack/data/venv/lib/python3.12/site-packages/oslo_service/backend/_threading/loopingcall.py:125}}
Jul 08 07:58:06.329029 np0000004796 nova-conductor[98898]: DEBUG oslo.service.backend._threading.loopingcall [-] Fixed interval looping call 'nova.servicegroup.drivers.db.DbDriver._report_state' sleeping for 119.98 seconds {{(pid=98898) _run_loop /opt/stack/data/venv/lib/python3.12/site-packages/oslo_service/backend/_threading/loopingcall.py:125}}
Jul 08 07:58:09.293250 np0000004796 nova-conductor[98886]: DEBUG oslo.service.backend._threading.loopingcall [None req-b23a2bde-339e-49c7-be4f-98d9f28b4444 None None] Dynamic interval looping call 'nova.service.Service.periodic_tasks' sleeping for 60.00 seconds {{(pid=98886) _run_loop /opt/stack/data/venv/lib/python3.12/site-packages/oslo_service/backend/_threading/loopingcall.py:125}}
Jul 08 07:58:09.837752 np0000004796 nova-conductor[97408]: DEBUG dbcounter [-] [97408] Writing DB stats nova_api:SELECT=1 {{(pid=97408) stat_writer /opt/stack/data/venv/lib/python3.12/site-packages/dbcounter.py:115}}
Jul 08 07:58:09.974363 np0000004796 nova-conductor[97408]: DEBUG dbcounter [-] [97408] Writing DB stats nova_cell0:SELECT=1 {{(pid=97408) stat_writer /opt/stack/data/venv/lib/python3.12/site-packages/dbcounter.py:115}}
Jul 08 07:58:09.977431 np0000004796 nova-conductor[97408]: DEBUG dbcounter [-] [97408] Writing DB stats nova_cell1:SELECT=1 {{(pid=97408) stat_writer /opt/stack/data/venv/lib/python3.12/site-packages/dbcounter.py:115}}
Jul 08 07:58:16.292452 np0000004796 nova-conductor[98882]: DEBUG dbcounter [-] [98882] Writing DB stats nova_cell0:SELECT=3,nova_cell0:UPDATE=1 {{(pid=98882) stat_writer /opt/stack/data/venv/lib/python3.12/site-packages/dbcounter.py:115}}
Jul 08 07:58:16.294484 np0000004796 nova-conductor[98875]: DEBUG dbcounter [-] [98875] Writing DB stats nova_cell0:SELECT=4,nova_cell0:INSERT=1,nova_cell0:UPDATE=1 {{(pid=98875) stat_writer /opt/stack/data/venv/lib/python3.12/site-packages/dbcounter.py:115}}
Jul 08 07:58:16.299942 np0000004796 nova-conductor[98886]: DEBUG dbcounter [-] [98886] Writing DB stats nova_cell0:SELECT=3 {{(pid=98886) stat_writer /opt/stack/data/venv/lib/python3.12/site-packages/dbcounter.py:115}}
Jul 08 07:58:16.325384 np0000004796 nova-conductor[98898]: DEBUG dbcounter [-] [98898] Writing DB stats nova_cell0:SELECT=3 {{(pid=98898) stat_writer /opt/stack/data/venv/lib/python3.12/site-packages/dbcounter.py:115}}
Jul 08 07:58:35.309571 np0000004796 nova-conductor[98898]: DEBUG oslo.service.backend._threading.loopingcall [None req-564d38fb-29ad-4a96-8b5f-d7a1d2f38785 None None] Dynamic interval looping call 'nova.service.Service.periodic_tasks' sleeping for 60.00 seconds {{(pid=98898) _run_loop /opt/stack/data/venv/lib/python3.12/site-packages/oslo_service/backend/_threading/loopingcall.py:125}}
Jul 08 07:58:54.277957 np0000004796 nova-conductor[98875]: DEBUG oslo.service.backend._threading.loopingcall [None req-65a3a7d9-a60a-44ec-9372-105f994e6290 None None] Dynamic interval looping call 'nova.service.Service.periodic_tasks' sleeping for 60.00 seconds {{(pid=98875) _run_loop /opt/stack/data/venv/lib/python3.12/site-packages/oslo_service/backend/_threading/loopingcall.py:125}}
Jul 08 07:59:02.278371 np0000004796 nova-conductor[98882]: DEBUG oslo.service.backend._threading.loopingcall [None req-cbd9c6c8-42e1-4613-95cc-84554d044062 None None] Dynamic interval looping call 'nova.service.Service.periodic_tasks' sleeping for 60.00 seconds {{(pid=98882) _run_loop /opt/stack/data/venv/lib/python3.12/site-packages/oslo_service/backend/_threading/loopingcall.py:125}}
Jul 08 07:59:09.293830 np0000004796 nova-conductor[98886]: DEBUG oslo.service.backend._threading.loopingcall [None req-b23a2bde-339e-49c7-be4f-98d9f28b4444 None None] Dynamic interval looping call 'nova.service.Service.periodic_tasks' sleeping for 60.00 seconds {{(pid=98886) _run_loop /opt/stack/data/venv/lib/python3.12/site-packages/oslo_service/backend/_threading/loopingcall.py:125}}
Jul 08 07:59:35.310024 np0000004796 nova-conductor[98898]: DEBUG oslo.service.backend._threading.loopingcall [None req-564d38fb-29ad-4a96-8b5f-d7a1d2f38785 None None] Dynamic interval looping call 'nova.service.Service.periodic_tasks' sleeping for 60.00 seconds {{(pid=98898) _run_loop /opt/stack/data/venv/lib/python3.12/site-packages/oslo_service/backend/_threading/loopingcall.py:125}}
Jul 08 07:59:54.278444 np0000004796 nova-conductor[98875]: DEBUG oslo.service.backend._threading.loopingcall [None req-65a3a7d9-a60a-44ec-9372-105f994e6290 None None] Dynamic interval looping call 'nova.service.Service.periodic_tasks' sleeping for 60.00 seconds {{(pid=98875) _run_loop /opt/stack/data/venv/lib/python3.12/site-packages/oslo_service/backend/_threading/loopingcall.py:125}}
Jul 08 08:00:02.278829 np0000004796 nova-conductor[98882]: DEBUG oslo.service.backend._threading.loopingcall [None req-cbd9c6c8-42e1-4613-95cc-84554d044062 None None] Dynamic interval looping call 'nova.service.Service.periodic_tasks' sleeping for 60.00 seconds {{(pid=98882) _run_loop /opt/stack/data/venv/lib/python3.12/site-packages/oslo_service/backend/_threading/loopingcall.py:125}}
Jul 08 08:00:06.290215 np0000004796 nova-conductor[98882]: DEBUG oslo.service.backend._threading.loopingcall [-] Fixed interval looping call 'nova.servicegroup.drivers.db.DbDriver._report_state' sleeping for 119.99 seconds {{(pid=98882) _run_loop /opt/stack/data/venv/lib/python3.12/site-packages/oslo_service/backend/_threading/loopingcall.py:125}}
Jul 08 08:00:06.293820 np0000004796 nova-conductor[98875]: DEBUG oslo.service.backend._threading.loopingcall [-] Fixed interval looping call 'nova.servicegroup.drivers.db.DbDriver._report_state' sleeping for 119.99 seconds {{(pid=98875) _run_loop /opt/stack/data/venv/lib/python3.12/site-packages/oslo_service/backend/_threading/loopingcall.py:125}}
Jul 08 08:00:06.297239 np0000004796 nova-conductor[98886]: DEBUG oslo.service.backend._threading.loopingcall [-] Fixed interval looping call 'nova.servicegroup.drivers.db.DbDriver._report_state' sleeping for 120.00 seconds {{(pid=98886) _run_loop /opt/stack/data/venv/lib/python3.12/site-packages/oslo_service/backend/_threading/loopingcall.py:125}}
Jul 08 08:00:06.312676 np0000004796 nova-conductor[98898]: DEBUG oslo.service.backend._threading.loopingcall [-] Fixed interval looping call 'nova.servicegroup.drivers.db.DbDriver._report_state' sleeping for 120.00 seconds {{(pid=98898) _run_loop /opt/stack/data/venv/lib/python3.12/site-packages/oslo_service/backend/_threading/loopingcall.py:125}}
Jul 08 08:00:09.294458 np0000004796 nova-conductor[98886]: DEBUG oslo.service.backend._threading.loopingcall [None req-b23a2bde-339e-49c7-be4f-98d9f28b4444 None None] Dynamic interval looping call 'nova.service.Service.periodic_tasks' sleeping for 60.00 seconds {{(pid=98886) _run_loop /opt/stack/data/venv/lib/python3.12/site-packages/oslo_service/backend/_threading/loopingcall.py:125}}
Jul 08 08:00:14.191837 np0000004796 nova-conductor[98875]: DEBUG oslo_db.sqlalchemy.engines [None req-d8c6349b-be59-4440-8e45-fbc2f8df7371 tempest-DeleteServersTestJSON-554367974 tempest-DeleteServersTestJSON-554367974-project-member] Parent process 97408 forked (98875) with an open database connection, which is being discarded and recreated. {{(pid=98875) checkout /opt/stack/data/venv/lib/python3.12/site-packages/oslo_db/sqlalchemy/engines.py:402}}
Jul 08 08:00:14.226432 np0000004796 nova-conductor[98875]: DEBUG dbcounter [-] [98875] Writer thread running {{(pid=98875) stat_writer /opt/stack/data/venv/lib/python3.12/site-packages/dbcounter.py:102}}
Jul 08 08:00:14.733014 np0000004796 nova-conductor[98882]: DEBUG dbcounter [-] [98882] Writer thread running {{(pid=98882) stat_writer /opt/stack/data/venv/lib/python3.12/site-packages/dbcounter.py:102}}
Jul 08 08:00:14.763947 np0000004796 nova-conductor[98886]: DEBUG dbcounter [-] [98886] Writer thread running {{(pid=98886) stat_writer /opt/stack/data/venv/lib/python3.12/site-packages/dbcounter.py:102}}
Jul 08 08:00:15.759416 np0000004796 nova-conductor[98875]: DEBUG nova.conductor.manager [None req-d8c6349b-be59-4440-8e45-fbc2f8df7371 tempest-DeleteServersTestJSON-554367974 tempest-DeleteServersTestJSON-554367974-project-member] Took 1.53 seconds to select destinations for 1 instance(s). {{(pid=98875) _schedule_instances /opt/stack/nova/nova/conductor/manager.py:968}}
Jul 08 08:00:15.763839 np0000004796 nova-conductor[98882]: DEBUG nova.conductor.manager [None req-43fdd84c-2a21-4a8a-a1f9-d2367b2ab434 tempest-ServerActionsTestOtherA-958615050 tempest-ServerActionsTestOtherA-958615050-project-member] Took 1.03 seconds to select destinations for 1 instance(s). {{(pid=98882) _schedule_instances /opt/stack/nova/nova/conductor/manager.py:968}}
Jul 08 08:00:15.783115 np0000004796 nova-conductor[98875]: DEBUG oslo_concurrency.lockutils [None req-d8c6349b-be59-4440-8e45-fbc2f8df7371 tempest-DeleteServersTestJSON-554367974 tempest-DeleteServersTestJSON-554367974-project-member] Acquiring lock "56fc22c0-e890-452b-a749-7e7552a92d8e" by "nova.context.set_target_cell..get_or_set_cached_cell_and_set_connections" {{(pid=98875) inner /opt/stack/data/venv/lib/python3.12/site-packages/oslo_concurrency/lockutils.py:511}}
Jul 08 08:00:15.783115 np0000004796 nova-conductor[98875]: DEBUG oslo_concurrency.lockutils [None req-d8c6349b-be59-4440-8e45-fbc2f8df7371 tempest-DeleteServersTestJSON-554367974 tempest-DeleteServersTestJSON-554367974-project-member] Lock "56fc22c0-e890-452b-a749-7e7552a92d8e" acquired by "nova.context.set_target_cell..get_or_set_cached_cell_and_set_connections" :: waited 0.000s {{(pid=98875) inner /opt/stack/data/venv/lib/python3.12/site-packages/oslo_concurrency/lockutils.py:524}}
Jul 08 08:00:15.783950 np0000004796 nova-conductor[98875]: DEBUG oslo_concurrency.lockutils [None req-d8c6349b-be59-4440-8e45-fbc2f8df7371 tempest-DeleteServersTestJSON-554367974 tempest-DeleteServersTestJSON-554367974-project-member] Lock "56fc22c0-e890-452b-a749-7e7552a92d8e" "released" by "nova.context.set_target_cell..get_or_set_cached_cell_and_set_connections" :: held 0.001s {{(pid=98875) inner /opt/stack/data/venv/lib/python3.12/site-packages/oslo_concurrency/lockutils.py:543}}
Jul 08 08:00:15.785568 np0000004796 nova-conductor[98875]: INFO dbcounter [None req-d8c6349b-be59-4440-8e45-fbc2f8df7371 tempest-DeleteServersTestJSON-554367974 tempest-DeleteServersTestJSON-554367974-project-member] Registered counter for database nova_cell1
Jul 08 08:00:15.788408 np0000004796 nova-conductor[98882]: DEBUG oslo_concurrency.lockutils [None req-43fdd84c-2a21-4a8a-a1f9-d2367b2ab434 tempest-ServerActionsTestOtherA-958615050 tempest-ServerActionsTestOtherA-958615050-project-member] Acquiring lock "56fc22c0-e890-452b-a749-7e7552a92d8e" by "nova.context.set_target_cell..get_or_set_cached_cell_and_set_connections" {{(pid=98882) inner /opt/stack/data/venv/lib/python3.12/site-packages/oslo_concurrency/lockutils.py:511}}
Jul 08 08:00:15.788584 np0000004796 nova-conductor[98882]: DEBUG oslo_concurrency.lockutils [None req-43fdd84c-2a21-4a8a-a1f9-d2367b2ab434 tempest-ServerActionsTestOtherA-958615050 tempest-ServerActionsTestOtherA-958615050-project-member] Lock "56fc22c0-e890-452b-a749-7e7552a92d8e" acquired by "nova.context.set_target_cell..get_or_set_cached_cell_and_set_connections" :: waited 0.000s {{(pid=98882) inner /opt/stack/data/venv/lib/python3.12/site-packages/oslo_concurrency/lockutils.py:524}}
Jul 08 08:00:15.789866 np0000004796 nova-conductor[98882]: DEBUG oslo_concurrency.lockutils [None req-43fdd84c-2a21-4a8a-a1f9-d2367b2ab434 tempest-ServerActionsTestOtherA-958615050 tempest-ServerActionsTestOtherA-958615050-project-member] Lock "56fc22c0-e890-452b-a749-7e7552a92d8e" "released" by "nova.context.set_target_cell..get_or_set_cached_cell_and_set_connections" :: held 0.001s {{(pid=98882) inner /opt/stack/data/venv/lib/python3.12/site-packages/oslo_concurrency/lockutils.py:543}}
Jul 08 08:00:15.791783 np0000004796 nova-conductor[98882]: INFO dbcounter [None req-43fdd84c-2a21-4a8a-a1f9-d2367b2ab434 tempest-ServerActionsTestOtherA-958615050 tempest-ServerActionsTestOtherA-958615050-project-member] Registered counter for database nova_cell1
Jul 08 08:00:15.798688 np0000004796 nova-conductor[98886]: DEBUG nova.conductor.manager [None req-2ad8d70e-89a6-4326-ad0b-b6935e94beb6 tempest-ImageDependencyTests-306211631 tempest-ImageDependencyTests-306211631-project-member] Took 1.03 seconds to select destinations for 1 instance(s). {{(pid=98886) _schedule_instances /opt/stack/nova/nova/conductor/manager.py:968}}
Jul 08 08:00:15.819142 np0000004796 nova-conductor[98875]: DEBUG oslo_db.sqlalchemy.engines [None req-d8c6349b-be59-4440-8e45-fbc2f8df7371 tempest-DeleteServersTestJSON-554367974 tempest-DeleteServersTestJSON-554367974-project-member] MySQL server mode set to STRICT_TRANS_TABLES,STRICT_ALL_TABLES,NO_ZERO_IN_DATE,NO_ZERO_DATE,ERROR_FOR_DIVISION_BY_ZERO,TRADITIONAL,NO_ENGINE_SUBSTITUTION {{(pid=98875) _check_effective_sql_mode /opt/stack/data/venv/lib/python3.12/site-packages/oslo_db/sqlalchemy/engines.py:325}}
Jul 08 08:00:15.822651 np0000004796 nova-conductor[98886]: DEBUG oslo_concurrency.lockutils [None req-2ad8d70e-89a6-4326-ad0b-b6935e94beb6 tempest-ImageDependencyTests-306211631 tempest-ImageDependencyTests-306211631-project-member] Acquiring lock "56fc22c0-e890-452b-a749-7e7552a92d8e" by "nova.context.set_target_cell..get_or_set_cached_cell_and_set_connections" {{(pid=98886) inner /opt/stack/data/venv/lib/python3.12/site-packages/oslo_concurrency/lockutils.py:511}}
Jul 08 08:00:15.822886 np0000004796 nova-conductor[98886]: DEBUG oslo_concurrency.lockutils [None req-2ad8d70e-89a6-4326-ad0b-b6935e94beb6 tempest-ImageDependencyTests-306211631 tempest-ImageDependencyTests-306211631-project-member] Lock "56fc22c0-e890-452b-a749-7e7552a92d8e" acquired by "nova.context.set_target_cell..get_or_set_cached_cell_and_set_connections" :: waited 0.000s {{(pid=98886) inner /opt/stack/data/venv/lib/python3.12/site-packages/oslo_concurrency/lockutils.py:524}}
Jul 08 08:00:15.824694 np0000004796 nova-conductor[98886]: DEBUG oslo_concurrency.lockutils [None req-2ad8d70e-89a6-4326-ad0b-b6935e94beb6 tempest-ImageDependencyTests-306211631 tempest-ImageDependencyTests-306211631-project-member] Lock "56fc22c0-e890-452b-a749-7e7552a92d8e" "released" by "nova.context.set_target_cell..get_or_set_cached_cell_and_set_connections" :: held 0.002s {{(pid=98886) inner /opt/stack/data/venv/lib/python3.12/site-packages/oslo_concurrency/lockutils.py:543}}
Jul 08 08:00:15.824767 np0000004796 nova-conductor[98875]: DEBUG dbcounter [-] [98875] Writer thread running {{(pid=98875) stat_writer /opt/stack/data/venv/lib/python3.12/site-packages/dbcounter.py:102}}
Jul 08 08:00:15.827249 np0000004796 nova-conductor[98886]: INFO dbcounter [None req-2ad8d70e-89a6-4326-ad0b-b6935e94beb6 tempest-ImageDependencyTests-306211631 tempest-ImageDependencyTests-306211631-project-member] Registered counter for database nova_cell1
Jul 08 08:00:15.832127 np0000004796 nova-conductor[98882]: DEBUG oslo_db.sqlalchemy.engines [None req-43fdd84c-2a21-4a8a-a1f9-d2367b2ab434 tempest-ServerActionsTestOtherA-958615050 tempest-ServerActionsTestOtherA-958615050-project-member] MySQL server mode set to STRICT_TRANS_TABLES,STRICT_ALL_TABLES,NO_ZERO_IN_DATE,NO_ZERO_DATE,ERROR_FOR_DIVISION_BY_ZERO,TRADITIONAL,NO_ENGINE_SUBSTITUTION {{(pid=98882) _check_effective_sql_mode /opt/stack/data/venv/lib/python3.12/site-packages/oslo_db/sqlalchemy/engines.py:325}}
Jul 08 08:00:15.839686 np0000004796 nova-conductor[98882]: DEBUG dbcounter [-] [98882] Writer thread running {{(pid=98882) stat_writer /opt/stack/data/venv/lib/python3.12/site-packages/dbcounter.py:102}}
Jul 08 08:00:15.864556 np0000004796 nova-conductor[98886]: DEBUG oslo_db.sqlalchemy.engines [None req-2ad8d70e-89a6-4326-ad0b-b6935e94beb6 tempest-ImageDependencyTests-306211631 tempest-ImageDependencyTests-306211631-project-member] MySQL server mode set to STRICT_TRANS_TABLES,STRICT_ALL_TABLES,NO_ZERO_IN_DATE,NO_ZERO_DATE,ERROR_FOR_DIVISION_BY_ZERO,TRADITIONAL,NO_ENGINE_SUBSTITUTION {{(pid=98886) _check_effective_sql_mode /opt/stack/data/venv/lib/python3.12/site-packages/oslo_db/sqlalchemy/engines.py:325}}
Jul 08 08:00:15.877620 np0000004796 nova-conductor[98886]: DEBUG dbcounter [-] [98886] Writer thread running {{(pid=98886) stat_writer /opt/stack/data/venv/lib/python3.12/site-packages/dbcounter.py:102}}
Jul 08 08:00:15.926736 np0000004796 nova-conductor[98875]: INFO nova.utils [None req-d8c6349b-be59-4440-8e45-fbc2f8df7371 tempest-DeleteServersTestJSON-554367974 tempest-DeleteServersTestJSON-554367974-project-member] The cell worker thread pool ForkProcess-1.cell_worker is initialized
Jul 08 08:00:15.927187 np0000004796 nova-conductor[98875]: DEBUG oslo_concurrency.lockutils [None req-d8c6349b-be59-4440-8e45-fbc2f8df7371 tempest-DeleteServersTestJSON-554367974 tempest-DeleteServersTestJSON-554367974-project-member] Acquiring lock "00000000-0000-0000-0000-000000000000" by "nova.context.set_target_cell..get_or_set_cached_cell_and_set_connections" {{(pid=98875) inner /opt/stack/data/venv/lib/python3.12/site-packages/oslo_concurrency/lockutils.py:511}}
Jul 08 08:00:15.927309 np0000004796 nova-conductor[98875]: DEBUG oslo_concurrency.lockutils [None req-d8c6349b-be59-4440-8e45-fbc2f8df7371 tempest-DeleteServersTestJSON-554367974 tempest-DeleteServersTestJSON-554367974-project-member] Lock "00000000-0000-0000-0000-000000000000" acquired by "nova.context.set_target_cell..get_or_set_cached_cell_and_set_connections" :: waited 0.000s {{(pid=98875) inner /opt/stack/data/venv/lib/python3.12/site-packages/oslo_concurrency/lockutils.py:524}}
Jul 08 08:00:15.927653 np0000004796 nova-conductor[98875]: DEBUG oslo_concurrency.lockutils [None req-d8c6349b-be59-4440-8e45-fbc2f8df7371 tempest-DeleteServersTestJSON-554367974 tempest-DeleteServersTestJSON-554367974-project-member] Lock "00000000-0000-0000-0000-000000000000" "released" by "nova.context.set_target_cell..get_or_set_cached_cell_and_set_connections" :: held 0.000s {{(pid=98875) inner /opt/stack/data/venv/lib/python3.12/site-packages/oslo_concurrency/lockutils.py:543}}
Jul 08 08:00:15.928248 np0000004796 nova-conductor[98875]: DEBUG oslo_concurrency.lockutils [None req-d8c6349b-be59-4440-8e45-fbc2f8df7371 tempest-DeleteServersTestJSON-554367974 tempest-DeleteServersTestJSON-554367974-project-member] Acquiring lock "56fc22c0-e890-452b-a749-7e7552a92d8e" by "nova.context.set_target_cell..get_or_set_cached_cell_and_set_connections" {{(pid=98875) inner /opt/stack/data/venv/lib/python3.12/site-packages/oslo_concurrency/lockutils.py:511}}
Jul 08 08:00:15.929723 np0000004796 nova-conductor[98875]: INFO dbcounter [None req-d8c6349b-be59-4440-8e45-fbc2f8df7371 tempest-DeleteServersTestJSON-554367974 tempest-DeleteServersTestJSON-554367974-project-member] Registered counter for database nova_cell0
Jul 08 08:00:15.930873 np0000004796 nova-conductor[98875]: DEBUG oslo_concurrency.lockutils [None req-d8c6349b-be59-4440-8e45-fbc2f8df7371 tempest-DeleteServersTestJSON-554367974 tempest-DeleteServersTestJSON-554367974-project-member] Lock "56fc22c0-e890-452b-a749-7e7552a92d8e" acquired by "nova.context.set_target_cell..get_or_set_cached_cell_and_set_connections" :: waited 0.001s {{(pid=98875) inner /opt/stack/data/venv/lib/python3.12/site-packages/oslo_concurrency/lockutils.py:524}}
Jul 08 08:00:15.931075 np0000004796 nova-conductor[98875]: DEBUG oslo_concurrency.lockutils [None req-d8c6349b-be59-4440-8e45-fbc2f8df7371 tempest-DeleteServersTestJSON-554367974 tempest-DeleteServersTestJSON-554367974-project-member] Lock "56fc22c0-e890-452b-a749-7e7552a92d8e" "released" by "nova.context.set_target_cell..get_or_set_cached_cell_and_set_connections" :: held 0.001s {{(pid=98875) inner /opt/stack/data/venv/lib/python3.12/site-packages/oslo_concurrency/lockutils.py:543}}
Jul 08 08:00:15.937730 np0000004796 nova-conductor[98882]: INFO nova.utils [None req-43fdd84c-2a21-4a8a-a1f9-d2367b2ab434 tempest-ServerActionsTestOtherA-958615050 tempest-ServerActionsTestOtherA-958615050-project-member] The cell worker thread pool ForkProcess-2.cell_worker is initialized
Jul 08 08:00:15.937973 np0000004796 nova-conductor[98882]: DEBUG oslo_concurrency.lockutils [None req-43fdd84c-2a21-4a8a-a1f9-d2367b2ab434 tempest-ServerActionsTestOtherA-958615050 tempest-ServerActionsTestOtherA-958615050-project-member] Acquiring lock "00000000-0000-0000-0000-000000000000" by "nova.context.set_target_cell..get_or_set_cached_cell_and_set_connections" {{(pid=98882) inner /opt/stack/data/venv/lib/python3.12/site-packages/oslo_concurrency/lockutils.py:511}}
Jul 08 08:00:15.938145 np0000004796 nova-conductor[98882]: DEBUG oslo_concurrency.lockutils [None req-43fdd84c-2a21-4a8a-a1f9-d2367b2ab434 tempest-ServerActionsTestOtherA-958615050 tempest-ServerActionsTestOtherA-958615050-project-member] Lock "00000000-0000-0000-0000-000000000000" acquired by "nova.context.set_target_cell..get_or_set_cached_cell_and_set_connections" :: waited 0.000s {{(pid=98882) inner /opt/stack/data/venv/lib/python3.12/site-packages/oslo_concurrency/lockutils.py:524}}
