Aug 21 10:47:19.611359 np0000007886 devstack@g-api.service[103312]: DEBUG glance_store.backend [None req-e907b188-d7c9-4e3f-88a8-ef6138f21de8 tempest-AttachSCSIVolumeTestJSON-1091416521 tempest-AttachSCSIVolumeTestJSON-1091416521-project-admin] Attempting to import store swift {{(pid=103312) _load_store /opt/stack/data/venv/lib/python3.12/site-packages/glance_store/backend.py:215}}
Aug 21 10:47:19.612608 np0000007886 devstack@g-api.service[103312]: DEBUG glance_store.capabilities [None req-e907b188-d7c9-4e3f-88a8-ef6138f21de8 tempest-AttachSCSIVolumeTestJSON-1091416521 tempest-AttachSCSIVolumeTestJSON-1091416521-project-admin] Store glance_store._drivers.swift.store.SingleTenantStore doesn't support updating dynamic storage capabilities. Please overwrite 'update_capabilities' method of the store to implement updating logics if needed. {{(pid=103312) update_capabilities /opt/stack/data/venv/lib/python3.12/site-packages/glance_store/capabilities.py:91}}
Aug 21 10:47:19.612701 np0000007886 devstack@g-api.service[103312]: DEBUG glance_store.driver [None req-e907b188-d7c9-4e3f-88a8-ef6138f21de8 tempest-AttachSCSIVolumeTestJSON-1091416521 tempest-AttachSCSIVolumeTestJSON-1091416521-project-admin] Late loading location class glance_store._drivers.swift.store.StoreLocation {{(pid=103312) get_store_location_class /opt/stack/data/venv/lib/python3.12/site-packages/glance_store/driver.py:134}}
Aug 21 10:47:19.612783 np0000007886 devstack@g-api.service[103312]: DEBUG glance_store.location [None req-e907b188-d7c9-4e3f-88a8-ef6138f21de8 tempest-AttachSCSIVolumeTestJSON-1091416521 tempest-AttachSCSIVolumeTestJSON-1091416521-project-admin] Registering scheme swift+https with {'store': , 'location_class': , 'store_entry': 'swift'} {{(pid=103312) register_scheme_map /opt/stack/data/venv/lib/python3.12/site-packages/glance_store/location.py:146}}
Aug 21 10:47:19.612870 np0000007886 devstack@g-api.service[103312]: DEBUG glance_store.location [None req-e907b188-d7c9-4e3f-88a8-ef6138f21de8 tempest-AttachSCSIVolumeTestJSON-1091416521 tempest-AttachSCSIVolumeTestJSON-1091416521-project-admin] Registering scheme swift+https with {'store': , 'location_class': , 'store_entry': 'swift'} {{(pid=103312) register_scheme_map /opt/stack/data/venv/lib/python3.12/site-packages/glance_store/location.py:146}}
Aug 21 10:47:19.612953 np0000007886 devstack@g-api.service[103312]: DEBUG glance_store.location [None req-e907b188-d7c9-4e3f-88a8-ef6138f21de8 tempest-AttachSCSIVolumeTestJSON-1091416521 tempest-AttachSCSIVolumeTestJSON-1091416521-project-admin] Registering scheme swift with {'store': , 'location_class': , 'store_entry': 'swift'} {{(pid=103312) register_scheme_map /opt/stack/data/venv/lib/python3.12/site-packages/glance_store/location.py:146}}
Aug 21 10:47:19.613050 np0000007886 devstack@g-api.service[103312]: DEBUG glance_store.location [None req-e907b188-d7c9-4e3f-88a8-ef6138f21de8 tempest-AttachSCSIVolumeTestJSON-1091416521 tempest-AttachSCSIVolumeTestJSON-1091416521-project-admin] Registering scheme swift+https with {'store': , 'location_class': , 'store_entry': 'swift'} {{(pid=103312) register_scheme_map /opt/stack/data/venv/lib/python3.12/site-packages/glance_store/location.py:146}}
Aug 21 10:47:19.613144 np0000007886 devstack@g-api.service[103312]: DEBUG glance_store.location [None req-e907b188-d7c9-4e3f-88a8-ef6138f21de8 tempest-AttachSCSIVolumeTestJSON-1091416521 tempest-AttachSCSIVolumeTestJSON-1091416521-project-admin] Registering scheme swift with {'store': , 'location_class': , 'store_entry': 'swift'} {{(pid=103312) register_scheme_map /opt/stack/data/venv/lib/python3.12/site-packages/glance_store/location.py:146}}
Aug 21 10:47:19.613255 np0000007886 devstack@g-api.service[103312]: DEBUG glance_store.location [None req-e907b188-d7c9-4e3f-88a8-ef6138f21de8 tempest-AttachSCSIVolumeTestJSON-1091416521 tempest-AttachSCSIVolumeTestJSON-1091416521-project-admin] Registering scheme swift+http with {'store': , 'location_class': , 'store_entry': 'swift'} {{(pid=103312) register_scheme_map /opt/stack/data/venv/lib/python3.12/site-packages/glance_store/location.py:146}}
Aug 21 10:47:19.613337 np0000007886 devstack@g-api.service[103312]: DEBUG glance_store.location [None req-e907b188-d7c9-4e3f-88a8-ef6138f21de8 tempest-AttachSCSIVolumeTestJSON-1091416521 tempest-AttachSCSIVolumeTestJSON-1091416521-project-admin] Registering scheme swift+https with {'store': , 'location_class': , 'store_entry': 'swift'} {{(pid=103312) register_scheme_map /opt/stack/data/venv/lib/python3.12/site-packages/glance_store/location.py:146}}
Aug 21 10:47:19.613407 np0000007886 devstack@g-api.service[103312]: DEBUG glance_store.location [None req-e907b188-d7c9-4e3f-88a8-ef6138f21de8 tempest-AttachSCSIVolumeTestJSON-1091416521 tempest-AttachSCSIVolumeTestJSON-1091416521-project-admin] Registering scheme swift with {'store': , 'location_class': , 'store_entry': 'swift'} {{(pid=103312) register_scheme_map /opt/stack/data/venv/lib/python3.12/site-packages/glance_store/location.py:146}}
Aug 21 10:47:19.613475 np0000007886 devstack@g-api.service[103312]: DEBUG glance_store.location [None req-e907b188-d7c9-4e3f-88a8-ef6138f21de8 tempest-AttachSCSIVolumeTestJSON-1091416521 tempest-AttachSCSIVolumeTestJSON-1091416521-project-admin] Registering scheme swift+http with {'store': , 'location_class': , 'store_entry': 'swift'} {{(pid=103312) register_scheme_map /opt/stack/data/venv/lib/python3.12/site-packages/glance_store/location.py:146}}
Aug 21 10:47:19.613576 np0000007886 devstack@g-api.service[103312]: DEBUG glance_store.location [None req-e907b188-d7c9-4e3f-88a8-ef6138f21de8 tempest-AttachSCSIVolumeTestJSON-1091416521 tempest-AttachSCSIVolumeTestJSON-1091416521-project-admin] Registering scheme swift+config with {'store': , 'location_class': , 'store_entry': 'swift'} {{(pid=103312) register_scheme_map /opt/stack/data/venv/lib/python3.12/site-packages/glance_store/location.py:146}}
Aug 21 10:47:19.614144 np0000007886 devstack@g-api.service[103312]: DEBUG keystoneclient.auth.identity.v3.base [None req-e907b188-d7c9-4e3f-88a8-ef6138f21de8 tempest-AttachSCSIVolumeTestJSON-1091416521 tempest-AttachSCSIVolumeTestJSON-1091416521-project-admin] Making authentication request to https://10.4.3.221/identity/v3/auth/tokens {{(pid=103312) get_auth_ref /opt/stack/data/venv/lib/python3.12/site-packages/keystoneclient/auth/identity/v3/base.py:185}}
Aug 21 10:47:19.715184 np0000007886 devstack@g-api.service[103313]: DEBUG glance.api.middleware.version_negotiation [None req-a6932738-25e3-42b6-847e-b5bec1417257 tempest-ServerBootFromVolumeStableRescueTest-1588742288 tempest-ServerBootFromVolumeStableRescueTest-1588742288-project-member] Determining version of request: GET /v2/images/4fac5975-25da-449e-9115-78dc8d6d23f5 Accept: application/json {{(pid=103313) process_request /opt/stack/glance/glance/api/middleware/version_negotiation.py:44}}
Aug 21 10:47:19.715615 np0000007886 devstack@g-api.service[103313]: DEBUG glance.api.middleware.version_negotiation [None req-a6932738-25e3-42b6-847e-b5bec1417257 tempest-ServerBootFromVolumeStableRescueTest-1588742288 tempest-ServerBootFromVolumeStableRescueTest-1588742288-project-member] Using url versioning {{(pid=103313) process_request /opt/stack/glance/glance/api/middleware/version_negotiation.py:57}}
Aug 21 10:47:19.716005 np0000007886 devstack@g-api.service[103313]: DEBUG glance.api.middleware.version_negotiation [None req-a6932738-25e3-42b6-847e-b5bec1417257 tempest-ServerBootFromVolumeStableRescueTest-1588742288 tempest-ServerBootFromVolumeStableRescueTest-1588742288-project-member] Matched version: v2 {{(pid=103313) process_request /opt/stack/glance/glance/api/middleware/version_negotiation.py:69}}
Aug 21 10:47:19.716005 np0000007886 devstack@g-api.service[103313]: DEBUG glance.api.middleware.version_negotiation [None req-a6932738-25e3-42b6-847e-b5bec1417257 tempest-ServerBootFromVolumeStableRescueTest-1588742288 tempest-ServerBootFromVolumeStableRescueTest-1588742288-project-member] new path /v2/images/4fac5975-25da-449e-9115-78dc8d6d23f5 {{(pid=103313) process_request /opt/stack/glance/glance/api/middleware/version_negotiation.py:70}}
Aug 21 10:47:19.744927 np0000007886 devstack@g-api.service[103313]: [pid: 103313|app: 0|req: 32/123] 127.0.0.1 () {40 vars in 838 bytes} [Fri Aug 21 10:47:19 2026] GET /v2/images/4fac5975-25da-449e-9115-78dc8d6d23f5 => generated 1044 bytes in 30 msecs (HTTP/1.1 200) 4 headers in 158 bytes (1 switches on core 0)
Aug 21 10:47:19.767343 np0000007886 devstack@g-api.service[103311]: DEBUG glance.api.middleware.version_negotiation [None req-cb2dc19f-0905-419e-9b0b-180d0361c249 tempest-ServerBootFromVolumeStableRescueTest-1588742288 tempest-ServerBootFromVolumeStableRescueTest-1588742288-project-member] Determining version of request: GET /v2/images/4fac5975-25da-449e-9115-78dc8d6d23f5 Accept: */* {{(pid=103311) process_request /opt/stack/glance/glance/api/middleware/version_negotiation.py:44}}
Aug 21 10:47:19.767515 np0000007886 devstack@g-api.service[103311]: DEBUG glance.api.middleware.version_negotiation [None req-cb2dc19f-0905-419e-9b0b-180d0361c249 tempest-ServerBootFromVolumeStableRescueTest-1588742288 tempest-ServerBootFromVolumeStableRescueTest-1588742288-project-member] Using url versioning {{(pid=103311) process_request /opt/stack/glance/glance/api/middleware/version_negotiation.py:57}}
Aug 21 10:47:19.767662 np0000007886 devstack@g-api.service[103311]: DEBUG glance.api.middleware.version_negotiation [None req-cb2dc19f-0905-419e-9b0b-180d0361c249 tempest-ServerBootFromVolumeStableRescueTest-1588742288 tempest-ServerBootFromVolumeStableRescueTest-1588742288-project-member] Matched version: v2 {{(pid=103311) process_request /opt/stack/glance/glance/api/middleware/version_negotiation.py:69}}
Aug 21 10:47:19.767777 np0000007886 devstack@g-api.service[103311]: DEBUG glance.api.middleware.version_negotiation [None req-cb2dc19f-0905-419e-9b0b-180d0361c249 tempest-ServerBootFromVolumeStableRescueTest-1588742288 tempest-ServerBootFromVolumeStableRescueTest-1588742288-project-member] new path /v2/images/4fac5975-25da-449e-9115-78dc8d6d23f5 {{(pid=103311) process_request /opt/stack/glance/glance/api/middleware/version_negotiation.py:70}}
Aug 21 10:47:19.772977 np0000007886 devstack@g-api.service[103312]: DEBUG keystoneclient.auth.identity.v3.base [None req-e907b188-d7c9-4e3f-88a8-ef6138f21de8 tempest-AttachSCSIVolumeTestJSON-1091416521 tempest-AttachSCSIVolumeTestJSON-1091416521-project-admin] {"token": {"methods": ["password"], "user": {"domain": {"id": "default", "name": "Default"}, "id": "4e1e6f78559149ae840c532211a277de", "name": "glance-swift", "password_expires_at": null}, "audit_ids": ["pWq_XomWSyi9rXWmsFsX0Q"], "expires_at": "2026-08-21T11:47:19.000000Z", "issued_at": "2026-08-21T10:47:19.000000Z", "project": {"domain": {"id": "default", "name": "Default"}, "id": "ddabe05208ea4187b29d5089d1e024fa", "name": "service"}, "is_domain": false, "roles": [{"id": "516ab0c28b9048379cadc56f2f25c893", "name": "ResellerAdmin"}, {"id": "535b0237339a457cb51324fd5363f6ea", "name": "service"}], "catalog": [{"endpoints": [{"id": "abee0391c2664f54af08156a9afdc1c8", "interface": "public", "region_id": "RegionOne", "url": "https://10.4.3.221/volume/v3", "region": "RegionOne"}], "id": "04b2a2690bef49cf8d366c6e31257fda", "type": "block-storage", "name": "cinder"}, {"endpoints": [{"id": "39e4d64a50164908a8944e4eb14baa57", "interface": "public", "region_id": "RegionOne", "url": "https://10.4.3.221/placement", "region": "RegionOne"}], "id": "1b30a64c8d4e43d2939d050b744fe81d", "type": "placement", "name": "placement"}, {"endpoints": [{"id": "3e2dcc77993a442a8241d3abb5c3cc56", "interface": "public", "region_id": "RegionOne", "url": "https://10.4.3.221/networking", "region": "RegionOne"}], "id": "433030e608974c71ac8195c649cf3871", "type": "network", "name": "neutron"}, {"endpoints": [{"id": "000380c4d66d47ca8ae46f5617dabfb3", "interface": "public", "region_id": "RegionOne", "url": "https://10.4.3.221/image", "region": "RegionOne"}], "id": "4b529017c4a74c678dc86af3e1d032ca", "type": "image", "name": "glance"}, {"endpoints": [{"id": "ceab5f39c85c4574b505bc33b9014995", "interface": "public", "region_id": "RegionOne", "url": "https://10.4.3.221/compute/v2.1", "region": "RegionOne"}], "id": "59040df2630c4dd8827e3d48849078b7", "type": "compute", "name": "nova"}, {"endpoints": [{"id": "c399ab97527c43c18421f1ede88445b0", "interface": "public", "region_id": "RegionOne", "url": "https://10.4.3.221/identity", "region": "RegionOne"}], "id": "60b1f7cd108b4ba5a85513eac7fb6521", "type": "identity", "name": "keystone"}, {"endpoints": [{"id": "d3402ff256af4d129ce605b700ac758f", "interface": "public", "region_id": "RegionOne", "url": "https://10.4.3.221/compute/v2/ddabe05208ea4187b29d5089d1e024fa", "region": "RegionOne"}], "id": "c759754dede34a14bfddf4d65ce811e0", "type": "compute_legacy", "name": "nova_legacy"}, {"endpoints": [{"id": "001651c43f4c45879af6557797835b10", "interface": "admin", "region_id": "RegionOne", "url": "https://10.4.3.221:8080", "region": "RegionOne"}, {"id": "5cf3e45c620d4a57a1c86fde8f5c1980", "interface": "public", "region_id": "RegionOne", "url": "https://10.4.3.221:8080/v1/AUTH_ddabe05208ea4187b29d5089d1e024fa", "region": "RegionOne"}], "id": "fda70a1ca9dd4ffcbcd88737250ad151", "type": "object-store", "name": "swift"}]}} {{(pid=103312) get_auth_ref /opt/stack/data/venv/lib/python3.12/site-packages/keystoneclient/auth/identity/v3/base.py:190}}
Aug 21 10:47:19.773875 np0000007886 devstack@g-api.service[103312]: DEBUG keystoneclient.httpclient [None req-e907b188-d7c9-4e3f-88a8-ef6138f21de8 tempest-AttachSCSIVolumeTestJSON-1091416521 tempest-AttachSCSIVolumeTestJSON-1091416521-project-admin] Failed to find endpoint for management url admin endpoint for identity service not found {{(pid=103312) _process_management_url /opt/stack/data/venv/lib/python3.12/site-packages/keystoneclient/httpclient.py:670}}
Aug 21 10:47:19.792919 np0000007886 devstack@g-api.service[103311]: [pid: 103311|app: 0|req: 34/124] 127.0.0.1 () {44 vars in 1115 bytes} [Fri Aug 21 10:47:19 2026] GET /v2/images/4fac5975-25da-449e-9115-78dc8d6d23f5 => generated 1044 bytes in 26 msecs (HTTP/1.1 200) 4 headers in 158 bytes (1 switches on core 0)
Aug 21 10:47:19.806218 np0000007886 devstack@g-api.service[103313]: DEBUG glance.api.middleware.version_negotiation [None req-0675d193-c52f-47f5-ae97-02470ec75dcb tempest-VolumesSnapshotTestJSON-1840520034 tempest-VolumesSnapshotTestJSON-1840520034-project-member] Determining version of request: GET /v2/schemas/image Accept: */* {{(pid=103313) process_request /opt/stack/glance/glance/api/middleware/version_negotiation.py:44}}
Aug 21 10:47:19.806361 np0000007886 devstack@g-api.service[103313]: DEBUG glance.api.middleware.version_negotiation [None req-0675d193-c52f-47f5-ae97-02470ec75dcb tempest-VolumesSnapshotTestJSON-1840520034 tempest-VolumesSnapshotTestJSON-1840520034-project-member] Using url versioning {{(pid=103313) process_request /opt/stack/glance/glance/api/middleware/version_negotiation.py:57}}
Aug 21 10:47:19.806501 np0000007886 devstack@g-api.service[103313]: DEBUG glance.api.middleware.version_negotiation [None req-0675d193-c52f-47f5-ae97-02470ec75dcb tempest-VolumesSnapshotTestJSON-1840520034 tempest-VolumesSnapshotTestJSON-1840520034-project-member] Matched version: v2 {{(pid=103313) process_request /opt/stack/glance/glance/api/middleware/version_negotiation.py:69}}
Aug 21 10:47:19.806501 np0000007886 devstack@g-api.service[103313]: DEBUG glance.api.middleware.version_negotiation [None req-0675d193-c52f-47f5-ae97-02470ec75dcb tempest-VolumesSnapshotTestJSON-1840520034 tempest-VolumesSnapshotTestJSON-1840520034-project-member] new path /v2/schemas/image {{(pid=103313) process_request /opt/stack/glance/glance/api/middleware/version_negotiation.py:70}}
Aug 21 10:47:19.808814 np0000007886 devstack@g-api.service[103313]: [pid: 103313|app: 0|req: 33/125] 127.0.0.1 () {44 vars in 1055 bytes} [Fri Aug 21 10:47:19 2026] GET /v2/schemas/image => generated 6083 bytes in 3 msecs (HTTP/1.1 200) 4 headers in 158 bytes (1 switches on core 0)
Aug 21 10:47:19.822645 np0000007886 devstack@g-api.service[103311]: DEBUG glance.api.middleware.version_negotiation [None req-3e2a9b73-e280-4aca-8120-1782a1b95ed7 tempest-VolumesSnapshotTestJSON-1840520034 tempest-VolumesSnapshotTestJSON-1840520034-project-member] Determining version of request: GET /v2/schemas/image Accept: */* {{(pid=103311) process_request /opt/stack/glance/glance/api/middleware/version_negotiation.py:44}}
Aug 21 10:47:19.822840 np0000007886 devstack@g-api.service[103311]: DEBUG glance.api.middleware.version_negotiation [None req-3e2a9b73-e280-4aca-8120-1782a1b95ed7 tempest-VolumesSnapshotTestJSON-1840520034 tempest-VolumesSnapshotTestJSON-1840520034-project-member] Using url versioning {{(pid=103311) process_request /opt/stack/glance/glance/api/middleware/version_negotiation.py:57}}
Aug 21 10:47:19.822946 np0000007886 devstack@g-api.service[103311]: DEBUG glance.api.middleware.version_negotiation [None req-3e2a9b73-e280-4aca-8120-1782a1b95ed7 tempest-VolumesSnapshotTestJSON-1840520034 tempest-VolumesSnapshotTestJSON-1840520034-project-member] Matched version: v2 {{(pid=103311) process_request /opt/stack/glance/glance/api/middleware/version_negotiation.py:69}}
Aug 21 10:47:19.823075 np0000007886 devstack@g-api.service[103311]: DEBUG glance.api.middleware.version_negotiation [None req-3e2a9b73-e280-4aca-8120-1782a1b95ed7 tempest-VolumesSnapshotTestJSON-1840520034 tempest-VolumesSnapshotTestJSON-1840520034-project-member] new path /v2/schemas/image {{(pid=103311) process_request /opt/stack/glance/glance/api/middleware/version_negotiation.py:70}}
Aug 21 10:47:19.825671 np0000007886 devstack@g-api.service[103311]: [pid: 103311|app: 0|req: 35/126] 127.0.0.1 () {44 vars in 1055 bytes} [Fri Aug 21 10:47:19 2026] GET /v2/schemas/image => generated 6083 bytes in 3 msecs (HTTP/1.1 200) 4 headers in 158 bytes (1 switches on core 0)
Aug 21 10:47:19.835955 np0000007886 devstack@g-api.service[103313]: DEBUG glance.api.middleware.version_negotiation [None req-3e2a9b73-e280-4aca-8120-1782a1b95ed7 tempest-VolumesSnapshotTestJSON-1840520034 tempest-VolumesSnapshotTestJSON-1840520034-project-member] Determining version of request: GET /v2/images/4fac5975-25da-449e-9115-78dc8d6d23f5 Accept: */* {{(pid=103313) process_request /opt/stack/glance/glance/api/middleware/version_negotiation.py:44}}
Aug 21 10:47:19.836156 np0000007886 devstack@g-api.service[103313]: DEBUG glance.api.middleware.version_negotiation [None req-3e2a9b73-e280-4aca-8120-1782a1b95ed7 tempest-VolumesSnapshotTestJSON-1840520034 tempest-VolumesSnapshotTestJSON-1840520034-project-member] Using url versioning {{(pid=103313) process_request /opt/stack/glance/glance/api/middleware/version_negotiation.py:57}}
Aug 21 10:47:19.836525 np0000007886 devstack@g-api.service[103313]: DEBUG glance.api.middleware.version_negotiation [None req-3e2a9b73-e280-4aca-8120-1782a1b95ed7 tempest-VolumesSnapshotTestJSON-1840520034 tempest-VolumesSnapshotTestJSON-1840520034-project-member] Matched version: v2 {{(pid=103313) process_request /opt/stack/glance/glance/api/middleware/version_negotiation.py:69}}
Aug 21 10:47:19.836525 np0000007886 devstack@g-api.service[103313]: DEBUG glance.api.middleware.version_negotiation [None req-3e2a9b73-e280-4aca-8120-1782a1b95ed7 tempest-VolumesSnapshotTestJSON-1840520034 tempest-VolumesSnapshotTestJSON-1840520034-project-member] new path /v2/images/4fac5975-25da-449e-9115-78dc8d6d23f5 {{(pid=103313) process_request /opt/stack/glance/glance/api/middleware/version_negotiation.py:70}}
Aug 21 10:47:19.856428 np0000007886 devstack@g-api.service[103313]: [pid: 103313|app: 0|req: 34/127] 127.0.0.1 () {44 vars in 1115 bytes} [Fri Aug 21 10:47:19 2026] GET /v2/images/4fac5975-25da-449e-9115-78dc8d6d23f5 => generated 1044 bytes in 21 msecs (HTTP/1.1 200) 4 headers in 158 bytes (1 switches on core 0)
Aug 21 10:47:19.866101 np0000007886 devstack@g-api.service[103311]: DEBUG glance.api.middleware.version_negotiation [None req-3e2a9b73-e280-4aca-8120-1782a1b95ed7 tempest-VolumesSnapshotTestJSON-1840520034 tempest-VolumesSnapshotTestJSON-1840520034-project-member] Determining version of request: GET /v2/schemas/image Accept: */* {{(pid=103311) process_request /opt/stack/glance/glance/api/middleware/version_negotiation.py:44}}
Aug 21 10:47:19.869884 np0000007886 devstack@g-api.service[103311]: DEBUG glance.api.middleware.version_negotiation [None req-3e2a9b73-e280-4aca-8120-1782a1b95ed7 tempest-VolumesSnapshotTestJSON-1840520034 tempest-VolumesSnapshotTestJSON-1840520034-project-member] Using url versioning {{(pid=103311) process_request /opt/stack/glance/glance/api/middleware/version_negotiation.py:57}}
Aug 21 10:47:19.869884 np0000007886 devstack@g-api.service[103311]: DEBUG glance.api.middleware.version_negotiation [None req-3e2a9b73-e280-4aca-8120-1782a1b95ed7 tempest-VolumesSnapshotTestJSON-1840520034 tempest-VolumesSnapshotTestJSON-1840520034-project-member] Matched version: v2 {{(pid=103311) process_request /opt/stack/glance/glance/api/middleware/version_negotiation.py:69}}
Aug 21 10:47:19.869884 np0000007886 devstack@g-api.service[103311]: DEBUG glance.api.middleware.version_negotiation [None req-3e2a9b73-e280-4aca-8120-1782a1b95ed7 tempest-VolumesSnapshotTestJSON-1840520034 tempest-VolumesSnapshotTestJSON-1840520034-project-member] new path /v2/schemas/image {{(pid=103311) process_request /opt/stack/glance/glance/api/middleware/version_negotiation.py:70}}
Aug 21 10:47:19.870518 np0000007886 devstack@g-api.service[103311]: [pid: 103311|app: 0|req: 36/128] 127.0.0.1 () {44 vars in 1055 bytes} [Fri Aug 21 10:47:19 2026] GET /v2/schemas/image => generated 6083 bytes in 5 msecs (HTTP/1.1 200) 4 headers in 158 bytes (1 switches on core 0)
Aug 21 10:47:19.882932 np0000007886 devstack@g-api.service[103313]: DEBUG glance.api.middleware.version_negotiation [None req-3e2a9b73-e280-4aca-8120-1782a1b95ed7 tempest-VolumesSnapshotTestJSON-1840520034 tempest-VolumesSnapshotTestJSON-1840520034-project-member] Determining version of request: GET /v2/schemas/image Accept: */* {{(pid=103313) process_request /opt/stack/glance/glance/api/middleware/version_negotiation.py:44}}
Aug 21 10:47:19.883122 np0000007886 devstack@g-api.service[103313]: DEBUG glance.api.middleware.version_negotiation [None req-3e2a9b73-e280-4aca-8120-1782a1b95ed7 tempest-VolumesSnapshotTestJSON-1840520034 tempest-VolumesSnapshotTestJSON-1840520034-project-member] Using url versioning {{(pid=103313) process_request /opt/stack/glance/glance/api/middleware/version_negotiation.py:57}}
Aug 21 10:47:19.883268 np0000007886 devstack@g-api.service[103313]: DEBUG glance.api.middleware.version_negotiation [None req-3e2a9b73-e280-4aca-8120-1782a1b95ed7 tempest-VolumesSnapshotTestJSON-1840520034 tempest-VolumesSnapshotTestJSON-1840520034-project-member] Matched version: v2 {{(pid=103313) process_request /opt/stack/glance/glance/api/middleware/version_negotiation.py:69}}
Aug 21 10:47:19.883373 np0000007886 devstack@g-api.service[103313]: DEBUG glance.api.middleware.version_negotiation [None req-3e2a9b73-e280-4aca-8120-1782a1b95ed7 tempest-VolumesSnapshotTestJSON-1840520034 tempest-VolumesSnapshotTestJSON-1840520034-project-member] new path /v2/schemas/image {{(pid=103313) process_request /opt/stack/glance/glance/api/middleware/version_negotiation.py:70}}
Aug 21 10:47:19.886185 np0000007886 devstack@g-api.service[103313]: [pid: 103313|app: 0|req: 35/129] 127.0.0.1 () {44 vars in 1055 bytes} [Fri Aug 21 10:47:19 2026] GET /v2/schemas/image => generated 6083 bytes in 3 msecs (HTTP/1.1 200) 4 headers in 158 bytes (1 switches on core 0)
Aug 21 10:47:19.909427 np0000007886 devstack@g-api.service[103311]: DEBUG glance.api.middleware.version_negotiation [None req-3e2a9b73-e280-4aca-8120-1782a1b95ed7 tempest-VolumesSnapshotTestJSON-1840520034 tempest-VolumesSnapshotTestJSON-1840520034-project-member] Determining version of request: GET /v2/images/4fac5975-25da-449e-9115-78dc8d6d23f5 Accept: */* {{(pid=103311) process_request /opt/stack/glance/glance/api/middleware/version_negotiation.py:44}}
Aug 21 10:47:19.909655 np0000007886 devstack@g-api.service[103311]: DEBUG glance.api.middleware.version_negotiation [None req-3e2a9b73-e280-4aca-8120-1782a1b95ed7 tempest-VolumesSnapshotTestJSON-1840520034 tempest-VolumesSnapshotTestJSON-1840520034-project-member] Using url versioning {{(pid=103311) process_request /opt/stack/glance/glance/api/middleware/version_negotiation.py:57}}
Aug 21 10:47:19.909843 np0000007886 devstack@g-api.service[103311]: DEBUG glance.api.middleware.version_negotiation [None req-3e2a9b73-e280-4aca-8120-1782a1b95ed7 tempest-VolumesSnapshotTestJSON-1840520034 tempest-VolumesSnapshotTestJSON-1840520034-project-member] Matched version: v2 {{(pid=103311) process_request /opt/stack/glance/glance/api/middleware/version_negotiation.py:69}}
Aug 21 10:47:19.910023 np0000007886 devstack@g-api.service[103311]: DEBUG glance.api.middleware.version_negotiation [None req-3e2a9b73-e280-4aca-8120-1782a1b95ed7 tempest-VolumesSnapshotTestJSON-1840520034 tempest-VolumesSnapshotTestJSON-1840520034-project-member] new path /v2/images/4fac5975-25da-449e-9115-78dc8d6d23f5 {{(pid=103311) process_request /opt/stack/glance/glance/api/middleware/version_negotiation.py:70}}
Aug 21 10:47:19.922259 np0000007886 devstack@g-api.service[103311]: [pid: 103311|app: 0|req: 37/130] 127.0.0.1 () {44 vars in 1115 bytes} [Fri Aug 21 10:47:19 2026] GET /v2/images/4fac5975-25da-449e-9115-78dc8d6d23f5 => generated 1044 bytes in 13 msecs (HTTP/1.1 200) 4 headers in 158 bytes (1 switches on core 0)
Aug 21 10:47:19.932854 np0000007886 devstack@g-api.service[103313]: DEBUG glance.api.middleware.version_negotiation [None req-3e2a9b73-e280-4aca-8120-1782a1b95ed7 tempest-VolumesSnapshotTestJSON-1840520034 tempest-VolumesSnapshotTestJSON-1840520034-project-member] Determining version of request: GET /v2/schemas/image Accept: */* {{(pid=103313) process_request /opt/stack/glance/glance/api/middleware/version_negotiation.py:44}}
Aug 21 10:47:19.933078 np0000007886 devstack@g-api.service[103313]: DEBUG glance.api.middleware.version_negotiation [None req-3e2a9b73-e280-4aca-8120-1782a1b95ed7 tempest-VolumesSnapshotTestJSON-1840520034 tempest-VolumesSnapshotTestJSON-1840520034-project-member] Using url versioning {{(pid=103313) process_request /opt/stack/glance/glance/api/middleware/version_negotiation.py:57}}
Aug 21 10:47:19.933251 np0000007886 devstack@g-api.service[103313]: DEBUG glance.api.middleware.version_negotiation [None req-3e2a9b73-e280-4aca-8120-1782a1b95ed7 tempest-VolumesSnapshotTestJSON-1840520034 tempest-VolumesSnapshotTestJSON-1840520034-project-member] Matched version: v2 {{(pid=103313) process_request /opt/stack/glance/glance/api/middleware/version_negotiation.py:69}}
Aug 21 10:47:19.933385 np0000007886 devstack@g-api.service[103313]: DEBUG glance.api.middleware.version_negotiation [None req-3e2a9b73-e280-4aca-8120-1782a1b95ed7 tempest-VolumesSnapshotTestJSON-1840520034 tempest-VolumesSnapshotTestJSON-1840520034-project-member] new path /v2/schemas/image {{(pid=103313) process_request /opt/stack/glance/glance/api/middleware/version_negotiation.py:70}}
Aug 21 10:47:19.936263 np0000007886 devstack@g-api.service[103313]: [pid: 103313|app: 0|req: 36/131] 127.0.0.1 () {44 vars in 1055 bytes} [Fri Aug 21 10:47:19 2026] GET /v2/schemas/image => generated 6083 bytes in 3 msecs (HTTP/1.1 200) 4 headers in 158 bytes (1 switches on core 0)
Aug 21 10:47:19.974139 np0000007886 devstack@g-api.service[103310]: [pid: 103310|app: 0|req: 28/132] 127.0.0.1 () {46 vars in 1055 bytes} [Fri Aug 21 10:47:19 2026] POST /v2/images => generated 1359 bytes in 763 msecs (HTTP/1.1 201) 6 headers in 316 bytes (1 switches on core 0)
Aug 21 10:47:20.056804 np0000007886 devstack@g-api.service[103311]: DEBUG glance.api.middleware.version_negotiation [None req-3e2a9b73-e280-4aca-8120-1782a1b95ed7 tempest-VolumesSnapshotTestJSON-1840520034 tempest-VolumesSnapshotTestJSON-1840520034-project-member] Determining version of request: GET /v2/images/8681e427-0885-45c3-94bd-c2098c469b53 Accept: application/json {{(pid=103311) process_request /opt/stack/glance/glance/api/middleware/version_negotiation.py:44}}
Aug 21 10:47:20.056957 np0000007886 devstack@g-api.service[103311]: DEBUG glance.api.middleware.version_negotiation [None req-3e2a9b73-e280-4aca-8120-1782a1b95ed7 tempest-VolumesSnapshotTestJSON-1840520034 tempest-VolumesSnapshotTestJSON-1840520034-project-member] Using url versioning {{(pid=103311) process_request /opt/stack/glance/glance/api/middleware/version_negotiation.py:57}}
Aug 21 10:47:20.057177 np0000007886 devstack@g-api.service[103311]: DEBUG glance.api.middleware.version_negotiation [None req-3e2a9b73-e280-4aca-8120-1782a1b95ed7 tempest-VolumesSnapshotTestJSON-1840520034 tempest-VolumesSnapshotTestJSON-1840520034-project-member] Matched version: v2 {{(pid=103311) process_request /opt/stack/glance/glance/api/middleware/version_negotiation.py:69}}
Aug 21 10:47:20.057303 np0000007886 devstack@g-api.service[103311]: DEBUG glance.api.middleware.version_negotiation [None req-3e2a9b73-e280-4aca-8120-1782a1b95ed7 tempest-VolumesSnapshotTestJSON-1840520034 tempest-VolumesSnapshotTestJSON-1840520034-project-member] new path /v2/images/8681e427-0885-45c3-94bd-c2098c469b53 {{(pid=103311) process_request /opt/stack/glance/glance/api/middleware/version_negotiation.py:70}}
Aug 21 10:47:20.072921 np0000007886 devstack@g-api.service[103311]: [pid: 103311|app: 0|req: 38/133] 127.0.0.1 () {40 vars in 838 bytes} [Fri Aug 21 10:47:20 2026] GET /v2/images/8681e427-0885-45c3-94bd-c2098c469b53 => generated 1359 bytes in 15 msecs (HTTP/1.1 200) 4 headers in 158 bytes (1 switches on core 0)
Aug 21 10:47:20.099923 np0000007886 devstack@g-api.service[103312]: DEBUG swiftclient [None req-e907b188-d7c9-4e3f-88a8-ef6138f21de8 tempest-AttachSCSIVolumeTestJSON-1091416521 tempest-AttachSCSIVolumeTestJSON-1091416521-project-admin] REQ: curl -i https://10.4.3.221:8080/v1/AUTH_ddabe05208ea4187b29d5089d1e024fa/glance/5876a969-e780-4d3d-9cf6-c64f9ae59457 -I -H "X-Auth-Token: gAAAAABqiCy3H1xS..." {{(pid=103312) http_log /opt/stack/data/venv/lib/python3.12/site-packages/swiftclient/client.py:160}}
Aug 21 10:47:20.100101 np0000007886 devstack@g-api.service[103312]: DEBUG swiftclient [None req-e907b188-d7c9-4e3f-88a8-ef6138f21de8 tempest-AttachSCSIVolumeTestJSON-1091416521 tempest-AttachSCSIVolumeTestJSON-1091416521-project-admin] RESP STATUS: 200 OK {{(pid=103312) http_log /opt/stack/data/venv/lib/python3.12/site-packages/swiftclient/client.py:161}}
Aug 21 10:47:20.100335 np0000007886 devstack@g-api.service[103312]: DEBUG swiftclient [None req-e907b188-d7c9-4e3f-88a8-ef6138f21de8 tempest-AttachSCSIVolumeTestJSON-1091416521 tempest-AttachSCSIVolumeTestJSON-1091416521-project-admin] RESP HEADERS: {'Date': 'Fri, 21 Aug 2026 10:47:20 GMT', 'Server': 'Apache/2.4.58 (Ubuntu)', 'Content-Type': 'application/octet-stream', 'Content-Length': '21692416', 'X-Object-Manifest': 'glance/5876a969-e780-4d3d-9cf6-c64f9ae59457-', 'Last-Modified': 'Fri, 21 Aug 2026 10:46:07 GMT', 'X-Timestamp': '1787309166.11023', 'Accept-Ranges': 'bytes', 'Etag': '"737c2a37dd3f91e374c48cad70137398"', 'X-Trans-Id': 'tx617e9348168045729bd83-006a882cb7', 'X-Openstack-Request-Id': 'tx617e9348168045729bd83-006a882cb7', 'Connection': 'close'} {{(pid=103312) http_log /opt/stack/data/venv/lib/python3.12/site-packages/swiftclient/client.py:162}}
Aug 21 10:47:20.129455 np0000007886 devstack@g-api.service[103312]: DEBUG swiftclient [None req-e907b188-d7c9-4e3f-88a8-ef6138f21de8 tempest-AttachSCSIVolumeTestJSON-1091416521 tempest-AttachSCSIVolumeTestJSON-1091416521-project-admin] REQ: curl -i https://10.4.3.221:8080/v1/AUTH_ddabe05208ea4187b29d5089d1e024fa/glance?format=json&prefix=5876a969-e780-4d3d-9cf6-c64f9ae59457- -X GET -H "X-Auth-Token: gAAAAABqiCy3H1xS..." -H "Accept-Encoding: gzip" {{(pid=103312) http_log /opt/stack/data/venv/lib/python3.12/site-packages/swiftclient/client.py:160}}
Aug 21 10:47:20.129625 np0000007886 devstack@g-api.service[103312]: DEBUG swiftclient [None req-e907b188-d7c9-4e3f-88a8-ef6138f21de8 tempest-AttachSCSIVolumeTestJSON-1091416521 tempest-AttachSCSIVolumeTestJSON-1091416521-project-admin] RESP STATUS: 200 OK {{(pid=103312) http_log /opt/stack/data/venv/lib/python3.12/site-packages/swiftclient/client.py:161}}
Aug 21 10:47:20.129848 np0000007886 devstack@g-api.service[103312]: DEBUG swiftclient [None req-e907b188-d7c9-4e3f-88a8-ef6138f21de8 tempest-AttachSCSIVolumeTestJSON-1091416521 tempest-AttachSCSIVolumeTestJSON-1091416521-project-admin] RESP HEADERS: {'Date': 'Fri, 21 Aug 2026 10:47:20 GMT', 'Server': 'Apache/2.4.58 (Ubuntu)', 'Content-Type': 'application/json; charset=utf-8', 'Content-Length': '210', 'X-Container-Object-Count': '7', 'X-Container-Bytes-Used': '109576192', 'X-Timestamp': '1787309043.14459', 'Last-Modified': 'Fri, 21 Aug 2026 10:44:04 GMT', 'Accept-Ranges': 'bytes', 'X-Storage-Policy': 'Policy-0', 'X-Container-Sharding': 'False', 'X-Trans-Id': 'tx2317040ef69c488484f34-006a882cb8', 'X-Openstack-Request-Id': 'tx2317040ef69c488484f34-006a882cb8', 'Connection': 'close'} {{(pid=103312) http_log /opt/stack/data/venv/lib/python3.12/site-packages/swiftclient/client.py:162}}
Aug 21 10:47:20.130445 np0000007886 devstack@g-api.service[103312]: DEBUG swiftclient [None req-e907b188-d7c9-4e3f-88a8-ef6138f21de8 tempest-AttachSCSIVolumeTestJSON-1091416521 tempest-AttachSCSIVolumeTestJSON-1091416521-project-admin] RESP BODY: b'[{"bytes": 21692416, "hash": "87617e24a5e30cb3b87fda8c0764838f", "name": "5876a969-e780-4d3d-9cf6-c64f9ae59457-00001", "content_type": "application/octet-stream", "last_modified": "2026-08-21T10:46:05.861700"}]' {{(pid=103312) http_log /opt/stack/data/venv/lib/python3.12/site-packages/swiftclient/client.py:166}}
Aug 21 10:47:20.170383 np0000007886 devstack@g-api.service[103312]: DEBUG swiftclient [None req-e907b188-d7c9-4e3f-88a8-ef6138f21de8 tempest-AttachSCSIVolumeTestJSON-1091416521 tempest-AttachSCSIVolumeTestJSON-1091416521-project-admin] REQ: curl -i https://10.4.3.221:8080/v1/AUTH_ddabe05208ea4187b29d5089d1e024fa/glance/5876a969-e780-4d3d-9cf6-c64f9ae59457-00001 DELETE -H "X-Auth-Token: gAAAAABqiCy3H1xS..." {{(pid=103312) http_log /opt/stack/data/venv/lib/python3.12/site-packages/swiftclient/client.py:160}}
Aug 21 10:47:20.170578 np0000007886 devstack@g-api.service[103312]: DEBUG swiftclient [None req-e907b188-d7c9-4e3f-88a8-ef6138f21de8 tempest-AttachSCSIVolumeTestJSON-1091416521 tempest-AttachSCSIVolumeTestJSON-1091416521-project-admin] RESP STATUS: 204 No Content {{(pid=103312) http_log /opt/stack/data/venv/lib/python3.12/site-packages/swiftclient/client.py:161}}
Aug 21 10:47:20.170650 np0000007886 devstack@g-api.service[103312]: DEBUG swiftclient [None req-e907b188-d7c9-4e3f-88a8-ef6138f21de8 tempest-AttachSCSIVolumeTestJSON-1091416521 tempest-AttachSCSIVolumeTestJSON-1091416521-project-admin] RESP HEADERS: {'Date': 'Fri, 21 Aug 2026 10:47:20 GMT', 'Server': 'Apache/2.4.58 (Ubuntu)', 'Content-Type': 'text/html; charset=UTF-8', 'X-Trans-Id': 'tx5f699e488018478b90c44-006a882cb8', 'X-Openstack-Request-Id': 'tx5f699e488018478b90c44-006a882cb8', 'Connection': 'close'} {{(pid=103312) http_log /opt/stack/data/venv/lib/python3.12/site-packages/swiftclient/client.py:162}}
Aug 21 10:47:20.201087 np0000007886 devstack@g-api.service[103312]: DEBUG swiftclient [None req-e907b188-d7c9-4e3f-88a8-ef6138f21de8 tempest-AttachSCSIVolumeTestJSON-1091416521 tempest-AttachSCSIVolumeTestJSON-1091416521-project-admin] REQ: curl -i https://10.4.3.221:8080/v1/AUTH_ddabe05208ea4187b29d5089d1e024fa/glance/5876a969-e780-4d3d-9cf6-c64f9ae59457 DELETE -H "X-Auth-Token: gAAAAABqiCy3H1xS..." {{(pid=103312) http_log /opt/stack/data/venv/lib/python3.12/site-packages/swiftclient/client.py:160}}
Aug 21 10:47:20.201215 np0000007886 devstack@g-api.service[103312]: DEBUG swiftclient [None req-e907b188-d7c9-4e3f-88a8-ef6138f21de8 tempest-AttachSCSIVolumeTestJSON-1091416521 tempest-AttachSCSIVolumeTestJSON-1091416521-project-admin] RESP STATUS: 204 No Content {{(pid=103312) http_log /opt/stack/data/venv/lib/python3.12/site-packages/swiftclient/client.py:161}}
Aug 21 10:47:20.201343 np0000007886 devstack@g-api.service[103312]: DEBUG swiftclient [None req-e907b188-d7c9-4e3f-88a8-ef6138f21de8 tempest-AttachSCSIVolumeTestJSON-1091416521 tempest-AttachSCSIVolumeTestJSON-1091416521-project-admin] RESP HEADERS: {'Date': 'Fri, 21 Aug 2026 10:47:20 GMT', 'Server': 'Apache/2.4.58 (Ubuntu)', 'Content-Type': 'text/html; charset=UTF-8', 'X-Trans-Id': 'txb5aec77a2c204de1aea62-006a882cb8', 'X-Openstack-Request-Id': 'txb5aec77a2c204de1aea62-006a882cb8', 'Connection': 'close'} {{(pid=103312) http_log /opt/stack/data/venv/lib/python3.12/site-packages/swiftclient/client.py:162}}
Aug 21 10:47:20.213530 np0000007886 devstack@g-api.service[103313]: DEBUG glance.api.middleware.version_negotiation [None req-3e2a9b73-e280-4aca-8120-1782a1b95ed7 tempest-VolumesSnapshotTestJSON-1840520034 tempest-VolumesSnapshotTestJSON-1840520034-project-member] Determining version of request: GET /v2/images/8681e427-0885-45c3-94bd-c2098c469b53 Accept: */* {{(pid=103313) process_request /opt/stack/glance/glance/api/middleware/version_negotiation.py:44}}
Aug 21 10:47:20.213668 np0000007886 devstack@g-api.service[103313]: DEBUG glance.api.middleware.version_negotiation [None req-3e2a9b73-e280-4aca-8120-1782a1b95ed7 tempest-VolumesSnapshotTestJSON-1840520034 tempest-VolumesSnapshotTestJSON-1840520034-project-member] Using url versioning {{(pid=103313) process_request /opt/stack/glance/glance/api/middleware/version_negotiation.py:57}}
Aug 21 10:47:20.213847 np0000007886 devstack@g-api.service[103313]: DEBUG glance.api.middleware.version_negotiation [None req-3e2a9b73-e280-4aca-8120-1782a1b95ed7 tempest-VolumesSnapshotTestJSON-1840520034 tempest-VolumesSnapshotTestJSON-1840520034-project-member] Matched version: v2 {{(pid=103313) process_request /opt/stack/glance/glance/api/middleware/version_negotiation.py:69}}
Aug 21 10:47:20.213993 np0000007886 devstack@g-api.service[103313]: DEBUG glance.api.middleware.version_negotiation [None req-3e2a9b73-e280-4aca-8120-1782a1b95ed7 tempest-VolumesSnapshotTestJSON-1840520034 tempest-VolumesSnapshotTestJSON-1840520034-project-member] new path /v2/images/8681e427-0885-45c3-94bd-c2098c469b53 {{(pid=103313) process_request /opt/stack/glance/glance/api/middleware/version_negotiation.py:70}}
Aug 21 10:47:20.224476 np0000007886 devstack@g-api.service[103313]: [pid: 103313|app: 0|req: 37/134] 127.0.0.1 () {44 vars in 1115 bytes} [Fri Aug 21 10:47:20 2026] GET /v2/images/8681e427-0885-45c3-94bd-c2098c469b53 => generated 1359 bytes in 11 msecs (HTTP/1.1 200) 4 headers in 158 bytes (1 switches on core 0)
Aug 21 10:47:20.262053 np0000007886 devstack@g-api.service[103312]: DEBUG glance.api.middleware.cache [None req-e907b188-d7c9-4e3f-88a8-ef6138f21de8 tempest-AttachSCSIVolumeTestJSON-1091416521 tempest-AttachSCSIVolumeTestJSON-1091416521-project-admin] Removing image 5876a969-e780-4d3d-9cf6-c64f9ae59457 from cache {{(pid=103312) _process_DELETE_response /opt/stack/glance/glance/api/middleware/cache.py:264}}
Aug 21 10:47:20.262267 np0000007886 devstack@g-api.service[103312]: DEBUG glance.image_cache.drivers.centralized_db [None req-e907b188-d7c9-4e3f-88a8-ef6138f21de8 tempest-AttachSCSIVolumeTestJSON-1091416521 tempest-AttachSCSIVolumeTestJSON-1091416521-project-admin] Deleting image cache file '/opt/stack/data/glance/cache/5876a969-e780-4d3d-9cf6-c64f9ae59457' {{(pid=103312) delete_cached_file /opt/stack/glance/glance/image_cache/drivers/centralized_db.py:400}}
Aug 21 10:47:20.275131 np0000007886 devstack@g-api.service[103312]: [pid: 103312|app: 0|req: 32/135] 127.0.0.1 () {40 vars in 841 bytes} [Fri Aug 21 10:47:19 2026] DELETE /v2/images/5876a969-e780-4d3d-9cf6-c64f9ae59457 => generated 0 bytes in 672 msecs (HTTP/1.1 204) 4 headers in 171 bytes (1 switches on core 0)
Aug 21 10:47:20.282157 np0000007886 devstack@g-api.service[103310]: DEBUG glance.api.middleware.version_negotiation [None req-cb2dc19f-0905-419e-9b0b-180d0361c249 tempest-ServerBootFromVolumeStableRescueTest-1588742288 tempest-ServerBootFromVolumeStableRescueTest-1588742288-project-member] Determining version of request: GET /v2/images/5876a969-e780-4d3d-9cf6-c64f9ae59457 Accept: application/json {{(pid=103310) process_request /opt/stack/glance/glance/api/middleware/version_negotiation.py:44}}
Aug 21 10:47:20.282575 np0000007886 devstack@g-api.service[103310]: DEBUG glance.api.middleware.version_negotiation [None req-cb2dc19f-0905-419e-9b0b-180d0361c249 tempest-ServerBootFromVolumeStableRescueTest-1588742288 tempest-ServerBootFromVolumeStableRescueTest-1588742288-project-member] Using url versioning {{(pid=103310) process_request /opt/stack/glance/glance/api/middleware/version_negotiation.py:57}}
Aug 21 10:47:20.282575 np0000007886 devstack@g-api.service[103310]: DEBUG glance.api.middleware.version_negotiation [None req-cb2dc19f-0905-419e-9b0b-180d0361c249 tempest-ServerBootFromVolumeStableRescueTest-1588742288 tempest-ServerBootFromVolumeStableRescueTest-1588742288-project-member] Matched version: v2 {{(pid=103310) process_request /opt/stack/glance/glance/api/middleware/version_negotiation.py:69}}
Aug 21 10:47:20.282660 np0000007886 devstack@g-api.service[103310]: DEBUG glance.api.middleware.version_negotiation [None req-cb2dc19f-0905-419e-9b0b-180d0361c249 tempest-ServerBootFromVolumeStableRescueTest-1588742288 tempest-ServerBootFromVolumeStableRescueTest-1588742288-project-member] new path /v2/images/5876a969-e780-4d3d-9cf6-c64f9ae59457 {{(pid=103310) process_request /opt/stack/glance/glance/api/middleware/version_negotiation.py:70}}
Aug 21 10:47:20.284667 np0000007886 devstack@g-api.service[103311]: DEBUG glance.api.middleware.version_negotiation [None req-e0147f93-a920-471f-90be-726974e8f111 tempest-ServerBootFromVolumeStableRescueTest-1588742288 tempest-ServerBootFromVolumeStableRescueTest-1588742288-project-member] Determining version of request: GET /v2/schemas/image Accept: */* {{(pid=103311) process_request /opt/stack/glance/glance/api/middleware/version_negotiation.py:44}}
Aug 21 10:47:20.284667 np0000007886 devstack@g-api.service[103311]: DEBUG glance.api.middleware.version_negotiation [None req-e0147f93-a920-471f-90be-726974e8f111 tempest-ServerBootFromVolumeStableRescueTest-1588742288 tempest-ServerBootFromVolumeStableRescueTest-1588742288-project-member] Using url versioning {{(pid=103311) process_request /opt/stack/glance/glance/api/middleware/version_negotiation.py:57}}
Aug 21 10:47:20.284667 np0000007886 devstack@g-api.service[103311]: DEBUG glance.api.middleware.version_negotiation [None req-e0147f93-a920-471f-90be-726974e8f111 tempest-ServerBootFromVolumeStableRescueTest-1588742288 tempest-ServerBootFromVolumeStableRescueTest-1588742288-project-member] Matched version: v2 {{(pid=103311) process_request /opt/stack/glance/glance/api/middleware/version_negotiation.py:69}}
Aug 21 10:47:20.284667 np0000007886 devstack@g-api.service[103311]: DEBUG glance.api.middleware.version_negotiation [None req-e0147f93-a920-471f-90be-726974e8f111 tempest-ServerBootFromVolumeStableRescueTest-1588742288 tempest-ServerBootFromVolumeStableRescueTest-1588742288-project-member] new path /v2/schemas/image {{(pid=103311) process_request /opt/stack/glance/glance/api/middleware/version_negotiation.py:70}}
Aug 21 10:47:20.287745 np0000007886 devstack@g-api.service[103311]: [pid: 103311|app: 0|req: 39/136] 127.0.0.1 () {44 vars in 1055 bytes} [Fri Aug 21 10:47:20 2026] GET /v2/schemas/image => generated 6083 bytes in 4 msecs (HTTP/1.1 200) 4 headers in 158 bytes (1 switches on core 0)
Aug 21 10:47:20.287912 np0000007886 devstack@g-api.service[103310]: DEBUG glance.db.sqlalchemy.api [None req-af7bd619-f63e-4bec-99b8-2c95d138b144 tempest-AttachSCSIVolumeTestJSON-1051695107 tempest-AttachSCSIVolumeTestJSON-1051695107-project-reader] No image found with ID 5876a969-e780-4d3d-9cf6-c64f9ae59457 {{(pid=103310) _image_get /opt/stack/glance/glance/db/sqlalchemy/api.py:301}}
Aug 21 10:47:20.289436 np0000007886 devstack@g-api.service[103310]: [pid: 103310|app: 0|req: 29/137] 127.0.0.1 () {40 vars in 838 bytes} [Fri Aug 21 10:47:20 2026] GET /v2/images/5876a969-e780-4d3d-9cf6-c64f9ae59457 => generated 139 bytes in 7 msecs (HTTP/1.1 404) 4 headers in 164 bytes (1 switches on core 0)
Aug 21 10:47:20.432092 np0000007886 devstack@g-api.service[103313]: DEBUG glance.api.middleware.version_negotiation [None req-cb2dc19f-0905-419e-9b0b-180d0361c249 tempest-ServerBootFromVolumeStableRescueTest-1588742288 tempest-ServerBootFromVolumeStableRescueTest-1588742288-project-member] Determining version of request: GET /versions Accept: */* {{(pid=103313) process_request /opt/stack/glance/glance/api/middleware/version_negotiation.py:44}}
Aug 21 10:47:20.433037 np0000007886 devstack@g-api.service[103313]: [pid: 103313|app: 0|req: 38/138] 127.0.0.1 () {44 vars in 1039 bytes} [Fri Aug 21 10:47:20 2026] GET /versions => generated 1515 bytes in 1 msecs (HTTP/1.1 200) 3 headers in 92 bytes (1 switches on core 0)
Aug 21 10:47:20.441882 np0000007886 devstack@g-api.service[103312]: DEBUG glance.api.middleware.version_negotiation [None req-e907b188-d7c9-4e3f-88a8-ef6138f21de8 tempest-AttachSCSIVolumeTestJSON-1091416521 tempest-AttachSCSIVolumeTestJSON-1091416521-project-admin] Determining version of request: GET /v2/images/4fac5975-25da-449e-9115-78dc8d6d23f5/locations Accept: */* {{(pid=103312) process_request /opt/stack/glance/glance/api/middleware/version_negotiation.py:44}}
Aug 21 10:47:20.442205 np0000007886 devstack@g-api.service[103312]: DEBUG glance.api.middleware.version_negotiation [None req-e907b188-d7c9-4e3f-88a8-ef6138f21de8 tempest-AttachSCSIVolumeTestJSON-1091416521 tempest-AttachSCSIVolumeTestJSON-1091416521-project-admin] Using url versioning {{(pid=103312) process_request /opt/stack/glance/glance/api/middleware/version_negotiation.py:57}}
Aug 21 10:47:20.442311 np0000007886 devstack@g-api.service[103312]: DEBUG glance.api.middleware.version_negotiation [None req-e907b188-d7c9-4e3f-88a8-ef6138f21de8 tempest-AttachSCSIVolumeTestJSON-1091416521 tempest-AttachSCSIVolumeTestJSON-1091416521-project-admin] Matched version: v2 {{(pid=103312) process_request /opt/stack/glance/glance/api/middleware/version_negotiation.py:69}}
Aug 21 10:47:20.442412 np0000007886 devstack@g-api.service[103312]: DEBUG glance.api.middleware.version_negotiation [None req-e907b188-d7c9-4e3f-88a8-ef6138f21de8 tempest-AttachSCSIVolumeTestJSON-1091416521 tempest-AttachSCSIVolumeTestJSON-1091416521-project-admin] new path /v2/images/4fac5975-25da-449e-9115-78dc8d6d23f5/locations {{(pid=103312) process_request /opt/stack/glance/glance/api/middleware/version_negotiation.py:70}}
Aug 21 10:47:20.656273 np0000007886 devstack@g-api.service[103312]: [pid: 103312|app: 0|req: 33/139] 127.0.0.1 () {44 vars in 1135 bytes} [Fri Aug 21 10:47:20 2026] GET /v2/images/4fac5975-25da-449e-9115-78dc8d6d23f5/locations => generated 92 bytes in 214 msecs (HTTP/1.1 200) 4 headers in 156 bytes (1 switches on core 0)
Aug 21 10:47:20.666149 np0000007886 devstack@g-api.service[103311]: DEBUG glance.api.middleware.version_negotiation [None req-cb2dc19f-0905-419e-9b0b-180d0361c249 tempest-ServerBootFromVolumeStableRescueTest-1588742288 tempest-ServerBootFromVolumeStableRescueTest-1588742288-project-member] Determining version of request: GET /v2/images/4fac5975-25da-449e-9115-78dc8d6d23f5 Accept: */* {{(pid=103311) process_request /opt/stack/glance/glance/api/middleware/version_negotiation.py:44}}
Aug 21 10:47:20.667502 np0000007886 devstack@g-api.service[103311]: DEBUG glance.api.middleware.version_negotiation [None req-cb2dc19f-0905-419e-9b0b-180d0361c249 tempest-ServerBootFromVolumeStableRescueTest-1588742288 tempest-ServerBootFromVolumeStableRescueTest-1588742288-project-member] Using url versioning {{(pid=103311) process_request /opt/stack/glance/glance/api/middleware/version_negotiation.py:57}}
Aug 21 10:47:20.668172 np0000007886 devstack@g-api.service[103311]: DEBUG glance.api.middleware.version_negotiation [None req-cb2dc19f-0905-419e-9b0b-180d0361c249 tempest-ServerBootFromVolumeStableRescueTest-1588742288 tempest-ServerBootFromVolumeStableRescueTest-1588742288-project-member] Matched version: v2 {{(pid=103311) process_request /opt/stack/glance/glance/api/middleware/version_negotiation.py:69}}
Aug 21 10:47:20.668172 np0000007886 devstack@g-api.service[103311]: DEBUG glance.api.middleware.version_negotiation [None req-cb2dc19f-0905-419e-9b0b-180d0361c249 tempest-ServerBootFromVolumeStableRescueTest-1588742288 tempest-ServerBootFromVolumeStableRescueTest-1588742288-project-member] new path /v2/images/4fac5975-25da-449e-9115-78dc8d6d23f5 {{(pid=103311) process_request /opt/stack/glance/glance/api/middleware/version_negotiation.py:70}}
Aug 21 10:47:20.680931 np0000007886 devstack@g-api.service[103311]: [pid: 103311|app: 0|req: 40/140] 127.0.0.1 () {44 vars in 1115 bytes} [Fri Aug 21 10:47:20 2026] GET /v2/images/4fac5975-25da-449e-9115-78dc8d6d23f5 => generated 1044 bytes in 15 msecs (HTTP/1.1 200) 4 headers in 158 bytes (1 switches on core 0)
Aug 21 10:47:20.687823 np0000007886 devstack@g-api.service[103310]: DEBUG glance.api.middleware.version_negotiation [None req-af7bd619-f63e-4bec-99b8-2c95d138b144 tempest-AttachSCSIVolumeTestJSON-1051695107 tempest-AttachSCSIVolumeTestJSON-1051695107-project-reader] Determining version of request: GET /v2/schemas/image Accept: */* {{(pid=103310) process_request /opt/stack/glance/glance/api/middleware/version_negotiation.py:44}}
