Aug 21 10:43:31.534237 np0000007886 systemd[1]: Starting devstack@n-api-meta.service - Devstack devstack@n-api-meta.service...
Aug 21 10:43:31.541464 np0000007886 devstack@n-api-meta.service[96289]: [uWSGI] getting INI configuration from /etc/nova/nova-metadata-uwsgi.ini
Aug 21 10:43:31.544486 np0000007886 devstack@n-api-meta.service[96289]: *** Starting uWSGI 2.0.24-debian (64bit) on [Fri Aug 21 10:43:31 2026] ***
Aug 21 10:43:31.544486 np0000007886 devstack@n-api-meta.service[96289]: compiled with version: 13.2.0 on 17 April 2024 16:23:48
Aug 21 10:43:31.544486 np0000007886 devstack@n-api-meta.service[96289]: os: Linux-6.8.0-100-generic #100-Ubuntu SMP PREEMPT_DYNAMIC Tue Jan 13 16:40:06 UTC 2026
Aug 21 10:43:31.544486 np0000007886 devstack@n-api-meta.service[96289]: nodename: np0000007886
Aug 21 10:43:31.544486 np0000007886 devstack@n-api-meta.service[96289]: machine: x86_64
Aug 21 10:43:31.544486 np0000007886 devstack@n-api-meta.service[96289]: clock source: unix
Aug 21 10:43:31.544486 np0000007886 devstack@n-api-meta.service[96289]: pcre jit disabled
Aug 21 10:43:31.544486 np0000007886 devstack@n-api-meta.service[96289]: detected number of CPU cores: 16
Aug 21 10:43:31.544486 np0000007886 devstack@n-api-meta.service[96289]: current working directory: /
Aug 21 10:43:31.544486 np0000007886 devstack@n-api-meta.service[96289]: detected binary path: /usr/bin/uwsgi-core
Aug 21 10:43:31.544486 np0000007886 devstack@n-api-meta.service[96289]: your processes number limit is 257052
Aug 21 10:43:31.545142 np0000007886 devstack@n-api-meta.service[96289]: your memory page size is 4096 bytes
Aug 21 10:43:31.545142 np0000007886 devstack@n-api-meta.service[96289]: detected max file descriptor number: 2048
Aug 21 10:43:31.545142 np0000007886 devstack@n-api-meta.service[96289]: lock engine: pthread robust mutexes
Aug 21 10:43:31.545142 np0000007886 devstack@n-api-meta.service[96289]: thunder lock: enabled
Aug 21 10:43:31.545142 np0000007886 devstack@n-api-meta.service[96289]: uWSGI http bound on 0.0.0.0:8775 fd 5
Aug 21 10:43:31.545142 np0000007886 devstack@n-api-meta.service[96289]: uwsgi socket 0 bound to TCP address 127.0.0.1:43041 (port auto-assigned) fd 4
Aug 21 10:43:31.545142 np0000007886 devstack@n-api-meta.service[96289]: Python version: 3.12.3 (main, Jun 19 2026, 12:46:00) [GCC 13.3.0]
Aug 21 10:43:31.545142 np0000007886 devstack@n-api-meta.service[96289]: PEP 405 virtualenv detected: /opt/stack/data/venv
Aug 21 10:43:31.545142 np0000007886 devstack@n-api-meta.service[96289]: Set PythonHome to /opt/stack/data/venv
Aug 21 10:43:31.582149 np0000007886 devstack@n-api-meta.service[96289]: Python main interpreter initialized at 0x7283a6ca4668
Aug 21 10:43:31.582149 np0000007886 devstack@n-api-meta.service[96289]: python threads support enabled
Aug 21 10:43:31.582149 np0000007886 devstack@n-api-meta.service[96289]: your server socket listen backlog is limited to 100 connections
Aug 21 10:43:31.582149 np0000007886 devstack@n-api-meta.service[96289]: your mercy for graceful operations on workers is 80 seconds
Aug 21 10:43:31.582639 np0000007886 devstack@n-api-meta.service[96289]: mapped 671795 bytes (656 KB) for 4 cores
Aug 21 10:43:31.582771 np0000007886 devstack@n-api-meta.service[96289]: *** Operational MODE: preforking ***
Aug 21 10:43:31.583003 np0000007886 devstack@n-api-meta.service[96289]: *** uWSGI is running in multiple interpreter mode ***
Aug 21 10:43:31.583003 np0000007886 devstack@n-api-meta.service[96289]: spawned uWSGI master process (pid: 96289)
Aug 21 10:43:31.583194 np0000007886 systemd[1]: Started devstack@n-api-meta.service - Devstack devstack@n-api-meta.service.
Aug 21 10:43:31.583538 np0000007886 devstack@n-api-meta.service[96289]: spawned uWSGI worker 1 (pid: 96290, cores: 1)
Aug 21 10:43:31.584056 np0000007886 devstack@n-api-meta.service[96289]: spawned uWSGI worker 2 (pid: 96291, cores: 1)
Aug 21 10:43:31.584486 np0000007886 devstack@n-api-meta.service[96289]: spawned uWSGI worker 3 (pid: 96292, cores: 1)
Aug 21 10:43:31.584935 np0000007886 devstack@n-api-meta.service[96289]: spawned uWSGI worker 4 (pid: 96293, cores: 1)
Aug 21 10:43:31.585574 np0000007886 devstack@n-api-meta.service[96289]: spawned uWSGI http 1 (pid: 96294)
Aug 21 10:43:31.585574 np0000007886 devstack@n-api-meta.service[96289]: running "unix_signal:15 gracefully_kill_them_all" (master-start)...
Aug 21 10:43:33.388004 np0000007886 devstack@n-api-meta.service[96293]: INFO dbcounter [None req-cb58b408-fbf1-4e98-87fc-a0dff130e452 None None] Registered counter for database nova_api
Aug 21 10:43:33.388981 np0000007886 devstack@n-api-meta.service[96292]: INFO dbcounter [None req-73bd86b7-50e8-4a52-b922-c038665abd17 None None] Registered counter for database nova_api
Aug 21 10:43:33.447286 np0000007886 devstack@n-api-meta.service[96292]: DEBUG oslo_db.sqlalchemy.engines [None req-73bd86b7-50e8-4a52-b922-c038665abd17 None None] MySQL server mode set to STRICT_TRANS_TABLES,STRICT_ALL_TABLES,NO_ZERO_IN_DATE,NO_ZERO_DATE,ERROR_FOR_DIVISION_BY_ZERO,TRADITIONAL,NO_ENGINE_SUBSTITUTION {{(pid=96292) _check_effective_sql_mode /opt/stack/data/venv/lib/python3.12/site-packages/oslo_db/sqlalchemy/engines.py:325}}
Aug 21 10:43:33.450588 np0000007886 devstack@n-api-meta.service[96293]: DEBUG oslo_db.sqlalchemy.engines [None req-cb58b408-fbf1-4e98-87fc-a0dff130e452 None None] MySQL server mode set to STRICT_TRANS_TABLES,STRICT_ALL_TABLES,NO_ZERO_IN_DATE,NO_ZERO_DATE,ERROR_FOR_DIVISION_BY_ZERO,TRADITIONAL,NO_ENGINE_SUBSTITUTION {{(pid=96293) _check_effective_sql_mode /opt/stack/data/venv/lib/python3.12/site-packages/oslo_db/sqlalchemy/engines.py:325}}
Aug 21 10:43:33.453952 np0000007886 devstack@n-api-meta.service[96290]: INFO dbcounter [None req-fdb6e5ba-fc12-457e-b534-71cfb532ee51 None None] Registered counter for database nova_api
Aug 21 10:43:33.475264 np0000007886 devstack@n-api-meta.service[96291]: INFO dbcounter [None req-c831a5d9-bcd8-4b2b-b747-79f807beac96 None None] Registered counter for database nova_api
Aug 21 10:43:33.495149 np0000007886 devstack@n-api-meta.service[96293]: DEBUG dbcounter [-] [96293] Writer thread running {{(pid=96293) stat_writer /opt/stack/data/venv/lib/python3.12/site-packages/dbcounter.py:102}}
Aug 21 10:43:33.495294 np0000007886 devstack@n-api-meta.service[96292]: DEBUG dbcounter [-] [96292] Writer thread running {{(pid=96292) stat_writer /opt/stack/data/venv/lib/python3.12/site-packages/dbcounter.py:102}}
Aug 21 10:43:33.498367 np0000007886 devstack@n-api-meta.service[96293]: DEBUG nova.context [None req-cb58b408-fbf1-4e98-87fc-a0dff130e452 None None] Found 2 cells: 00000000-0000-0000-0000-000000000000(cell0),eb1939ec-24e0-47a3-839e-0368b71c5f53(cell1) {{(pid=96293) load_cells /opt/stack/nova/nova/context.py:509}}
Aug 21 10:43:33.498999 np0000007886 devstack@n-api-meta.service[96292]: DEBUG nova.context [None req-73bd86b7-50e8-4a52-b922-c038665abd17 None None] Found 2 cells: 00000000-0000-0000-0000-000000000000(cell0),eb1939ec-24e0-47a3-839e-0368b71c5f53(cell1) {{(pid=96292) load_cells /opt/stack/nova/nova/context.py:509}}
Aug 21 10:43:33.501001 np0000007886 devstack@n-api-meta.service[96293]: DEBUG oslo_concurrency.lockutils [None req-cb58b408-fbf1-4e98-87fc-a0dff130e452 None None] Acquiring lock "00000000-0000-0000-0000-000000000000" by "nova.context.set_target_cell..get_or_set_cached_cell_and_set_connections" {{(pid=96293) inner /opt/stack/data/venv/lib/python3.12/site-packages/oslo_concurrency/lockutils.py:512}}
Aug 21 10:43:33.501782 np0000007886 devstack@n-api-meta.service[96293]: DEBUG oslo_concurrency.lockutils [None req-cb58b408-fbf1-4e98-87fc-a0dff130e452 None None] Lock "00000000-0000-0000-0000-000000000000" acquired by "nova.context.set_target_cell..get_or_set_cached_cell_and_set_connections" :: waited 0.001s {{(pid=96293) inner /opt/stack/data/venv/lib/python3.12/site-packages/oslo_concurrency/lockutils.py:525}}
Aug 21 10:43:33.501922 np0000007886 devstack@n-api-meta.service[96292]: DEBUG oslo_concurrency.lockutils [None req-73bd86b7-50e8-4a52-b922-c038665abd17 None None] Acquiring lock "00000000-0000-0000-0000-000000000000" by "nova.context.set_target_cell..get_or_set_cached_cell_and_set_connections" {{(pid=96292) inner /opt/stack/data/venv/lib/python3.12/site-packages/oslo_concurrency/lockutils.py:512}}
Aug 21 10:43:33.501922 np0000007886 devstack@n-api-meta.service[96292]: DEBUG oslo_concurrency.lockutils [None req-73bd86b7-50e8-4a52-b922-c038665abd17 None None] Lock "00000000-0000-0000-0000-000000000000" acquired by "nova.context.set_target_cell..get_or_set_cached_cell_and_set_connections" :: waited 0.000s {{(pid=96292) inner /opt/stack/data/venv/lib/python3.12/site-packages/oslo_concurrency/lockutils.py:525}}
Aug 21 10:43:33.502033 np0000007886 devstack@n-api-meta.service[96293]: DEBUG oslo_concurrency.lockutils [None req-cb58b408-fbf1-4e98-87fc-a0dff130e452 None None] Lock "00000000-0000-0000-0000-000000000000" "released" by "nova.context.set_target_cell..get_or_set_cached_cell_and_set_connections" :: held 0.001s {{(pid=96293) inner /opt/stack/data/venv/lib/python3.12/site-packages/oslo_concurrency/lockutils.py:544}}
Aug 21 10:43:33.502218 np0000007886 devstack@n-api-meta.service[96292]: DEBUG oslo_concurrency.lockutils [None req-73bd86b7-50e8-4a52-b922-c038665abd17 None None] Lock "00000000-0000-0000-0000-000000000000" "released" by "nova.context.set_target_cell..get_or_set_cached_cell_and_set_connections" :: held 0.001s {{(pid=96292) inner /opt/stack/data/venv/lib/python3.12/site-packages/oslo_concurrency/lockutils.py:544}}
Aug 21 10:43:33.502395 np0000007886 devstack@n-api-meta.service[96293]: INFO nova.thread_pool_factory [None req-cb58b408-fbf1-4e98-87fc-a0dff130e452 None None] The cell_worker thread pool MainProcess.cell_worker is initialized
Aug 21 10:43:33.502648 np0000007886 devstack@n-api-meta.service[96292]: INFO nova.thread_pool_factory [None req-73bd86b7-50e8-4a52-b922-c038665abd17 None None] The cell_worker thread pool MainProcess.cell_worker is initialized
Aug 21 10:43:33.503261 np0000007886 devstack@n-api-meta.service[96293]: DEBUG oslo_concurrency.lockutils [None req-cb58b408-fbf1-4e98-87fc-a0dff130e452 None None] Acquiring lock "eb1939ec-24e0-47a3-839e-0368b71c5f53" by "nova.context.set_target_cell..get_or_set_cached_cell_and_set_connections" {{(pid=96293) inner /opt/stack/data/venv/lib/python3.12/site-packages/oslo_concurrency/lockutils.py:512}}
Aug 21 10:43:33.503432 np0000007886 devstack@n-api-meta.service[96293]: DEBUG oslo_concurrency.lockutils [None req-cb58b408-fbf1-4e98-87fc-a0dff130e452 None None] Lock "eb1939ec-24e0-47a3-839e-0368b71c5f53" acquired by "nova.context.set_target_cell..get_or_set_cached_cell_and_set_connections" :: waited 0.000s {{(pid=96293) inner /opt/stack/data/venv/lib/python3.12/site-packages/oslo_concurrency/lockutils.py:525}}
Aug 21 10:43:33.503771 np0000007886 devstack@n-api-meta.service[96292]: DEBUG oslo_concurrency.lockutils [None req-73bd86b7-50e8-4a52-b922-c038665abd17 None None] Acquiring lock "eb1939ec-24e0-47a3-839e-0368b71c5f53" by "nova.context.set_target_cell..get_or_set_cached_cell_and_set_connections" {{(pid=96292) inner /opt/stack/data/venv/lib/python3.12/site-packages/oslo_concurrency/lockutils.py:512}}
Aug 21 10:43:33.504027 np0000007886 devstack@n-api-meta.service[96292]: DEBUG oslo_concurrency.lockutils [None req-73bd86b7-50e8-4a52-b922-c038665abd17 None None] Lock "eb1939ec-24e0-47a3-839e-0368b71c5f53" acquired by "nova.context.set_target_cell..get_or_set_cached_cell_and_set_connections" :: waited 0.000s {{(pid=96292) inner /opt/stack/data/venv/lib/python3.12/site-packages/oslo_concurrency/lockutils.py:525}}
Aug 21 10:43:33.504483 np0000007886 devstack@n-api-meta.service[96293]: DEBUG oslo_concurrency.lockutils [None req-cb58b408-fbf1-4e98-87fc-a0dff130e452 None None] Lock "eb1939ec-24e0-47a3-839e-0368b71c5f53" "released" by "nova.context.set_target_cell..get_or_set_cached_cell_and_set_connections" :: held 0.001s {{(pid=96293) inner /opt/stack/data/venv/lib/python3.12/site-packages/oslo_concurrency/lockutils.py:544}}
Aug 21 10:43:33.506735 np0000007886 devstack@n-api-meta.service[96292]: DEBUG oslo_concurrency.lockutils [None req-73bd86b7-50e8-4a52-b922-c038665abd17 None None] Lock "eb1939ec-24e0-47a3-839e-0368b71c5f53" "released" by "nova.context.set_target_cell..get_or_set_cached_cell_and_set_connections" :: held 0.001s {{(pid=96292) inner /opt/stack/data/venv/lib/python3.12/site-packages/oslo_concurrency/lockutils.py:544}}
Aug 21 10:43:33.506808 np0000007886 devstack@n-api-meta.service[96293]: INFO dbcounter [None req-cb58b408-fbf1-4e98-87fc-a0dff130e452 None None] Registered counter for database nova_cell0
Aug 21 10:43:33.507279 np0000007886 devstack@n-api-meta.service[96292]: INFO dbcounter [None req-73bd86b7-50e8-4a52-b922-c038665abd17 None None] Registered counter for database nova_cell0
Aug 21 10:43:33.510293 np0000007886 devstack@n-api-meta.service[96290]: DEBUG oslo_db.sqlalchemy.engines [None req-fdb6e5ba-fc12-457e-b534-71cfb532ee51 None None] MySQL server mode set to STRICT_TRANS_TABLES,STRICT_ALL_TABLES,NO_ZERO_IN_DATE,NO_ZERO_DATE,ERROR_FOR_DIVISION_BY_ZERO,TRADITIONAL,NO_ENGINE_SUBSTITUTION {{(pid=96290) _check_effective_sql_mode /opt/stack/data/venv/lib/python3.12/site-packages/oslo_db/sqlalchemy/engines.py:325}}
Aug 21 10:43:33.510399 np0000007886 devstack@n-api-meta.service[96293]: INFO dbcounter [None req-cb58b408-fbf1-4e98-87fc-a0dff130e452 None None] Registered counter for database nova_cell1
Aug 21 10:43:33.510656 np0000007886 devstack@n-api-meta.service[96292]: INFO dbcounter [None req-73bd86b7-50e8-4a52-b922-c038665abd17 None None] Registered counter for database nova_cell1
Aug 21 10:43:33.528741 np0000007886 devstack@n-api-meta.service[96291]: DEBUG oslo_db.sqlalchemy.engines [None req-c831a5d9-bcd8-4b2b-b747-79f807beac96 None None] MySQL server mode set to STRICT_TRANS_TABLES,STRICT_ALL_TABLES,NO_ZERO_IN_DATE,NO_ZERO_DATE,ERROR_FOR_DIVISION_BY_ZERO,TRADITIONAL,NO_ENGINE_SUBSTITUTION {{(pid=96291) _check_effective_sql_mode /opt/stack/data/venv/lib/python3.12/site-packages/oslo_db/sqlalchemy/engines.py:325}}
Aug 21 10:43:33.545132 np0000007886 devstack@n-api-meta.service[96290]: DEBUG dbcounter [-] [96290] Writer thread running {{(pid=96290) stat_writer /opt/stack/data/venv/lib/python3.12/site-packages/dbcounter.py:102}}
Aug 21 10:43:33.547568 np0000007886 devstack@n-api-meta.service[96290]: DEBUG nova.context [None req-fdb6e5ba-fc12-457e-b534-71cfb532ee51 None None] Found 2 cells: 00000000-0000-0000-0000-000000000000(cell0),eb1939ec-24e0-47a3-839e-0368b71c5f53(cell1) {{(pid=96290) load_cells /opt/stack/nova/nova/context.py:509}}
Aug 21 10:43:33.549712 np0000007886 devstack@n-api-meta.service[96290]: DEBUG oslo_concurrency.lockutils [None req-fdb6e5ba-fc12-457e-b534-71cfb532ee51 None None] Acquiring lock "00000000-0000-0000-0000-000000000000" by "nova.context.set_target_cell..get_or_set_cached_cell_and_set_connections" {{(pid=96290) inner /opt/stack/data/venv/lib/python3.12/site-packages/oslo_concurrency/lockutils.py:512}}
Aug 21 10:43:33.549950 np0000007886 devstack@n-api-meta.service[96290]: DEBUG oslo_concurrency.lockutils [None req-fdb6e5ba-fc12-457e-b534-71cfb532ee51 None None] Lock "00000000-0000-0000-0000-000000000000" acquired by "nova.context.set_target_cell..get_or_set_cached_cell_and_set_connections" :: waited 0.000s {{(pid=96290) inner /opt/stack/data/venv/lib/python3.12/site-packages/oslo_concurrency/lockutils.py:525}}
Aug 21 10:43:33.553921 np0000007886 devstack@n-api-meta.service[96290]: DEBUG oslo_concurrency.lockutils [None req-fdb6e5ba-fc12-457e-b534-71cfb532ee51 None None] Lock "00000000-0000-0000-0000-000000000000" "released" by "nova.context.set_target_cell..get_or_set_cached_cell_and_set_connections" :: held 0.001s {{(pid=96290) inner /opt/stack/data/venv/lib/python3.12/site-packages/oslo_concurrency/lockutils.py:544}}
Aug 21 10:43:33.553921 np0000007886 devstack@n-api-meta.service[96290]: INFO nova.thread_pool_factory [None req-fdb6e5ba-fc12-457e-b534-71cfb532ee51 None None] The cell_worker thread pool MainProcess.cell_worker is initialized
Aug 21 10:43:33.553921 np0000007886 devstack@n-api-meta.service[96290]: DEBUG oslo_concurrency.lockutils [None req-fdb6e5ba-fc12-457e-b534-71cfb532ee51 None None] Acquiring lock "eb1939ec-24e0-47a3-839e-0368b71c5f53" by "nova.context.set_target_cell..get_or_set_cached_cell_and_set_connections" {{(pid=96290) inner /opt/stack/data/venv/lib/python3.12/site-packages/oslo_concurrency/lockutils.py:512}}
Aug 21 10:43:33.553921 np0000007886 devstack@n-api-meta.service[96290]: DEBUG oslo_concurrency.lockutils [None req-fdb6e5ba-fc12-457e-b534-71cfb532ee51 None None] Lock "eb1939ec-24e0-47a3-839e-0368b71c5f53" acquired by "nova.context.set_target_cell..get_or_set_cached_cell_and_set_connections" :: waited 0.000s {{(pid=96290) inner /opt/stack/data/venv/lib/python3.12/site-packages/oslo_concurrency/lockutils.py:525}}
Aug 21 10:43:33.553921 np0000007886 devstack@n-api-meta.service[96290]: DEBUG oslo_concurrency.lockutils [None req-fdb6e5ba-fc12-457e-b534-71cfb532ee51 None None] Lock "eb1939ec-24e0-47a3-839e-0368b71c5f53" "released" by "nova.context.set_target_cell..get_or_set_cached_cell_and_set_connections" :: held 0.001s {{(pid=96290) inner /opt/stack/data/venv/lib/python3.12/site-packages/oslo_concurrency/lockutils.py:544}}
Aug 21 10:43:33.554839 np0000007886 devstack@n-api-meta.service[96290]: INFO dbcounter [None req-fdb6e5ba-fc12-457e-b534-71cfb532ee51 None None] Registered counter for database nova_cell0
Aug 21 10:43:33.555512 np0000007886 devstack@n-api-meta.service[96292]: DEBUG oslo_db.sqlalchemy.engines [None req-73bd86b7-50e8-4a52-b922-c038665abd17 None None] MySQL server mode set to STRICT_TRANS_TABLES,STRICT_ALL_TABLES,NO_ZERO_IN_DATE,NO_ZERO_DATE,ERROR_FOR_DIVISION_BY_ZERO,TRADITIONAL,NO_ENGINE_SUBSTITUTION {{(pid=96292) _check_effective_sql_mode /opt/stack/data/venv/lib/python3.12/site-packages/oslo_db/sqlalchemy/engines.py:325}}
Aug 21 10:43:33.559339 np0000007886 devstack@n-api-meta.service[96290]: INFO dbcounter [None req-fdb6e5ba-fc12-457e-b534-71cfb532ee51 None None] Registered counter for database nova_cell1
Aug 21 10:43:33.560623 np0000007886 devstack@n-api-meta.service[96292]: DEBUG oslo_db.sqlalchemy.engines [None req-73bd86b7-50e8-4a52-b922-c038665abd17 None None] MySQL server mode set to STRICT_TRANS_TABLES,STRICT_ALL_TABLES,NO_ZERO_IN_DATE,NO_ZERO_DATE,ERROR_FOR_DIVISION_BY_ZERO,TRADITIONAL,NO_ENGINE_SUBSTITUTION {{(pid=96292) _check_effective_sql_mode /opt/stack/data/venv/lib/python3.12/site-packages/oslo_db/sqlalchemy/engines.py:325}}
Aug 21 10:43:33.566326 np0000007886 devstack@n-api-meta.service[96291]: DEBUG dbcounter [-] [96291] Writer thread running {{(pid=96291) stat_writer /opt/stack/data/venv/lib/python3.12/site-packages/dbcounter.py:102}}
Aug 21 10:43:33.569410 np0000007886 devstack@n-api-meta.service[96291]: DEBUG nova.context [None req-c831a5d9-bcd8-4b2b-b747-79f807beac96 None None] Found 2 cells: 00000000-0000-0000-0000-000000000000(cell0),eb1939ec-24e0-47a3-839e-0368b71c5f53(cell1) {{(pid=96291) load_cells /opt/stack/nova/nova/context.py:509}}
Aug 21 10:43:33.571534 np0000007886 devstack@n-api-meta.service[96291]: DEBUG oslo_concurrency.lockutils [None req-c831a5d9-bcd8-4b2b-b747-79f807beac96 None None] Acquiring lock "00000000-0000-0000-0000-000000000000" by "nova.context.set_target_cell..get_or_set_cached_cell_and_set_connections" {{(pid=96291) inner /opt/stack/data/venv/lib/python3.12/site-packages/oslo_concurrency/lockutils.py:512}}
Aug 21 10:43:33.571778 np0000007886 devstack@n-api-meta.service[96291]: DEBUG oslo_concurrency.lockutils [None req-c831a5d9-bcd8-4b2b-b747-79f807beac96 None None] Lock "00000000-0000-0000-0000-000000000000" acquired by "nova.context.set_target_cell..get_or_set_cached_cell_and_set_connections" :: waited 0.000s {{(pid=96291) inner /opt/stack/data/venv/lib/python3.12/site-packages/oslo_concurrency/lockutils.py:525}}
Aug 21 10:43:33.572285 np0000007886 devstack@n-api-meta.service[96291]: DEBUG oslo_concurrency.lockutils [None req-c831a5d9-bcd8-4b2b-b747-79f807beac96 None None] Lock "00000000-0000-0000-0000-000000000000" "released" by "nova.context.set_target_cell..get_or_set_cached_cell_and_set_connections" :: held 0.001s {{(pid=96291) inner /opt/stack/data/venv/lib/python3.12/site-packages/oslo_concurrency/lockutils.py:544}}
Aug 21 10:43:33.572378 np0000007886 devstack@n-api-meta.service[96293]: DEBUG oslo_db.sqlalchemy.engines [None req-cb58b408-fbf1-4e98-87fc-a0dff130e452 None None] MySQL server mode set to STRICT_TRANS_TABLES,STRICT_ALL_TABLES,NO_ZERO_IN_DATE,NO_ZERO_DATE,ERROR_FOR_DIVISION_BY_ZERO,TRADITIONAL,NO_ENGINE_SUBSTITUTION {{(pid=96293) _check_effective_sql_mode /opt/stack/data/venv/lib/python3.12/site-packages/oslo_db/sqlalchemy/engines.py:325}}
Aug 21 10:43:33.572591 np0000007886 devstack@n-api-meta.service[96291]: INFO nova.thread_pool_factory [None req-c831a5d9-bcd8-4b2b-b747-79f807beac96 None None] The cell_worker thread pool MainProcess.cell_worker is initialized
Aug 21 10:43:33.573507 np0000007886 devstack@n-api-meta.service[96291]: DEBUG oslo_concurrency.lockutils [None req-c831a5d9-bcd8-4b2b-b747-79f807beac96 None None] Acquiring lock "eb1939ec-24e0-47a3-839e-0368b71c5f53" by "nova.context.set_target_cell..get_or_set_cached_cell_and_set_connections" {{(pid=96291) inner /opt/stack/data/venv/lib/python3.12/site-packages/oslo_concurrency/lockutils.py:512}}
Aug 21 10:43:33.573658 np0000007886 devstack@n-api-meta.service[96291]: DEBUG oslo_concurrency.lockutils [None req-c831a5d9-bcd8-4b2b-b747-79f807beac96 None None] Lock "eb1939ec-24e0-47a3-839e-0368b71c5f53" acquired by "nova.context.set_target_cell..get_or_set_cached_cell_and_set_connections" :: waited 0.000s {{(pid=96291) inner /opt/stack/data/venv/lib/python3.12/site-packages/oslo_concurrency/lockutils.py:525}}
Aug 21 10:43:33.574621 np0000007886 devstack@n-api-meta.service[96291]: DEBUG oslo_concurrency.lockutils [None req-c831a5d9-bcd8-4b2b-b747-79f807beac96 None None] Lock "eb1939ec-24e0-47a3-839e-0368b71c5f53" "released" by "nova.context.set_target_cell..get_or_set_cached_cell_and_set_connections" :: held 0.001s {{(pid=96291) inner /opt/stack/data/venv/lib/python3.12/site-packages/oslo_concurrency/lockutils.py:544}}
Aug 21 10:43:33.577916 np0000007886 devstack@n-api-meta.service[96293]: DEBUG oslo_db.sqlalchemy.engines [None req-cb58b408-fbf1-4e98-87fc-a0dff130e452 None None] MySQL server mode set to STRICT_TRANS_TABLES,STRICT_ALL_TABLES,NO_ZERO_IN_DATE,NO_ZERO_DATE,ERROR_FOR_DIVISION_BY_ZERO,TRADITIONAL,NO_ENGINE_SUBSTITUTION {{(pid=96293) _check_effective_sql_mode /opt/stack/data/venv/lib/python3.12/site-packages/oslo_db/sqlalchemy/engines.py:325}}
Aug 21 10:43:33.578076 np0000007886 devstack@n-api-meta.service[96291]: INFO dbcounter [None req-c831a5d9-bcd8-4b2b-b747-79f807beac96 None None] Registered counter for database nova_cell0
Aug 21 10:43:33.580461 np0000007886 devstack@n-api-meta.service[96291]: INFO dbcounter [None req-c831a5d9-bcd8-4b2b-b747-79f807beac96 None None] Registered counter for database nova_cell1
Aug 21 10:43:33.605538 np0000007886 devstack@n-api-meta.service[96290]: DEBUG oslo_db.sqlalchemy.engines [None req-fdb6e5ba-fc12-457e-b534-71cfb532ee51 None None] MySQL server mode set to STRICT_TRANS_TABLES,STRICT_ALL_TABLES,NO_ZERO_IN_DATE,NO_ZERO_DATE,ERROR_FOR_DIVISION_BY_ZERO,TRADITIONAL,NO_ENGINE_SUBSTITUTION {{(pid=96290) _check_effective_sql_mode /opt/stack/data/venv/lib/python3.12/site-packages/oslo_db/sqlalchemy/engines.py:325}}
Aug 21 10:43:33.610520 np0000007886 devstack@n-api-meta.service[96290]: DEBUG oslo_db.sqlalchemy.engines [None req-fdb6e5ba-fc12-457e-b534-71cfb532ee51 None None] MySQL server mode set to STRICT_TRANS_TABLES,STRICT_ALL_TABLES,NO_ZERO_IN_DATE,NO_ZERO_DATE,ERROR_FOR_DIVISION_BY_ZERO,TRADITIONAL,NO_ENGINE_SUBSTITUTION {{(pid=96290) _check_effective_sql_mode /opt/stack/data/venv/lib/python3.12/site-packages/oslo_db/sqlalchemy/engines.py:325}}
Aug 21 10:43:33.623552 np0000007886 devstack@n-api-meta.service[96291]: DEBUG oslo_db.sqlalchemy.engines [None req-c831a5d9-bcd8-4b2b-b747-79f807beac96 None None] MySQL server mode set to STRICT_TRANS_TABLES,STRICT_ALL_TABLES,NO_ZERO_IN_DATE,NO_ZERO_DATE,ERROR_FOR_DIVISION_BY_ZERO,TRADITIONAL,NO_ENGINE_SUBSTITUTION {{(pid=96291) _check_effective_sql_mode /opt/stack/data/venv/lib/python3.12/site-packages/oslo_db/sqlalchemy/engines.py:325}}
Aug 21 10:43:33.627742 np0000007886 devstack@n-api-meta.service[96291]: DEBUG oslo_db.sqlalchemy.engines [None req-c831a5d9-bcd8-4b2b-b747-79f807beac96 None None] MySQL server mode set to STRICT_TRANS_TABLES,STRICT_ALL_TABLES,NO_ZERO_IN_DATE,NO_ZERO_DATE,ERROR_FOR_DIVISION_BY_ZERO,TRADITIONAL,NO_ENGINE_SUBSTITUTION {{(pid=96291) _check_effective_sql_mode /opt/stack/data/venv/lib/python3.12/site-packages/oslo_db/sqlalchemy/engines.py:325}}
Aug 21 10:43:33.657845 np0000007886 devstack@n-api-meta.service[96292]: DEBUG dbcounter [-] [96292] Writer thread running {{(pid=96292) stat_writer /opt/stack/data/venv/lib/python3.12/site-packages/dbcounter.py:102}}
Aug 21 10:43:33.661767 np0000007886 devstack@n-api-meta.service[96292]: DEBUG dbcounter [-] [96292] Writer thread running {{(pid=96292) stat_writer /opt/stack/data/venv/lib/python3.12/site-packages/dbcounter.py:102}}
Aug 21 10:43:33.666142 np0000007886 devstack@n-api-meta.service[96292]: INFO dbcounter [None req-73bd86b7-50e8-4a52-b922-c038665abd17 None None] Registered counter for database nova_cell0
Aug 21 10:43:33.677846 np0000007886 devstack@n-api-meta.service[96293]: DEBUG dbcounter [-] [96293] Writer thread running {{(pid=96293) stat_writer /opt/stack/data/venv/lib/python3.12/site-packages/dbcounter.py:102}}
Aug 21 10:43:33.678544 np0000007886 devstack@n-api-meta.service[96293]: DEBUG dbcounter [-] [96293] Writer thread running {{(pid=96293) stat_writer /opt/stack/data/venv/lib/python3.12/site-packages/dbcounter.py:102}}
Aug 21 10:43:33.683422 np0000007886 devstack@n-api-meta.service[96293]: INFO dbcounter [None req-cb58b408-fbf1-4e98-87fc-a0dff130e452 None None] Registered counter for database nova_cell0
Aug 21 10:43:33.704763 np0000007886 devstack@n-api-meta.service[96290]: DEBUG dbcounter [-] [96290] Writer thread running {{(pid=96290) stat_writer /opt/stack/data/venv/lib/python3.12/site-packages/dbcounter.py:102}}
Aug 21 10:43:33.707491 np0000007886 devstack@n-api-meta.service[96292]: DEBUG oslo_db.sqlalchemy.engines [None req-73bd86b7-50e8-4a52-b922-c038665abd17 None None] MySQL server mode set to STRICT_TRANS_TABLES,STRICT_ALL_TABLES,NO_ZERO_IN_DATE,NO_ZERO_DATE,ERROR_FOR_DIVISION_BY_ZERO,TRADITIONAL,NO_ENGINE_SUBSTITUTION {{(pid=96292) _check_effective_sql_mode /opt/stack/data/venv/lib/python3.12/site-packages/oslo_db/sqlalchemy/engines.py:325}}
Aug 21 10:43:33.707751 np0000007886 devstack@n-api-meta.service[96290]: DEBUG dbcounter [-] [96290] Writer thread running {{(pid=96290) stat_writer /opt/stack/data/venv/lib/python3.12/site-packages/dbcounter.py:102}}
Aug 21 10:43:33.711231 np0000007886 devstack@n-api-meta.service[96290]: INFO dbcounter [None req-fdb6e5ba-fc12-457e-b534-71cfb532ee51 None None] Registered counter for database nova_cell0
Aug 21 10:43:33.713653 np0000007886 devstack@n-api-meta.service[96292]: DEBUG dbcounter [-] [96292] Writer thread running {{(pid=96292) stat_writer /opt/stack/data/venv/lib/python3.12/site-packages/dbcounter.py:102}}
Aug 21 10:43:33.716309 np0000007886 devstack@n-api-meta.service[96293]: DEBUG oslo_db.sqlalchemy.engines [None req-cb58b408-fbf1-4e98-87fc-a0dff130e452 None None] MySQL server mode set to STRICT_TRANS_TABLES,STRICT_ALL_TABLES,NO_ZERO_IN_DATE,NO_ZERO_DATE,ERROR_FOR_DIVISION_BY_ZERO,TRADITIONAL,NO_ENGINE_SUBSTITUTION {{(pid=96293) _check_effective_sql_mode /opt/stack/data/venv/lib/python3.12/site-packages/oslo_db/sqlalchemy/engines.py:325}}
Aug 21 10:43:33.718097 np0000007886 devstack@n-api-meta.service[96291]: DEBUG dbcounter [-] [96291] Writer thread running {{(pid=96291) stat_writer /opt/stack/data/venv/lib/python3.12/site-packages/dbcounter.py:102}}
Aug 21 10:43:33.722287 np0000007886 devstack@n-api-meta.service[96293]: DEBUG dbcounter [-] [96293] Writer thread running {{(pid=96293) stat_writer /opt/stack/data/venv/lib/python3.12/site-packages/dbcounter.py:102}}
Aug 21 10:43:33.722469 np0000007886 devstack@n-api-meta.service[96291]: DEBUG dbcounter [-] [96291] Writer thread running {{(pid=96291) stat_writer /opt/stack/data/venv/lib/python3.12/site-packages/dbcounter.py:102}}
Aug 21 10:43:33.726164 np0000007886 devstack@n-api-meta.service[96291]: INFO dbcounter [None req-c831a5d9-bcd8-4b2b-b747-79f807beac96 None None] Registered counter for database nova_cell0
Aug 21 10:43:33.747753 np0000007886 devstack@n-api-meta.service[96290]: DEBUG oslo_db.sqlalchemy.engines [None req-fdb6e5ba-fc12-457e-b534-71cfb532ee51 None None] MySQL server mode set to STRICT_TRANS_TABLES,STRICT_ALL_TABLES,NO_ZERO_IN_DATE,NO_ZERO_DATE,ERROR_FOR_DIVISION_BY_ZERO,TRADITIONAL,NO_ENGINE_SUBSTITUTION {{(pid=96290) _check_effective_sql_mode /opt/stack/data/venv/lib/python3.12/site-packages/oslo_db/sqlalchemy/engines.py:325}}
Aug 21 10:43:33.753827 np0000007886 devstack@n-api-meta.service[96290]: DEBUG dbcounter [-] [96290] Writer thread running {{(pid=96290) stat_writer /opt/stack/data/venv/lib/python3.12/site-packages/dbcounter.py:102}}
Aug 21 10:43:33.763624 np0000007886 devstack@n-api-meta.service[96292]: WARNING nova.api.metadata.handler [None req-73bd86b7-50e8-4a52-b922-c038665abd17 None None] metadata_proxy_shared_secret is not configured, the metadata information returned by the proxy cannot be trusted
Aug 21 10:43:33.765677 np0000007886 devstack@n-api-meta.service[96291]: DEBUG oslo_db.sqlalchemy.engines [None req-c831a5d9-bcd8-4b2b-b747-79f807beac96 None None] MySQL server mode set to STRICT_TRANS_TABLES,STRICT_ALL_TABLES,NO_ZERO_IN_DATE,NO_ZERO_DATE,ERROR_FOR_DIVISION_BY_ZERO,TRADITIONAL,NO_ENGINE_SUBSTITUTION {{(pid=96291) _check_effective_sql_mode /opt/stack/data/venv/lib/python3.12/site-packages/oslo_db/sqlalchemy/engines.py:325}}
Aug 21 10:43:33.765781 np0000007886 devstack@n-api-meta.service[96292]: DEBUG nova.api.openstack.wsgi_app [None req-73bd86b7-50e8-4a52-b922-c038665abd17 None None] ******************************************************************************** {{(pid=96292) log_opt_values /opt/stack/data/venv/lib/python3.12/site-packages/oslo_config/cfg.py:3533}}
Aug 21 10:43:33.765882 np0000007886 devstack@n-api-meta.service[96292]: DEBUG nova.api.openstack.wsgi_app [None req-73bd86b7-50e8-4a52-b922-c038665abd17 None None] Configuration options gathered from: {{(pid=96292) log_opt_values /opt/stack/data/venv/lib/python3.12/site-packages/oslo_config/cfg.py:3534}}
Aug 21 10:43:33.766050 np0000007886 devstack@n-api-meta.service[96292]: DEBUG nova.api.openstack.wsgi_app [None req-73bd86b7-50e8-4a52-b922-c038665abd17 None None] command line args: [] {{(pid=96292) log_opt_values /opt/stack/data/venv/lib/python3.12/site-packages/oslo_config/cfg.py:3535}}
Aug 21 10:43:33.766195 np0000007886 devstack@n-api-meta.service[96292]: DEBUG nova.api.openstack.wsgi_app [None req-73bd86b7-50e8-4a52-b922-c038665abd17 None None] config files: ['/etc/nova/api-paste.ini', '/etc/nova/nova.conf'] {{(pid=96292) log_opt_values /opt/stack/data/venv/lib/python3.12/site-packages/oslo_config/cfg.py:3536}}
Aug 21 10:43:33.766294 np0000007886 devstack@n-api-meta.service[96292]: DEBUG nova.api.openstack.wsgi_app [None req-73bd86b7-50e8-4a52-b922-c038665abd17 None None] ================================================================================ {{(pid=96292) log_opt_values /opt/stack/data/venv/lib/python3.12/site-packages/oslo_config/cfg.py:3541}}
Aug 21 10:43:33.766455 np0000007886 devstack@n-api-meta.service[96292]: DEBUG nova.api.openstack.wsgi_app [None req-73bd86b7-50e8-4a52-b922-c038665abd17 None None] allow_resize_to_same_host = True {{(pid=96292) log_opt_values /opt/stack/data/venv/lib/python3.12/site-packages/oslo_config/cfg.py:3549}}
Aug 21 10:43:33.766578 np0000007886 devstack@n-api-meta.service[96292]: DEBUG nova.api.openstack.wsgi_app [None req-73bd86b7-50e8-4a52-b922-c038665abd17 None None] arq_binding_timeout = 300 {{(pid=96292) log_opt_values /opt/stack/data/venv/lib/python3.12/site-packages/oslo_config/cfg.py:3549}}
Aug 21 10:43:33.766746 np0000007886 devstack@n-api-meta.service[96292]: DEBUG nova.api.openstack.wsgi_app [None req-73bd86b7-50e8-4a52-b922-c038665abd17 None None] block_device_allocate_retries = 60 {{(pid=96292) log_opt_values /opt/stack/data/venv/lib/python3.12/site-packages/oslo_config/cfg.py:3549}}
Aug 21 10:43:33.766876 np0000007886 devstack@n-api-meta.service[96292]: DEBUG nova.api.openstack.wsgi_app [None req-73bd86b7-50e8-4a52-b922-c038665abd17 None None] block_device_allocate_retries_interval = 3 {{(pid=96292) log_opt_values /opt/stack/data/venv/lib/python3.12/site-packages/oslo_config/cfg.py:3549}}
Aug 21 10:43:33.767047 np0000007886 devstack@n-api-meta.service[96292]: DEBUG nova.api.openstack.wsgi_app [None req-73bd86b7-50e8-4a52-b922-c038665abd17 None None] cell_worker_thread_pool_size = 5 {{(pid=96292) log_opt_values /opt/stack/data/venv/lib/python3.12/site-packages/oslo_config/cfg.py:3549}}
Aug 21 10:43:33.767179 np0000007886 devstack@n-api-meta.service[96292]: DEBUG nova.api.openstack.wsgi_app [None req-73bd86b7-50e8-4a52-b922-c038665abd17 None None] cert = self.pem {{(pid=96292) log_opt_values /opt/stack/data/venv/lib/python3.12/site-packages/oslo_config/cfg.py:3549}}
Aug 21 10:43:33.767307 np0000007886 devstack@n-api-meta.service[96292]: DEBUG nova.api.openstack.wsgi_app [None req-73bd86b7-50e8-4a52-b922-c038665abd17 None None] compute_driver = libvirt.LibvirtDriver {{(pid=96292) log_opt_values /opt/stack/data/venv/lib/python3.12/site-packages/oslo_config/cfg.py:3549}}
Aug 21 10:43:33.767431 np0000007886 devstack@n-api-meta.service[96292]: DEBUG nova.api.openstack.wsgi_app [None req-73bd86b7-50e8-4a52-b922-c038665abd17 None None] compute_monitors = [] {{(pid=96292) log_opt_values /opt/stack/data/venv/lib/python3.12/site-packages/oslo_config/cfg.py:3549}}
Aug 21 10:43:33.767559 np0000007886 devstack@n-api-meta.service[96292]: DEBUG nova.api.openstack.wsgi_app [None req-73bd86b7-50e8-4a52-b922-c038665abd17 None None] concurrency_backend = auto {{(pid=96292) log_opt_values /opt/stack/data/venv/lib/python3.12/site-packages/oslo_config/cfg.py:3549}}
Aug 21 10:43:33.767699 np0000007886 devstack@n-api-meta.service[96292]: DEBUG nova.api.openstack.wsgi_app [None req-73bd86b7-50e8-4a52-b922-c038665abd17 None None] config_dir = [] {{(pid=96292) log_opt_values /opt/stack/data/venv/lib/python3.12/site-packages/oslo_config/cfg.py:3549}}
Aug 21 10:43:33.767867 np0000007886 devstack@n-api-meta.service[96292]: DEBUG nova.api.openstack.wsgi_app [None req-73bd86b7-50e8-4a52-b922-c038665abd17 None None] config_drive_format = iso9660 {{(pid=96292) log_opt_values /opt/stack/data/venv/lib/python3.12/site-packages/oslo_config/cfg.py:3549}}
Aug 21 10:43:33.768012 np0000007886 devstack@n-api-meta.service[96292]: DEBUG nova.api.openstack.wsgi_app [None req-73bd86b7-50e8-4a52-b922-c038665abd17 None None] config_file = ['/etc/nova/api-paste.ini', '/etc/nova/nova.conf'] {{(pid=96292) log_opt_values /opt/stack/data/venv/lib/python3.12/site-packages/oslo_config/cfg.py:3549}}
Aug 21 10:43:33.768175 np0000007886 devstack@n-api-meta.service[96292]: DEBUG nova.api.openstack.wsgi_app [None req-73bd86b7-50e8-4a52-b922-c038665abd17 None None] config_source = [] {{(pid=96292) log_opt_values /opt/stack/data/venv/lib/python3.12/site-packages/oslo_config/cfg.py:3549}}
Aug 21 10:43:33.768304 np0000007886 devstack@n-api-meta.service[96292]: DEBUG nova.api.openstack.wsgi_app [None req-73bd86b7-50e8-4a52-b922-c038665abd17 None None] console_host = np0000007886 {{(pid=96292) log_opt_values /opt/stack/data/venv/lib/python3.12/site-packages/oslo_config/cfg.py:3549}}
Aug 21 10:43:33.768457 np0000007886 devstack@n-api-meta.service[96292]: DEBUG nova.api.openstack.wsgi_app [None req-73bd86b7-50e8-4a52-b922-c038665abd17 None None] control_exchange = nova {{(pid=96292) log_opt_values /opt/stack/data/venv/lib/python3.12/site-packages/oslo_config/cfg.py:3549}}
Aug 21 10:43:33.768583 np0000007886 devstack@n-api-meta.service[96292]: DEBUG nova.api.openstack.wsgi_app [None req-73bd86b7-50e8-4a52-b922-c038665abd17 None None] cpu_allocation_ratio = None {{(pid=96292) log_opt_values /opt/stack/data/venv/lib/python3.12/site-packages/oslo_config/cfg.py:3549}}
Aug 21 10:43:33.768756 np0000007886 devstack@n-api-meta.service[96292]: DEBUG nova.api.openstack.wsgi_app [None req-73bd86b7-50e8-4a52-b922-c038665abd17 None None] daemon = False {{(pid=96292) log_opt_values /opt/stack/data/venv/lib/python3.12/site-packages/oslo_config/cfg.py:3549}}
Aug 21 10:43:33.768919 np0000007886 devstack@n-api-meta.service[96292]: DEBUG nova.api.openstack.wsgi_app [None req-73bd86b7-50e8-4a52-b922-c038665abd17 None None] debug = True {{(pid=96292) log_opt_values /opt/stack/data/venv/lib/python3.12/site-packages/oslo_config/cfg.py:3549}}
Aug 21 10:43:33.769071 np0000007886 devstack@n-api-meta.service[96292]: DEBUG nova.api.openstack.wsgi_app [None req-73bd86b7-50e8-4a52-b922-c038665abd17 None None] default_access_ip_network_name = None {{(pid=96292) log_opt_values /opt/stack/data/venv/lib/python3.12/site-packages/oslo_config/cfg.py:3549}}
Aug 21 10:43:33.769206 np0000007886 devstack@n-api-meta.service[96292]: DEBUG nova.api.openstack.wsgi_app [None req-73bd86b7-50e8-4a52-b922-c038665abd17 None None] default_availability_zone = nova {{(pid=96292) log_opt_values /opt/stack/data/venv/lib/python3.12/site-packages/oslo_config/cfg.py:3549}}
Aug 21 10:43:33.769329 np0000007886 devstack@n-api-meta.service[96292]: DEBUG nova.api.openstack.wsgi_app [None req-73bd86b7-50e8-4a52-b922-c038665abd17 None None] default_ephemeral_format = ext4 {{(pid=96292) log_opt_values /opt/stack/data/venv/lib/python3.12/site-packages/oslo_config/cfg.py:3549}}
Aug 21 10:43:33.769447 np0000007886 devstack@n-api-meta.service[96292]: DEBUG nova.api.openstack.wsgi_app [None req-73bd86b7-50e8-4a52-b922-c038665abd17 None None] default_green_pool_size = 1000 {{(pid=96292) log_opt_values /opt/stack/data/venv/lib/python3.12/site-packages/oslo_config/cfg.py:3549}}
Aug 21 10:43:33.769741 np0000007886 devstack@n-api-meta.service[96292]: DEBUG nova.api.openstack.wsgi_app [None req-73bd86b7-50e8-4a52-b922-c038665abd17 None None] default_log_levels = ['amqp=WARN', 'boto=WARN', 'sqlalchemy=WARN', 'suds=INFO', 'oslo.messaging=INFO', 'oslo_messaging=INFO', 'iso8601=WARN', 'requests.packages.urllib3.connectionpool=WARN', 'urllib3.connectionpool=WARN', 'websocket=WARN', 'requests.packages.urllib3.util.retry=WARN', 'urllib3.util.retry=WARN', 'keystonemiddleware=WARN', 'routes.middleware=WARN', 'stevedore=WARN', 'taskflow=WARN', 'keystoneauth=WARN', 'oslo.cache=INFO', 'oslo_policy=INFO', 'dogpile.core.dogpile=INFO', 'glanceclient=WARN', 'oslo.privsep.daemon=INFO'] {{(pid=96292) log_opt_values /opt/stack/data/venv/lib/python3.12/site-packages/oslo_config/cfg.py:3549}}
Aug 21 10:43:33.769918 np0000007886 devstack@n-api-meta.service[96292]: DEBUG nova.api.openstack.wsgi_app [None req-73bd86b7-50e8-4a52-b922-c038665abd17 None None] default_schedule_zone = None {{(pid=96292) log_opt_values /opt/stack/data/venv/lib/python3.12/site-packages/oslo_config/cfg.py:3549}}
Aug 21 10:43:33.770111 np0000007886 devstack@n-api-meta.service[96292]: DEBUG nova.api.openstack.wsgi_app [None req-73bd86b7-50e8-4a52-b922-c038665abd17 None None] default_thread_pool_size = 10 {{(pid=96292) log_opt_values /opt/stack/data/venv/lib/python3.12/site-packages/oslo_config/cfg.py:3549}}
Aug 21 10:43:33.770243 np0000007886 devstack@n-api-meta.service[96292]: DEBUG nova.api.openstack.wsgi_app [None req-73bd86b7-50e8-4a52-b922-c038665abd17 None None] disk_allocation_ratio = None {{(pid=96292) log_opt_values /opt/stack/data/venv/lib/python3.12/site-packages/oslo_config/cfg.py:3549}}
Aug 21 10:43:33.770376 np0000007886 devstack@n-api-meta.service[96292]: DEBUG nova.api.openstack.wsgi_app [None req-73bd86b7-50e8-4a52-b922-c038665abd17 None None] enable_new_services = True {{(pid=96292) log_opt_values /opt/stack/data/venv/lib/python3.12/site-packages/oslo_config/cfg.py:3549}}
Aug 21 10:43:33.770506 np0000007886 devstack@n-api-meta.service[96292]: DEBUG nova.api.openstack.wsgi_app [None req-73bd86b7-50e8-4a52-b922-c038665abd17 None None] flat_injected = False {{(pid=96292) log_opt_values /opt/stack/data/venv/lib/python3.12/site-packages/oslo_config/cfg.py:3549}}
Aug 21 10:43:33.770692 np0000007886 devstack@n-api-meta.service[96292]: DEBUG nova.api.openstack.wsgi_app [None req-73bd86b7-50e8-4a52-b922-c038665abd17 None None] force_config_drive = True {{(pid=96292) log_opt_values /opt/stack/data/venv/lib/python3.12/site-packages/oslo_config/cfg.py:3549}}
Aug 21 10:43:33.770868 np0000007886 devstack@n-api-meta.service[96292]: DEBUG nova.api.openstack.wsgi_app [None req-73bd86b7-50e8-4a52-b922-c038665abd17 None None] force_raw_images = True {{(pid=96292) log_opt_values /opt/stack/data/venv/lib/python3.12/site-packages/oslo_config/cfg.py:3549}}
Aug 21 10:43:33.771070 np0000007886 devstack@n-api-meta.service[96292]: DEBUG nova.api.openstack.wsgi_app [None req-73bd86b7-50e8-4a52-b922-c038665abd17 None None] graceful_shutdown_timeout = 5 {{(pid=96292) log_opt_values /opt/stack/data/venv/lib/python3.12/site-packages/oslo_config/cfg.py:3549}}
Aug 21 10:43:33.771200 np0000007886 devstack@n-api-meta.service[96292]: DEBUG nova.api.openstack.wsgi_app [None req-73bd86b7-50e8-4a52-b922-c038665abd17 None None] heal_instance_info_cache_interval = -1 {{(pid=96292) log_opt_values /opt/stack/data/venv/lib/python3.12/site-packages/oslo_config/cfg.py:3549}}
Aug 21 10:43:33.771372 np0000007886 devstack@n-api-meta.service[96292]: DEBUG nova.api.openstack.wsgi_app [None req-73bd86b7-50e8-4a52-b922-c038665abd17 None None] host = np0000007886 {{(pid=96292) log_opt_values /opt/stack/data/venv/lib/python3.12/site-packages/oslo_config/cfg.py:3549}}
Aug 21 10:43:33.771500 np0000007886 devstack@n-api-meta.service[96292]: DEBUG nova.api.openstack.wsgi_app [None req-73bd86b7-50e8-4a52-b922-c038665abd17 None None] initial_cpu_allocation_ratio = 4.0 {{(pid=96292) log_opt_values /opt/stack/data/venv/lib/python3.12/site-packages/oslo_config/cfg.py:3549}}
Aug 21 10:43:33.771619 np0000007886 devstack@n-api-meta.service[96292]: DEBUG nova.api.openstack.wsgi_app [None req-73bd86b7-50e8-4a52-b922-c038665abd17 None None] initial_disk_allocation_ratio = 1.0 {{(pid=96292) log_opt_values /opt/stack/data/venv/lib/python3.12/site-packages/oslo_config/cfg.py:3549}}
Aug 21 10:43:33.771750 np0000007886 devstack@n-api-meta.service[96292]: DEBUG nova.api.openstack.wsgi_app [None req-73bd86b7-50e8-4a52-b922-c038665abd17 None None] initial_ram_allocation_ratio = 1.0 {{(pid=96292) log_opt_values /opt/stack/data/venv/lib/python3.12/site-packages/oslo_config/cfg.py:3549}}
Aug 21 10:43:33.771978 np0000007886 devstack@n-api-meta.service[96292]: DEBUG nova.api.openstack.wsgi_app [None req-73bd86b7-50e8-4a52-b922-c038665abd17 None None] injected_network_template = /opt/stack/nova/nova/virt/interfaces.template {{(pid=96292) log_opt_values /opt/stack/data/venv/lib/python3.12/site-packages/oslo_config/cfg.py:3549}}
Aug 21 10:43:33.772052 np0000007886 devstack@n-api-meta.service[96291]: DEBUG dbcounter [-] [96291] Writer thread running {{(pid=96291) stat_writer /opt/stack/data/venv/lib/python3.12/site-packages/dbcounter.py:102}}
Aug 21 10:43:33.772116 np0000007886 devstack@n-api-meta.service[96292]: DEBUG nova.api.openstack.wsgi_app [None req-73bd86b7-50e8-4a52-b922-c038665abd17 None None] instance_build_timeout = 0 {{(pid=96292) log_opt_values /opt/stack/data/venv/lib/python3.12/site-packages/oslo_config/cfg.py:3549}}
Aug 21 10:43:33.772241 np0000007886 devstack@n-api-meta.service[96292]: DEBUG nova.api.openstack.wsgi_app [None req-73bd86b7-50e8-4a52-b922-c038665abd17 None None] instance_delete_interval = 300 {{(pid=96292) log_opt_values /opt/stack/data/venv/lib/python3.12/site-packages/oslo_config/cfg.py:3549}}
Aug 21 10:43:33.772362 np0000007886 devstack@n-api-meta.service[96292]: DEBUG nova.api.openstack.wsgi_app [None req-73bd86b7-50e8-4a52-b922-c038665abd17 None None] instance_format = [instance: %(uuid)s] {{(pid=96292) log_opt_values /opt/stack/data/venv/lib/python3.12/site-packages/oslo_config/cfg.py:3549}}
Aug 21 10:43:33.772479 np0000007886 devstack@n-api-meta.service[96292]: DEBUG nova.api.openstack.wsgi_app [None req-73bd86b7-50e8-4a52-b922-c038665abd17 None None] instance_name_template = instance-%08x {{(pid=96292) log_opt_values /opt/stack/data/venv/lib/python3.12/site-packages/oslo_config/cfg.py:3549}}
Aug 21 10:43:33.772592 np0000007886 devstack@n-api-meta.service[96292]: DEBUG nova.api.openstack.wsgi_app [None req-73bd86b7-50e8-4a52-b922-c038665abd17 None None] instance_usage_audit = False {{(pid=96292) log_opt_values /opt/stack/data/venv/lib/python3.12/site-packages/oslo_config/cfg.py:3549}}
Aug 21 10:43:33.772735 np0000007886 devstack@n-api-meta.service[96292]: DEBUG nova.api.openstack.wsgi_app [None req-73bd86b7-50e8-4a52-b922-c038665abd17 None None] instance_usage_audit_period = month {{(pid=96292) log_opt_values /opt/stack/data/venv/lib/python3.12/site-packages/oslo_config/cfg.py:3549}}
Aug 21 10:43:33.772878 np0000007886 devstack@n-api-meta.service[96292]: DEBUG nova.api.openstack.wsgi_app [None req-73bd86b7-50e8-4a52-b922-c038665abd17 None None] instance_uuid_format = [instance: %(uuid)s] {{(pid=96292) log_opt_values /opt/stack/data/venv/lib/python3.12/site-packages/oslo_config/cfg.py:3549}}
Aug 21 10:43:33.773032 np0000007886 devstack@n-api-meta.service[96292]: DEBUG nova.api.openstack.wsgi_app [None req-73bd86b7-50e8-4a52-b922-c038665abd17 None None] instances_path = /opt/stack/data/nova/instances {{(pid=96292) log_opt_values /opt/stack/data/venv/lib/python3.12/site-packages/oslo_config/cfg.py:3549}}
Aug 21 10:43:33.773184 np0000007886 devstack@n-api-meta.service[96292]: DEBUG nova.api.openstack.wsgi_app [None req-73bd86b7-50e8-4a52-b922-c038665abd17 None None] internal_service_availability_zone = internal {{(pid=96292) log_opt_values /opt/stack/data/venv/lib/python3.12/site-packages/oslo_config/cfg.py:3549}}
Aug 21 10:43:33.773333 np0000007886 devstack@n-api-meta.service[96292]: DEBUG nova.api.openstack.wsgi_app [None req-73bd86b7-50e8-4a52-b922-c038665abd17 None None] key = None {{(pid=96292) log_opt_values /opt/stack/data/venv/lib/python3.12/site-packages/oslo_config/cfg.py:3549}}
Aug 21 10:43:33.773499 np0000007886 devstack@n-api-meta.service[96292]: DEBUG nova.api.openstack.wsgi_app [None req-73bd86b7-50e8-4a52-b922-c038665abd17 None None] live_migration_retry_count = 30 {{(pid=96292) log_opt_values /opt/stack/data/venv/lib/python3.12/site-packages/oslo_config/cfg.py:3549}}
Aug 21 10:43:33.773677 np0000007886 devstack@n-api-meta.service[96292]: DEBUG nova.api.openstack.wsgi_app [None req-73bd86b7-50e8-4a52-b922-c038665abd17 None None] log_color = False {{(pid=96292) log_opt_values /opt/stack/data/venv/lib/python3.12/site-packages/oslo_config/cfg.py:3549}}
Aug 21 10:43:33.773850 np0000007886 devstack@n-api-meta.service[96292]: DEBUG nova.api.openstack.wsgi_app [None req-73bd86b7-50e8-4a52-b922-c038665abd17 None None] log_config_append = None {{(pid=96292) log_opt_values /opt/stack/data/venv/lib/python3.12/site-packages/oslo_config/cfg.py:3549}}
Aug 21 10:43:33.774061 np0000007886 devstack@n-api-meta.service[96292]: DEBUG nova.api.openstack.wsgi_app [None req-73bd86b7-50e8-4a52-b922-c038665abd17 None None] log_date_format = %Y-%m-%d %H:%M:%S {{(pid=96292) log_opt_values /opt/stack/data/venv/lib/python3.12/site-packages/oslo_config/cfg.py:3549}}
Aug 21 10:43:33.774231 np0000007886 devstack@n-api-meta.service[96292]: DEBUG nova.api.openstack.wsgi_app [None req-73bd86b7-50e8-4a52-b922-c038665abd17 None None] log_dir = None {{(pid=96292) log_opt_values /opt/stack/data/venv/lib/python3.12/site-packages/oslo_config/cfg.py:3549}}
Aug 21 10:43:33.774353 np0000007886 devstack@n-api-meta.service[96292]: DEBUG nova.api.openstack.wsgi_app [None req-73bd86b7-50e8-4a52-b922-c038665abd17 None None] log_file = None {{(pid=96292) log_opt_values /opt/stack/data/venv/lib/python3.12/site-packages/oslo_config/cfg.py:3549}}
Aug 21 10:43:33.774446 np0000007886 devstack@n-api-meta.service[96292]: DEBUG nova.api.openstack.wsgi_app [None req-73bd86b7-50e8-4a52-b922-c038665abd17 None None] log_options = True {{(pid=96292) log_opt_values /opt/stack/data/venv/lib/python3.12/site-packages/oslo_config/cfg.py:3549}}
Aug 21 10:43:33.774556 np0000007886 devstack@n-api-meta.service[96292]: DEBUG nova.api.openstack.wsgi_app [None req-73bd86b7-50e8-4a52-b922-c038665abd17 None None] log_rotate_interval = 1 {{(pid=96292) log_opt_values /opt/stack/data/venv/lib/python3.12/site-packages/oslo_config/cfg.py:3549}}
Aug 21 10:43:33.774676 np0000007886 devstack@n-api-meta.service[96292]: DEBUG nova.api.openstack.wsgi_app [None req-73bd86b7-50e8-4a52-b922-c038665abd17 None None] log_rotate_interval_type = days {{(pid=96292) log_opt_values /opt/stack/data/venv/lib/python3.12/site-packages/oslo_config/cfg.py:3549}}
Aug 21 10:43:33.774799 np0000007886 devstack@n-api-meta.service[96292]: DEBUG nova.api.openstack.wsgi_app [None req-73bd86b7-50e8-4a52-b922-c038665abd17 None None] log_rotation_type = none {{(pid=96292) log_opt_values /opt/stack/data/venv/lib/python3.12/site-packages/oslo_config/cfg.py:3549}}
Aug 21 10:43:33.774889 np0000007886 devstack@n-api-meta.service[96292]: DEBUG nova.api.openstack.wsgi_app [None req-73bd86b7-50e8-4a52-b922-c038665abd17 None None] logging_context_format_string = %(color)s%(levelname)s %(name)s [%(global_request_id)s %(request_id)s %(project_name)s %(user_name)s%(color)s] %(instance)s%(color)s%(message)s {{(pid=96292) log_opt_values /opt/stack/data/venv/lib/python3.12/site-packages/oslo_config/cfg.py:3549}}
