Aug 21 10:43:38.493575 np0000007886 nova-conductor[99288]: DEBUG cotyledon.oslo_config_glue [-] ******************************************************************************** {{(pid=99288) log_opt_values /opt/stack/data/venv/lib/python3.12/site-packages/oslo_config/cfg.py:3567}}
Aug 21 10:43:38.493615 np0000007886 nova-conductor[99282]: DEBUG cotyledon.oslo_config_glue [-] workarounds.disable_libvirt_livesnapshot = False {{(pid=99282) log_opt_values /opt/stack/data/venv/lib/python3.12/site-packages/oslo_config/cfg.py:3560}}
Aug 21 10:43:38.493615 np0000007886 nova-conductor[99282]: DEBUG cotyledon.oslo_config_glue [-] workarounds.disable_rootwrap = False {{(pid=99282) log_opt_values /opt/stack/data/venv/lib/python3.12/site-packages/oslo_config/cfg.py:3560}}
Aug 21 10:43:38.493981 np0000007886 nova-conductor[99288]: DEBUG cotyledon._service_worker [-] Run service ServiceWrapper(3) [99288] {{(pid=99288) wait_forever /opt/stack/data/venv/lib/python3.12/site-packages/cotyledon/_service_worker.py:218}}
Aug 21 10:43:38.494005 np0000007886 nova-conductor[99282]: DEBUG cotyledon.oslo_config_glue [-] workarounds.enable_numa_live_migration = False {{(pid=99282) log_opt_values /opt/stack/data/venv/lib/python3.12/site-packages/oslo_config/cfg.py:3560}}
Aug 21 10:43:38.494005 np0000007886 nova-conductor[99282]: DEBUG cotyledon.oslo_config_glue [-] workarounds.enable_qemu_monitor_announce_self = False {{(pid=99282) log_opt_values /opt/stack/data/venv/lib/python3.12/site-packages/oslo_config/cfg.py:3560}}
Aug 21 10:43:38.494005 np0000007886 nova-conductor[99282]: DEBUG cotyledon.oslo_config_glue [-] workarounds.ensure_libvirt_rbd_instance_dir_cleanup = False {{(pid=99282) log_opt_values /opt/stack/data/venv/lib/python3.12/site-packages/oslo_config/cfg.py:3560}}
Aug 21 10:43:38.494005 np0000007886 nova-conductor[99282]: DEBUG cotyledon.oslo_config_glue [-] workarounds.handle_virt_lifecycle_events = True {{(pid=99282) log_opt_values /opt/stack/data/venv/lib/python3.12/site-packages/oslo_config/cfg.py:3560}}
Aug 21 10:43:38.494005 np0000007886 nova-conductor[99282]: DEBUG cotyledon.oslo_config_glue [-] workarounds.libvirt_disable_apic = False {{(pid=99282) log_opt_values /opt/stack/data/venv/lib/python3.12/site-packages/oslo_config/cfg.py:3560}}
Aug 21 10:43:38.494005 np0000007886 nova-conductor[99282]: DEBUG cotyledon.oslo_config_glue [-] workarounds.never_download_image_if_on_rbd = False {{(pid=99282) log_opt_values /opt/stack/data/venv/lib/python3.12/site-packages/oslo_config/cfg.py:3560}}
Aug 21 10:43:38.494005 np0000007886 nova-conductor[99282]: DEBUG cotyledon.oslo_config_glue [-] workarounds.qemu_monitor_announce_self_count = 3 {{(pid=99282) log_opt_values /opt/stack/data/venv/lib/python3.12/site-packages/oslo_config/cfg.py:3560}}
Aug 21 10:43:38.494005 np0000007886 nova-conductor[99282]: DEBUG cotyledon.oslo_config_glue [-] workarounds.qemu_monitor_announce_self_interval = 1 {{(pid=99282) log_opt_values /opt/stack/data/venv/lib/python3.12/site-packages/oslo_config/cfg.py:3560}}
Aug 21 10:43:38.494005 np0000007886 nova-conductor[99282]: DEBUG cotyledon.oslo_config_glue [-] workarounds.reserve_disk_resource_for_image_cache = False {{(pid=99282) log_opt_values /opt/stack/data/venv/lib/python3.12/site-packages/oslo_config/cfg.py:3560}}
Aug 21 10:43:38.494201 np0000007886 nova-conductor[99282]: DEBUG cotyledon.oslo_config_glue [-] workarounds.skip_cpu_compare_at_startup = False {{(pid=99282) log_opt_values /opt/stack/data/venv/lib/python3.12/site-packages/oslo_config/cfg.py:3560}}
Aug 21 10:43:38.494201 np0000007886 nova-conductor[99282]: DEBUG cotyledon.oslo_config_glue [-] workarounds.skip_cpu_compare_on_dest = False {{(pid=99282) log_opt_values /opt/stack/data/venv/lib/python3.12/site-packages/oslo_config/cfg.py:3560}}
Aug 21 10:43:38.494201 np0000007886 nova-conductor[99282]: DEBUG cotyledon.oslo_config_glue [-] workarounds.skip_hypervisor_version_check_on_lm = False {{(pid=99282) log_opt_values /opt/stack/data/venv/lib/python3.12/site-packages/oslo_config/cfg.py:3560}}
Aug 21 10:43:38.494201 np0000007886 nova-conductor[99282]: DEBUG cotyledon.oslo_config_glue [-] workarounds.skip_reserve_in_use_ironic_nodes = False {{(pid=99282) log_opt_values /opt/stack/data/venv/lib/python3.12/site-packages/oslo_config/cfg.py:3560}}
Aug 21 10:43:38.494201 np0000007886 nova-conductor[99282]: DEBUG cotyledon.oslo_config_glue [-] workarounds.unified_limits_count_pcpu_as_vcpu = False {{(pid=99282) log_opt_values /opt/stack/data/venv/lib/python3.12/site-packages/oslo_config/cfg.py:3560}}
Aug 21 10:43:38.494201 np0000007886 nova-conductor[99282]: DEBUG cotyledon.oslo_config_glue [-] workarounds.wait_for_vif_plugged_event_during_hard_reboot = [] {{(pid=99282) log_opt_values /opt/stack/data/venv/lib/python3.12/site-packages/oslo_config/cfg.py:3560}}
Aug 21 10:43:38.494201 np0000007886 nova-conductor[99282]: DEBUG cotyledon.oslo_config_glue [-] wsgi.api_paste_config = /etc/nova/api-paste.ini {{(pid=99282) log_opt_values /opt/stack/data/venv/lib/python3.12/site-packages/oslo_config/cfg.py:3560}}
Aug 21 10:43:38.494201 np0000007886 nova-conductor[99282]: DEBUG cotyledon.oslo_config_glue [-] wsgi.secure_proxy_ssl_header = None {{(pid=99282) log_opt_values /opt/stack/data/venv/lib/python3.12/site-packages/oslo_config/cfg.py:3560}}
Aug 21 10:43:38.494201 np0000007886 nova-conductor[99282]: DEBUG cotyledon.oslo_config_glue [-] zvm.ca_file = None {{(pid=99282) log_opt_values /opt/stack/data/venv/lib/python3.12/site-packages/oslo_config/cfg.py:3560}}
Aug 21 10:43:38.494376 np0000007886 nova-conductor[99282]: DEBUG cotyledon.oslo_config_glue [-] zvm.cloud_connector_url = None {{(pid=99282) log_opt_values /opt/stack/data/venv/lib/python3.12/site-packages/oslo_config/cfg.py:3560}}
Aug 21 10:43:38.494376 np0000007886 nova-conductor[99282]: DEBUG cotyledon.oslo_config_glue [-] zvm.image_tmp_path = /opt/stack/data/nova/images {{(pid=99282) log_opt_values /opt/stack/data/venv/lib/python3.12/site-packages/oslo_config/cfg.py:3560}}
Aug 21 10:43:38.494376 np0000007886 nova-conductor[99282]: DEBUG cotyledon.oslo_config_glue [-] zvm.reachable_timeout = 300 {{(pid=99282) log_opt_values /opt/stack/data/venv/lib/python3.12/site-packages/oslo_config/cfg.py:3560}}
Aug 21 10:43:38.494376 np0000007886 nova-conductor[99282]: DEBUG cotyledon.oslo_config_glue [-] oslo_versionedobjects.fatal_exception_format_errors = False {{(pid=99282) log_opt_values /opt/stack/data/venv/lib/python3.12/site-packages/oslo_config/cfg.py:3560}}
Aug 21 10:43:38.494455 np0000007886 nova-conductor[99288]: INFO nova.service [-] Starting conductor node (version 33.1.0)
Aug 21 10:43:38.494482 np0000007886 nova-conductor[99282]: DEBUG cotyledon.oslo_config_glue [-] oslo_middleware.http_basic_auth_user_file = /etc/htpasswd {{(pid=99282) log_opt_values /opt/stack/data/venv/lib/python3.12/site-packages/oslo_config/cfg.py:3560}}
Aug 21 10:43:38.494482 np0000007886 nova-conductor[99282]: DEBUG cotyledon.oslo_config_glue [-] profiler.connection_string = messaging:// {{(pid=99282) log_opt_values /opt/stack/data/venv/lib/python3.12/site-packages/oslo_config/cfg.py:3560}}
Aug 21 10:43:38.494482 np0000007886 nova-conductor[99282]: DEBUG cotyledon.oslo_config_glue [-] profiler.enabled = False {{(pid=99282) log_opt_values /opt/stack/data/venv/lib/python3.12/site-packages/oslo_config/cfg.py:3560}}
Aug 21 10:43:38.494482 np0000007886 nova-conductor[99282]: DEBUG cotyledon.oslo_config_glue [-] profiler.es_doc_type = notification {{(pid=99282) log_opt_values /opt/stack/data/venv/lib/python3.12/site-packages/oslo_config/cfg.py:3560}}
Aug 21 10:43:38.494482 np0000007886 nova-conductor[99282]: DEBUG cotyledon.oslo_config_glue [-] profiler.es_scroll_size = 10000 {{(pid=99282) log_opt_values /opt/stack/data/venv/lib/python3.12/site-packages/oslo_config/cfg.py:3560}}
Aug 21 10:43:38.494482 np0000007886 nova-conductor[99282]: DEBUG cotyledon.oslo_config_glue [-] profiler.es_scroll_time = 2m {{(pid=99282) log_opt_values /opt/stack/data/venv/lib/python3.12/site-packages/oslo_config/cfg.py:3560}}
Aug 21 10:43:38.494482 np0000007886 nova-conductor[99282]: DEBUG cotyledon.oslo_config_glue [-] profiler.filter_error_trace = False {{(pid=99282) log_opt_values /opt/stack/data/venv/lib/python3.12/site-packages/oslo_config/cfg.py:3560}}
Aug 21 10:43:38.494482 np0000007886 nova-conductor[99282]: DEBUG cotyledon.oslo_config_glue [-] profiler.hmac_keys = **** {{(pid=99282) log_opt_values /opt/stack/data/venv/lib/python3.12/site-packages/oslo_config/cfg.py:3560}}
Aug 21 10:43:38.494482 np0000007886 nova-conductor[99282]: DEBUG cotyledon.oslo_config_glue [-] profiler.sentinel_service_name = mymaster {{(pid=99282) log_opt_values /opt/stack/data/venv/lib/python3.12/site-packages/oslo_config/cfg.py:3560}}
Aug 21 10:43:38.494672 np0000007886 nova-conductor[99282]: DEBUG cotyledon.oslo_config_glue [-] profiler.socket_timeout = 0.1 {{(pid=99282) log_opt_values /opt/stack/data/venv/lib/python3.12/site-packages/oslo_config/cfg.py:3560}}
Aug 21 10:43:38.494672 np0000007886 nova-conductor[99282]: DEBUG cotyledon.oslo_config_glue [-] profiler.trace_requests = False {{(pid=99282) log_opt_values /opt/stack/data/venv/lib/python3.12/site-packages/oslo_config/cfg.py:3560}}
Aug 21 10:43:38.494672 np0000007886 nova-conductor[99282]: DEBUG cotyledon.oslo_config_glue [-] profiler.trace_sqlalchemy = False {{(pid=99282) log_opt_values /opt/stack/data/venv/lib/python3.12/site-packages/oslo_config/cfg.py:3560}}
Aug 21 10:43:38.494672 np0000007886 nova-conductor[99282]: DEBUG cotyledon.oslo_config_glue [-] profiler_jaeger.process_tags = {} {{(pid=99282) log_opt_values /opt/stack/data/venv/lib/python3.12/site-packages/oslo_config/cfg.py:3560}}
Aug 21 10:43:38.494672 np0000007886 nova-conductor[99282]: DEBUG cotyledon.oslo_config_glue [-] profiler_jaeger.service_name_prefix = None {{(pid=99282) log_opt_values /opt/stack/data/venv/lib/python3.12/site-packages/oslo_config/cfg.py:3560}}
Aug 21 10:43:38.494672 np0000007886 nova-conductor[99282]: DEBUG cotyledon.oslo_config_glue [-] profiler_otlp.service_name_prefix = None {{(pid=99282) log_opt_values /opt/stack/data/venv/lib/python3.12/site-packages/oslo_config/cfg.py:3560}}
Aug 21 10:43:38.494672 np0000007886 nova-conductor[99282]: DEBUG cotyledon.oslo_config_glue [-] oslo_messaging_rabbit.amqp_auto_delete = False {{(pid=99282) log_opt_values /opt/stack/data/venv/lib/python3.12/site-packages/oslo_config/cfg.py:3560}}
Aug 21 10:43:38.494672 np0000007886 nova-conductor[99282]: DEBUG cotyledon.oslo_config_glue [-] oslo_messaging_rabbit.amqp_durable_queues = False {{(pid=99282) log_opt_values /opt/stack/data/venv/lib/python3.12/site-packages/oslo_config/cfg.py:3560}}
Aug 21 10:43:38.494672 np0000007886 nova-conductor[99282]: DEBUG cotyledon.oslo_config_glue [-] oslo_messaging_rabbit.conn_pool_min_size = 2 {{(pid=99282) log_opt_values /opt/stack/data/venv/lib/python3.12/site-packages/oslo_config/cfg.py:3560}}
Aug 21 10:43:38.494936 np0000007886 nova-conductor[99282]: DEBUG cotyledon.oslo_config_glue [-] oslo_messaging_rabbit.conn_pool_ttl = 1200 {{(pid=99282) log_opt_values /opt/stack/data/venv/lib/python3.12/site-packages/oslo_config/cfg.py:3560}}
Aug 21 10:43:38.494936 np0000007886 nova-conductor[99282]: DEBUG cotyledon.oslo_config_glue [-] oslo_messaging_rabbit.direct_mandatory_flag = True {{(pid=99282) log_opt_values /opt/stack/data/venv/lib/python3.12/site-packages/oslo_config/cfg.py:3560}}
Aug 21 10:43:38.494936 np0000007886 nova-conductor[99282]: DEBUG cotyledon.oslo_config_glue [-] oslo_messaging_rabbit.enable_cancel_on_failover = False {{(pid=99282) log_opt_values /opt/stack/data/venv/lib/python3.12/site-packages/oslo_config/cfg.py:3560}}
Aug 21 10:43:38.494936 np0000007886 nova-conductor[99282]: DEBUG cotyledon.oslo_config_glue [-] oslo_messaging_rabbit.heartbeat_rate = 3 {{(pid=99282) log_opt_values /opt/stack/data/venv/lib/python3.12/site-packages/oslo_config/cfg.py:3560}}
Aug 21 10:43:38.494936 np0000007886 nova-conductor[99282]: DEBUG cotyledon.oslo_config_glue [-] oslo_messaging_rabbit.heartbeat_timeout_threshold = 60 {{(pid=99282) log_opt_values /opt/stack/data/venv/lib/python3.12/site-packages/oslo_config/cfg.py:3560}}
Aug 21 10:43:38.494936 np0000007886 nova-conductor[99282]: DEBUG cotyledon.oslo_config_glue [-] oslo_messaging_rabbit.hostname = np0000007886 {{(pid=99282) log_opt_values /opt/stack/data/venv/lib/python3.12/site-packages/oslo_config/cfg.py:3560}}
Aug 21 10:43:38.494936 np0000007886 nova-conductor[99282]: DEBUG cotyledon.oslo_config_glue [-] oslo_messaging_rabbit.kombu_compression = None {{(pid=99282) log_opt_values /opt/stack/data/venv/lib/python3.12/site-packages/oslo_config/cfg.py:3560}}
Aug 21 10:43:38.494936 np0000007886 nova-conductor[99282]: DEBUG cotyledon.oslo_config_glue [-] oslo_messaging_rabbit.kombu_failover_strategy = round-robin {{(pid=99282) log_opt_values /opt/stack/data/venv/lib/python3.12/site-packages/oslo_config/cfg.py:3560}}
Aug 21 10:43:38.494936 np0000007886 nova-conductor[99282]: DEBUG cotyledon.oslo_config_glue [-] oslo_messaging_rabbit.kombu_missing_consumer_retry_timeout = 60 {{(pid=99282) log_opt_values /opt/stack/data/venv/lib/python3.12/site-packages/oslo_config/cfg.py:3560}}
Aug 21 10:43:38.495139 np0000007886 nova-conductor[99282]: DEBUG cotyledon.oslo_config_glue [-] oslo_messaging_rabbit.kombu_reconnect_delay = 1.0 {{(pid=99282) log_opt_values /opt/stack/data/venv/lib/python3.12/site-packages/oslo_config/cfg.py:3560}}
Aug 21 10:43:38.495139 np0000007886 nova-conductor[99282]: DEBUG cotyledon.oslo_config_glue [-] oslo_messaging_rabbit.kombu_reconnect_splay = 0.0 {{(pid=99282) log_opt_values /opt/stack/data/venv/lib/python3.12/site-packages/oslo_config/cfg.py:3560}}
Aug 21 10:43:38.495139 np0000007886 nova-conductor[99282]: DEBUG cotyledon.oslo_config_glue [-] oslo_messaging_rabbit.processname = nova-conductor {{(pid=99282) log_opt_values /opt/stack/data/venv/lib/python3.12/site-packages/oslo_config/cfg.py:3560}}
Aug 21 10:43:38.495139 np0000007886 nova-conductor[99282]: DEBUG cotyledon.oslo_config_glue [-] oslo_messaging_rabbit.rabbit_ha_queues = False {{(pid=99282) log_opt_values /opt/stack/data/venv/lib/python3.12/site-packages/oslo_config/cfg.py:3560}}
Aug 21 10:43:38.495139 np0000007886 nova-conductor[99282]: DEBUG cotyledon.oslo_config_glue [-] oslo_messaging_rabbit.rabbit_interval_max = 30 {{(pid=99282) log_opt_values /opt/stack/data/venv/lib/python3.12/site-packages/oslo_config/cfg.py:3560}}
Aug 21 10:43:38.495139 np0000007886 nova-conductor[99282]: DEBUG cotyledon.oslo_config_glue [-] oslo_messaging_rabbit.rabbit_login_method = AMQPLAIN {{(pid=99282) log_opt_values /opt/stack/data/venv/lib/python3.12/site-packages/oslo_config/cfg.py:3560}}
Aug 21 10:43:38.495139 np0000007886 nova-conductor[99282]: DEBUG cotyledon.oslo_config_glue [-] oslo_messaging_rabbit.rabbit_qos_prefetch_count = 0 {{(pid=99282) log_opt_values /opt/stack/data/venv/lib/python3.12/site-packages/oslo_config/cfg.py:3560}}
Aug 21 10:43:38.495139 np0000007886 nova-conductor[99282]: DEBUG cotyledon.oslo_config_glue [-] oslo_messaging_rabbit.rabbit_quorum_delivery_limit = 0 {{(pid=99282) log_opt_values /opt/stack/data/venv/lib/python3.12/site-packages/oslo_config/cfg.py:3560}}
Aug 21 10:43:38.495139 np0000007886 nova-conductor[99282]: DEBUG cotyledon.oslo_config_glue [-] oslo_messaging_rabbit.rabbit_quorum_max_memory_bytes = 0 {{(pid=99282) log_opt_values /opt/stack/data/venv/lib/python3.12/site-packages/oslo_config/cfg.py:3560}}
Aug 21 10:43:38.495329 np0000007886 nova-conductor[99282]: DEBUG cotyledon.oslo_config_glue [-] oslo_messaging_rabbit.rabbit_quorum_max_memory_length = 0 {{(pid=99282) log_opt_values /opt/stack/data/venv/lib/python3.12/site-packages/oslo_config/cfg.py:3560}}
Aug 21 10:43:38.495329 np0000007886 nova-conductor[99282]: DEBUG cotyledon.oslo_config_glue [-] oslo_messaging_rabbit.rabbit_quorum_queue = False {{(pid=99282) log_opt_values /opt/stack/data/venv/lib/python3.12/site-packages/oslo_config/cfg.py:3560}}
Aug 21 10:43:38.495329 np0000007886 nova-conductor[99282]: DEBUG cotyledon.oslo_config_glue [-] oslo_messaging_rabbit.rabbit_retry_backoff = 2 {{(pid=99282) log_opt_values /opt/stack/data/venv/lib/python3.12/site-packages/oslo_config/cfg.py:3560}}
Aug 21 10:43:38.495329 np0000007886 nova-conductor[99282]: DEBUG cotyledon.oslo_config_glue [-] oslo_messaging_rabbit.rabbit_retry_interval = 1 {{(pid=99282) log_opt_values /opt/stack/data/venv/lib/python3.12/site-packages/oslo_config/cfg.py:3560}}
Aug 21 10:43:38.495329 np0000007886 nova-conductor[99282]: DEBUG cotyledon.oslo_config_glue [-] oslo_messaging_rabbit.rabbit_stream_fanout = False {{(pid=99282) log_opt_values /opt/stack/data/venv/lib/python3.12/site-packages/oslo_config/cfg.py:3560}}
Aug 21 10:43:38.495329 np0000007886 nova-conductor[99282]: DEBUG cotyledon.oslo_config_glue [-] oslo_messaging_rabbit.rabbit_transient_queues_ttl = 1800 {{(pid=99282) log_opt_values /opt/stack/data/venv/lib/python3.12/site-packages/oslo_config/cfg.py:3560}}
Aug 21 10:43:38.495329 np0000007886 nova-conductor[99282]: DEBUG cotyledon.oslo_config_glue [-] oslo_messaging_rabbit.rabbit_transient_quorum_queue = False {{(pid=99282) log_opt_values /opt/stack/data/venv/lib/python3.12/site-packages/oslo_config/cfg.py:3560}}
Aug 21 10:43:38.495329 np0000007886 nova-conductor[99282]: DEBUG cotyledon.oslo_config_glue [-] oslo_messaging_rabbit.rpc_conn_pool_size = 30 {{(pid=99282) log_opt_values /opt/stack/data/venv/lib/python3.12/site-packages/oslo_config/cfg.py:3560}}
Aug 21 10:43:38.495329 np0000007886 nova-conductor[99282]: DEBUG cotyledon.oslo_config_glue [-] oslo_messaging_rabbit.ssl = False {{(pid=99282) log_opt_values /opt/stack/data/venv/lib/python3.12/site-packages/oslo_config/cfg.py:3560}}
Aug 21 10:43:38.495605 np0000007886 nova-conductor[99282]: DEBUG cotyledon.oslo_config_glue [-] oslo_messaging_rabbit.ssl_ca_file = {{(pid=99282) log_opt_values /opt/stack/data/venv/lib/python3.12/site-packages/oslo_config/cfg.py:3560}}
Aug 21 10:43:38.495605 np0000007886 nova-conductor[99282]: DEBUG cotyledon.oslo_config_glue [-] oslo_messaging_rabbit.ssl_cert_file = {{(pid=99282) log_opt_values /opt/stack/data/venv/lib/python3.12/site-packages/oslo_config/cfg.py:3560}}
Aug 21 10:43:38.495605 np0000007886 nova-conductor[99282]: DEBUG cotyledon.oslo_config_glue [-] oslo_messaging_rabbit.ssl_enforce_fips_mode = False {{(pid=99282) log_opt_values /opt/stack/data/venv/lib/python3.12/site-packages/oslo_config/cfg.py:3560}}
Aug 21 10:43:38.495605 np0000007886 nova-conductor[99282]: DEBUG cotyledon.oslo_config_glue [-] oslo_messaging_rabbit.ssl_enforce_hostname_verification = True {{(pid=99282) log_opt_values /opt/stack/data/venv/lib/python3.12/site-packages/oslo_config/cfg.py:3560}}
Aug 21 10:43:38.495605 np0000007886 nova-conductor[99282]: DEBUG cotyledon.oslo_config_glue [-] oslo_messaging_rabbit.ssl_key_file = {{(pid=99282) log_opt_values /opt/stack/data/venv/lib/python3.12/site-packages/oslo_config/cfg.py:3560}}
Aug 21 10:43:38.495605 np0000007886 nova-conductor[99282]: DEBUG cotyledon.oslo_config_glue [-] oslo_messaging_rabbit.ssl_version = {{(pid=99282) log_opt_values /opt/stack/data/venv/lib/python3.12/site-packages/oslo_config/cfg.py:3560}}
Aug 21 10:43:38.495605 np0000007886 nova-conductor[99282]: DEBUG cotyledon.oslo_config_glue [-] oslo_messaging_rabbit.use_queue_manager = False {{(pid=99282) log_opt_values /opt/stack/data/venv/lib/python3.12/site-packages/oslo_config/cfg.py:3560}}
Aug 21 10:43:38.495605 np0000007886 nova-conductor[99282]: DEBUG cotyledon.oslo_config_glue [-] oslo_messaging_notifications.driver = ['messagingv2'] {{(pid=99282) log_opt_values /opt/stack/data/venv/lib/python3.12/site-packages/oslo_config/cfg.py:3560}}
Aug 21 10:43:38.495605 np0000007886 nova-conductor[99282]: DEBUG cotyledon.oslo_config_glue [-] oslo_messaging_notifications.retry = -1 {{(pid=99282) log_opt_values /opt/stack/data/venv/lib/python3.12/site-packages/oslo_config/cfg.py:3560}}
Aug 21 10:43:38.495883 np0000007886 nova-conductor[99282]: DEBUG cotyledon.oslo_config_glue [-] oslo_messaging_notifications.topics = ['notifications'] {{(pid=99282) log_opt_values /opt/stack/data/venv/lib/python3.12/site-packages/oslo_config/cfg.py:3560}}
Aug 21 10:43:38.495883 np0000007886 nova-conductor[99282]: DEBUG cotyledon.oslo_config_glue [-] oslo_messaging_notifications.transport_url = **** {{(pid=99282) log_opt_values /opt/stack/data/venv/lib/python3.12/site-packages/oslo_config/cfg.py:3560}}
Aug 21 10:43:38.495883 np0000007886 nova-conductor[99282]: DEBUG cotyledon.oslo_config_glue [-] oslo_limit.auth_section = None {{(pid=99282) log_opt_values /opt/stack/data/venv/lib/python3.12/site-packages/oslo_config/cfg.py:3560}}
Aug 21 10:43:38.495883 np0000007886 nova-conductor[99282]: DEBUG cotyledon.oslo_config_glue [-] oslo_limit.auth_type = None {{(pid=99282) log_opt_values /opt/stack/data/venv/lib/python3.12/site-packages/oslo_config/cfg.py:3560}}
Aug 21 10:43:38.495883 np0000007886 nova-conductor[99282]: DEBUG cotyledon.oslo_config_glue [-] oslo_limit.cafile = None {{(pid=99282) log_opt_values /opt/stack/data/venv/lib/python3.12/site-packages/oslo_config/cfg.py:3560}}
Aug 21 10:43:38.495883 np0000007886 nova-conductor[99282]: DEBUG cotyledon.oslo_config_glue [-] oslo_limit.certfile = None {{(pid=99282) log_opt_values /opt/stack/data/venv/lib/python3.12/site-packages/oslo_config/cfg.py:3560}}
Aug 21 10:43:38.495883 np0000007886 nova-conductor[99282]: DEBUG cotyledon.oslo_config_glue [-] oslo_limit.collect_timing = False {{(pid=99282) log_opt_values /opt/stack/data/venv/lib/python3.12/site-packages/oslo_config/cfg.py:3560}}
Aug 21 10:43:38.495883 np0000007886 nova-conductor[99282]: DEBUG cotyledon.oslo_config_glue [-] oslo_limit.connect_retries = None {{(pid=99282) log_opt_values /opt/stack/data/venv/lib/python3.12/site-packages/oslo_config/cfg.py:3560}}
Aug 21 10:43:38.495883 np0000007886 nova-conductor[99282]: DEBUG cotyledon.oslo_config_glue [-] oslo_limit.connect_retry_delay = None {{(pid=99282) log_opt_values /opt/stack/data/venv/lib/python3.12/site-packages/oslo_config/cfg.py:3560}}
Aug 21 10:43:38.496138 np0000007886 nova-conductor[99282]: DEBUG cotyledon.oslo_config_glue [-] oslo_limit.endpoint_id = None {{(pid=99282) log_opt_values /opt/stack/data/venv/lib/python3.12/site-packages/oslo_config/cfg.py:3560}}
Aug 21 10:43:38.496167 np0000007886 nova-conductor[99288]: INFO dbcounter [None req-8c554b0c-20d7-48c5-bfc5-6b62435842b8 None None] Registered counter for database nova_cell0
Aug 21 10:43:38.496201 np0000007886 nova-conductor[99282]: DEBUG cotyledon.oslo_config_glue [-] oslo_limit.endpoint_interface = public {{(pid=99282) log_opt_values /opt/stack/data/venv/lib/python3.12/site-packages/oslo_config/cfg.py:3560}}
Aug 21 10:43:38.496201 np0000007886 nova-conductor[99282]: DEBUG cotyledon.oslo_config_glue [-] oslo_limit.endpoint_override = None {{(pid=99282) log_opt_values /opt/stack/data/venv/lib/python3.12/site-packages/oslo_config/cfg.py:3560}}
Aug 21 10:43:38.496201 np0000007886 nova-conductor[99282]: DEBUG cotyledon.oslo_config_glue [-] oslo_limit.endpoint_region_name = None {{(pid=99282) log_opt_values /opt/stack/data/venv/lib/python3.12/site-packages/oslo_config/cfg.py:3560}}
Aug 21 10:43:38.496201 np0000007886 nova-conductor[99282]: DEBUG cotyledon.oslo_config_glue [-] oslo_limit.endpoint_service_name = None {{(pid=99282) log_opt_values /opt/stack/data/venv/lib/python3.12/site-packages/oslo_config/cfg.py:3560}}
Aug 21 10:43:38.496201 np0000007886 nova-conductor[99282]: DEBUG cotyledon.oslo_config_glue [-] oslo_limit.endpoint_service_type = None {{(pid=99282) log_opt_values /opt/stack/data/venv/lib/python3.12/site-packages/oslo_config/cfg.py:3560}}
Aug 21 10:43:38.496201 np0000007886 nova-conductor[99282]: DEBUG cotyledon.oslo_config_glue [-] oslo_limit.insecure = False {{(pid=99282) log_opt_values /opt/stack/data/venv/lib/python3.12/site-packages/oslo_config/cfg.py:3560}}
Aug 21 10:43:38.496201 np0000007886 nova-conductor[99282]: DEBUG cotyledon.oslo_config_glue [-] oslo_limit.keyfile = None {{(pid=99282) log_opt_values /opt/stack/data/venv/lib/python3.12/site-packages/oslo_config/cfg.py:3560}}
Aug 21 10:43:38.496201 np0000007886 nova-conductor[99282]: DEBUG cotyledon.oslo_config_glue [-] oslo_limit.max_version = None {{(pid=99282) log_opt_values /opt/stack/data/venv/lib/python3.12/site-packages/oslo_config/cfg.py:3560}}
Aug 21 10:43:38.496201 np0000007886 nova-conductor[99282]: DEBUG cotyledon.oslo_config_glue [-] oslo_limit.min_version = None {{(pid=99282) log_opt_values /opt/stack/data/venv/lib/python3.12/site-packages/oslo_config/cfg.py:3560}}
Aug 21 10:43:38.496369 np0000007886 nova-conductor[99282]: DEBUG cotyledon.oslo_config_glue [-] oslo_limit.region_name = None {{(pid=99282) log_opt_values /opt/stack/data/venv/lib/python3.12/site-packages/oslo_config/cfg.py:3560}}
Aug 21 10:43:38.496369 np0000007886 nova-conductor[99282]: DEBUG cotyledon.oslo_config_glue [-] oslo_limit.retriable_status_codes = None {{(pid=99282) log_opt_values /opt/stack/data/venv/lib/python3.12/site-packages/oslo_config/cfg.py:3560}}
Aug 21 10:43:38.496369 np0000007886 nova-conductor[99282]: DEBUG cotyledon.oslo_config_glue [-] oslo_limit.service_name = None {{(pid=99282) log_opt_values /opt/stack/data/venv/lib/python3.12/site-packages/oslo_config/cfg.py:3560}}
Aug 21 10:43:38.496369 np0000007886 nova-conductor[99282]: DEBUG cotyledon.oslo_config_glue [-] oslo_limit.service_type = None {{(pid=99282) log_opt_values /opt/stack/data/venv/lib/python3.12/site-packages/oslo_config/cfg.py:3560}}
Aug 21 10:43:38.496369 np0000007886 nova-conductor[99282]: DEBUG cotyledon.oslo_config_glue [-] oslo_limit.split_loggers = False {{(pid=99282) log_opt_values /opt/stack/data/venv/lib/python3.12/site-packages/oslo_config/cfg.py:3560}}
Aug 21 10:43:38.496369 np0000007886 nova-conductor[99282]: DEBUG cotyledon.oslo_config_glue [-] oslo_limit.status_code_retries = None {{(pid=99282) log_opt_values /opt/stack/data/venv/lib/python3.12/site-packages/oslo_config/cfg.py:3560}}
Aug 21 10:43:38.496369 np0000007886 nova-conductor[99282]: DEBUG cotyledon.oslo_config_glue [-] oslo_limit.status_code_retry_delay = None {{(pid=99282) log_opt_values /opt/stack/data/venv/lib/python3.12/site-packages/oslo_config/cfg.py:3560}}
Aug 21 10:43:38.496369 np0000007886 nova-conductor[99282]: DEBUG cotyledon.oslo_config_glue [-] oslo_limit.timeout = None {{(pid=99282) log_opt_values /opt/stack/data/venv/lib/python3.12/site-packages/oslo_config/cfg.py:3560}}
Aug 21 10:43:38.496369 np0000007886 nova-conductor[99282]: DEBUG cotyledon.oslo_config_glue [-] oslo_limit.valid_interfaces = None {{(pid=99282) log_opt_values /opt/stack/data/venv/lib/python3.12/site-packages/oslo_config/cfg.py:3560}}
Aug 21 10:43:38.496557 np0000007886 nova-conductor[99282]: DEBUG cotyledon.oslo_config_glue [-] oslo_limit.version = None {{(pid=99282) log_opt_values /opt/stack/data/venv/lib/python3.12/site-packages/oslo_config/cfg.py:3560}}
Aug 21 10:43:38.496557 np0000007886 nova-conductor[99282]: DEBUG cotyledon.oslo_config_glue [-] oslo_reports.file_event_handler = None {{(pid=99282) log_opt_values /opt/stack/data/venv/lib/python3.12/site-packages/oslo_config/cfg.py:3560}}
Aug 21 10:43:38.496557 np0000007886 nova-conductor[99282]: DEBUG cotyledon.oslo_config_glue [-] oslo_reports.file_event_handler_interval = 1 {{(pid=99282) log_opt_values /opt/stack/data/venv/lib/python3.12/site-packages/oslo_config/cfg.py:3560}}
Aug 21 10:43:38.496557 np0000007886 nova-conductor[99282]: DEBUG cotyledon.oslo_config_glue [-] oslo_reports.log_dir = None {{(pid=99282) log_opt_values /opt/stack/data/venv/lib/python3.12/site-packages/oslo_config/cfg.py:3560}}
Aug 21 10:43:38.496557 np0000007886 nova-conductor[99282]: DEBUG cotyledon.oslo_config_glue [-] ******************************************************************************** {{(pid=99282) log_opt_values /opt/stack/data/venv/lib/python3.12/site-packages/oslo_config/cfg.py:3567}}
Aug 21 10:43:38.496557 np0000007886 nova-conductor[99282]: DEBUG cotyledon._service_worker [-] Run service ServiceWrapper(2) [99282] {{(pid=99282) wait_forever /opt/stack/data/venv/lib/python3.12/site-packages/cotyledon/_service_worker.py:218}}
Aug 21 10:43:38.496683 np0000007886 nova-conductor[99262]: DEBUG dbcounter [-] [99262] Writer thread running {{(pid=99262) stat_writer /opt/stack/data/venv/lib/python3.12/site-packages/dbcounter.py:102}}
Aug 21 10:43:38.496727 np0000007886 nova-conductor[99282]: INFO nova.service [-] Starting conductor node (version 33.1.0)
Aug 21 10:43:38.496727 np0000007886 nova-conductor[99282]: INFO dbcounter [None req-9966dac1-c586-48aa-a00d-506537d9b477 None None] Registered counter for database nova_cell0
Aug 21 10:43:38.496794 np0000007886 nova-conductor[99275]: DEBUG oslo_db.sqlalchemy.engines [None req-503c5a59-85af-49b3-9a6e-7a95051776ff None None] MySQL server mode set to STRICT_TRANS_TABLES,STRICT_ALL_TABLES,NO_ZERO_IN_DATE,NO_ZERO_DATE,ERROR_FOR_DIVISION_BY_ZERO,TRADITIONAL,NO_ENGINE_SUBSTITUTION {{(pid=99275) _check_effective_sql_mode /opt/stack/data/venv/lib/python3.12/site-packages/oslo_db/sqlalchemy/engines.py:325}}
Aug 21 10:43:38.496794 np0000007886 nova-conductor[99275]: DEBUG dbcounter [-] [99275] Writer thread running {{(pid=99275) stat_writer /opt/stack/data/venv/lib/python3.12/site-packages/dbcounter.py:102}}
Aug 21 10:43:38.496855 np0000007886 nova-conductor[99262]: DEBUG nova.service [None req-2dba3cfc-a05a-417b-bb95-7480e18fa2dd None None] Creating RPC server for service: nova-conductor on topic: conductor {{(pid=99262) start /opt/stack/nova/nova/service.py:262}}
Aug 21 10:43:38.496913 np0000007886 nova-conductor[99275]: DEBUG nova.service [None req-503c5a59-85af-49b3-9a6e-7a95051776ff None None] Creating RPC server for service: nova-conductor on topic: conductor {{(pid=99275) start /opt/stack/nova/nova/service.py:262}}
Aug 21 10:43:38.496942 np0000007886 nova-conductor[99288]: DEBUG oslo_db.sqlalchemy.engines [None req-8c554b0c-20d7-48c5-bfc5-6b62435842b8 None None] MySQL server mode set to STRICT_TRANS_TABLES,STRICT_ALL_TABLES,NO_ZERO_IN_DATE,NO_ZERO_DATE,ERROR_FOR_DIVISION_BY_ZERO,TRADITIONAL,NO_ENGINE_SUBSTITUTION {{(pid=99288) _check_effective_sql_mode /opt/stack/data/venv/lib/python3.12/site-packages/oslo_db/sqlalchemy/engines.py:325}}
Aug 21 10:43:38.497816 np0000007886 nova-conductor[99262]: DEBUG nova.service [None req-2dba3cfc-a05a-417b-bb95-7480e18fa2dd None None] Join ServiceGroup membership for this service conductor {{(pid=99262) start /opt/stack/nova/nova/service.py:288}}
Aug 21 10:43:38.498158 np0000007886 nova-conductor[99262]: DEBUG nova.servicegroup.drivers.db [None req-2dba3cfc-a05a-417b-bb95-7480e18fa2dd None None] DB_Driver: join new ServiceGroup member np0000007886 to the conductor group, service = {{(pid=99262) join /opt/stack/nova/nova/servicegroup/drivers/db.py:44}}
Aug 21 10:43:38.506669 np0000007886 nova-conductor[99288]: DEBUG dbcounter [-] [99288] Writer thread running {{(pid=99288) stat_writer /opt/stack/data/venv/lib/python3.12/site-packages/dbcounter.py:102}}
Aug 21 10:43:38.507070 np0000007886 nova-conductor[99275]: DEBUG nova.service [None req-503c5a59-85af-49b3-9a6e-7a95051776ff None None] Join ServiceGroup membership for this service conductor {{(pid=99275) start /opt/stack/nova/nova/service.py:288}}
Aug 21 10:43:38.507287 np0000007886 nova-conductor[99275]: DEBUG nova.servicegroup.drivers.db [None req-503c5a59-85af-49b3-9a6e-7a95051776ff None None] DB_Driver: join new ServiceGroup member np0000007886 to the conductor group, service = {{(pid=99275) join /opt/stack/nova/nova/servicegroup/drivers/db.py:44}}
Aug 21 10:43:38.510684 np0000007886 nova-conductor[99288]: DEBUG nova.service [None req-8c554b0c-20d7-48c5-bfc5-6b62435842b8 None None] Creating RPC server for service: nova-conductor on topic: conductor {{(pid=99288) start /opt/stack/nova/nova/service.py:262}}
Aug 21 10:43:38.516472 np0000007886 nova-conductor[99282]: DEBUG oslo_db.sqlalchemy.engines [None req-9966dac1-c586-48aa-a00d-506537d9b477 None None] MySQL server mode set to STRICT_TRANS_TABLES,STRICT_ALL_TABLES,NO_ZERO_IN_DATE,NO_ZERO_DATE,ERROR_FOR_DIVISION_BY_ZERO,TRADITIONAL,NO_ENGINE_SUBSTITUTION {{(pid=99282) _check_effective_sql_mode /opt/stack/data/venv/lib/python3.12/site-packages/oslo_db/sqlalchemy/engines.py:325}}
Aug 21 10:43:38.525748 np0000007886 nova-conductor[99282]: DEBUG dbcounter [-] [99282] Writer thread running {{(pid=99282) stat_writer /opt/stack/data/venv/lib/python3.12/site-packages/dbcounter.py:102}}
Aug 21 10:43:38.530034 np0000007886 nova-conductor[99282]: DEBUG nova.service [None req-9966dac1-c586-48aa-a00d-506537d9b477 None None] Creating RPC server for service: nova-conductor on topic: conductor {{(pid=99282) start /opt/stack/nova/nova/service.py:262}}
Aug 21 10:43:38.530810 np0000007886 nova-conductor[99288]: DEBUG nova.service [None req-8c554b0c-20d7-48c5-bfc5-6b62435842b8 None None] Join ServiceGroup membership for this service conductor {{(pid=99288) start /opt/stack/nova/nova/service.py:288}}
Aug 21 10:43:38.531078 np0000007886 nova-conductor[99288]: DEBUG nova.servicegroup.drivers.db [None req-8c554b0c-20d7-48c5-bfc5-6b62435842b8 None None] DB_Driver: join new ServiceGroup member np0000007886 to the conductor group, service = {{(pid=99288) join /opt/stack/nova/nova/servicegroup/drivers/db.py:44}}
Aug 21 10:43:38.553326 np0000007886 nova-conductor[99282]: DEBUG nova.service [None req-9966dac1-c586-48aa-a00d-506537d9b477 None None] Join ServiceGroup membership for this service conductor {{(pid=99282) start /opt/stack/nova/nova/service.py:288}}
Aug 21 10:43:38.553500 np0000007886 nova-conductor[99282]: DEBUG nova.servicegroup.drivers.db [None req-9966dac1-c586-48aa-a00d-506537d9b477 None None] DB_Driver: join new ServiceGroup member np0000007886 to the conductor group, service = {{(pid=99282) join /opt/stack/nova/nova/servicegroup/drivers/db.py:44}}
Aug 21 10:43:39.509549 np0000007886 nova-conductor[99275]: DEBUG oslo.service.backend._threading.loopingcall [None req-16cf0423-58b8-4f21-a366-ebf4f50b0df3 None None] Dynamic interval looping call 'nova.service.Service.periodic_tasks' sleeping for 60.00 seconds {{(pid=99275) _run_loop /opt/stack/data/venv/lib/python3.12/site-packages/oslo_service/backend/_threading/loopingcall.py:125}}
Aug 21 10:43:41.555206 np0000007886 nova-conductor[99282]: DEBUG oslo.service.backend._threading.loopingcall [None req-a801fccf-8e3f-46a4-acdd-0a48a04cbecc None None] Dynamic interval looping call 'nova.service.Service.periodic_tasks' sleeping for 60.00 seconds {{(pid=99282) _run_loop /opt/stack/data/venv/lib/python3.12/site-packages/oslo_service/backend/_threading/loopingcall.py:125}}
Aug 21 10:43:43.516500 np0000007886 nova-conductor[99262]: DEBUG oslo.service.backend._threading.loopingcall [-] Fixed interval looping call 'nova.servicegroup.drivers.db.DbDriver._report_state' sleeping for 119.98 seconds {{(pid=99262) _run_loop /opt/stack/data/venv/lib/python3.12/site-packages/oslo_service/backend/_threading/loopingcall.py:125}}
Aug 21 10:43:43.521722 np0000007886 nova-conductor[99275]: DEBUG oslo.service.backend._threading.loopingcall [-] Fixed interval looping call 'nova.servicegroup.drivers.db.DbDriver._report_state' sleeping for 119.99 seconds {{(pid=99275) _run_loop /opt/stack/data/venv/lib/python3.12/site-packages/oslo_service/backend/_threading/loopingcall.py:125}}
Aug 21 10:43:43.542001 np0000007886 nova-conductor[99288]: DEBUG oslo.service.backend._threading.loopingcall [-] Fixed interval looping call 'nova.servicegroup.drivers.db.DbDriver._report_state' sleeping for 119.99 seconds {{(pid=99288) _run_loop /opt/stack/data/venv/lib/python3.12/site-packages/oslo_service/backend/_threading/loopingcall.py:125}}
Aug 21 10:43:43.563325 np0000007886 nova-conductor[99282]: DEBUG oslo.service.backend._threading.loopingcall [-] Fixed interval looping call 'nova.servicegroup.drivers.db.DbDriver._report_state' sleeping for 119.99 seconds {{(pid=99282) _run_loop /opt/stack/data/venv/lib/python3.12/site-packages/oslo_service/backend/_threading/loopingcall.py:125}}
Aug 21 10:43:47.088870 np0000007886 nova-conductor[97809]: DEBUG dbcounter [-] [97809] Writing DB stats nova_api:SELECT=1 {{(pid=97809) stat_writer /opt/stack/data/venv/lib/python3.12/site-packages/dbcounter.py:115}}
Aug 21 10:43:47.225532 np0000007886 nova-conductor[97809]: DEBUG dbcounter [-] [97809] Writing DB stats nova_cell1:SELECT=1 {{(pid=97809) stat_writer /opt/stack/data/venv/lib/python3.12/site-packages/dbcounter.py:115}}
Aug 21 10:43:47.230459 np0000007886 nova-conductor[97809]: DEBUG dbcounter [-] [97809] Writing DB stats nova_cell0:SELECT=1 {{(pid=97809) stat_writer /opt/stack/data/venv/lib/python3.12/site-packages/dbcounter.py:115}}
Aug 21 10:43:53.509186 np0000007886 nova-conductor[99262]: DEBUG dbcounter [-] [99262] Writing DB stats nova_cell0:SELECT=4,nova_cell0:INSERT=1,nova_cell0:UPDATE=1 {{(pid=99262) stat_writer /opt/stack/data/venv/lib/python3.12/site-packages/dbcounter.py:115}}
Aug 21 10:43:53.518911 np0000007886 nova-conductor[99275]: DEBUG dbcounter [-] [99275] Writing DB stats nova_cell0:SELECT=3 {{(pid=99275) stat_writer /opt/stack/data/venv/lib/python3.12/site-packages/dbcounter.py:115}}
Aug 21 10:43:53.539364 np0000007886 nova-conductor[99288]: DEBUG dbcounter [-] [99288] Writing DB stats nova_cell0:SELECT=3 {{(pid=99288) stat_writer /opt/stack/data/venv/lib/python3.12/site-packages/dbcounter.py:115}}
Aug 21 10:43:53.560945 np0000007886 nova-conductor[99282]: DEBUG dbcounter [-] [99282] Writing DB stats nova_cell0:SELECT=3 {{(pid=99282) stat_writer /opt/stack/data/venv/lib/python3.12/site-packages/dbcounter.py:115}}
Aug 21 10:44:17.500648 np0000007886 nova-conductor[99262]: DEBUG oslo.service.backend._threading.loopingcall [None req-78944159-f1ce-4c5b-8171-26ada680284d None None] Dynamic interval looping call 'nova.service.Service.periodic_tasks' sleeping for 60.00 seconds {{(pid=99262) _run_loop /opt/stack/data/venv/lib/python3.12/site-packages/oslo_service/backend/_threading/loopingcall.py:125}}
Aug 21 10:44:29.533265 np0000007886 nova-conductor[99288]: DEBUG oslo.service.backend._threading.loopingcall [None req-fe15afd8-02d0-4431-a7ce-0d32318b01ea None None] Dynamic interval looping call 'nova.service.Service.periodic_tasks' sleeping for 60.00 seconds {{(pid=99288) _run_loop /opt/stack/data/venv/lib/python3.12/site-packages/oslo_service/backend/_threading/loopingcall.py:125}}
Aug 21 10:44:39.509994 np0000007886 nova-conductor[99275]: DEBUG oslo.service.backend._threading.loopingcall [None req-16cf0423-58b8-4f21-a366-ebf4f50b0df3 None None] Dynamic interval looping call 'nova.service.Service.periodic_tasks' sleeping for 60.00 seconds {{(pid=99275) _run_loop /opt/stack/data/venv/lib/python3.12/site-packages/oslo_service/backend/_threading/loopingcall.py:125}}
Aug 21 10:44:41.555757 np0000007886 nova-conductor[99282]: DEBUG oslo.service.backend._threading.loopingcall [None req-a801fccf-8e3f-46a4-acdd-0a48a04cbecc None None] Dynamic interval looping call 'nova.service.Service.periodic_tasks' sleeping for 60.00 seconds {{(pid=99282) _run_loop /opt/stack/data/venv/lib/python3.12/site-packages/oslo_service/backend/_threading/loopingcall.py:125}}
Aug 21 10:45:17.501180 np0000007886 nova-conductor[99262]: DEBUG oslo.service.backend._threading.loopingcall [None req-78944159-f1ce-4c5b-8171-26ada680284d None None] Dynamic interval looping call 'nova.service.Service.periodic_tasks' sleeping for 60.00 seconds {{(pid=99262) _run_loop /opt/stack/data/venv/lib/python3.12/site-packages/oslo_service/backend/_threading/loopingcall.py:125}}
Aug 21 10:45:29.533794 np0000007886 nova-conductor[99288]: DEBUG oslo.service.backend._threading.loopingcall [None req-fe15afd8-02d0-4431-a7ce-0d32318b01ea None None] Dynamic interval looping call 'nova.service.Service.periodic_tasks' sleeping for 60.00 seconds {{(pid=99288) _run_loop /opt/stack/data/venv/lib/python3.12/site-packages/oslo_service/backend/_threading/loopingcall.py:125}}
Aug 21 10:45:39.510501 np0000007886 nova-conductor[99275]: DEBUG oslo.service.backend._threading.loopingcall [None req-16cf0423-58b8-4f21-a366-ebf4f50b0df3 None None] Dynamic interval looping call 'nova.service.Service.periodic_tasks' sleeping for 60.00 seconds {{(pid=99275) _run_loop /opt/stack/data/venv/lib/python3.12/site-packages/oslo_service/backend/_threading/loopingcall.py:125}}
Aug 21 10:45:41.556537 np0000007886 nova-conductor[99282]: DEBUG oslo.service.backend._threading.loopingcall [None req-a801fccf-8e3f-46a4-acdd-0a48a04cbecc None None] Dynamic interval looping call 'nova.service.Service.periodic_tasks' sleeping for 60.00 seconds {{(pid=99282) _run_loop /opt/stack/data/venv/lib/python3.12/site-packages/oslo_service/backend/_threading/loopingcall.py:125}}
Aug 21 10:45:43.504078 np0000007886 nova-conductor[99262]: DEBUG oslo.service.backend._threading.loopingcall [-] Fixed interval looping call 'nova.servicegroup.drivers.db.DbDriver._report_state' sleeping for 119.99 seconds {{(pid=99262) _run_loop /opt/stack/data/venv/lib/python3.12/site-packages/oslo_service/backend/_threading/loopingcall.py:125}}
Aug 21 10:45:43.516022 np0000007886 nova-conductor[99275]: DEBUG oslo.service.backend._threading.loopingcall [-] Fixed interval looping call 'nova.servicegroup.drivers.db.DbDriver._report_state' sleeping for 120.00 seconds {{(pid=99275) _run_loop /opt/stack/data/venv/lib/python3.12/site-packages/oslo_service/backend/_threading/loopingcall.py:125}}
Aug 21 10:45:43.535908 np0000007886 nova-conductor[99288]: DEBUG oslo.service.backend._threading.loopingcall [-] Fixed interval looping call 'nova.servicegroup.drivers.db.DbDriver._report_state' sleeping for 120.00 seconds {{(pid=99288) _run_loop /opt/stack/data/venv/lib/python3.12/site-packages/oslo_service/backend/_threading/loopingcall.py:125}}
Aug 21 10:45:43.558232 np0000007886 nova-conductor[99282]: DEBUG oslo.service.backend._threading.loopingcall [-] Fixed interval looping call 'nova.servicegroup.drivers.db.DbDriver._report_state' sleeping for 120.00 seconds {{(pid=99282) _run_loop /opt/stack/data/venv/lib/python3.12/site-packages/oslo_service/backend/_threading/loopingcall.py:125}}
Aug 21 10:45:53.500715 np0000007886 nova-conductor[99262]: DEBUG dbcounter [-] [99262] Writing DB stats nova_cell0:SELECT=1,nova_cell0:UPDATE=1 {{(pid=99262) stat_writer /opt/stack/data/venv/lib/python3.12/site-packages/dbcounter.py:115}}
Aug 21 10:45:53.514621 np0000007886 nova-conductor[99275]: DEBUG dbcounter [-] [99275] Writing DB stats nova_cell0:SELECT=1 {{(pid=99275) stat_writer /opt/stack/data/venv/lib/python3.12/site-packages/dbcounter.py:115}}
Aug 21 10:45:53.534173 np0000007886 nova-conductor[99288]: DEBUG dbcounter [-] [99288] Writing DB stats nova_cell0:SELECT=1 {{(pid=99288) stat_writer /opt/stack/data/venv/lib/python3.12/site-packages/dbcounter.py:115}}
Aug 21 10:45:53.558939 np0000007886 nova-conductor[99282]: DEBUG dbcounter [-] [99282] Writing DB stats nova_cell0:SELECT=1 {{(pid=99282) stat_writer /opt/stack/data/venv/lib/python3.12/site-packages/dbcounter.py:115}}
Aug 21 10:46:03.032990 np0000007886 nova-conductor[99262]: DEBUG oslo_db.sqlalchemy.engines [None req-c5ec4e13-d852-4b2b-aaca-cde7423b119d tempest-ServerActionsTestOtherA-328641621 tempest-ServerActionsTestOtherA-328641621-project-member] Parent process 97809 forked (99262) with an open database connection, which is being discarded and recreated. {{(pid=99262) checkout /opt/stack/data/venv/lib/python3.12/site-packages/oslo_db/sqlalchemy/engines.py:402}}
Aug 21 10:46:03.091600 np0000007886 nova-conductor[99262]: DEBUG dbcounter [-] [99262] Writer thread running {{(pid=99262) stat_writer /opt/stack/data/venv/lib/python3.12/site-packages/dbcounter.py:102}}
Aug 21 10:46:04.074116 np0000007886 nova-conductor[99262]: DEBUG nova.conductor.manager [None req-c5ec4e13-d852-4b2b-aaca-cde7423b119d tempest-ServerActionsTestOtherA-328641621 tempest-ServerActionsTestOtherA-328641621-project-member] Took 0.98 seconds to select destinations for 1 instance(s). {{(pid=99262) _schedule_instances /opt/stack/nova/nova/conductor/manager.py:957}}
Aug 21 10:46:04.105299 np0000007886 nova-conductor[99262]: DEBUG oslo_concurrency.lockutils [None req-c5ec4e13-d852-4b2b-aaca-cde7423b119d tempest-ServerActionsTestOtherA-328641621 tempest-ServerActionsTestOtherA-328641621-project-member] Acquiring lock "eb1939ec-24e0-47a3-839e-0368b71c5f53" by "nova.context.set_target_cell..get_or_set_cached_cell_and_set_connections" {{(pid=99262) inner /opt/stack/data/venv/lib/python3.12/site-packages/oslo_concurrency/lockutils.py:512}}
Aug 21 10:46:04.105463 np0000007886 nova-conductor[99262]: DEBUG oslo_concurrency.lockutils [None req-c5ec4e13-d852-4b2b-aaca-cde7423b119d tempest-ServerActionsTestOtherA-328641621 tempest-ServerActionsTestOtherA-328641621-project-member] Lock "eb1939ec-24e0-47a3-839e-0368b71c5f53" acquired by "nova.context.set_target_cell..get_or_set_cached_cell_and_set_connections" :: waited 0.001s {{(pid=99262) inner /opt/stack/data/venv/lib/python3.12/site-packages/oslo_concurrency/lockutils.py:525}}
Aug 21 10:46:04.106814 np0000007886 nova-conductor[99262]: DEBUG oslo_concurrency.lockutils [None req-c5ec4e13-d852-4b2b-aaca-cde7423b119d tempest-ServerActionsTestOtherA-328641621 tempest-ServerActionsTestOtherA-328641621-project-member] Lock "eb1939ec-24e0-47a3-839e-0368b71c5f53" "released" by "nova.context.set_target_cell..get_or_set_cached_cell_and_set_connections" :: held 0.001s {{(pid=99262) inner /opt/stack/data/venv/lib/python3.12/site-packages/oslo_concurrency/lockutils.py:544}}
Aug 21 10:46:04.109697 np0000007886 nova-conductor[99262]: INFO dbcounter [None req-c5ec4e13-d852-4b2b-aaca-cde7423b119d tempest-ServerActionsTestOtherA-328641621 tempest-ServerActionsTestOtherA-328641621-project-member] Registered counter for database nova_cell1
Aug 21 10:46:04.155708 np0000007886 nova-conductor[99262]: DEBUG oslo_db.sqlalchemy.engines [None req-c5ec4e13-d852-4b2b-aaca-cde7423b119d tempest-ServerActionsTestOtherA-328641621 tempest-ServerActionsTestOtherA-328641621-project-member] MySQL server mode set to STRICT_TRANS_TABLES,STRICT_ALL_TABLES,NO_ZERO_IN_DATE,NO_ZERO_DATE,ERROR_FOR_DIVISION_BY_ZERO,TRADITIONAL,NO_ENGINE_SUBSTITUTION {{(pid=99262) _check_effective_sql_mode /opt/stack/data/venv/lib/python3.12/site-packages/oslo_db/sqlalchemy/engines.py:325}}
Aug 21 10:46:04.162570 np0000007886 nova-conductor[99262]: DEBUG dbcounter [-] [99262] Writer thread running {{(pid=99262) stat_writer /opt/stack/data/venv/lib/python3.12/site-packages/dbcounter.py:102}}
Aug 21 10:46:04.227946 np0000007886 nova-conductor[99262]: DEBUG oslo_concurrency.lockutils [None req-c5ec4e13-d852-4b2b-aaca-cde7423b119d tempest-ServerActionsTestOtherA-328641621 tempest-ServerActionsTestOtherA-328641621-project-member] Acquiring lock "00000000-0000-0000-0000-000000000000" by "nova.context.set_target_cell..get_or_set_cached_cell_and_set_connections" {{(pid=99262) inner /opt/stack/data/venv/lib/python3.12/site-packages/oslo_concurrency/lockutils.py:512}}
Aug 21 10:46:04.228171 np0000007886 nova-conductor[99262]: DEBUG oslo_concurrency.lockutils [None req-c5ec4e13-d852-4b2b-aaca-cde7423b119d tempest-ServerActionsTestOtherA-328641621 tempest-ServerActionsTestOtherA-328641621-project-member] Lock "00000000-0000-0000-0000-000000000000" acquired by "nova.context.set_target_cell..get_or_set_cached_cell_and_set_connections" :: waited 0.000s {{(pid=99262) inner /opt/stack/data/venv/lib/python3.12/site-packages/oslo_concurrency/lockutils.py:525}}
Aug 21 10:46:04.228597 np0000007886 nova-conductor[99262]: DEBUG oslo_concurrency.lockutils [None req-c5ec4e13-d852-4b2b-aaca-cde7423b119d tempest-ServerActionsTestOtherA-328641621 tempest-ServerActionsTestOtherA-328641621-project-member] Lock "00000000-0000-0000-0000-000000000000" "released" by "nova.context.set_target_cell..get_or_set_cached_cell_and_set_connections" :: held 0.000s {{(pid=99262) inner /opt/stack/data/venv/lib/python3.12/site-packages/oslo_concurrency/lockutils.py:544}}
Aug 21 10:46:04.228947 np0000007886 nova-conductor[99262]: INFO nova.thread_pool_factory [None req-c5ec4e13-d852-4b2b-aaca-cde7423b119d tempest-ServerActionsTestOtherA-328641621 tempest-ServerActionsTestOtherA-328641621-project-member] The cell_worker thread pool ForkProcess-1.cell_worker is initialized
Aug 21 10:46:04.229778 np0000007886 nova-conductor[99262]: DEBUG oslo_concurrency.lockutils [None req-c5ec4e13-d852-4b2b-aaca-cde7423b119d tempest-ServerActionsTestOtherA-328641621 tempest-ServerActionsTestOtherA-328641621-project-member] Acquiring lock "eb1939ec-24e0-47a3-839e-0368b71c5f53" by "nova.context.set_target_cell..get_or_set_cached_cell_and_set_connections" {{(pid=99262) inner /opt/stack/data/venv/lib/python3.12/site-packages/oslo_concurrency/lockutils.py:512}}
Aug 21 10:46:04.229962 np0000007886 nova-conductor[99262]: DEBUG oslo_concurrency.lockutils [None req-c5ec4e13-d852-4b2b-aaca-cde7423b119d tempest-ServerActionsTestOtherA-328641621 tempest-ServerActionsTestOtherA-328641621-project-member] Lock "eb1939ec-24e0-47a3-839e-0368b71c5f53" acquired by "nova.context.set_target_cell..get_or_set_cached_cell_and_set_connections" :: waited 0.000s {{(pid=99262) inner /opt/stack/data/venv/lib/python3.12/site-packages/oslo_concurrency/lockutils.py:525}}
Aug 21 10:46:04.230059 np0000007886 nova-conductor[99262]: DEBUG oslo_concurrency.lockutils [None req-c5ec4e13-d852-4b2b-aaca-cde7423b119d tempest-ServerActionsTestOtherA-328641621 tempest-ServerActionsTestOtherA-328641621-project-member] Lock "eb1939ec-24e0-47a3-839e-0368b71c5f53" "released" by "nova.context.set_target_cell..get_or_set_cached_cell_and_set_connections" :: held 0.000s {{(pid=99262) inner /opt/stack/data/venv/lib/python3.12/site-packages/oslo_concurrency/lockutils.py:544}}
