Aug 19 16:46:16.396717 np0000007790 devstack@g-api.service[99810]: DEBUG glance.api.middleware.version_negotiation [None req-12eb9284-076b-4866-9866-7436fddec206 tempest-ServerBootFromVolumeStableRescueTest-1692332349 tempest-ServerBootFromVolumeStableRescueTest-1692332349-project-member] Determining version of request: GET /v2/images/fa7145d0-1346-4bb2-b32b-2a813f53656d Accept: */* {{(pid=99810) process_request /opt/stack/glance/glance/api/middleware/version_negotiation.py:44}}
Aug 19 16:46:16.396909 np0000007790 devstack@g-api.service[99810]: DEBUG glance.api.middleware.version_negotiation [None req-12eb9284-076b-4866-9866-7436fddec206 tempest-ServerBootFromVolumeStableRescueTest-1692332349 tempest-ServerBootFromVolumeStableRescueTest-1692332349-project-member] Using url versioning {{(pid=99810) process_request /opt/stack/glance/glance/api/middleware/version_negotiation.py:57}}
Aug 19 16:46:16.397028 np0000007790 devstack@g-api.service[99810]: DEBUG glance.api.middleware.version_negotiation [None req-12eb9284-076b-4866-9866-7436fddec206 tempest-ServerBootFromVolumeStableRescueTest-1692332349 tempest-ServerBootFromVolumeStableRescueTest-1692332349-project-member] Matched version: v2 {{(pid=99810) process_request /opt/stack/glance/glance/api/middleware/version_negotiation.py:69}}
Aug 19 16:46:16.397155 np0000007790 devstack@g-api.service[99810]: DEBUG glance.api.middleware.version_negotiation [None req-12eb9284-076b-4866-9866-7436fddec206 tempest-ServerBootFromVolumeStableRescueTest-1692332349 tempest-ServerBootFromVolumeStableRescueTest-1692332349-project-member] new path /v2/images/fa7145d0-1346-4bb2-b32b-2a813f53656d {{(pid=99810) process_request /opt/stack/glance/glance/api/middleware/version_negotiation.py:70}}
Aug 19 16:46:16.409698 np0000007790 devstack@g-api.service[99810]: [pid: 99810|app: 0|req: 83/244] 127.0.0.1 () {44 vars in 1115 bytes} [Wed Aug 19 16:46:16 2026] GET /v2/images/fa7145d0-1346-4bb2-b32b-2a813f53656d => generated 1360 bytes in 14 msecs (HTTP/1.1 200) 4 headers in 158 bytes (1 switches on core 0)
Aug 19 16:46:16.450892 np0000007790 devstack@g-api.service[99809]: DEBUG glance.api.middleware.version_negotiation [None req-1222bba4-3a49-495d-badd-c0fcdc0e6589 tempest-ServerBootFromVolumeStableRescueTest-1692332349 tempest-ServerBootFromVolumeStableRescueTest-1692332349-project-member] Determining version of request: GET /v2/schemas/image Accept: */* {{(pid=99809) process_request /opt/stack/glance/glance/api/middleware/version_negotiation.py:44}}
Aug 19 16:46:16.451105 np0000007790 devstack@g-api.service[99809]: DEBUG glance.api.middleware.version_negotiation [None req-1222bba4-3a49-495d-badd-c0fcdc0e6589 tempest-ServerBootFromVolumeStableRescueTest-1692332349 tempest-ServerBootFromVolumeStableRescueTest-1692332349-project-member] Using url versioning {{(pid=99809) process_request /opt/stack/glance/glance/api/middleware/version_negotiation.py:57}}
Aug 19 16:46:16.451269 np0000007790 devstack@g-api.service[99809]: DEBUG glance.api.middleware.version_negotiation [None req-1222bba4-3a49-495d-badd-c0fcdc0e6589 tempest-ServerBootFromVolumeStableRescueTest-1692332349 tempest-ServerBootFromVolumeStableRescueTest-1692332349-project-member] Matched version: v2 {{(pid=99809) process_request /opt/stack/glance/glance/api/middleware/version_negotiation.py:69}}
Aug 19 16:46:16.451364 np0000007790 devstack@g-api.service[99809]: DEBUG glance.api.middleware.version_negotiation [None req-1222bba4-3a49-495d-badd-c0fcdc0e6589 tempest-ServerBootFromVolumeStableRescueTest-1692332349 tempest-ServerBootFromVolumeStableRescueTest-1692332349-project-member] new path /v2/schemas/image {{(pid=99809) process_request /opt/stack/glance/glance/api/middleware/version_negotiation.py:70}}
Aug 19 16:46:16.454045 np0000007790 devstack@g-api.service[99809]: [pid: 99809|app: 0|req: 83/245] 127.0.0.1 () {44 vars in 1055 bytes} [Wed Aug 19 16:46:16 2026] GET /v2/schemas/image => generated 6083 bytes in 3 msecs (HTTP/1.1 200) 4 headers in 158 bytes (1 switches on core 0)
Aug 19 16:46:16.528740 np0000007790 devstack@g-api.service[99808]: INFO glance.api.v2.image_data [None req-4c127624-d252-47a7-ad91-1da6b60293d7 tempest-ServerStableDeviceRescueTest-92477613 tempest-ServerStableDeviceRescueTest-92477613-project-member] Unable to create trust: no such option collect_timing in group [keystone_authtoken] Use the existing user token.
Aug 19 16:46:16.633152 np0000007790 devstack@g-api.service[99810]: DEBUG glance.api.middleware.version_negotiation [None req-12eb9284-076b-4866-9866-7436fddec206 tempest-ServerBootFromVolumeStableRescueTest-1692332349 tempest-ServerBootFromVolumeStableRescueTest-1692332349-project-member] Determining version of request: GET /v2/images/dfc8473e-745d-426d-983e-8f88473f9408 Accept: */* {{(pid=99810) process_request /opt/stack/glance/glance/api/middleware/version_negotiation.py:44}}
Aug 19 16:46:16.633657 np0000007790 devstack@g-api.service[99810]: DEBUG glance.api.middleware.version_negotiation [None req-12eb9284-076b-4866-9866-7436fddec206 tempest-ServerBootFromVolumeStableRescueTest-1692332349 tempest-ServerBootFromVolumeStableRescueTest-1692332349-project-member] Using url versioning {{(pid=99810) process_request /opt/stack/glance/glance/api/middleware/version_negotiation.py:57}}
Aug 19 16:46:16.633657 np0000007790 devstack@g-api.service[99810]: DEBUG glance.api.middleware.version_negotiation [None req-12eb9284-076b-4866-9866-7436fddec206 tempest-ServerBootFromVolumeStableRescueTest-1692332349 tempest-ServerBootFromVolumeStableRescueTest-1692332349-project-member] Matched version: v2 {{(pid=99810) process_request /opt/stack/glance/glance/api/middleware/version_negotiation.py:69}}
Aug 19 16:46:16.636734 np0000007790 devstack@g-api.service[99810]: DEBUG glance.api.middleware.version_negotiation [None req-12eb9284-076b-4866-9866-7436fddec206 tempest-ServerBootFromVolumeStableRescueTest-1692332349 tempest-ServerBootFromVolumeStableRescueTest-1692332349-project-member] new path /v2/images/dfc8473e-745d-426d-983e-8f88473f9408 {{(pid=99810) process_request /opt/stack/glance/glance/api/middleware/version_negotiation.py:70}}
Aug 19 16:46:16.660198 np0000007790 devstack@g-api.service[99810]: [pid: 99810|app: 0|req: 84/246] 127.0.0.1 () {44 vars in 1115 bytes} [Wed Aug 19 16:46:16 2026] GET /v2/images/dfc8473e-745d-426d-983e-8f88473f9408 => generated 1443 bytes in 27 msecs (HTTP/1.1 200) 4 headers in 158 bytes (1 switches on core 0)
Aug 19 16:46:16.705973 np0000007790 devstack@g-api.service[99809]: DEBUG glance.api.middleware.version_negotiation [None req-12eb9284-076b-4866-9866-7436fddec206 tempest-ServerBootFromVolumeStableRescueTest-1692332349 tempest-ServerBootFromVolumeStableRescueTest-1692332349-project-member] Determining version of request: GET /v2/schemas/image Accept: */* {{(pid=99809) process_request /opt/stack/glance/glance/api/middleware/version_negotiation.py:44}}
Aug 19 16:46:16.706426 np0000007790 devstack@g-api.service[99809]: DEBUG glance.api.middleware.version_negotiation [None req-12eb9284-076b-4866-9866-7436fddec206 tempest-ServerBootFromVolumeStableRescueTest-1692332349 tempest-ServerBootFromVolumeStableRescueTest-1692332349-project-member] Using url versioning {{(pid=99809) process_request /opt/stack/glance/glance/api/middleware/version_negotiation.py:57}}
Aug 19 16:46:16.706426 np0000007790 devstack@g-api.service[99809]: DEBUG glance.api.middleware.version_negotiation [None req-12eb9284-076b-4866-9866-7436fddec206 tempest-ServerBootFromVolumeStableRescueTest-1692332349 tempest-ServerBootFromVolumeStableRescueTest-1692332349-project-member] Matched version: v2 {{(pid=99809) process_request /opt/stack/glance/glance/api/middleware/version_negotiation.py:69}}
Aug 19 16:46:16.706426 np0000007790 devstack@g-api.service[99809]: DEBUG glance.api.middleware.version_negotiation [None req-12eb9284-076b-4866-9866-7436fddec206 tempest-ServerBootFromVolumeStableRescueTest-1692332349 tempest-ServerBootFromVolumeStableRescueTest-1692332349-project-member] new path /v2/schemas/image {{(pid=99809) process_request /opt/stack/glance/glance/api/middleware/version_negotiation.py:70}}
Aug 19 16:46:16.714280 np0000007790 devstack@g-api.service[99809]: [pid: 99809|app: 0|req: 84/247] 127.0.0.1 () {44 vars in 1055 bytes} [Wed Aug 19 16:46:16 2026] GET /v2/schemas/image => generated 6083 bytes in 8 msecs (HTTP/1.1 200) 4 headers in 158 bytes (1 switches on core 0)
Aug 19 16:46:17.144859 np0000007790 devstack@g-api.service[99808]: DEBUG glance.location [None req-4c127624-d252-47a7-ad91-1da6b60293d7 tempest-ServerStableDeviceRescueTest-92477613 tempest-ServerStableDeviceRescueTest-92477613-project-member] Enabling in-flight format inspection for qcow2 {{(pid=99808) set_data /opt/stack/glance/glance/location.py:596}}
Aug 19 16:46:17.145367 np0000007790 devstack@g-api.service[99808]: DEBUG glance_store.backend [None req-4c127624-d252-47a7-ad91-1da6b60293d7 tempest-ServerStableDeviceRescueTest-92477613 tempest-ServerStableDeviceRescueTest-92477613-project-member] Attempting to import store swift {{(pid=99808) _load_store /opt/stack/data/venv/lib/python3.12/site-packages/glance_store/backend.py:215}}
Aug 19 16:46:17.147036 np0000007790 devstack@g-api.service[99808]: DEBUG glance_store.capabilities [None req-4c127624-d252-47a7-ad91-1da6b60293d7 tempest-ServerStableDeviceRescueTest-92477613 tempest-ServerStableDeviceRescueTest-92477613-project-member] Store glance_store._drivers.swift.store.SingleTenantStore doesn't support updating dynamic storage capabilities. Please overwrite 'update_capabilities' method of the store to implement updating logics if needed. {{(pid=99808) update_capabilities /opt/stack/data/venv/lib/python3.12/site-packages/glance_store/capabilities.py:91}}
Aug 19 16:46:17.147149 np0000007790 devstack@g-api.service[99808]: DEBUG glance_store.driver [None req-4c127624-d252-47a7-ad91-1da6b60293d7 tempest-ServerStableDeviceRescueTest-92477613 tempest-ServerStableDeviceRescueTest-92477613-project-member] Late loading location class glance_store._drivers.swift.store.StoreLocation {{(pid=99808) get_store_location_class /opt/stack/data/venv/lib/python3.12/site-packages/glance_store/driver.py:134}}
Aug 19 16:46:17.147266 np0000007790 devstack@g-api.service[99808]: DEBUG glance_store.location [None req-4c127624-d252-47a7-ad91-1da6b60293d7 tempest-ServerStableDeviceRescueTest-92477613 tempest-ServerStableDeviceRescueTest-92477613-project-member] Registering scheme swift+https with {'store': , 'location_class': , 'store_entry': 'swift'} {{(pid=99808) register_scheme_map /opt/stack/data/venv/lib/python3.12/site-packages/glance_store/location.py:146}}
Aug 19 16:46:17.147358 np0000007790 devstack@g-api.service[99808]: DEBUG glance_store.location [None req-4c127624-d252-47a7-ad91-1da6b60293d7 tempest-ServerStableDeviceRescueTest-92477613 tempest-ServerStableDeviceRescueTest-92477613-project-member] Registering scheme swift+https with {'store': , 'location_class': , 'store_entry': 'swift'} {{(pid=99808) register_scheme_map /opt/stack/data/venv/lib/python3.12/site-packages/glance_store/location.py:146}}
Aug 19 16:46:17.147419 np0000007790 devstack@g-api.service[99808]: DEBUG glance_store.location [None req-4c127624-d252-47a7-ad91-1da6b60293d7 tempest-ServerStableDeviceRescueTest-92477613 tempest-ServerStableDeviceRescueTest-92477613-project-member] Registering scheme swift with {'store': , 'location_class': , 'store_entry': 'swift'} {{(pid=99808) register_scheme_map /opt/stack/data/venv/lib/python3.12/site-packages/glance_store/location.py:146}}
Aug 19 16:46:17.147495 np0000007790 devstack@g-api.service[99808]: DEBUG glance_store.location [None req-4c127624-d252-47a7-ad91-1da6b60293d7 tempest-ServerStableDeviceRescueTest-92477613 tempest-ServerStableDeviceRescueTest-92477613-project-member] Registering scheme swift+https with {'store': , 'location_class': , 'store_entry': 'swift'} {{(pid=99808) register_scheme_map /opt/stack/data/venv/lib/python3.12/site-packages/glance_store/location.py:146}}
Aug 19 16:46:17.147587 np0000007790 devstack@g-api.service[99808]: DEBUG glance_store.location [None req-4c127624-d252-47a7-ad91-1da6b60293d7 tempest-ServerStableDeviceRescueTest-92477613 tempest-ServerStableDeviceRescueTest-92477613-project-member] Registering scheme swift with {'store': , 'location_class': , 'store_entry': 'swift'} {{(pid=99808) register_scheme_map /opt/stack/data/venv/lib/python3.12/site-packages/glance_store/location.py:146}}
Aug 19 16:46:17.147639 np0000007790 devstack@g-api.service[99808]: DEBUG glance_store.location [None req-4c127624-d252-47a7-ad91-1da6b60293d7 tempest-ServerStableDeviceRescueTest-92477613 tempest-ServerStableDeviceRescueTest-92477613-project-member] Registering scheme swift+http with {'store': , 'location_class': , 'store_entry': 'swift'} {{(pid=99808) register_scheme_map /opt/stack/data/venv/lib/python3.12/site-packages/glance_store/location.py:146}}
Aug 19 16:46:17.147696 np0000007790 devstack@g-api.service[99808]: DEBUG glance_store.location [None req-4c127624-d252-47a7-ad91-1da6b60293d7 tempest-ServerStableDeviceRescueTest-92477613 tempest-ServerStableDeviceRescueTest-92477613-project-member] Registering scheme swift+https with {'store': , 'location_class': , 'store_entry': 'swift'} {{(pid=99808) register_scheme_map /opt/stack/data/venv/lib/python3.12/site-packages/glance_store/location.py:146}}
Aug 19 16:46:17.147762 np0000007790 devstack@g-api.service[99808]: DEBUG glance_store.location [None req-4c127624-d252-47a7-ad91-1da6b60293d7 tempest-ServerStableDeviceRescueTest-92477613 tempest-ServerStableDeviceRescueTest-92477613-project-member] Registering scheme swift with {'store': , 'location_class': , 'store_entry': 'swift'} {{(pid=99808) register_scheme_map /opt/stack/data/venv/lib/python3.12/site-packages/glance_store/location.py:146}}
Aug 19 16:46:17.147828 np0000007790 devstack@g-api.service[99808]: DEBUG glance_store.location [None req-4c127624-d252-47a7-ad91-1da6b60293d7 tempest-ServerStableDeviceRescueTest-92477613 tempest-ServerStableDeviceRescueTest-92477613-project-member] Registering scheme swift+http with {'store': , 'location_class': , 'store_entry': 'swift'} {{(pid=99808) register_scheme_map /opt/stack/data/venv/lib/python3.12/site-packages/glance_store/location.py:146}}
Aug 19 16:46:17.148185 np0000007790 devstack@g-api.service[99808]: DEBUG glance_store.location [None req-4c127624-d252-47a7-ad91-1da6b60293d7 tempest-ServerStableDeviceRescueTest-92477613 tempest-ServerStableDeviceRescueTest-92477613-project-member] Registering scheme swift+config with {'store': , 'location_class': , 'store_entry': 'swift'} {{(pid=99808) register_scheme_map /opt/stack/data/venv/lib/python3.12/site-packages/glance_store/location.py:146}}
Aug 19 16:46:17.222283 np0000007790 devstack@g-api.service[99810]: DEBUG glance.api.middleware.version_negotiation [None req-d4eab208-9b7f-4e6a-a678-03b49494954f tempest-ServerStableDeviceRescueTest-92477613 tempest-ServerStableDeviceRescueTest-92477613-project-member] Determining version of request: GET /v2/images/fa7145d0-1346-4bb2-b32b-2a813f53656d Accept: application/json {{(pid=99810) process_request /opt/stack/glance/glance/api/middleware/version_negotiation.py:44}}
Aug 19 16:46:17.222527 np0000007790 devstack@g-api.service[99810]: DEBUG glance.api.middleware.version_negotiation [None req-d4eab208-9b7f-4e6a-a678-03b49494954f tempest-ServerStableDeviceRescueTest-92477613 tempest-ServerStableDeviceRescueTest-92477613-project-member] Using url versioning {{(pid=99810) process_request /opt/stack/glance/glance/api/middleware/version_negotiation.py:57}}
Aug 19 16:46:17.222738 np0000007790 devstack@g-api.service[99810]: DEBUG glance.api.middleware.version_negotiation [None req-d4eab208-9b7f-4e6a-a678-03b49494954f tempest-ServerStableDeviceRescueTest-92477613 tempest-ServerStableDeviceRescueTest-92477613-project-member] Matched version: v2 {{(pid=99810) process_request /opt/stack/glance/glance/api/middleware/version_negotiation.py:69}}
Aug 19 16:46:17.222908 np0000007790 devstack@g-api.service[99810]: DEBUG glance.api.middleware.version_negotiation [None req-d4eab208-9b7f-4e6a-a678-03b49494954f tempest-ServerStableDeviceRescueTest-92477613 tempest-ServerStableDeviceRescueTest-92477613-project-member] new path /v2/images/fa7145d0-1346-4bb2-b32b-2a813f53656d {{(pid=99810) process_request /opt/stack/glance/glance/api/middleware/version_negotiation.py:70}}
Aug 19 16:46:17.234835 np0000007790 devstack@g-api.service[99810]: [pid: 99810|app: 0|req: 85/248] 127.0.0.1 () {40 vars in 838 bytes} [Wed Aug 19 16:46:17 2026] GET /v2/images/fa7145d0-1346-4bb2-b32b-2a813f53656d => generated 1360 bytes in 13 msecs (HTTP/1.1 200) 4 headers in 158 bytes (1 switches on core 0)
Aug 19 16:46:17.259407 np0000007790 devstack@g-api.service[99808]: DEBUG swiftclient [None req-4c127624-d252-47a7-ad91-1da6b60293d7 tempest-ServerStableDeviceRescueTest-92477613 tempest-ServerStableDeviceRescueTest-92477613-project-member] REQ: curl -i https://10.4.3.190:8080/v1/AUTH_1d4e8b923d354bfcaac7e5be4f35b504/glance -I -H "X-Auth-Token: gAAAAABqhd3Z-F3o..." {{(pid=99808) http_log /opt/stack/data/venv/lib/python3.12/site-packages/swiftclient/client.py:160}}
Aug 19 16:46:17.259538 np0000007790 devstack@g-api.service[99808]: DEBUG swiftclient [None req-4c127624-d252-47a7-ad91-1da6b60293d7 tempest-ServerStableDeviceRescueTest-92477613 tempest-ServerStableDeviceRescueTest-92477613-project-member] RESP STATUS: 204 No Content {{(pid=99808) http_log /opt/stack/data/venv/lib/python3.12/site-packages/swiftclient/client.py:161}}
Aug 19 16:46:17.259774 np0000007790 devstack@g-api.service[99808]: DEBUG swiftclient [None req-4c127624-d252-47a7-ad91-1da6b60293d7 tempest-ServerStableDeviceRescueTest-92477613 tempest-ServerStableDeviceRescueTest-92477613-project-member] RESP HEADERS: {'Date': 'Wed, 19 Aug 2026 16:46:17 GMT', 'Server': 'Apache/2.4.58 (Ubuntu)', 'Content-Type': 'text/plain; charset=utf-8', 'X-Container-Object-Count': '7', 'X-Container-Bytes-Used': '109576192', 'X-Timestamp': '1787157682.84054', 'Last-Modified': 'Wed, 19 Aug 2026 16:41:23 GMT', 'Accept-Ranges': 'bytes', 'X-Storage-Policy': 'Policy-0', 'X-Container-Sharding': 'False', 'Vary': 'Accept', 'X-Trans-Id': 'txbb284ba1e42a4155bfbe8-006a85ddd9', 'X-Openstack-Request-Id': 'txbb284ba1e42a4155bfbe8-006a85ddd9', 'Connection': 'close'} {{(pid=99808) http_log /opt/stack/data/venv/lib/python3.12/site-packages/swiftclient/client.py:162}}
Aug 19 16:46:17.260005 np0000007790 devstack@g-api.service[99808]: DEBUG glance_store._drivers.swift.store [None req-4c127624-d252-47a7-ad91-1da6b60293d7 tempest-ServerStableDeviceRescueTest-92477613 tempest-ServerStableDeviceRescueTest-92477613-project-member] Adding image object 'dfc8473e-745d-426d-983e-8f88473f9408' to Swift {{(pid=99808) add /opt/stack/data/venv/lib/python3.12/site-packages/glance_store/_drivers/swift/store.py:970}}
Aug 19 16:46:17.260107 np0000007790 devstack@g-api.service[99808]: DEBUG glance_store._drivers.swift.store [None req-4c127624-d252-47a7-ad91-1da6b60293d7 tempest-ServerStableDeviceRescueTest-92477613 tempest-ServerStableDeviceRescueTest-92477613-project-member] Cannot determine image size because it is either not provided in the request or chunked-transfer encoding is used. Adding image as a segmented object to Swift. {{(pid=99808) add /opt/stack/data/venv/lib/python3.12/site-packages/glance_store/_drivers/swift/store.py:994}}
Aug 19 16:46:17.266799 np0000007790 devstack@g-api.service[99808]: DEBUG oslo_utils.imageutils.format_inspector [None req-4c127624-d252-47a7-ad91-1da6b60293d7 tempest-ServerStableDeviceRescueTest-92477613 tempest-ServerStableDeviceRescueTest-92477613-project-member] Format inspector for vmdk does not match, excluding from consideration (Signature KDMV not found: b'QFI\xfb') {{(pid=99808) _process_chunk /opt/stack/data/venv/lib/python3.12/site-packages/oslo_utils/imageutils/format_inspector.py:1758}}
Aug 19 16:46:17.270850 np0000007790 devstack@g-api.service[99808]: DEBUG oslo_utils.imageutils.format_inspector [None req-4c127624-d252-47a7-ad91-1da6b60293d7 tempest-ServerStableDeviceRescueTest-92477613 tempest-ServerStableDeviceRescueTest-92477613-project-member] Format inspector for vhdx does not match, excluding from consideration (Region signature not found at 30000) {{(pid=99808) _process_chunk /opt/stack/data/venv/lib/python3.12/site-packages/oslo_utils/imageutils/format_inspector.py:1758}}
Aug 19 16:46:17.823682 np0000007790 devstack@g-api.service[99809]: DEBUG glance.api.middleware.version_negotiation [None req-d4eab208-9b7f-4e6a-a678-03b49494954f tempest-ServerStableDeviceRescueTest-92477613 tempest-ServerStableDeviceRescueTest-92477613-project-member] Determining version of request: GET /v2/images/dfc8473e-745d-426d-983e-8f88473f9408 Accept: */* {{(pid=99809) process_request /opt/stack/glance/glance/api/middleware/version_negotiation.py:44}}
Aug 19 16:46:17.823682 np0000007790 devstack@g-api.service[99809]: DEBUG glance.api.middleware.version_negotiation [None req-d4eab208-9b7f-4e6a-a678-03b49494954f tempest-ServerStableDeviceRescueTest-92477613 tempest-ServerStableDeviceRescueTest-92477613-project-member] Using url versioning {{(pid=99809) process_request /opt/stack/glance/glance/api/middleware/version_negotiation.py:57}}
Aug 19 16:46:17.824076 np0000007790 devstack@g-api.service[99809]: DEBUG glance.api.middleware.version_negotiation [None req-d4eab208-9b7f-4e6a-a678-03b49494954f tempest-ServerStableDeviceRescueTest-92477613 tempest-ServerStableDeviceRescueTest-92477613-project-member] Matched version: v2 {{(pid=99809) process_request /opt/stack/glance/glance/api/middleware/version_negotiation.py:69}}
Aug 19 16:46:17.824076 np0000007790 devstack@g-api.service[99809]: DEBUG glance.api.middleware.version_negotiation [None req-d4eab208-9b7f-4e6a-a678-03b49494954f tempest-ServerStableDeviceRescueTest-92477613 tempest-ServerStableDeviceRescueTest-92477613-project-member] new path /v2/images/dfc8473e-745d-426d-983e-8f88473f9408 {{(pid=99809) process_request /opt/stack/glance/glance/api/middleware/version_negotiation.py:70}}
Aug 19 16:46:17.842965 np0000007790 devstack@g-api.service[99809]: [pid: 99809|app: 0|req: 85/249] 127.0.0.1 () {44 vars in 1115 bytes} [Wed Aug 19 16:46:17 2026] GET /v2/images/dfc8473e-745d-426d-983e-8f88473f9408 => generated 1443 bytes in 20 msecs (HTTP/1.1 200) 4 headers in 158 bytes (1 switches on core 0)
Aug 19 16:46:17.894102 np0000007790 devstack@g-api.service[99810]: DEBUG glance.api.middleware.version_negotiation [None req-afe7b8c9-5b8b-4662-814e-08f8c93c2b46 tempest-ServerBootFromVolumeStableRescueTest-1692332349 tempest-ServerBootFromVolumeStableRescueTest-1692332349-project-member] Determining version of request: GET /v2/schemas/image Accept: */* {{(pid=99810) process_request /opt/stack/glance/glance/api/middleware/version_negotiation.py:44}}
Aug 19 16:46:17.894527 np0000007790 devstack@g-api.service[99810]: DEBUG glance.api.middleware.version_negotiation [None req-afe7b8c9-5b8b-4662-814e-08f8c93c2b46 tempest-ServerBootFromVolumeStableRescueTest-1692332349 tempest-ServerBootFromVolumeStableRescueTest-1692332349-project-member] Using url versioning {{(pid=99810) process_request /opt/stack/glance/glance/api/middleware/version_negotiation.py:57}}
Aug 19 16:46:17.894527 np0000007790 devstack@g-api.service[99810]: DEBUG glance.api.middleware.version_negotiation [None req-afe7b8c9-5b8b-4662-814e-08f8c93c2b46 tempest-ServerBootFromVolumeStableRescueTest-1692332349 tempest-ServerBootFromVolumeStableRescueTest-1692332349-project-member] Matched version: v2 {{(pid=99810) process_request /opt/stack/glance/glance/api/middleware/version_negotiation.py:69}}
Aug 19 16:46:17.894527 np0000007790 devstack@g-api.service[99810]: DEBUG glance.api.middleware.version_negotiation [None req-afe7b8c9-5b8b-4662-814e-08f8c93c2b46 tempest-ServerBootFromVolumeStableRescueTest-1692332349 tempest-ServerBootFromVolumeStableRescueTest-1692332349-project-member] new path /v2/schemas/image {{(pid=99810) process_request /opt/stack/glance/glance/api/middleware/version_negotiation.py:70}}
Aug 19 16:46:17.898235 np0000007790 devstack@g-api.service[99810]: [pid: 99810|app: 0|req: 86/250] 127.0.0.1 () {44 vars in 1055 bytes} [Wed Aug 19 16:46:17 2026] GET /v2/schemas/image => generated 6083 bytes in 4 msecs (HTTP/1.1 200) 4 headers in 158 bytes (1 switches on core 0)
Aug 19 16:46:17.924891 np0000007790 devstack@g-api.service[99809]: DEBUG glance.api.middleware.version_negotiation [None req-88f8d9d4-4407-43ef-a829-9463859757ad tempest-ServerStableDeviceRescueTest-92477613 tempest-ServerStableDeviceRescueTest-92477613-project-member] Determining version of request: GET /v2/images/fa7145d0-1346-4bb2-b32b-2a813f53656d Accept: */* {{(pid=99809) process_request /opt/stack/glance/glance/api/middleware/version_negotiation.py:44}}
Aug 19 16:46:17.925073 np0000007790 devstack@g-api.service[99809]: DEBUG glance.api.middleware.version_negotiation [None req-88f8d9d4-4407-43ef-a829-9463859757ad tempest-ServerStableDeviceRescueTest-92477613 tempest-ServerStableDeviceRescueTest-92477613-project-member] Using url versioning {{(pid=99809) process_request /opt/stack/glance/glance/api/middleware/version_negotiation.py:57}}
Aug 19 16:46:17.925219 np0000007790 devstack@g-api.service[99809]: DEBUG glance.api.middleware.version_negotiation [None req-88f8d9d4-4407-43ef-a829-9463859757ad tempest-ServerStableDeviceRescueTest-92477613 tempest-ServerStableDeviceRescueTest-92477613-project-member] Matched version: v2 {{(pid=99809) process_request /opt/stack/glance/glance/api/middleware/version_negotiation.py:69}}
Aug 19 16:46:17.925336 np0000007790 devstack@g-api.service[99809]: DEBUG glance.api.middleware.version_negotiation [None req-88f8d9d4-4407-43ef-a829-9463859757ad tempest-ServerStableDeviceRescueTest-92477613 tempest-ServerStableDeviceRescueTest-92477613-project-member] new path /v2/images/fa7145d0-1346-4bb2-b32b-2a813f53656d {{(pid=99809) process_request /opt/stack/glance/glance/api/middleware/version_negotiation.py:70}}
Aug 19 16:46:17.937926 np0000007790 devstack@g-api.service[99809]: [pid: 99809|app: 0|req: 86/251] 127.0.0.1 () {44 vars in 1115 bytes} [Wed Aug 19 16:46:17 2026] GET /v2/images/fa7145d0-1346-4bb2-b32b-2a813f53656d => generated 1360 bytes in 12 msecs (HTTP/1.1 200) 4 headers in 158 bytes (1 switches on core 0)
Aug 19 16:46:17.939839 np0000007790 devstack@g-api.service[99808]: DEBUG swiftclient [None req-4c127624-d252-47a7-ad91-1da6b60293d7 tempest-ServerStableDeviceRescueTest-92477613 tempest-ServerStableDeviceRescueTest-92477613-project-member] REQ: curl -i https://10.4.3.190:8080/v1/AUTH_1d4e8b923d354bfcaac7e5be4f35b504/glance/dfc8473e-745d-426d-983e-8f88473f9408-00001 -X PUT -H "X-Auth-Token: gAAAAABqhd3Z-F3o..." {{(pid=99808) http_log /opt/stack/data/venv/lib/python3.12/site-packages/swiftclient/client.py:160}}
Aug 19 16:46:17.939839 np0000007790 devstack@g-api.service[99808]: DEBUG swiftclient [None req-4c127624-d252-47a7-ad91-1da6b60293d7 tempest-ServerStableDeviceRescueTest-92477613 tempest-ServerStableDeviceRescueTest-92477613-project-member] RESP STATUS: 201 Created {{(pid=99808) http_log /opt/stack/data/venv/lib/python3.12/site-packages/swiftclient/client.py:161}}
Aug 19 16:46:17.939839 np0000007790 devstack@g-api.service[99808]: DEBUG swiftclient [None req-4c127624-d252-47a7-ad91-1da6b60293d7 tempest-ServerStableDeviceRescueTest-92477613 tempest-ServerStableDeviceRescueTest-92477613-project-member] RESP HEADERS: {'Date': 'Wed, 19 Aug 2026 16:46:17 GMT', 'Server': 'Apache/2.4.58 (Ubuntu)', 'Content-Type': 'text/html; charset=UTF-8', 'Content-Length': '0', 'Etag': 'b5fb343045f5fc4434ddca642a2ba801', 'Last-Modified': 'Wed, 19 Aug 2026 16:46:18 GMT', 'X-Trans-Id': 'txcf9801d43664445fa0d25-006a85ddd9', 'X-Openstack-Request-Id': 'txcf9801d43664445fa0d25-006a85ddd9', 'Connection': 'close'} {{(pid=99808) http_log /opt/stack/data/venv/lib/python3.12/site-packages/swiftclient/client.py:162}}
Aug 19 16:46:17.939839 np0000007790 devstack@g-api.service[99808]: DEBUG glance_store._drivers.swift.store [None req-4c127624-d252-47a7-ad91-1da6b60293d7 tempest-ServerStableDeviceRescueTest-92477613 tempest-ServerStableDeviceRescueTest-92477613-project-member] Wrote chunk dfc8473e-745d-426d-983e-8f88473f9408-00001 (1/?) of length 53608448 to Swift returning MD5 of content: b5fb343045f5fc4434ddca642a2ba801 {{(pid=99808) add /opt/stack/data/venv/lib/python3.12/site-packages/glance_store/_drivers/swift/store.py:1059}}
Aug 19 16:46:17.940641 np0000007790 devstack@g-api.service[99808]: DEBUG glance_store._drivers.swift.store [None req-4c127624-d252-47a7-ad91-1da6b60293d7 tempest-ServerStableDeviceRescueTest-92477613 tempest-ServerStableDeviceRescueTest-92477613-project-member] Not writing zero-length chunk. {{(pid=99808) add /opt/stack/data/venv/lib/python3.12/site-packages/glance_store/_drivers/swift/store.py:1028}}
Aug 19 16:46:17.974496 np0000007790 devstack@g-api.service[99810]: DEBUG glance.api.middleware.version_negotiation [None req-88f8d9d4-4407-43ef-a829-9463859757ad tempest-ServerStableDeviceRescueTest-92477613 tempest-ServerStableDeviceRescueTest-92477613-project-member] Determining version of request: GET /v2/schemas/image Accept: */* {{(pid=99810) process_request /opt/stack/glance/glance/api/middleware/version_negotiation.py:44}}
Aug 19 16:46:17.974684 np0000007790 devstack@g-api.service[99810]: DEBUG glance.api.middleware.version_negotiation [None req-88f8d9d4-4407-43ef-a829-9463859757ad tempest-ServerStableDeviceRescueTest-92477613 tempest-ServerStableDeviceRescueTest-92477613-project-member] Using url versioning {{(pid=99810) process_request /opt/stack/glance/glance/api/middleware/version_negotiation.py:57}}
Aug 19 16:46:17.974846 np0000007790 devstack@g-api.service[99810]: DEBUG glance.api.middleware.version_negotiation [None req-88f8d9d4-4407-43ef-a829-9463859757ad tempest-ServerStableDeviceRescueTest-92477613 tempest-ServerStableDeviceRescueTest-92477613-project-member] Matched version: v2 {{(pid=99810) process_request /opt/stack/glance/glance/api/middleware/version_negotiation.py:69}}
Aug 19 16:46:17.975066 np0000007790 devstack@g-api.service[99810]: DEBUG glance.api.middleware.version_negotiation [None req-88f8d9d4-4407-43ef-a829-9463859757ad tempest-ServerStableDeviceRescueTest-92477613 tempest-ServerStableDeviceRescueTest-92477613-project-member] new path /v2/schemas/image {{(pid=99810) process_request /opt/stack/glance/glance/api/middleware/version_negotiation.py:70}}
Aug 19 16:46:17.978335 np0000007790 devstack@g-api.service[99810]: [pid: 99810|app: 0|req: 87/252] 127.0.0.1 () {44 vars in 1055 bytes} [Wed Aug 19 16:46:17 2026] GET /v2/schemas/image => generated 6083 bytes in 4 msecs (HTTP/1.1 200) 4 headers in 158 bytes (1 switches on core 0)
Aug 19 16:46:17.993281 np0000007790 devstack@g-api.service[99808]: DEBUG swiftclient [None req-4c127624-d252-47a7-ad91-1da6b60293d7 tempest-ServerStableDeviceRescueTest-92477613 tempest-ServerStableDeviceRescueTest-92477613-project-member] REQ: curl -i https://10.4.3.190:8080/v1/AUTH_1d4e8b923d354bfcaac7e5be4f35b504/glance/dfc8473e-745d-426d-983e-8f88473f9408 -X PUT -H "X-Object-Manifest: glance/dfc8473e-745d-426d-983e-8f88473f9408-" -H "X-Auth-Token: gAAAAABqhd3Z-F3o..." -H "Content-Length: 0" {{(pid=99808) http_log /opt/stack/data/venv/lib/python3.12/site-packages/swiftclient/client.py:160}}
Aug 19 16:46:17.995345 np0000007790 devstack@g-api.service[99808]: DEBUG swiftclient [None req-4c127624-d252-47a7-ad91-1da6b60293d7 tempest-ServerStableDeviceRescueTest-92477613 tempest-ServerStableDeviceRescueTest-92477613-project-member] RESP STATUS: 201 Created {{(pid=99808) http_log /opt/stack/data/venv/lib/python3.12/site-packages/swiftclient/client.py:161}}
Aug 19 16:46:17.995345 np0000007790 devstack@g-api.service[99808]: DEBUG swiftclient [None req-4c127624-d252-47a7-ad91-1da6b60293d7 tempest-ServerStableDeviceRescueTest-92477613 tempest-ServerStableDeviceRescueTest-92477613-project-member] RESP HEADERS: {'Date': 'Wed, 19 Aug 2026 16:46:17 GMT', 'Server': 'Apache/2.4.58 (Ubuntu)', 'Content-Type': 'text/html; charset=UTF-8', 'Content-Length': '0', 'Etag': 'd41d8cd98f00b204e9800998ecf8427e', 'Last-Modified': 'Wed, 19 Aug 2026 16:46:18 GMT', 'X-Trans-Id': 'tx8af767a7632546d5a1b66-006a85ddd9', 'X-Openstack-Request-Id': 'tx8af767a7632546d5a1b66-006a85ddd9', 'Connection': 'close'} {{(pid=99808) http_log /opt/stack/data/venv/lib/python3.12/site-packages/swiftclient/client.py:162}}
Aug 19 16:46:17.995345 np0000007790 devstack@g-api.service[99808]: INFO glance.location [None req-4c127624-d252-47a7-ad91-1da6b60293d7 tempest-ServerStableDeviceRescueTest-92477613 tempest-ServerStableDeviceRescueTest-92477613-project-member] Image format matched and virtual size computed: 1073741824
Aug 19 16:46:18.034766 np0000007790 devstack@g-api.service[99809]: DEBUG glance.api.middleware.version_negotiation [None req-12eb9284-076b-4866-9866-7436fddec206 tempest-ServerBootFromVolumeStableRescueTest-1692332349 tempest-ServerBootFromVolumeStableRescueTest-1692332349-project-member] Determining version of request: GET /v2/schemas/image Accept: */* {{(pid=99809) process_request /opt/stack/glance/glance/api/middleware/version_negotiation.py:44}}
Aug 19 16:46:18.034970 np0000007790 devstack@g-api.service[99809]: DEBUG glance.api.middleware.version_negotiation [None req-12eb9284-076b-4866-9866-7436fddec206 tempest-ServerBootFromVolumeStableRescueTest-1692332349 tempest-ServerBootFromVolumeStableRescueTest-1692332349-project-member] Using url versioning {{(pid=99809) process_request /opt/stack/glance/glance/api/middleware/version_negotiation.py:57}}
Aug 19 16:46:18.035948 np0000007790 devstack@g-api.service[99809]: DEBUG glance.api.middleware.version_negotiation [None req-12eb9284-076b-4866-9866-7436fddec206 tempest-ServerBootFromVolumeStableRescueTest-1692332349 tempest-ServerBootFromVolumeStableRescueTest-1692332349-project-member] Matched version: v2 {{(pid=99809) process_request /opt/stack/glance/glance/api/middleware/version_negotiation.py:69}}
Aug 19 16:46:18.035948 np0000007790 devstack@g-api.service[99809]: DEBUG glance.api.middleware.version_negotiation [None req-12eb9284-076b-4866-9866-7436fddec206 tempest-ServerBootFromVolumeStableRescueTest-1692332349 tempest-ServerBootFromVolumeStableRescueTest-1692332349-project-member] new path /v2/schemas/image {{(pid=99809) process_request /opt/stack/glance/glance/api/middleware/version_negotiation.py:70}}
Aug 19 16:46:18.041895 np0000007790 devstack@g-api.service[99809]: [pid: 99809|app: 0|req: 87/253] 127.0.0.1 () {44 vars in 1055 bytes} [Wed Aug 19 16:46:18 2026] GET /v2/schemas/image => generated 6083 bytes in 4 msecs (HTTP/1.1 200) 4 headers in 158 bytes (1 switches on core 0)
Aug 19 16:46:18.053585 np0000007790 devstack@g-api.service[99808]: DEBUG glance_store.backend [None req-4c127624-d252-47a7-ad91-1da6b60293d7 tempest-ServerStableDeviceRescueTest-92477613 tempest-ServerStableDeviceRescueTest-92477613-project-member] Attempting to import store swift {{(pid=99808) _load_store /opt/stack/data/venv/lib/python3.12/site-packages/glance_store/backend.py:215}}
Aug 19 16:46:18.055635 np0000007790 devstack@g-api.service[99808]: DEBUG glance_store.capabilities [None req-4c127624-d252-47a7-ad91-1da6b60293d7 tempest-ServerStableDeviceRescueTest-92477613 tempest-ServerStableDeviceRescueTest-92477613-project-member] Store glance_store._drivers.swift.store.SingleTenantStore doesn't support updating dynamic storage capabilities. Please overwrite 'update_capabilities' method of the store to implement updating logics if needed. {{(pid=99808) update_capabilities /opt/stack/data/venv/lib/python3.12/site-packages/glance_store/capabilities.py:91}}
Aug 19 16:46:18.055905 np0000007790 devstack@g-api.service[99808]: DEBUG glance_store.driver [None req-4c127624-d252-47a7-ad91-1da6b60293d7 tempest-ServerStableDeviceRescueTest-92477613 tempest-ServerStableDeviceRescueTest-92477613-project-member] Late loading location class glance_store._drivers.swift.store.StoreLocation {{(pid=99808) get_store_location_class /opt/stack/data/venv/lib/python3.12/site-packages/glance_store/driver.py:134}}
Aug 19 16:46:18.056129 np0000007790 devstack@g-api.service[99808]: DEBUG glance_store.location [None req-4c127624-d252-47a7-ad91-1da6b60293d7 tempest-ServerStableDeviceRescueTest-92477613 tempest-ServerStableDeviceRescueTest-92477613-project-member] Registering scheme swift+https with {'store': , 'location_class': , 'store_entry': 'swift'} {{(pid=99808) register_scheme_map /opt/stack/data/venv/lib/python3.12/site-packages/glance_store/location.py:146}}
Aug 19 16:46:18.056371 np0000007790 devstack@g-api.service[99808]: DEBUG glance_store.location [None req-4c127624-d252-47a7-ad91-1da6b60293d7 tempest-ServerStableDeviceRescueTest-92477613 tempest-ServerStableDeviceRescueTest-92477613-project-member] Registering scheme swift+https with {'store': , 'location_class': , 'store_entry': 'swift'} {{(pid=99808) register_scheme_map /opt/stack/data/venv/lib/python3.12/site-packages/glance_store/location.py:146}}
Aug 19 16:46:18.056598 np0000007790 devstack@g-api.service[99808]: DEBUG glance_store.location [None req-4c127624-d252-47a7-ad91-1da6b60293d7 tempest-ServerStableDeviceRescueTest-92477613 tempest-ServerStableDeviceRescueTest-92477613-project-member] Registering scheme swift with {'store': , 'location_class': , 'store_entry': 'swift'} {{(pid=99808) register_scheme_map /opt/stack/data/venv/lib/python3.12/site-packages/glance_store/location.py:146}}
Aug 19 16:46:18.056843 np0000007790 devstack@g-api.service[99808]: DEBUG glance_store.location [None req-4c127624-d252-47a7-ad91-1da6b60293d7 tempest-ServerStableDeviceRescueTest-92477613 tempest-ServerStableDeviceRescueTest-92477613-project-member] Registering scheme swift+https with {'store': , 'location_class': , 'store_entry': 'swift'} {{(pid=99808) register_scheme_map /opt/stack/data/venv/lib/python3.12/site-packages/glance_store/location.py:146}}
Aug 19 16:46:18.057069 np0000007790 devstack@g-api.service[99808]: DEBUG glance_store.location [None req-4c127624-d252-47a7-ad91-1da6b60293d7 tempest-ServerStableDeviceRescueTest-92477613 tempest-ServerStableDeviceRescueTest-92477613-project-member] Registering scheme swift with {'store': , 'location_class': , 'store_entry': 'swift'} {{(pid=99808) register_scheme_map /opt/stack/data/venv/lib/python3.12/site-packages/glance_store/location.py:146}}
Aug 19 16:46:18.057277 np0000007790 devstack@g-api.service[99808]: DEBUG glance_store.location [None req-4c127624-d252-47a7-ad91-1da6b60293d7 tempest-ServerStableDeviceRescueTest-92477613 tempest-ServerStableDeviceRescueTest-92477613-project-member] Registering scheme swift+http with {'store': , 'location_class': , 'store_entry': 'swift'} {{(pid=99808) register_scheme_map /opt/stack/data/venv/lib/python3.12/site-packages/glance_store/location.py:146}}
Aug 19 16:46:18.057491 np0000007790 devstack@g-api.service[99808]: DEBUG glance_store.location [None req-4c127624-d252-47a7-ad91-1da6b60293d7 tempest-ServerStableDeviceRescueTest-92477613 tempest-ServerStableDeviceRescueTest-92477613-project-member] Registering scheme swift+https with {'store': , 'location_class': , 'store_entry': 'swift'} {{(pid=99808) register_scheme_map /opt/stack/data/venv/lib/python3.12/site-packages/glance_store/location.py:146}}
Aug 19 16:46:18.057707 np0000007790 devstack@g-api.service[99808]: DEBUG glance_store.location [None req-4c127624-d252-47a7-ad91-1da6b60293d7 tempest-ServerStableDeviceRescueTest-92477613 tempest-ServerStableDeviceRescueTest-92477613-project-member] Registering scheme swift with {'store': , 'location_class': , 'store_entry': 'swift'} {{(pid=99808) register_scheme_map /opt/stack/data/venv/lib/python3.12/site-packages/glance_store/location.py:146}}
Aug 19 16:46:18.057928 np0000007790 devstack@g-api.service[99808]: DEBUG glance_store.location [None req-4c127624-d252-47a7-ad91-1da6b60293d7 tempest-ServerStableDeviceRescueTest-92477613 tempest-ServerStableDeviceRescueTest-92477613-project-member] Registering scheme swift+http with {'store': , 'location_class': , 'store_entry': 'swift'} {{(pid=99808) register_scheme_map /opt/stack/data/venv/lib/python3.12/site-packages/glance_store/location.py:146}}
Aug 19 16:46:18.058147 np0000007790 devstack@g-api.service[99808]: DEBUG glance_store.location [None req-4c127624-d252-47a7-ad91-1da6b60293d7 tempest-ServerStableDeviceRescueTest-92477613 tempest-ServerStableDeviceRescueTest-92477613-project-member] Registering scheme swift+config with {'store': , 'location_class': , 'store_entry': 'swift'} {{(pid=99808) register_scheme_map /opt/stack/data/venv/lib/python3.12/site-packages/glance_store/location.py:146}}
Aug 19 16:46:18.058380 np0000007790 devstack@g-api.service[99808]: DEBUG glance_store.backend [None req-4c127624-d252-47a7-ad91-1da6b60293d7 tempest-ServerStableDeviceRescueTest-92477613 tempest-ServerStableDeviceRescueTest-92477613-project-member] Skipping store.set_acls... not implemented. {{(pid=99808) set_acls /opt/stack/data/venv/lib/python3.12/site-packages/glance_store/backend.py:507}}
Aug 19 16:46:18.061736 np0000007790 devstack@g-api.service[99808]: [pid: 99808|app: 0|req: 80/254] 127.0.0.1 () {46 vars in 1158 bytes} [Wed Aug 19 16:46:15 2026] PUT /v2/images/dfc8473e-745d-426d-983e-8f88473f9408/file => generated 0 bytes in 2120 msecs (HTTP/1.1 204) 4 headers in 171 bytes (1 switches on core 0)
Aug 19 16:46:18.090338 np0000007790 devstack@g-api.service[99810]: DEBUG glance.api.middleware.version_negotiation [None req-12eb9284-076b-4866-9866-7436fddec206 tempest-ServerBootFromVolumeStableRescueTest-1692332349 tempest-ServerBootFromVolumeStableRescueTest-1692332349-project-member] Determining version of request: PATCH /v2/images/fa7145d0-1346-4bb2-b32b-2a813f53656d Accept: */* {{(pid=99810) process_request /opt/stack/glance/glance/api/middleware/version_negotiation.py:44}}
Aug 19 16:46:18.090565 np0000007790 devstack@g-api.service[99810]: DEBUG glance.api.middleware.version_negotiation [None req-12eb9284-076b-4866-9866-7436fddec206 tempest-ServerBootFromVolumeStableRescueTest-1692332349 tempest-ServerBootFromVolumeStableRescueTest-1692332349-project-member] Using url versioning {{(pid=99810) process_request /opt/stack/glance/glance/api/middleware/version_negotiation.py:57}}
Aug 19 16:46:18.090725 np0000007790 devstack@g-api.service[99810]: DEBUG glance.api.middleware.version_negotiation [None req-12eb9284-076b-4866-9866-7436fddec206 tempest-ServerBootFromVolumeStableRescueTest-1692332349 tempest-ServerBootFromVolumeStableRescueTest-1692332349-project-member] Matched version: v2 {{(pid=99810) process_request /opt/stack/glance/glance/api/middleware/version_negotiation.py:69}}
Aug 19 16:46:18.090880 np0000007790 devstack@g-api.service[99810]: DEBUG glance.api.middleware.version_negotiation [None req-12eb9284-076b-4866-9866-7436fddec206 tempest-ServerBootFromVolumeStableRescueTest-1692332349 tempest-ServerBootFromVolumeStableRescueTest-1692332349-project-member] new path /v2/images/fa7145d0-1346-4bb2-b32b-2a813f53656d {{(pid=99810) process_request /opt/stack/glance/glance/api/middleware/version_negotiation.py:70}}
Aug 19 16:46:18.118564 np0000007790 devstack@g-api.service[99809]: DEBUG glance.api.middleware.version_negotiation [None req-12eb9284-076b-4866-9866-7436fddec206 tempest-ServerBootFromVolumeStableRescueTest-1692332349 tempest-ServerBootFromVolumeStableRescueTest-1692332349-project-member] Determining version of request: GET /v2/images/dfc8473e-745d-426d-983e-8f88473f9408 Accept: */* {{(pid=99809) process_request /opt/stack/glance/glance/api/middleware/version_negotiation.py:44}}
Aug 19 16:46:18.118564 np0000007790 devstack@g-api.service[99809]: DEBUG glance.api.middleware.version_negotiation [None req-12eb9284-076b-4866-9866-7436fddec206 tempest-ServerBootFromVolumeStableRescueTest-1692332349 tempest-ServerBootFromVolumeStableRescueTest-1692332349-project-member] Using url versioning {{(pid=99809) process_request /opt/stack/glance/glance/api/middleware/version_negotiation.py:57}}
Aug 19 16:46:18.118564 np0000007790 devstack@g-api.service[99809]: DEBUG glance.api.middleware.version_negotiation [None req-12eb9284-076b-4866-9866-7436fddec206 tempest-ServerBootFromVolumeStableRescueTest-1692332349 tempest-ServerBootFromVolumeStableRescueTest-1692332349-project-member] Matched version: v2 {{(pid=99809) process_request /opt/stack/glance/glance/api/middleware/version_negotiation.py:69}}
Aug 19 16:46:18.118698 np0000007790 devstack@g-api.service[99809]: DEBUG glance.api.middleware.version_negotiation [None req-12eb9284-076b-4866-9866-7436fddec206 tempest-ServerBootFromVolumeStableRescueTest-1692332349 tempest-ServerBootFromVolumeStableRescueTest-1692332349-project-member] new path /v2/images/dfc8473e-745d-426d-983e-8f88473f9408 {{(pid=99809) process_request /opt/stack/glance/glance/api/middleware/version_negotiation.py:70}}
Aug 19 16:46:18.130980 np0000007790 devstack@g-api.service[99809]: [pid: 99809|app: 0|req: 88/255] 127.0.0.1 () {44 vars in 1115 bytes} [Wed Aug 19 16:46:18 2026] GET /v2/images/dfc8473e-745d-426d-983e-8f88473f9408 => generated 1613 bytes in 11 msecs (HTTP/1.1 200) 4 headers in 158 bytes (1 switches on core 0)
Aug 19 16:46:18.166088 np0000007790 devstack@g-api.service[99808]: DEBUG glance.api.middleware.version_negotiation [None req-4c127624-d252-47a7-ad91-1da6b60293d7 tempest-ServerStableDeviceRescueTest-92477613 tempest-ServerStableDeviceRescueTest-92477613-project-member] Determining version of request: GET /v2/schemas/image Accept: */* {{(pid=99808) process_request /opt/stack/glance/glance/api/middleware/version_negotiation.py:44}}
Aug 19 16:46:18.167165 np0000007790 devstack@g-api.service[99808]: DEBUG glance.api.middleware.version_negotiation [None req-4c127624-d252-47a7-ad91-1da6b60293d7 tempest-ServerStableDeviceRescueTest-92477613 tempest-ServerStableDeviceRescueTest-92477613-project-member] Using url versioning {{(pid=99808) process_request /opt/stack/glance/glance/api/middleware/version_negotiation.py:57}}
Aug 19 16:46:18.167165 np0000007790 devstack@g-api.service[99808]: DEBUG glance.api.middleware.version_negotiation [None req-4c127624-d252-47a7-ad91-1da6b60293d7 tempest-ServerStableDeviceRescueTest-92477613 tempest-ServerStableDeviceRescueTest-92477613-project-member] Matched version: v2 {{(pid=99808) process_request /opt/stack/glance/glance/api/middleware/version_negotiation.py:69}}
Aug 19 16:46:18.167165 np0000007790 devstack@g-api.service[99808]: DEBUG glance.api.middleware.version_negotiation [None req-4c127624-d252-47a7-ad91-1da6b60293d7 tempest-ServerStableDeviceRescueTest-92477613 tempest-ServerStableDeviceRescueTest-92477613-project-member] new path /v2/schemas/image {{(pid=99808) process_request /opt/stack/glance/glance/api/middleware/version_negotiation.py:70}}
Aug 19 16:46:18.170134 np0000007790 devstack@g-api.service[99808]: [pid: 99808|app: 0|req: 81/256] 127.0.0.1 () {44 vars in 1055 bytes} [Wed Aug 19 16:46:18 2026] GET /v2/schemas/image => generated 6083 bytes in 4 msecs (HTTP/1.1 200) 4 headers in 158 bytes (1 switches on core 0)
Aug 19 16:46:18.244624 np0000007790 devstack@g-api.service[99809]: DEBUG glance.api.middleware.version_negotiation [None req-4c127624-d252-47a7-ad91-1da6b60293d7 tempest-ServerStableDeviceRescueTest-92477613 tempest-ServerStableDeviceRescueTest-92477613-project-member] Determining version of request: GET /v2/images/fa7145d0-1346-4bb2-b32b-2a813f53656d Accept: application/json {{(pid=99809) process_request /opt/stack/glance/glance/api/middleware/version_negotiation.py:44}}
Aug 19 16:46:18.244781 np0000007790 devstack@g-api.service[99809]: DEBUG glance.api.middleware.version_negotiation [None req-4c127624-d252-47a7-ad91-1da6b60293d7 tempest-ServerStableDeviceRescueTest-92477613 tempest-ServerStableDeviceRescueTest-92477613-project-member] Using url versioning {{(pid=99809) process_request /opt/stack/glance/glance/api/middleware/version_negotiation.py:57}}
Aug 19 16:46:18.244945 np0000007790 devstack@g-api.service[99809]: DEBUG glance.api.middleware.version_negotiation [None req-4c127624-d252-47a7-ad91-1da6b60293d7 tempest-ServerStableDeviceRescueTest-92477613 tempest-ServerStableDeviceRescueTest-92477613-project-member] Matched version: v2 {{(pid=99809) process_request /opt/stack/glance/glance/api/middleware/version_negotiation.py:69}}
Aug 19 16:46:18.245048 np0000007790 devstack@g-api.service[99809]: DEBUG glance.api.middleware.version_negotiation [None req-4c127624-d252-47a7-ad91-1da6b60293d7 tempest-ServerStableDeviceRescueTest-92477613 tempest-ServerStableDeviceRescueTest-92477613-project-member] new path /v2/images/fa7145d0-1346-4bb2-b32b-2a813f53656d {{(pid=99809) process_request /opt/stack/glance/glance/api/middleware/version_negotiation.py:70}}
Aug 19 16:46:18.250925 np0000007790 devstack@g-api.service[99810]: [pid: 99810|app: 0|req: 88/257] 127.0.0.1 () {46 vars in 1158 bytes} [Wed Aug 19 16:46:18 2026] PATCH /v2/images/fa7145d0-1346-4bb2-b32b-2a813f53656d => generated 1471 bytes in 162 msecs (HTTP/1.1 200) 4 headers in 158 bytes (1 switches on core 0)
Aug 19 16:46:18.258101 np0000007790 devstack@g-api.service[99809]: [pid: 99809|app: 0|req: 89/258] 127.0.0.1 () {40 vars in 838 bytes} [Wed Aug 19 16:46:18 2026] GET /v2/images/fa7145d0-1346-4bb2-b32b-2a813f53656d => generated 1471 bytes in 13 msecs (HTTP/1.1 200) 4 headers in 158 bytes (1 switches on core 0)
Aug 19 16:46:18.281857 np0000007790 devstack@g-api.service[99808]: DEBUG glance.api.middleware.version_negotiation [None req-4c127624-d252-47a7-ad91-1da6b60293d7 tempest-ServerStableDeviceRescueTest-92477613 tempest-ServerStableDeviceRescueTest-92477613-project-member] Determining version of request: GET /v2/images/fa7145d0-1346-4bb2-b32b-2a813f53656d Accept: */* {{(pid=99808) process_request /opt/stack/glance/glance/api/middleware/version_negotiation.py:44}}
