Aug 16 21:20:20.550836 np0000007412 devstack@c-api.service[97078]: INFO cinder.api.openstack.wsgi [None req-f91eb593-91d7-429b-8d15-5a3129379d07 tempest-ExtraSpecsNegativeTest-1747561978 tempest-ExtraSpecsNegativeTest-1747561978-project-admin] DELETE https://10.4.3.151/volume/v3/types/c6f8ca64-e5a6-4bd6-828b-52bce78c9a49/extra_specs/spec1
Aug 16 21:20:20.551206 np0000007412 devstack@c-api.service[97078]: DEBUG cinder.api.openstack.wsgi [None req-f91eb593-91d7-429b-8d15-5a3129379d07 tempest-ExtraSpecsNegativeTest-1747561978 tempest-ExtraSpecsNegativeTest-1747561978-project-admin] Empty body provided in request {{(pid=97078) get_body /opt/stack/cinder/cinder/api/openstack/wsgi.py:725}}
Aug 16 21:20:20.551494 np0000007412 devstack@c-api.service[97078]: DEBUG cinder.api.openstack.wsgi [None req-f91eb593-91d7-429b-8d15-5a3129379d07 tempest-ExtraSpecsNegativeTest-1747561978 tempest-ExtraSpecsNegativeTest-1747561978-project-admin] Calling method 'delete' {{(pid=97078) _process_stack /opt/stack/cinder/cinder/api/openstack/wsgi.py:878}}
Aug 16 21:20:20.558205 np0000007412 devstack@c-api.service[97078]: INFO cinder.api.openstack.wsgi [None req-f91eb593-91d7-429b-8d15-5a3129379d07 tempest-ExtraSpecsNegativeTest-1747561978 tempest-ExtraSpecsNegativeTest-1747561978-project-admin] https://10.4.3.151/volume/v3/types/c6f8ca64-e5a6-4bd6-828b-52bce78c9a49/extra_specs/spec1 returned with HTTP 404
Aug 16 21:20:20.558846 np0000007412 devstack@c-api.service[97078]: [pid: 97078|app: 0|req: 43/117] 10.4.3.151 () {66 vars in 1399 bytes} [Sun Aug 16 21:20:20 2026] DELETE /volume/v3/types/c6f8ca64-e5a6-4bd6-828b-52bce78c9a49/extra_specs/spec1 => generated 114 bytes in 11 msecs (HTTP/1.1 404) 7 headers in 292 bytes (1 switches on core 0)
Aug 16 21:20:20.573931 np0000007412 devstack@c-api.service[97076]: DEBUG cinder.api.middleware.request_id [None req-02514425-9107-4699-b57f-36307e6ca402 None None] RequestId filter calling following filter/app {{(pid=97076) _context_setter /opt/stack/cinder/cinder/api/middleware/request_id.py:62}}
Aug 16 21:20:20.575743 np0000007412 devstack@c-api.service[97076]: INFO cinder.api.openstack.wsgi [None req-02514425-9107-4699-b57f-36307e6ca402 tempest-ExtraSpecsNegativeTest-1747561978 tempest-ExtraSpecsNegativeTest-1747561978-project-admin] GET https://10.4.3.151/volume/v3/types/8364c755-d9e2-4291-aada-2146f8c0a4b9/extra_specs/nonexistent_extra_spec_name
Aug 16 21:20:20.575980 np0000007412 devstack@c-api.service[97076]: DEBUG cinder.api.openstack.wsgi [None req-02514425-9107-4699-b57f-36307e6ca402 tempest-ExtraSpecsNegativeTest-1747561978 tempest-ExtraSpecsNegativeTest-1747561978-project-admin] Empty body provided in request {{(pid=97076) get_body /opt/stack/cinder/cinder/api/openstack/wsgi.py:725}}
Aug 16 21:20:20.576160 np0000007412 devstack@c-api.service[97076]: DEBUG cinder.api.openstack.wsgi [None req-02514425-9107-4699-b57f-36307e6ca402 tempest-ExtraSpecsNegativeTest-1747561978 tempest-ExtraSpecsNegativeTest-1747561978-project-admin] Calling method 'show' {{(pid=97076) _process_stack /opt/stack/cinder/cinder/api/openstack/wsgi.py:878}}
Aug 16 21:20:20.594269 np0000007412 devstack@c-api.service[97076]: INFO cinder.api.openstack.wsgi [None req-02514425-9107-4699-b57f-36307e6ca402 tempest-ExtraSpecsNegativeTest-1747561978 tempest-ExtraSpecsNegativeTest-1747561978-project-admin] https://10.4.3.151/volume/v3/types/8364c755-d9e2-4291-aada-2146f8c0a4b9/extra_specs/nonexistent_extra_spec_name returned with HTTP 404
Aug 16 21:20:20.595000 np0000007412 devstack@c-api.service[97076]: [pid: 97076|app: 0|req: 41/118] 10.4.3.151 () {66 vars in 1462 bytes} [Sun Aug 16 21:20:20 2026] GET /volume/v3/types/8364c755-d9e2-4291-aada-2146f8c0a4b9/extra_specs/nonexistent_extra_spec_name => generated 151 bytes in 21 msecs (HTTP/1.1 404) 7 headers in 292 bytes (1 switches on core 0)
Aug 16 21:20:20.606260 np0000007412 devstack@c-api.service[97077]: DEBUG cinder.api.middleware.request_id [None req-a1611762-46e5-4b93-8d20-a84b4c12f1f0 None None] RequestId filter calling following filter/app {{(pid=97077) _context_setter /opt/stack/cinder/cinder/api/middleware/request_id.py:62}}
Aug 16 21:20:20.608494 np0000007412 devstack@c-api.service[97077]: INFO cinder.api.openstack.wsgi [None req-a1611762-46e5-4b93-8d20-a84b4c12f1f0 tempest-ExtraSpecsNegativeTest-1747561978 tempest-ExtraSpecsNegativeTest-1747561978-project-admin] GET https://10.4.3.151/volume/v3/types/ffd545fd-10f1-473e-9499-7cf678864013/extra_specs/spec1
Aug 16 21:20:20.608694 np0000007412 devstack@c-api.service[97077]: DEBUG cinder.api.openstack.wsgi [None req-a1611762-46e5-4b93-8d20-a84b4c12f1f0 tempest-ExtraSpecsNegativeTest-1747561978 tempest-ExtraSpecsNegativeTest-1747561978-project-admin] Empty body provided in request {{(pid=97077) get_body /opt/stack/cinder/cinder/api/openstack/wsgi.py:725}}
Aug 16 21:20:20.608884 np0000007412 devstack@c-api.service[97077]: DEBUG cinder.api.openstack.wsgi [None req-a1611762-46e5-4b93-8d20-a84b4c12f1f0 tempest-ExtraSpecsNegativeTest-1747561978 tempest-ExtraSpecsNegativeTest-1747561978-project-admin] Calling method 'show' {{(pid=97077) _process_stack /opt/stack/cinder/cinder/api/openstack/wsgi.py:878}}
Aug 16 21:20:20.612517 np0000007412 devstack@c-api.service[97077]: INFO cinder.api.openstack.wsgi [None req-a1611762-46e5-4b93-8d20-a84b4c12f1f0 tempest-ExtraSpecsNegativeTest-1747561978 tempest-ExtraSpecsNegativeTest-1747561978-project-admin] https://10.4.3.151/volume/v3/types/ffd545fd-10f1-473e-9499-7cf678864013/extra_specs/spec1 returned with HTTP 404
Aug 16 21:20:20.612949 np0000007412 devstack@c-api.service[97077]: [pid: 97077|app: 0|req: 35/119] 10.4.3.151 () {66 vars in 1396 bytes} [Sun Aug 16 21:20:20 2026] GET /volume/v3/types/ffd545fd-10f1-473e-9499-7cf678864013/extra_specs/spec1 => generated 114 bytes in 7 msecs (HTTP/1.1 404) 7 headers in 292 bytes (1 switches on core 0)
Aug 16 21:20:20.625751 np0000007412 devstack@c-api.service[97078]: DEBUG cinder.api.middleware.request_id [None req-8097c9b1-7b90-47bb-8f21-3dc1668604e2 None None] RequestId filter calling following filter/app {{(pid=97078) _context_setter /opt/stack/cinder/cinder/api/middleware/request_id.py:62}}
Aug 16 21:20:20.629368 np0000007412 devstack@c-api.service[97078]: INFO cinder.api.openstack.wsgi [None req-8097c9b1-7b90-47bb-8f21-3dc1668604e2 tempest-ExtraSpecsNegativeTest-1747561978 tempest-ExtraSpecsNegativeTest-1747561978-project-admin] GET https://10.4.3.151/volume/v3/types/0c6dce18-3e39-4801-9ada-2cd51a347fcc/extra_specs
Aug 16 21:20:20.629655 np0000007412 devstack@c-api.service[97078]: DEBUG cinder.api.openstack.wsgi [None req-8097c9b1-7b90-47bb-8f21-3dc1668604e2 tempest-ExtraSpecsNegativeTest-1747561978 tempest-ExtraSpecsNegativeTest-1747561978-project-admin] Empty body provided in request {{(pid=97078) get_body /opt/stack/cinder/cinder/api/openstack/wsgi.py:725}}
Aug 16 21:20:20.629918 np0000007412 devstack@c-api.service[97078]: DEBUG cinder.api.openstack.wsgi [None req-8097c9b1-7b90-47bb-8f21-3dc1668604e2 tempest-ExtraSpecsNegativeTest-1747561978 tempest-ExtraSpecsNegativeTest-1747561978-project-admin] Calling method 'index' {{(pid=97078) _process_stack /opt/stack/cinder/cinder/api/openstack/wsgi.py:878}}
Aug 16 21:20:20.638201 np0000007412 devstack@c-api.service[97078]: INFO cinder.api.openstack.wsgi [None req-8097c9b1-7b90-47bb-8f21-3dc1668604e2 tempest-ExtraSpecsNegativeTest-1747561978 tempest-ExtraSpecsNegativeTest-1747561978-project-admin] https://10.4.3.151/volume/v3/types/0c6dce18-3e39-4801-9ada-2cd51a347fcc/extra_specs returned with HTTP 404
Aug 16 21:20:20.639515 np0000007412 devstack@c-api.service[97078]: [pid: 97078|app: 0|req: 44/120] 10.4.3.151 () {66 vars in 1378 bytes} [Sun Aug 16 21:20:20 2026] GET /volume/v3/types/0c6dce18-3e39-4801-9ada-2cd51a347fcc/extra_specs => generated 114 bytes in 15 msecs (HTTP/1.1 404) 7 headers in 292 bytes (1 switches on core 0)
Aug 16 21:20:20.652632 np0000007412 devstack@c-api.service[97076]: DEBUG cinder.api.middleware.request_id [None req-5339db56-06c5-402e-bc0a-e25332298188 None None] RequestId filter calling following filter/app {{(pid=97076) _context_setter /opt/stack/cinder/cinder/api/middleware/request_id.py:62}}
Aug 16 21:20:20.654914 np0000007412 devstack@c-api.service[97076]: INFO cinder.api.openstack.wsgi [None req-5339db56-06c5-402e-bc0a-e25332298188 tempest-ExtraSpecsNegativeTest-1747561978 tempest-ExtraSpecsNegativeTest-1747561978-project-admin] PUT https://10.4.3.151/volume/v3/types/8364c755-d9e2-4291-aada-2146f8c0a4b9/extra_specs/spec1
Aug 16 21:20:20.655418 np0000007412 devstack@c-api.service[97076]: DEBUG cinder.api.openstack.wsgi [None req-5339db56-06c5-402e-bc0a-e25332298188 tempest-ExtraSpecsNegativeTest-1747561978 tempest-ExtraSpecsNegativeTest-1747561978-project-admin] Action: 'update', calling method: update, body: {"spec1": "val2", "spec2": "val1"} {{(pid=97076) _process_stack /opt/stack/cinder/cinder/api/openstack/wsgi.py:876}}
Aug 16 21:20:20.657141 np0000007412 devstack@c-api.service[97076]: INFO cinder.api.openstack.wsgi [None req-5339db56-06c5-402e-bc0a-e25332298188 tempest-ExtraSpecsNegativeTest-1747561978 tempest-ExtraSpecsNegativeTest-1747561978-project-admin] https://10.4.3.151/volume/v3/types/8364c755-d9e2-4291-aada-2146f8c0a4b9/extra_specs/spec1 returned with HTTP 400
Aug 16 21:20:20.657892 np0000007412 devstack@c-api.service[97076]: [pid: 97076|app: 0|req: 42/121] 10.4.3.151 () {68 vars in 1416 bytes} [Sun Aug 16 21:20:20 2026] PUT /volume/v3/types/8364c755-d9e2-4291-aada-2146f8c0a4b9/extra_specs/spec1 => generated 102 bytes in 6 msecs (HTTP/1.1 400) 7 headers in 294 bytes (1 switches on core 0)
Aug 16 21:20:20.670538 np0000007412 devstack@c-api.service[97077]: DEBUG cinder.api.middleware.request_id [None req-4da8af41-8c33-4161-8259-1edb776e85b2 None None] RequestId filter calling following filter/app {{(pid=97077) _context_setter /opt/stack/cinder/cinder/api/middleware/request_id.py:62}}
Aug 16 21:20:20.673469 np0000007412 devstack@c-api.service[97077]: INFO cinder.api.openstack.wsgi [None req-4da8af41-8c33-4161-8259-1edb776e85b2 tempest-ExtraSpecsNegativeTest-1747561978 tempest-ExtraSpecsNegativeTest-1747561978-project-admin] PUT https://10.4.3.151/volume/v3/types/8364c755-d9e2-4291-aada-2146f8c0a4b9/extra_specs/spec1
Aug 16 21:20:20.673921 np0000007412 devstack@c-api.service[97077]: DEBUG cinder.api.openstack.wsgi [None req-4da8af41-8c33-4161-8259-1edb776e85b2 tempest-ExtraSpecsNegativeTest-1747561978 tempest-ExtraSpecsNegativeTest-1747561978-project-admin] Action: 'update', calling method: update, body: null {{(pid=97077) _process_stack /opt/stack/cinder/cinder/api/openstack/wsgi.py:876}}
Aug 16 21:20:20.675878 np0000007412 devstack@c-api.service[97077]: INFO cinder.api.openstack.wsgi [None req-4da8af41-8c33-4161-8259-1edb776e85b2 tempest-ExtraSpecsNegativeTest-1747561978 tempest-ExtraSpecsNegativeTest-1747561978-project-admin] https://10.4.3.151/volume/v3/types/8364c755-d9e2-4291-aada-2146f8c0a4b9/extra_specs/spec1 returned with HTTP 400
Aug 16 21:20:20.676382 np0000007412 devstack@c-api.service[97077]: [pid: 97077|app: 0|req: 36/122] 10.4.3.151 () {68 vars in 1415 bytes} [Sun Aug 16 21:20:20 2026] PUT /volume/v3/types/8364c755-d9e2-4291-aada-2146f8c0a4b9/extra_specs/spec1 => generated 72 bytes in 6 msecs (HTTP/1.1 400) 7 headers in 293 bytes (1 switches on core 0)
Aug 16 21:20:20.686927 np0000007412 devstack@c-api.service[97078]: DEBUG cinder.api.middleware.request_id [None req-1e568b23-4067-4959-9050-7cd8b8165c17 None None] RequestId filter calling following filter/app {{(pid=97078) _context_setter /opt/stack/cinder/cinder/api/middleware/request_id.py:62}}
Aug 16 21:20:20.689173 np0000007412 devstack@c-api.service[97078]: INFO cinder.api.openstack.wsgi [None req-1e568b23-4067-4959-9050-7cd8b8165c17 tempest-ExtraSpecsNegativeTest-1747561978 tempest-ExtraSpecsNegativeTest-1747561978-project-admin] PUT https://10.4.3.151/volume/v3/types/8364c755-d9e2-4291-aada-2146f8c0a4b9/extra_specs/None
Aug 16 21:20:20.689412 np0000007412 devstack@c-api.service[97078]: DEBUG cinder.api.openstack.wsgi [None req-1e568b23-4067-4959-9050-7cd8b8165c17 tempest-ExtraSpecsNegativeTest-1747561978 tempest-ExtraSpecsNegativeTest-1747561978-project-admin] Action: 'update', calling method: update, body: {"spec1": "val2"} {{(pid=97078) _process_stack /opt/stack/cinder/cinder/api/openstack/wsgi.py:876}}
Aug 16 21:20:20.745967 np0000007412 devstack@c-api.service[97078]: INFO cinder.api.openstack.wsgi [None req-1e568b23-4067-4959-9050-7cd8b8165c17 tempest-ExtraSpecsNegativeTest-1747561978 tempest-ExtraSpecsNegativeTest-1747561978-project-admin] HTTP exception thrown: Request body and URI mismatch
Aug 16 21:20:20.746176 np0000007412 devstack@c-api.service[97078]: INFO cinder.api.openstack.wsgi [None req-1e568b23-4067-4959-9050-7cd8b8165c17 tempest-ExtraSpecsNegativeTest-1747561978 tempest-ExtraSpecsNegativeTest-1747561978-project-admin] https://10.4.3.151/volume/v3/types/8364c755-d9e2-4291-aada-2146f8c0a4b9/extra_specs/None returned with HTTP 400
Aug 16 21:20:20.747014 np0000007412 devstack@c-api.service[97078]: [pid: 97078|app: 0|req: 45/123] 10.4.3.151 () {68 vars in 1413 bytes} [Sun Aug 16 21:20:20 2026] PUT /volume/v3/types/8364c755-d9e2-4291-aada-2146f8c0a4b9/extra_specs/None => generated 73 bytes in 60 msecs (HTTP/1.1 400) 7 headers in 293 bytes (1 switches on core 0)
Aug 16 21:20:20.760006 np0000007412 devstack@c-api.service[97076]: DEBUG cinder.api.middleware.request_id [None req-6f9119da-4abb-4854-a236-4c4b7268e5cb None None] RequestId filter calling following filter/app {{(pid=97076) _context_setter /opt/stack/cinder/cinder/api/middleware/request_id.py:62}}
Aug 16 21:20:20.764462 np0000007412 devstack@c-api.service[97076]: INFO cinder.api.openstack.wsgi [None req-6f9119da-4abb-4854-a236-4c4b7268e5cb tempest-ExtraSpecsNegativeTest-1747561978 tempest-ExtraSpecsNegativeTest-1747561978-project-admin] PUT https://10.4.3.151/volume/v3/types/8364c755-d9e2-4291-aada-2146f8c0a4b9/extra_specs/f46b0128-0c96-4bef-aadb-bc5bbf78d11f
Aug 16 21:20:20.764557 np0000007412 devstack@c-api.service[97076]: DEBUG cinder.api.openstack.wsgi [None req-6f9119da-4abb-4854-a236-4c4b7268e5cb tempest-ExtraSpecsNegativeTest-1747561978 tempest-ExtraSpecsNegativeTest-1747561978-project-admin] Action: 'update', calling method: update, body: {"spec1": "val2"} {{(pid=97076) _process_stack /opt/stack/cinder/cinder/api/openstack/wsgi.py:876}}
Aug 16 21:20:20.812182 np0000007412 devstack@c-api.service[97076]: INFO cinder.api.openstack.wsgi [None req-6f9119da-4abb-4854-a236-4c4b7268e5cb tempest-ExtraSpecsNegativeTest-1747561978 tempest-ExtraSpecsNegativeTest-1747561978-project-admin] HTTP exception thrown: Request body and URI mismatch
Aug 16 21:20:20.812454 np0000007412 devstack@c-api.service[97076]: INFO cinder.api.openstack.wsgi [None req-6f9119da-4abb-4854-a236-4c4b7268e5cb tempest-ExtraSpecsNegativeTest-1747561978 tempest-ExtraSpecsNegativeTest-1747561978-project-admin] https://10.4.3.151/volume/v3/types/8364c755-d9e2-4291-aada-2146f8c0a4b9/extra_specs/f46b0128-0c96-4bef-aadb-bc5bbf78d11f returned with HTTP 400
Aug 16 21:20:20.813178 np0000007412 devstack@c-api.service[97076]: [pid: 97076|app: 0|req: 43/124] 10.4.3.151 () {68 vars in 1509 bytes} [Sun Aug 16 21:20:20 2026] PUT /volume/v3/types/8364c755-d9e2-4291-aada-2146f8c0a4b9/extra_specs/f46b0128-0c96-4bef-aadb-bc5bbf78d11f => generated 73 bytes in 53 msecs (HTTP/1.1 400) 7 headers in 293 bytes (1 switches on core 0)
Aug 16 21:20:20.825560 np0000007412 devstack@c-api.service[97077]: DEBUG cinder.api.middleware.request_id [None req-8652770c-bec5-498c-936b-5a14d2d9a431 None None] RequestId filter calling following filter/app {{(pid=97077) _context_setter /opt/stack/cinder/cinder/api/middleware/request_id.py:62}}
Aug 16 21:20:20.830135 np0000007412 devstack@c-api.service[97077]: INFO cinder.api.openstack.wsgi [None req-8652770c-bec5-498c-936b-5a14d2d9a431 tempest-ExtraSpecsNegativeTest-1747561978 tempest-ExtraSpecsNegativeTest-1747561978-project-admin] PUT https://10.4.3.151/volume/v3/types/7228dd30-2441-4ffc-9e78-c694bad544a0/extra_specs/spec1
Aug 16 21:20:20.830609 np0000007412 devstack@c-api.service[97077]: DEBUG cinder.api.openstack.wsgi [None req-8652770c-bec5-498c-936b-5a14d2d9a431 tempest-ExtraSpecsNegativeTest-1747561978 tempest-ExtraSpecsNegativeTest-1747561978-project-admin] Action: 'update', calling method: update, body: {"spec1": "val5"} {{(pid=97077) _process_stack /opt/stack/cinder/cinder/api/openstack/wsgi.py:876}}
Aug 16 21:20:20.846931 np0000007412 devstack@c-api.service[97077]: INFO cinder.api.openstack.wsgi [None req-8652770c-bec5-498c-936b-5a14d2d9a431 tempest-ExtraSpecsNegativeTest-1747561978 tempest-ExtraSpecsNegativeTest-1747561978-project-admin] https://10.4.3.151/volume/v3/types/7228dd30-2441-4ffc-9e78-c694bad544a0/extra_specs/spec1 returned with HTTP 404
Aug 16 21:20:20.847656 np0000007412 devstack@c-api.service[97077]: [pid: 97077|app: 0|req: 37/125] 10.4.3.151 () {68 vars in 1416 bytes} [Sun Aug 16 21:20:20 2026] PUT /volume/v3/types/7228dd30-2441-4ffc-9e78-c694bad544a0/extra_specs/spec1 => generated 114 bytes in 23 msecs (HTTP/1.1 404) 7 headers in 292 bytes (1 switches on core 0)
Aug 16 21:20:20.857226 np0000007412 devstack@c-api.service[97078]: DEBUG cinder.api.middleware.request_id [None req-ee972aff-0145-44fa-bb9c-e1366ccbb47b None None] RequestId filter calling following filter/app {{(pid=97078) _context_setter /opt/stack/cinder/cinder/api/middleware/request_id.py:62}}
Aug 16 21:20:20.859274 np0000007412 devstack@c-api.service[97078]: INFO cinder.api.openstack.wsgi [None req-ee972aff-0145-44fa-bb9c-e1366ccbb47b tempest-ExtraSpecsNegativeTest-1747561978 tempest-ExtraSpecsNegativeTest-1747561978-project-admin] DELETE https://10.4.3.151/volume/v3/types/8364c755-d9e2-4291-aada-2146f8c0a4b9
Aug 16 21:20:20.859525 np0000007412 devstack@c-api.service[97078]: DEBUG cinder.api.openstack.wsgi [None req-ee972aff-0145-44fa-bb9c-e1366ccbb47b tempest-ExtraSpecsNegativeTest-1747561978 tempest-ExtraSpecsNegativeTest-1747561978-project-admin] Empty body provided in request {{(pid=97078) get_body /opt/stack/cinder/cinder/api/openstack/wsgi.py:725}}
Aug 16 21:20:20.859743 np0000007412 devstack@c-api.service[97078]: DEBUG cinder.api.openstack.wsgi [None req-ee972aff-0145-44fa-bb9c-e1366ccbb47b tempest-ExtraSpecsNegativeTest-1747561978 tempest-ExtraSpecsNegativeTest-1747561978-project-admin] Calling method '_delete' {{(pid=97078) _process_stack /opt/stack/cinder/cinder/api/openstack/wsgi.py:878}}
Aug 16 21:20:20.899071 np0000007412 devstack@c-api.service[97078]: INFO cinder.api.openstack.wsgi [None req-ee972aff-0145-44fa-bb9c-e1366ccbb47b tempest-ExtraSpecsNegativeTest-1747561978 tempest-ExtraSpecsNegativeTest-1747561978-project-admin] https://10.4.3.151/volume/v3/types/8364c755-d9e2-4291-aada-2146f8c0a4b9 returned with HTTP 202
Aug 16 21:20:20.899667 np0000007412 devstack@c-api.service[97078]: [pid: 97078|app: 0|req: 46/126] 10.4.3.151 () {66 vars in 1345 bytes} [Sun Aug 16 21:20:20 2026] DELETE /volume/v3/types/8364c755-d9e2-4291-aada-2146f8c0a4b9 => generated 0 bytes in 43 msecs (HTTP/1.1 202) 6 headers in 233 bytes (1 switches on core 0)
Aug 16 21:20:20.910297 np0000007412 devstack@c-api.service[97076]: DEBUG cinder.api.middleware.request_id [None req-9f9688e4-8609-4f2f-a8b3-c75d1352fcd7 None None] RequestId filter calling following filter/app {{(pid=97076) _context_setter /opt/stack/cinder/cinder/api/middleware/request_id.py:62}}
Aug 16 21:20:20.912586 np0000007412 devstack@c-api.service[97076]: INFO cinder.api.openstack.wsgi [None req-9f9688e4-8609-4f2f-a8b3-c75d1352fcd7 tempest-ExtraSpecsNegativeTest-1747561978 tempest-ExtraSpecsNegativeTest-1747561978-project-admin] GET https://10.4.3.151/volume/v3/types/8364c755-d9e2-4291-aada-2146f8c0a4b9
Aug 16 21:20:20.912860 np0000007412 devstack@c-api.service[97076]: DEBUG cinder.api.openstack.wsgi [None req-9f9688e4-8609-4f2f-a8b3-c75d1352fcd7 tempest-ExtraSpecsNegativeTest-1747561978 tempest-ExtraSpecsNegativeTest-1747561978-project-admin] Empty body provided in request {{(pid=97076) get_body /opt/stack/cinder/cinder/api/openstack/wsgi.py:725}}
Aug 16 21:20:20.913122 np0000007412 devstack@c-api.service[97076]: DEBUG cinder.api.openstack.wsgi [None req-9f9688e4-8609-4f2f-a8b3-c75d1352fcd7 tempest-ExtraSpecsNegativeTest-1747561978 tempest-ExtraSpecsNegativeTest-1747561978-project-admin] Calling method 'show' {{(pid=97076) _process_stack /opt/stack/cinder/cinder/api/openstack/wsgi.py:878}}
Aug 16 21:20:20.917238 np0000007412 devstack@c-api.service[97076]: INFO cinder.api.openstack.wsgi [None req-9f9688e4-8609-4f2f-a8b3-c75d1352fcd7 tempest-ExtraSpecsNegativeTest-1747561978 tempest-ExtraSpecsNegativeTest-1747561978-project-admin] https://10.4.3.151/volume/v3/types/8364c755-d9e2-4291-aada-2146f8c0a4b9 returned with HTTP 404
Aug 16 21:20:20.918459 np0000007412 devstack@c-api.service[97076]: [pid: 97076|app: 0|req: 44/127] 10.4.3.151 () {66 vars in 1342 bytes} [Sun Aug 16 21:20:20 2026] GET /volume/v3/types/8364c755-d9e2-4291-aada-2146f8c0a4b9 => generated 114 bytes in 8 msecs (HTTP/1.1 404) 7 headers in 292 bytes (1 switches on core 0)
Aug 16 21:20:22.474262 np0000007412 devstack@c-api.service[97077]: DEBUG cinder.api.middleware.request_id [req-467645bf-0dc8-48b1-bd7b-12bb709f13a5 req-fbbef207-4fa4-4b91-bf74-d2388296ec7b None None] RequestId filter calling following filter/app {{(pid=97077) _context_setter /opt/stack/cinder/cinder/api/middleware/request_id.py:62}}
Aug 16 21:20:22.480306 np0000007412 devstack@c-api.service[97077]: INFO cinder.api.openstack.wsgi [req-467645bf-0dc8-48b1-bd7b-12bb709f13a5 req-fbbef207-4fa4-4b91-bf74-d2388296ec7b tempest-ImageDependencyTests-535717768 tempest-ImageDependencyTests-535717768-project-member] GET https://10.4.3.151/volume/v3/limits
Aug 16 21:20:22.480639 np0000007412 devstack@c-api.service[97077]: DEBUG cinder.api.openstack.wsgi [req-467645bf-0dc8-48b1-bd7b-12bb709f13a5 req-fbbef207-4fa4-4b91-bf74-d2388296ec7b tempest-ImageDependencyTests-535717768 tempest-ImageDependencyTests-535717768-project-member] Empty body provided in request {{(pid=97077) get_body /opt/stack/cinder/cinder/api/openstack/wsgi.py:725}}
Aug 16 21:20:22.480853 np0000007412 devstack@c-api.service[97077]: DEBUG cinder.api.openstack.wsgi [req-467645bf-0dc8-48b1-bd7b-12bb709f13a5 req-fbbef207-4fa4-4b91-bf74-d2388296ec7b tempest-ImageDependencyTests-535717768 tempest-ImageDependencyTests-535717768-project-member] Calling method 'index' {{(pid=97077) _process_stack /opt/stack/cinder/cinder/api/openstack/wsgi.py:878}}
Aug 16 21:20:22.501226 np0000007412 devstack@c-api.service[97077]: WARNING cinder.quota [req-467645bf-0dc8-48b1-bd7b-12bb709f13a5 req-fbbef207-4fa4-4b91-bf74-d2388296ec7b tempest-ImageDependencyTests-535717768 tempest-ImageDependencyTests-535717768-project-member] Deprecated: Default quota for resource: snapshots_storpool is set by the default quota flag: quota_snapshots_storpool, it is now deprecated. Please use the default quota class for default quota.
Aug 16 21:20:22.501572 np0000007412 devstack@c-api.service[97077]: WARNING cinder.quota [req-467645bf-0dc8-48b1-bd7b-12bb709f13a5 req-fbbef207-4fa4-4b91-bf74-d2388296ec7b tempest-ImageDependencyTests-535717768 tempest-ImageDependencyTests-535717768-project-member] Deprecated: Default quota for resource: volumes___DEFAULT__ is set by the default quota flag: quota_volumes___DEFAULT__, it is now deprecated. Please use the default quota class for default quota.
Aug 16 21:20:22.501902 np0000007412 devstack@c-api.service[97077]: WARNING cinder.quota [req-467645bf-0dc8-48b1-bd7b-12bb709f13a5 req-fbbef207-4fa4-4b91-bf74-d2388296ec7b tempest-ImageDependencyTests-535717768 tempest-ImageDependencyTests-535717768-project-member] Deprecated: Default quota for resource: gigabytes___DEFAULT__ is set by the default quota flag: quota_gigabytes___DEFAULT__, it is now deprecated. Please use the default quota class for default quota.
Aug 16 21:20:22.502262 np0000007412 devstack@c-api.service[97077]: WARNING cinder.quota [req-467645bf-0dc8-48b1-bd7b-12bb709f13a5 req-fbbef207-4fa4-4b91-bf74-d2388296ec7b tempest-ImageDependencyTests-535717768 tempest-ImageDependencyTests-535717768-project-member] Deprecated: Default quota for resource: snapshots___DEFAULT__ is set by the default quota flag: quota_snapshots___DEFAULT__, it is now deprecated. Please use the default quota class for default quota.
Aug 16 21:20:22.537338 np0000007412 devstack@c-api.service[97077]: INFO cinder.api.openstack.wsgi [req-467645bf-0dc8-48b1-bd7b-12bb709f13a5 req-fbbef207-4fa4-4b91-bf74-d2388296ec7b tempest-ImageDependencyTests-535717768 tempest-ImageDependencyTests-535717768-project-member] https://10.4.3.151/volume/v3/limits returned with HTTP 200
Aug 16 21:20:22.537910 np0000007412 devstack@c-api.service[97077]: [pid: 97077|app: 0|req: 38/128] 10.4.3.151 () {68 vars in 1484 bytes} [Sun Aug 16 21:20:22 2026] GET /volume/v3/limits => generated 302 bytes in 66 msecs (HTTP/1.1 200) 7 headers in 285 bytes (1 switches on core 0)
Aug 16 21:20:22.607381 np0000007412 devstack@c-api.service[97078]: DEBUG cinder.api.middleware.request_id [None req-f289822a-b219-4da9-bb2c-e437b8a74e8a None None] RequestId filter calling following filter/app {{(pid=97078) _context_setter /opt/stack/cinder/cinder/api/middleware/request_id.py:62}}
Aug 16 21:20:22.611342 np0000007412 devstack@c-api.service[97078]: INFO cinder.api.openstack.wsgi [None req-f289822a-b219-4da9-bb2c-e437b8a74e8a tempest-ServerRescueNegativeTestJSON-1575964914 tempest-ServerRescueNegativeTestJSON-1575964914-project-member] POST https://10.4.3.151/volume/v3/volumes
Aug 16 21:20:22.611806 np0000007412 devstack@c-api.service[97078]: DEBUG cinder.api.openstack.wsgi [None req-f289822a-b219-4da9-bb2c-e437b8a74e8a tempest-ServerRescueNegativeTestJSON-1575964914 tempest-ServerRescueNegativeTestJSON-1575964914-project-member] Action: 'create', calling method: create, body: {"volume": {"size": 1, "display_name": "tempest-ServerRescueNegativeTestJSON-volume-202277703"}} {{(pid=97078) _process_stack /opt/stack/cinder/cinder/api/openstack/wsgi.py:876}}
Aug 16 21:20:22.614934 np0000007412 devstack@c-api.service[97078]: DEBUG cinder.api.v3.volumes [None req-f289822a-b219-4da9-bb2c-e437b8a74e8a tempest-ServerRescueNegativeTestJSON-1575964914 tempest-ServerRescueNegativeTestJSON-1575964914-project-member] Create volume request body: {'volume': {'size': 1, 'display_name': 'tempest-ServerRescueNegativeTestJSON-volume-202277703'}} {{(pid=97078) create /opt/stack/cinder/cinder/api/v3/volumes.py:368}}
Aug 16 21:20:22.615104 np0000007412 devstack@c-api.service[97078]: INFO cinder.api.v3.volumes [None req-f289822a-b219-4da9-bb2c-e437b8a74e8a tempest-ServerRescueNegativeTestJSON-1575964914 tempest-ServerRescueNegativeTestJSON-1575964914-project-member] Create volume of 1 GB
Aug 16 21:20:22.620015 np0000007412 devstack@c-api.service[97076]: DEBUG cinder.api.middleware.request_id [req-467645bf-0dc8-48b1-bd7b-12bb709f13a5 req-1a73306e-275c-49f2-b3d0-c61d29b09505 None None] RequestId filter calling following filter/app {{(pid=97076) _context_setter /opt/stack/cinder/cinder/api/middleware/request_id.py:62}}
Aug 16 21:20:22.623283 np0000007412 devstack@c-api.service[97078]: INFO cinder.volume.api [None req-f289822a-b219-4da9-bb2c-e437b8a74e8a tempest-ServerRescueNegativeTestJSON-1575964914 tempest-ServerRescueNegativeTestJSON-1575964914-project-member] Availability Zones retrieved successfully.
Aug 16 21:20:22.627336 np0000007412 devstack@c-api.service[97076]: INFO cinder.api.openstack.wsgi [req-467645bf-0dc8-48b1-bd7b-12bb709f13a5 req-1a73306e-275c-49f2-b3d0-c61d29b09505 tempest-ImageDependencyTests-535717768 tempest-ImageDependencyTests-535717768-project-member] GET https://10.4.3.151/volume/v3/volumes/32362c8d-14c0-46a6-aee5-6fad85563ee5
Aug 16 21:20:22.627536 np0000007412 devstack@c-api.service[97076]: DEBUG cinder.api.openstack.wsgi [req-467645bf-0dc8-48b1-bd7b-12bb709f13a5 req-1a73306e-275c-49f2-b3d0-c61d29b09505 tempest-ImageDependencyTests-535717768 tempest-ImageDependencyTests-535717768-project-member] Empty body provided in request {{(pid=97076) get_body /opt/stack/cinder/cinder/api/openstack/wsgi.py:725}}
Aug 16 21:20:22.627791 np0000007412 devstack@c-api.service[97076]: DEBUG cinder.api.openstack.wsgi [req-467645bf-0dc8-48b1-bd7b-12bb709f13a5 req-1a73306e-275c-49f2-b3d0-c61d29b09505 tempest-ImageDependencyTests-535717768 tempest-ImageDependencyTests-535717768-project-member] Calling method 'show' {{(pid=97076) _process_stack /opt/stack/cinder/cinder/api/openstack/wsgi.py:878}}
Aug 16 21:20:22.632174 np0000007412 devstack@c-api.service[97078]: DEBUG cinder.volume.api [None req-f289822a-b219-4da9-bb2c-e437b8a74e8a tempest-ServerRescueNegativeTestJSON-1575964914 tempest-ServerRescueNegativeTestJSON-1575964914-project-member] Flow 'volume_create_api' (0c8c9027-a01f-4170-8466-bf0194d419f3) transitioned into state 'RUNNING' from state 'PENDING' {{(pid=97078) _flow_receiver /opt/stack/data/venv/lib/python3.12/site-packages/taskflow/listeners/logging.py:160}}
Aug 16 21:20:22.633772 np0000007412 devstack@c-api.service[97078]: DEBUG cinder.volume.api [None req-f289822a-b219-4da9-bb2c-e437b8a74e8a tempest-ServerRescueNegativeTestJSON-1575964914 tempest-ServerRescueNegativeTestJSON-1575964914-project-member] Task 'cinder.volume.flows.api.create_volume.ExtractVolumeRequestTask;volume:create' (ee70bdcc-92a6-4f16-8b9a-db42aa38e186) transitioned into state 'RUNNING' from state 'PENDING' {{(pid=97078) _task_receiver /opt/stack/data/venv/lib/python3.12/site-packages/taskflow/listeners/logging.py:242}}
Aug 16 21:20:22.634888 np0000007412 devstack@c-api.service[97078]: DEBUG cinder.volume.flows.api.create_volume [None req-f289822a-b219-4da9-bb2c-e437b8a74e8a tempest-ServerRescueNegativeTestJSON-1575964914 tempest-ServerRescueNegativeTestJSON-1575964914-project-member] Validating volume size '1' using validate_int {{(pid=97078) _extract_size /opt/stack/cinder/cinder/volume/flows/api/create_volume.py:226}}
Aug 16 21:20:22.649747 np0000007412 devstack@c-api.service[97076]: /opt/stack/data/venv/lib/python3.12/site-packages/oslo_context/context.py:102: DeprecationWarning: Policy enforcement is depending on the value of is_admin. This key is deprecated. Please update your policy file to use the standard policy values.
Aug 16 21:20:22.649747 np0000007412 devstack@c-api.service[97076]: warnings.warn(
Aug 16 21:20:22.655598 np0000007412 devstack@c-api.service[97076]: INFO cinder.volume.api [req-467645bf-0dc8-48b1-bd7b-12bb709f13a5 req-1a73306e-275c-49f2-b3d0-c61d29b09505 tempest-ImageDependencyTests-535717768 tempest-ImageDependencyTests-535717768-project-member] Volume info retrieved successfully.
Aug 16 21:20:22.665242 np0000007412 devstack@c-api.service[97076]: INFO cinder.api.openstack.wsgi [req-467645bf-0dc8-48b1-bd7b-12bb709f13a5 req-1a73306e-275c-49f2-b3d0-c61d29b09505 tempest-ImageDependencyTests-535717768 tempest-ImageDependencyTests-535717768-project-member] https://10.4.3.151/volume/v3/volumes/32362c8d-14c0-46a6-aee5-6fad85563ee5 returned with HTTP 200
Aug 16 21:20:22.665987 np0000007412 devstack@c-api.service[97076]: [pid: 97076|app: 0|req: 45/129] 10.4.3.151 () {68 vars in 1598 bytes} [Sun Aug 16 21:20:22 2026] GET /volume/v3/volumes/32362c8d-14c0-46a6-aee5-6fad85563ee5 => generated 1451 bytes in 46 msecs (HTTP/1.1 200) 7 headers in 286 bytes (1 switches on core 0)
Aug 16 21:20:22.678311 np0000007412 devstack@c-api.service[97078]: DEBUG cinder.volume.api [None req-f289822a-b219-4da9-bb2c-e437b8a74e8a tempest-ServerRescueNegativeTestJSON-1575964914 tempest-ServerRescueNegativeTestJSON-1575964914-project-member] Task 'cinder.volume.flows.api.create_volume.ExtractVolumeRequestTask;volume:create' (ee70bdcc-92a6-4f16-8b9a-db42aa38e186) transitioned into state 'SUCCESS' from state 'RUNNING' with result '{'size': 1, 'snapshot_id': None, 'source_volid': None, 'volume_type': VolumeType(created_at=2026-08-16T21:17:49Z,deleted=False,deleted_at=None,description=None,extra_specs={volume_backend_name='storpool'},id=636a0f8f-7dbe-4b30-9512-d7936b9650ee,is_public=True,name='storpool',projects=[],qos_specs=,qos_specs_id=None,updated_at=None), 'volume_type_id': '636a0f8f-7dbe-4b30-9512-d7936b9650ee', 'encryption_key_id': None, 'qos_specs': None, 'consistencygroup_id': None, 'cgsnapshot_id': None, 'group_id': None, 'replication_status': 'disabled', 'refresh_az': False, 'backup_id': None, 'multiattach': False, 'availability_zones': ['nova']}' {{(pid=97078) _task_receiver /opt/stack/data/venv/lib/python3.12/site-packages/taskflow/listeners/logging.py:218}}
Aug 16 21:20:22.682185 np0000007412 devstack@c-api.service[97078]: DEBUG cinder.volume.api [None req-f289822a-b219-4da9-bb2c-e437b8a74e8a tempest-ServerRescueNegativeTestJSON-1575964914 tempest-ServerRescueNegativeTestJSON-1575964914-project-member] Task 'cinder.volume.flows.api.create_volume.QuotaReserveTask;volume:create' (96177ad6-d5f1-4c1e-b568-1f3bbfc8b745) transitioned into state 'RUNNING' from state 'PENDING' {{(pid=97078) _task_receiver /opt/stack/data/venv/lib/python3.12/site-packages/taskflow/listeners/logging.py:242}}
Aug 16 21:20:22.690469 np0000007412 devstack@c-api.service[97077]: DEBUG cinder.api.middleware.request_id [req-467645bf-0dc8-48b1-bd7b-12bb709f13a5 req-778e8ec4-7158-4727-9367-481078fed780 None None] RequestId filter calling following filter/app {{(pid=97077) _context_setter /opt/stack/cinder/cinder/api/middleware/request_id.py:62}}
Aug 16 21:20:22.695288 np0000007412 devstack@c-api.service[97077]: INFO cinder.api.openstack.wsgi [req-467645bf-0dc8-48b1-bd7b-12bb709f13a5 req-778e8ec4-7158-4727-9367-481078fed780 tempest-ImageDependencyTests-535717768 tempest-ImageDependencyTests-535717768-project-member] POST https://10.4.3.151/volume/v3/snapshots
Aug 16 21:20:22.695735 np0000007412 devstack@c-api.service[97077]: DEBUG cinder.api.openstack.wsgi [req-467645bf-0dc8-48b1-bd7b-12bb709f13a5 req-778e8ec4-7158-4727-9367-481078fed780 tempest-ImageDependencyTests-535717768 tempest-ImageDependencyTests-535717768-project-member] Action: 'create', calling method: create, body: {"snapshot": {"volume_id": "32362c8d-14c0-46a6-aee5-6fad85563ee5", "force": true, "name": "snapshot for tempest-ImageDependencyTestssnapshot-1269654823", "description": null, "metadata": {}}} {{(pid=97077) _process_stack /opt/stack/cinder/cinder/api/openstack/wsgi.py:876}}
Aug 16 21:20:22.721106 np0000007412 devstack@c-api.service[97077]: /opt/stack/data/venv/lib/python3.12/site-packages/oslo_context/context.py:102: DeprecationWarning: Policy enforcement is depending on the value of is_admin. This key is deprecated. Please update your policy file to use the standard policy values.
Aug 16 21:20:22.721106 np0000007412 devstack@c-api.service[97077]: warnings.warn(
Aug 16 21:20:22.722008 np0000007412 devstack@c-api.service[97077]: INFO cinder.volume.api [req-467645bf-0dc8-48b1-bd7b-12bb709f13a5 req-778e8ec4-7158-4727-9367-481078fed780 tempest-ImageDependencyTests-535717768 tempest-ImageDependencyTests-535717768-project-member] Volume info retrieved successfully.
Aug 16 21:20:22.723871 np0000007412 devstack@c-api.service[97077]: INFO cinder.api.v3.snapshots [req-467645bf-0dc8-48b1-bd7b-12bb709f13a5 req-778e8ec4-7158-4727-9367-481078fed780 tempest-ImageDependencyTests-535717768 tempest-ImageDependencyTests-535717768-project-member] Create snapshot from volume 32362c8d-14c0-46a6-aee5-6fad85563ee5
Aug 16 21:20:22.773404 np0000007412 devstack@c-api.service[97078]: DEBUG cinder.quota [None req-f289822a-b219-4da9-bb2c-e437b8a74e8a tempest-ServerRescueNegativeTestJSON-1575964914 tempest-ServerRescueNegativeTestJSON-1575964914-project-member] Created reservations ['155e1671-9a4f-4be5-98ba-b78518262764', '087663c1-398e-4e79-8042-42df350976c5', 'e1af35c8-8b9e-480a-a5a4-4415951fc261', '47f96153-a54c-4783-9286-73b4c92c72fd'] {{(pid=97078) reserve /opt/stack/cinder/cinder/quota.py:752}}
Aug 16 21:20:22.774530 np0000007412 devstack@c-api.service[97078]: DEBUG cinder.volume.api [None req-f289822a-b219-4da9-bb2c-e437b8a74e8a tempest-ServerRescueNegativeTestJSON-1575964914 tempest-ServerRescueNegativeTestJSON-1575964914-project-member] Task 'cinder.volume.flows.api.create_volume.QuotaReserveTask;volume:create' (96177ad6-d5f1-4c1e-b568-1f3bbfc8b745) transitioned into state 'SUCCESS' from state 'RUNNING' with result '{'reservations': ['155e1671-9a4f-4be5-98ba-b78518262764', '087663c1-398e-4e79-8042-42df350976c5', 'e1af35c8-8b9e-480a-a5a4-4415951fc261', '47f96153-a54c-4783-9286-73b4c92c72fd']}' {{(pid=97078) _task_receiver /opt/stack/data/venv/lib/python3.12/site-packages/taskflow/listeners/logging.py:218}}
Aug 16 21:20:22.775500 np0000007412 devstack@c-api.service[97078]: DEBUG cinder.volume.api [None req-f289822a-b219-4da9-bb2c-e437b8a74e8a tempest-ServerRescueNegativeTestJSON-1575964914 tempest-ServerRescueNegativeTestJSON-1575964914-project-member] Task 'cinder.volume.flows.api.create_volume.EntryCreateTask;volume:create' (6a0094ff-f94f-4c48-a2c2-30d945688c4f) transitioned into state 'RUNNING' from state 'PENDING' {{(pid=97078) _task_receiver /opt/stack/data/venv/lib/python3.12/site-packages/taskflow/listeners/logging.py:242}}
Aug 16 21:20:22.788737 np0000007412 devstack@c-api.service[97077]: DEBUG cinder.quota [req-467645bf-0dc8-48b1-bd7b-12bb709f13a5 req-778e8ec4-7158-4727-9367-481078fed780 tempest-ImageDependencyTests-535717768 tempest-ImageDependencyTests-535717768-project-member] Created reservations ['b37ca78f-26e2-4661-a72a-ccfb96a96173', 'bab04c1a-b01f-483e-ae43-f683b22cf585', 'fb789721-8fad-411a-88b9-9856d34dfa69', 'c2517304-3be7-4ea1-94be-e8d452baa703'] {{(pid=97077) reserve /opt/stack/cinder/cinder/quota.py:752}}
Aug 16 21:20:22.805964 np0000007412 devstack@c-api.service[97078]: DEBUG cinder.volume.api [None req-f289822a-b219-4da9-bb2c-e437b8a74e8a tempest-ServerRescueNegativeTestJSON-1575964914 tempest-ServerRescueNegativeTestJSON-1575964914-project-member] Task 'cinder.volume.flows.api.create_volume.EntryCreateTask;volume:create' (6a0094ff-f94f-4c48-a2c2-30d945688c4f) transitioned into state 'SUCCESS' from state 'RUNNING' with result '{'volume_id': '6f076a9e-c907-4e49-8f7e-523629ed6dab', 'volume_properties': VolumeProperties(attach_status='detached',availability_zone='nova',cgsnapshot_id=None,consistencygroup_id=None,display_description=None,display_name='tempest-ServerRescueNegativeTestJSON-volume-202277703',encryption_key_id=None,group_id=None,group_type_id=,metadata={},multiattach=False,project_id='47106b601edc4614a0e18969f35c3d06',qos_specs=None,replication_status=,reservations=['155e1671-9a4f-4be5-98ba-b78518262764','087663c1-398e-4e79-8042-42df350976c5','e1af35c8-8b9e-480a-a5a4-4415951fc261','47f96153-a54c-4783-9286-73b4c92c72fd'],size=1,snapshot_id=None,source_replicaid=,source_volid=None,status='creating',user_id='62c1fec84180435d91585ead9b7005c2',volume_type_id=636a0f8f-7dbe-4b30-9512-d7936b9650ee), 'volume': Volume(_name_id=None,admin_metadata=,attach_status='detached',availability_zone='nova',bootable=False,cluster=,cluster_name=None,consistencygroup=,consistencygroup_id=None,created_at=2026-08-16T21:20:22Z,deleted=False,deleted_at=None,display_description=None,display_name='tempest-ServerRescueNegativeTestJSON-volume-202277703',ec2_id=None,encryption_key_id=None,glance_metadata=,group=,group_id=None,host=None,id=6f076a9e-c907-4e49-8f7e-523629ed6dab,launched_at=None,metadata={},migration_status=None,multiattach=False,previous_status=None,project_id='47106b601edc4614a0e18969f35c3d06',provider_auth=None,provider_geometry=None,provider_id=None,provider_location=None,replication_driver_data=None,replication_extended_status=None,replication_status=None,scheduled_at=None,service_uuid=None,shared_targets=True,size=1,snapshot_id=None,snapshots=,source_volid=None,status='creating',terminated_at=None,updated_at=None,use_quota=True,user_id='62c1fec84180435d91585ead9b7005c2',volume_attachment=VolumeAttachmentList,volume_type=VolumeType(636a0f8f-7dbe-4b30-9512-d7936b9650ee),volume_type_id=636a0f8f-7dbe-4b30-9512-d7936b9650ee)}' {{(pid=97078) _task_receiver /opt/stack/data/venv/lib/python3.12/site-packages/taskflow/listeners/logging.py:218}}
Aug 16 21:20:22.807643 np0000007412 devstack@c-api.service[97078]: DEBUG cinder.volume.api [None req-f289822a-b219-4da9-bb2c-e437b8a74e8a tempest-ServerRescueNegativeTestJSON-1575964914 tempest-ServerRescueNegativeTestJSON-1575964914-project-member] Task 'cinder.volume.flows.api.create_volume.QuotaCommitTask;volume:create' (57f8494e-8a13-41ab-ab27-c66fdfd9e42d) transitioned into state 'RUNNING' from state 'PENDING' {{(pid=97078) _task_receiver /opt/stack/data/venv/lib/python3.12/site-packages/taskflow/listeners/logging.py:242}}
Aug 16 21:20:22.841558 np0000007412 devstack@c-api.service[97078]: DEBUG cinder.volume.api [None req-f289822a-b219-4da9-bb2c-e437b8a74e8a tempest-ServerRescueNegativeTestJSON-1575964914 tempest-ServerRescueNegativeTestJSON-1575964914-project-member] Task 'cinder.volume.flows.api.create_volume.QuotaCommitTask;volume:create' (57f8494e-8a13-41ab-ab27-c66fdfd9e42d) transitioned into state 'SUCCESS' from state 'RUNNING' with result '{'volume_properties': VolumeProperties(attach_status='detached',availability_zone='nova',cgsnapshot_id=None,consistencygroup_id=None,display_description=None,display_name='tempest-ServerRescueNegativeTestJSON-volume-202277703',encryption_key_id=None,group_id=None,group_type_id=,metadata={},multiattach=False,project_id='47106b601edc4614a0e18969f35c3d06',qos_specs=None,replication_status=,reservations=['155e1671-9a4f-4be5-98ba-b78518262764','087663c1-398e-4e79-8042-42df350976c5','e1af35c8-8b9e-480a-a5a4-4415951fc261','47f96153-a54c-4783-9286-73b4c92c72fd'],size=1,snapshot_id=None,source_replicaid=,source_volid=None,status='creating',user_id='62c1fec84180435d91585ead9b7005c2',volume_type_id=636a0f8f-7dbe-4b30-9512-d7936b9650ee)}' {{(pid=97078) _task_receiver /opt/stack/data/venv/lib/python3.12/site-packages/taskflow/listeners/logging.py:218}}
Aug 16 21:20:22.842506 np0000007412 devstack@c-api.service[97078]: DEBUG cinder.volume.api [None req-f289822a-b219-4da9-bb2c-e437b8a74e8a tempest-ServerRescueNegativeTestJSON-1575964914 tempest-ServerRescueNegativeTestJSON-1575964914-project-member] Task 'cinder.volume.flows.api.create_volume.VolumeCastTask;volume:create' (d9c10de1-9967-43aa-9538-4c30a9f965d3) transitioned into state 'RUNNING' from state 'PENDING' {{(pid=97078) _task_receiver /opt/stack/data/venv/lib/python3.12/site-packages/taskflow/listeners/logging.py:242}}
Aug 16 21:20:22.860073 np0000007412 devstack@c-api.service[97077]: INFO cinder.volume.api [req-467645bf-0dc8-48b1-bd7b-12bb709f13a5 req-778e8ec4-7158-4727-9367-481078fed780 tempest-ImageDependencyTests-535717768 tempest-ImageDependencyTests-535717768-project-member] Snapshot force create request issued successfully.
Aug 16 21:20:22.860595 np0000007412 devstack@c-api.service[97077]: INFO cinder.api.openstack.wsgi [req-467645bf-0dc8-48b1-bd7b-12bb709f13a5 req-778e8ec4-7158-4727-9367-481078fed780 tempest-ImageDependencyTests-535717768 tempest-ImageDependencyTests-535717768-project-member] https://10.4.3.151/volume/v3/snapshots returned with HTTP 202
Aug 16 21:20:22.861257 np0000007412 devstack@c-api.service[97077]: [pid: 97077|app: 0|req: 39/130] 10.4.3.151 () {72 vars in 1547 bytes} [Sun Aug 16 21:20:22 2026] POST /volume/v3/snapshots => generated 319 bytes in 172 msecs (HTTP/1.1 202) 7 headers in 291 bytes (1 switches on core 0)
Aug 16 21:20:22.869355 np0000007412 devstack@c-api.service[97078]: DEBUG cinder.volume.api [None req-f289822a-b219-4da9-bb2c-e437b8a74e8a tempest-ServerRescueNegativeTestJSON-1575964914 tempest-ServerRescueNegativeTestJSON-1575964914-project-member] Task 'cinder.volume.flows.api.create_volume.VolumeCastTask;volume:create' (d9c10de1-9967-43aa-9538-4c30a9f965d3) transitioned into state 'SUCCESS' from state 'RUNNING' with result 'None' {{(pid=97078) _task_receiver /opt/stack/data/venv/lib/python3.12/site-packages/taskflow/listeners/logging.py:218}}
Aug 16 21:20:22.872394 np0000007412 devstack@c-api.service[97078]: DEBUG cinder.volume.api [None req-f289822a-b219-4da9-bb2c-e437b8a74e8a tempest-ServerRescueNegativeTestJSON-1575964914 tempest-ServerRescueNegativeTestJSON-1575964914-project-member] Flow 'volume_create_api' (0c8c9027-a01f-4170-8466-bf0194d419f3) transitioned into state 'SUCCESS' from state 'RUNNING' {{(pid=97078) _flow_receiver /opt/stack/data/venv/lib/python3.12/site-packages/taskflow/listeners/logging.py:160}}
Aug 16 21:20:22.873740 np0000007412 devstack@c-api.service[97078]: INFO cinder.volume.api [None req-f289822a-b219-4da9-bb2c-e437b8a74e8a tempest-ServerRescueNegativeTestJSON-1575964914 tempest-ServerRescueNegativeTestJSON-1575964914-project-member] Create volume request issued successfully.
Aug 16 21:20:22.875756 np0000007412 devstack@c-api.service[97078]: INFO cinder.api.openstack.wsgi [None req-f289822a-b219-4da9-bb2c-e437b8a74e8a tempest-ServerRescueNegativeTestJSON-1575964914 tempest-ServerRescueNegativeTestJSON-1575964914-project-member] https://10.4.3.151/volume/v3/volumes returned with HTTP 202
Aug 16 21:20:22.876364 np0000007412 devstack@c-api.service[97078]: [pid: 97078|app: 0|req: 47/131] 10.4.3.151 () {68 vars in 1258 bytes} [Sun Aug 16 21:20:22 2026] POST /volume/v3/volumes => generated 758 bytes in 269 msecs (HTTP/1.1 202) 7 headers in 291 bytes (1 switches on core 0)
Aug 16 21:20:22.893451 np0000007412 devstack@c-api.service[97076]: DEBUG cinder.api.middleware.request_id [None req-df802bc3-37a1-4a84-baca-4d69f260d30c None None] RequestId filter calling following filter/app {{(pid=97076) _context_setter /opt/stack/cinder/cinder/api/middleware/request_id.py:62}}
Aug 16 21:20:22.896695 np0000007412 devstack@c-api.service[97076]: INFO cinder.api.openstack.wsgi [None req-df802bc3-37a1-4a84-baca-4d69f260d30c tempest-ServerRescueNegativeTestJSON-1575964914 tempest-ServerRescueNegativeTestJSON-1575964914-project-member] GET https://10.4.3.151/volume/v3/volumes/6f076a9e-c907-4e49-8f7e-523629ed6dab
Aug 16 21:20:22.896695 np0000007412 devstack@c-api.service[97076]: DEBUG cinder.api.openstack.wsgi [None req-df802bc3-37a1-4a84-baca-4d69f260d30c tempest-ServerRescueNegativeTestJSON-1575964914 tempest-ServerRescueNegativeTestJSON-1575964914-project-member] Empty body provided in request {{(pid=97076) get_body /opt/stack/cinder/cinder/api/openstack/wsgi.py:725}}
Aug 16 21:20:22.897080 np0000007412 devstack@c-api.service[97076]: DEBUG cinder.api.openstack.wsgi [None req-df802bc3-37a1-4a84-baca-4d69f260d30c tempest-ServerRescueNegativeTestJSON-1575964914 tempest-ServerRescueNegativeTestJSON-1575964914-project-member] Calling method 'show' {{(pid=97076) _process_stack /opt/stack/cinder/cinder/api/openstack/wsgi.py:878}}
Aug 16 21:20:22.911319 np0000007412 devstack@c-api.service[97076]: /opt/stack/data/venv/lib/python3.12/site-packages/oslo_context/context.py:102: DeprecationWarning: Policy enforcement is depending on the value of is_admin. This key is deprecated. Please update your policy file to use the standard policy values.
Aug 16 21:20:22.911319 np0000007412 devstack@c-api.service[97076]: warnings.warn(
Aug 16 21:20:22.918405 np0000007412 devstack@c-api.service[97076]: INFO cinder.volume.api [None req-df802bc3-37a1-4a84-baca-4d69f260d30c tempest-ServerRescueNegativeTestJSON-1575964914 tempest-ServerRescueNegativeTestJSON-1575964914-project-member] Volume info retrieved successfully.
Aug 16 21:20:22.925889 np0000007412 devstack@c-api.service[97076]: INFO cinder.api.openstack.wsgi [None req-df802bc3-37a1-4a84-baca-4d69f260d30c tempest-ServerRescueNegativeTestJSON-1575964914 tempest-ServerRescueNegativeTestJSON-1575964914-project-member] https://10.4.3.151/volume/v3/volumes/6f076a9e-c907-4e49-8f7e-523629ed6dab returned with HTTP 200
Aug 16 21:20:22.926468 np0000007412 devstack@c-api.service[97076]: [pid: 97076|app: 0|req: 46/132] 10.4.3.151 () {66 vars in 1348 bytes} [Sun Aug 16 21:20:22 2026] GET /volume/v3/volumes/6f076a9e-c907-4e49-8f7e-523629ed6dab => generated 826 bytes in 34 msecs (HTTP/1.1 200) 7 headers in 285 bytes (2 switches on core 0)
Aug 16 21:20:23.222530 np0000007412 devstack@c-api.service[97077]: DEBUG cinder.api.middleware.request_id [None req-86a198cb-b0af-4346-aca1-dac2d3601463 None None] RequestId filter calling following filter/app {{(pid=97077) _context_setter /opt/stack/cinder/cinder/api/middleware/request_id.py:62}}
Aug 16 21:20:23.225926 np0000007412 devstack@c-api.service[97077]: INFO cinder.api.openstack.wsgi [None req-86a198cb-b0af-4346-aca1-dac2d3601463 tempest-ServerActionsV293TestJSON-244464547 tempest-ServerActionsV293TestJSON-244464547-project-member] GET https://10.4.3.151/volume/v3/volumes/771c3cbb-ab83-4693-99bc-b0ac0eaa8264
Aug 16 21:20:23.226252 np0000007412 devstack@c-api.service[97077]: DEBUG cinder.api.openstack.wsgi [None req-86a198cb-b0af-4346-aca1-dac2d3601463 tempest-ServerActionsV293TestJSON-244464547 tempest-ServerActionsV293TestJSON-244464547-project-member] Empty body provided in request {{(pid=97077) get_body /opt/stack/cinder/cinder/api/openstack/wsgi.py:725}}
Aug 16 21:20:23.226725 np0000007412 devstack@c-api.service[97077]: DEBUG cinder.api.openstack.wsgi [None req-86a198cb-b0af-4346-aca1-dac2d3601463 tempest-ServerActionsV293TestJSON-244464547 tempest-ServerActionsV293TestJSON-244464547-project-member] Calling method 'show' {{(pid=97077) _process_stack /opt/stack/cinder/cinder/api/openstack/wsgi.py:878}}
Aug 16 21:20:23.251704 np0000007412 devstack@c-api.service[97077]: /opt/stack/data/venv/lib/python3.12/site-packages/oslo_context/context.py:102: DeprecationWarning: Policy enforcement is depending on the value of is_admin. This key is deprecated. Please update your policy file to use the standard policy values.
Aug 16 21:20:23.251704 np0000007412 devstack@c-api.service[97077]: warnings.warn(
