Aug 16 21:17:29.063610 np0000007412 nova-scheduler[93430]: DEBUG cotyledon.oslo_config_glue [-] oslo_messaging_rabbit.rabbit_quorum_max_memory_bytes = 0 {{(pid=93430) log_opt_values /opt/stack/data/venv/lib/python3.12/site-packages/oslo_config/cfg.py:3560}}
Aug 16 21:17:29.063610 np0000007412 nova-scheduler[93430]: DEBUG cotyledon.oslo_config_glue [-] oslo_messaging_rabbit.rabbit_quorum_max_memory_length = 0 {{(pid=93430) log_opt_values /opt/stack/data/venv/lib/python3.12/site-packages/oslo_config/cfg.py:3560}}
Aug 16 21:17:29.063610 np0000007412 nova-scheduler[93430]: DEBUG cotyledon.oslo_config_glue [-] oslo_messaging_rabbit.rabbit_quorum_queue = False {{(pid=93430) log_opt_values /opt/stack/data/venv/lib/python3.12/site-packages/oslo_config/cfg.py:3560}}
Aug 16 21:17:29.063610 np0000007412 nova-scheduler[93430]: DEBUG cotyledon.oslo_config_glue [-] oslo_messaging_rabbit.rabbit_retry_backoff = 2 {{(pid=93430) log_opt_values /opt/stack/data/venv/lib/python3.12/site-packages/oslo_config/cfg.py:3560}}
Aug 16 21:17:29.063610 np0000007412 nova-scheduler[93430]: DEBUG cotyledon.oslo_config_glue [-] oslo_messaging_rabbit.rabbit_retry_interval = 1 {{(pid=93430) log_opt_values /opt/stack/data/venv/lib/python3.12/site-packages/oslo_config/cfg.py:3560}}
Aug 16 21:17:29.063610 np0000007412 nova-scheduler[93430]: DEBUG cotyledon.oslo_config_glue [-] oslo_messaging_rabbit.rabbit_stream_fanout = False {{(pid=93430) log_opt_values /opt/stack/data/venv/lib/python3.12/site-packages/oslo_config/cfg.py:3560}}
Aug 16 21:17:29.063853 np0000007412 nova-scheduler[93430]: DEBUG cotyledon.oslo_config_glue [-] oslo_messaging_rabbit.rabbit_transient_queues_ttl = 1800 {{(pid=93430) log_opt_values /opt/stack/data/venv/lib/python3.12/site-packages/oslo_config/cfg.py:3560}}
Aug 16 21:17:29.063853 np0000007412 nova-scheduler[93430]: DEBUG cotyledon.oslo_config_glue [-] oslo_messaging_rabbit.rabbit_transient_quorum_queue = False {{(pid=93430) log_opt_values /opt/stack/data/venv/lib/python3.12/site-packages/oslo_config/cfg.py:3560}}
Aug 16 21:17:29.063853 np0000007412 nova-scheduler[93430]: DEBUG cotyledon.oslo_config_glue [-] oslo_messaging_rabbit.rpc_conn_pool_size = 30 {{(pid=93430) log_opt_values /opt/stack/data/venv/lib/python3.12/site-packages/oslo_config/cfg.py:3560}}
Aug 16 21:17:29.063853 np0000007412 nova-scheduler[93430]: DEBUG cotyledon.oslo_config_glue [-] oslo_messaging_rabbit.ssl = False {{(pid=93430) log_opt_values /opt/stack/data/venv/lib/python3.12/site-packages/oslo_config/cfg.py:3560}}
Aug 16 21:17:29.063853 np0000007412 nova-scheduler[93430]: DEBUG cotyledon.oslo_config_glue [-] oslo_messaging_rabbit.ssl_ca_file = {{(pid=93430) log_opt_values /opt/stack/data/venv/lib/python3.12/site-packages/oslo_config/cfg.py:3560}}
Aug 16 21:17:29.063853 np0000007412 nova-scheduler[93430]: DEBUG cotyledon.oslo_config_glue [-] oslo_messaging_rabbit.ssl_cert_file = {{(pid=93430) log_opt_values /opt/stack/data/venv/lib/python3.12/site-packages/oslo_config/cfg.py:3560}}
Aug 16 21:17:29.063853 np0000007412 nova-scheduler[93430]: DEBUG cotyledon.oslo_config_glue [-] oslo_messaging_rabbit.ssl_enforce_fips_mode = False {{(pid=93430) log_opt_values /opt/stack/data/venv/lib/python3.12/site-packages/oslo_config/cfg.py:3560}}
Aug 16 21:17:29.063853 np0000007412 nova-scheduler[93430]: DEBUG cotyledon.oslo_config_glue [-] oslo_messaging_rabbit.ssl_enforce_hostname_verification = True {{(pid=93430) log_opt_values /opt/stack/data/venv/lib/python3.12/site-packages/oslo_config/cfg.py:3560}}
Aug 16 21:17:29.063853 np0000007412 nova-scheduler[93430]: DEBUG cotyledon.oslo_config_glue [-] oslo_messaging_rabbit.ssl_key_file = {{(pid=93430) log_opt_values /opt/stack/data/venv/lib/python3.12/site-packages/oslo_config/cfg.py:3560}}
Aug 16 21:17:29.064179 np0000007412 nova-scheduler[93430]: DEBUG cotyledon.oslo_config_glue [-] oslo_messaging_rabbit.ssl_version = {{(pid=93430) log_opt_values /opt/stack/data/venv/lib/python3.12/site-packages/oslo_config/cfg.py:3560}}
Aug 16 21:17:29.064179 np0000007412 nova-scheduler[93430]: DEBUG cotyledon.oslo_config_glue [-] oslo_messaging_rabbit.use_queue_manager = False {{(pid=93430) log_opt_values /opt/stack/data/venv/lib/python3.12/site-packages/oslo_config/cfg.py:3560}}
Aug 16 21:17:29.064179 np0000007412 nova-scheduler[93430]: DEBUG cotyledon.oslo_config_glue [-] oslo_messaging_notifications.driver = ['messagingv2'] {{(pid=93430) log_opt_values /opt/stack/data/venv/lib/python3.12/site-packages/oslo_config/cfg.py:3560}}
Aug 16 21:17:29.064179 np0000007412 nova-scheduler[93430]: DEBUG cotyledon.oslo_config_glue [-] oslo_messaging_notifications.retry = -1 {{(pid=93430) log_opt_values /opt/stack/data/venv/lib/python3.12/site-packages/oslo_config/cfg.py:3560}}
Aug 16 21:17:29.064179 np0000007412 nova-scheduler[93430]: DEBUG cotyledon.oslo_config_glue [-] oslo_messaging_notifications.topics = ['notifications'] {{(pid=93430) log_opt_values /opt/stack/data/venv/lib/python3.12/site-packages/oslo_config/cfg.py:3560}}
Aug 16 21:17:29.064179 np0000007412 nova-scheduler[93430]: DEBUG cotyledon.oslo_config_glue [-] oslo_messaging_notifications.transport_url = **** {{(pid=93430) log_opt_values /opt/stack/data/venv/lib/python3.12/site-packages/oslo_config/cfg.py:3560}}
Aug 16 21:17:29.064179 np0000007412 nova-scheduler[93430]: DEBUG cotyledon.oslo_config_glue [-] oslo_limit.auth_section = None {{(pid=93430) log_opt_values /opt/stack/data/venv/lib/python3.12/site-packages/oslo_config/cfg.py:3560}}
Aug 16 21:17:29.064179 np0000007412 nova-scheduler[93430]: DEBUG cotyledon.oslo_config_glue [-] oslo_limit.auth_type = None {{(pid=93430) log_opt_values /opt/stack/data/venv/lib/python3.12/site-packages/oslo_config/cfg.py:3560}}
Aug 16 21:17:29.064179 np0000007412 nova-scheduler[93430]: DEBUG cotyledon.oslo_config_glue [-] oslo_limit.cafile = None {{(pid=93430) log_opt_values /opt/stack/data/venv/lib/python3.12/site-packages/oslo_config/cfg.py:3560}}
Aug 16 21:17:29.064575 np0000007412 nova-scheduler[93430]: DEBUG cotyledon.oslo_config_glue [-] oslo_limit.certfile = None {{(pid=93430) log_opt_values /opt/stack/data/venv/lib/python3.12/site-packages/oslo_config/cfg.py:3560}}
Aug 16 21:17:29.064575 np0000007412 nova-scheduler[93430]: DEBUG cotyledon.oslo_config_glue [-] oslo_limit.collect_timing = False {{(pid=93430) log_opt_values /opt/stack/data/venv/lib/python3.12/site-packages/oslo_config/cfg.py:3560}}
Aug 16 21:17:29.064575 np0000007412 nova-scheduler[93430]: DEBUG cotyledon.oslo_config_glue [-] oslo_limit.connect_retries = None {{(pid=93430) log_opt_values /opt/stack/data/venv/lib/python3.12/site-packages/oslo_config/cfg.py:3560}}
Aug 16 21:17:29.064575 np0000007412 nova-scheduler[93430]: DEBUG cotyledon.oslo_config_glue [-] oslo_limit.connect_retry_delay = None {{(pid=93430) log_opt_values /opt/stack/data/venv/lib/python3.12/site-packages/oslo_config/cfg.py:3560}}
Aug 16 21:17:29.064575 np0000007412 nova-scheduler[93430]: DEBUG cotyledon.oslo_config_glue [-] oslo_limit.endpoint_id = None {{(pid=93430) log_opt_values /opt/stack/data/venv/lib/python3.12/site-packages/oslo_config/cfg.py:3560}}
Aug 16 21:17:29.064575 np0000007412 nova-scheduler[93430]: DEBUG cotyledon.oslo_config_glue [-] oslo_limit.endpoint_interface = public {{(pid=93430) log_opt_values /opt/stack/data/venv/lib/python3.12/site-packages/oslo_config/cfg.py:3560}}
Aug 16 21:17:29.064575 np0000007412 nova-scheduler[93430]: DEBUG cotyledon.oslo_config_glue [-] oslo_limit.endpoint_override = None {{(pid=93430) log_opt_values /opt/stack/data/venv/lib/python3.12/site-packages/oslo_config/cfg.py:3560}}
Aug 16 21:17:29.064575 np0000007412 nova-scheduler[93430]: DEBUG cotyledon.oslo_config_glue [-] oslo_limit.endpoint_region_name = None {{(pid=93430) log_opt_values /opt/stack/data/venv/lib/python3.12/site-packages/oslo_config/cfg.py:3560}}
Aug 16 21:17:29.064575 np0000007412 nova-scheduler[93430]: DEBUG cotyledon.oslo_config_glue [-] oslo_limit.endpoint_service_name = None {{(pid=93430) log_opt_values /opt/stack/data/venv/lib/python3.12/site-packages/oslo_config/cfg.py:3560}}
Aug 16 21:17:29.064832 np0000007412 nova-scheduler[93430]: DEBUG cotyledon.oslo_config_glue [-] oslo_limit.endpoint_service_type = None {{(pid=93430) log_opt_values /opt/stack/data/venv/lib/python3.12/site-packages/oslo_config/cfg.py:3560}}
Aug 16 21:17:29.064832 np0000007412 nova-scheduler[93430]: DEBUG cotyledon.oslo_config_glue [-] oslo_limit.insecure = False {{(pid=93430) log_opt_values /opt/stack/data/venv/lib/python3.12/site-packages/oslo_config/cfg.py:3560}}
Aug 16 21:17:29.064832 np0000007412 nova-scheduler[93430]: DEBUG cotyledon.oslo_config_glue [-] oslo_limit.keyfile = None {{(pid=93430) log_opt_values /opt/stack/data/venv/lib/python3.12/site-packages/oslo_config/cfg.py:3560}}
Aug 16 21:17:29.064832 np0000007412 nova-scheduler[93430]: DEBUG cotyledon.oslo_config_glue [-] oslo_limit.max_version = None {{(pid=93430) log_opt_values /opt/stack/data/venv/lib/python3.12/site-packages/oslo_config/cfg.py:3560}}
Aug 16 21:17:29.064832 np0000007412 nova-scheduler[93430]: DEBUG cotyledon.oslo_config_glue [-] oslo_limit.min_version = None {{(pid=93430) log_opt_values /opt/stack/data/venv/lib/python3.12/site-packages/oslo_config/cfg.py:3560}}
Aug 16 21:17:29.064832 np0000007412 nova-scheduler[93430]: DEBUG cotyledon.oslo_config_glue [-] oslo_limit.region_name = None {{(pid=93430) log_opt_values /opt/stack/data/venv/lib/python3.12/site-packages/oslo_config/cfg.py:3560}}
Aug 16 21:17:29.064832 np0000007412 nova-scheduler[93430]: DEBUG cotyledon.oslo_config_glue [-] oslo_limit.retriable_status_codes = None {{(pid=93430) log_opt_values /opt/stack/data/venv/lib/python3.12/site-packages/oslo_config/cfg.py:3560}}
Aug 16 21:17:29.064832 np0000007412 nova-scheduler[93430]: DEBUG cotyledon.oslo_config_glue [-] oslo_limit.service_name = None {{(pid=93430) log_opt_values /opt/stack/data/venv/lib/python3.12/site-packages/oslo_config/cfg.py:3560}}
Aug 16 21:17:29.064832 np0000007412 nova-scheduler[93430]: DEBUG cotyledon.oslo_config_glue [-] oslo_limit.service_type = None {{(pid=93430) log_opt_values /opt/stack/data/venv/lib/python3.12/site-packages/oslo_config/cfg.py:3560}}
Aug 16 21:17:29.065128 np0000007412 nova-scheduler[93430]: DEBUG cotyledon.oslo_config_glue [-] oslo_limit.split_loggers = False {{(pid=93430) log_opt_values /opt/stack/data/venv/lib/python3.12/site-packages/oslo_config/cfg.py:3560}}
Aug 16 21:17:29.065128 np0000007412 nova-scheduler[93430]: DEBUG cotyledon.oslo_config_glue [-] oslo_limit.status_code_retries = None {{(pid=93430) log_opt_values /opt/stack/data/venv/lib/python3.12/site-packages/oslo_config/cfg.py:3560}}
Aug 16 21:17:29.065128 np0000007412 nova-scheduler[93430]: DEBUG cotyledon.oslo_config_glue [-] oslo_limit.status_code_retry_delay = None {{(pid=93430) log_opt_values /opt/stack/data/venv/lib/python3.12/site-packages/oslo_config/cfg.py:3560}}
Aug 16 21:17:29.065128 np0000007412 nova-scheduler[93430]: DEBUG cotyledon.oslo_config_glue [-] oslo_limit.timeout = None {{(pid=93430) log_opt_values /opt/stack/data/venv/lib/python3.12/site-packages/oslo_config/cfg.py:3560}}
Aug 16 21:17:29.065128 np0000007412 nova-scheduler[93430]: DEBUG cotyledon.oslo_config_glue [-] oslo_limit.valid_interfaces = None {{(pid=93430) log_opt_values /opt/stack/data/venv/lib/python3.12/site-packages/oslo_config/cfg.py:3560}}
Aug 16 21:17:29.065128 np0000007412 nova-scheduler[93430]: DEBUG cotyledon.oslo_config_glue [-] oslo_limit.version = None {{(pid=93430) log_opt_values /opt/stack/data/venv/lib/python3.12/site-packages/oslo_config/cfg.py:3560}}
Aug 16 21:17:29.065128 np0000007412 nova-scheduler[93430]: DEBUG cotyledon.oslo_config_glue [-] oslo_reports.file_event_handler = None {{(pid=93430) log_opt_values /opt/stack/data/venv/lib/python3.12/site-packages/oslo_config/cfg.py:3560}}
Aug 16 21:17:29.065128 np0000007412 nova-scheduler[93430]: DEBUG cotyledon.oslo_config_glue [-] oslo_reports.file_event_handler_interval = 1 {{(pid=93430) log_opt_values /opt/stack/data/venv/lib/python3.12/site-packages/oslo_config/cfg.py:3560}}
Aug 16 21:17:29.065128 np0000007412 nova-scheduler[93430]: DEBUG cotyledon.oslo_config_glue [-] oslo_reports.log_dir = None {{(pid=93430) log_opt_values /opt/stack/data/venv/lib/python3.12/site-packages/oslo_config/cfg.py:3560}}
Aug 16 21:17:29.065410 np0000007412 nova-scheduler[93430]: DEBUG cotyledon.oslo_config_glue [-] ******************************************************************************** {{(pid=93430) log_opt_values /opt/stack/data/venv/lib/python3.12/site-packages/oslo_config/cfg.py:3567}}
Aug 16 21:17:29.065410 np0000007412 nova-scheduler[93430]: DEBUG cotyledon._service_worker [-] Run service ServiceWrapper(2) [93430] {{(pid=93430) wait_forever /opt/stack/data/venv/lib/python3.12/site-packages/cotyledon/_service_worker.py:218}}
Aug 16 21:17:29.065476 np0000007412 nova-scheduler[93428]: INFO dbcounter [None req-9502a46d-2922-4fee-a144-25e3f1aed363 None None] Registered counter for database nova_cell0
Aug 16 21:17:29.065517 np0000007412 nova-scheduler[93430]: INFO nova.service [-] Starting scheduler node (version 33.1.0)
Aug 16 21:17:29.065517 np0000007412 nova-scheduler[93430]: INFO dbcounter [None req-f6ffa8ca-32a7-4772-8a15-d12853b488d1 None None] Registered counter for database nova_cell0
Aug 16 21:17:29.068048 np0000007412 nova-scheduler[93426]: DEBUG oslo_db.sqlalchemy.engines [None req-bd6fbe1a-80b4-45c5-93b7-779794018738 None None] MySQL server mode set to STRICT_TRANS_TABLES,STRICT_ALL_TABLES,NO_ZERO_IN_DATE,NO_ZERO_DATE,ERROR_FOR_DIVISION_BY_ZERO,TRADITIONAL,NO_ENGINE_SUBSTITUTION {{(pid=93426) _check_effective_sql_mode /opt/stack/data/venv/lib/python3.12/site-packages/oslo_db/sqlalchemy/engines.py:325}}
Aug 16 21:17:29.080755 np0000007412 nova-scheduler[93426]: DEBUG dbcounter [-] [93426] Writer thread running {{(pid=93426) stat_writer /opt/stack/data/venv/lib/python3.12/site-packages/dbcounter.py:102}}
Aug 16 21:17:29.087157 np0000007412 nova-scheduler[93430]: DEBUG oslo_db.sqlalchemy.engines [None req-f6ffa8ca-32a7-4772-8a15-d12853b488d1 None None] MySQL server mode set to STRICT_TRANS_TABLES,STRICT_ALL_TABLES,NO_ZERO_IN_DATE,NO_ZERO_DATE,ERROR_FOR_DIVISION_BY_ZERO,TRADITIONAL,NO_ENGINE_SUBSTITUTION {{(pid=93430) _check_effective_sql_mode /opt/stack/data/venv/lib/python3.12/site-packages/oslo_db/sqlalchemy/engines.py:325}}
Aug 16 21:17:29.089064 np0000007412 nova-scheduler[93428]: DEBUG oslo_db.sqlalchemy.engines [None req-9502a46d-2922-4fee-a144-25e3f1aed363 None None] MySQL server mode set to STRICT_TRANS_TABLES,STRICT_ALL_TABLES,NO_ZERO_IN_DATE,NO_ZERO_DATE,ERROR_FOR_DIVISION_BY_ZERO,TRADITIONAL,NO_ENGINE_SUBSTITUTION {{(pid=93428) _check_effective_sql_mode /opt/stack/data/venv/lib/python3.12/site-packages/oslo_db/sqlalchemy/engines.py:325}}
Aug 16 21:17:29.098435 np0000007412 nova-scheduler[93430]: DEBUG dbcounter [-] [93430] Writer thread running {{(pid=93430) stat_writer /opt/stack/data/venv/lib/python3.12/site-packages/dbcounter.py:102}}
Aug 16 21:17:29.104940 np0000007412 nova-scheduler[93426]: DEBUG nova.service [None req-bd6fbe1a-80b4-45c5-93b7-779794018738 None None] Creating RPC server for service: nova-scheduler on topic: scheduler {{(pid=93426) start /opt/stack/nova/nova/service.py:262}}
Aug 16 21:17:29.109474 np0000007412 nova-scheduler[93428]: DEBUG dbcounter [-] [93428] Writer thread running {{(pid=93428) stat_writer /opt/stack/data/venv/lib/python3.12/site-packages/dbcounter.py:102}}
Aug 16 21:17:29.115125 np0000007412 nova-scheduler[93428]: DEBUG nova.service [None req-9502a46d-2922-4fee-a144-25e3f1aed363 None None] Creating RPC server for service: nova-scheduler on topic: scheduler {{(pid=93428) start /opt/stack/nova/nova/service.py:262}}
Aug 16 21:17:29.124903 np0000007412 nova-scheduler[93430]: DEBUG nova.service [None req-f6ffa8ca-32a7-4772-8a15-d12853b488d1 None None] Creating RPC server for service: nova-scheduler on topic: scheduler {{(pid=93430) start /opt/stack/nova/nova/service.py:262}}
Aug 16 21:17:29.135256 np0000007412 nova-scheduler[93426]: DEBUG nova.service [None req-bd6fbe1a-80b4-45c5-93b7-779794018738 None None] Join ServiceGroup membership for this service scheduler {{(pid=93426) start /opt/stack/nova/nova/service.py:288}}
Aug 16 21:17:29.135772 np0000007412 nova-scheduler[93426]: DEBUG nova.servicegroup.drivers.db [None req-bd6fbe1a-80b4-45c5-93b7-779794018738 None None] DB_Driver: join new ServiceGroup member np0000007412 to the scheduler group, service = {{(pid=93426) join /opt/stack/nova/nova/servicegroup/drivers/db.py:44}}
Aug 16 21:17:29.135943 np0000007412 nova-scheduler[93428]: DEBUG nova.service [None req-9502a46d-2922-4fee-a144-25e3f1aed363 None None] Join ServiceGroup membership for this service scheduler {{(pid=93428) start /opt/stack/nova/nova/service.py:288}}
Aug 16 21:17:29.136201 np0000007412 nova-scheduler[93428]: DEBUG nova.servicegroup.drivers.db [None req-9502a46d-2922-4fee-a144-25e3f1aed363 None None] DB_Driver: join new ServiceGroup member np0000007412 to the scheduler group, service = {{(pid=93428) join /opt/stack/nova/nova/servicegroup/drivers/db.py:44}}
Aug 16 21:17:29.144899 np0000007412 nova-scheduler[93430]: DEBUG nova.service [None req-f6ffa8ca-32a7-4772-8a15-d12853b488d1 None None] Join ServiceGroup membership for this service scheduler {{(pid=93430) start /opt/stack/nova/nova/service.py:288}}
Aug 16 21:17:29.145500 np0000007412 nova-scheduler[93430]: DEBUG nova.servicegroup.drivers.db [None req-f6ffa8ca-32a7-4772-8a15-d12853b488d1 None None] DB_Driver: join new ServiceGroup member np0000007412 to the scheduler group, service = {{(pid=93430) join /opt/stack/nova/nova/servicegroup/drivers/db.py:44}}
Aug 16 21:17:34.150338 np0000007412 nova-scheduler[93426]: DEBUG oslo.service.backend._threading.loopingcall [-] Fixed interval looping call 'nova.servicegroup.drivers.db.DbDriver._report_state' sleeping for 119.99 seconds {{(pid=93426) _run_loop /opt/stack/data/venv/lib/python3.12/site-packages/oslo_service/backend/_threading/loopingcall.py:125}}
Aug 16 21:17:34.151118 np0000007412 nova-scheduler[93428]: DEBUG oslo.service.backend._threading.loopingcall [-] Fixed interval looping call 'nova.servicegroup.drivers.db.DbDriver._report_state' sleeping for 119.99 seconds {{(pid=93428) _run_loop /opt/stack/data/venv/lib/python3.12/site-packages/oslo_service/backend/_threading/loopingcall.py:125}}
Aug 16 21:17:34.151853 np0000007412 nova-scheduler[93430]: DEBUG oslo.service.backend._threading.loopingcall [-] Fixed interval looping call 'nova.servicegroup.drivers.db.DbDriver._report_state' sleeping for 120.00 seconds {{(pid=93430) _run_loop /opt/stack/data/venv/lib/python3.12/site-packages/oslo_service/backend/_threading/loopingcall.py:125}}
Aug 16 21:17:37.672154 np0000007412 nova-scheduler[92231]: DEBUG dbcounter [-] [92231] Writing DB stats nova_api:SELECT=3 {{(pid=92231) stat_writer /opt/stack/data/venv/lib/python3.12/site-packages/dbcounter.py:115}}
Aug 16 21:17:37.810613 np0000007412 nova-scheduler[92231]: DEBUG dbcounter [-] [92231] Writing DB stats nova_cell0:SELECT=1 {{(pid=92231) stat_writer /opt/stack/data/venv/lib/python3.12/site-packages/dbcounter.py:115}}
Aug 16 21:17:37.817893 np0000007412 nova-scheduler[92231]: DEBUG dbcounter [-] [92231] Writing DB stats nova_cell1:SELECT=1 {{(pid=92231) stat_writer /opt/stack/data/venv/lib/python3.12/site-packages/dbcounter.py:115}}
Aug 16 21:17:42.139553 np0000007412 nova-scheduler[93426]: DEBUG oslo.service.backend._threading.loopingcall [None req-63cae8e9-f012-4ab4-afa8-254c346662d8 None None] Dynamic interval looping call 'nova.service.Service.periodic_tasks' sleeping for 60.00 seconds {{(pid=93426) _run_loop /opt/stack/data/venv/lib/python3.12/site-packages/oslo_service/backend/_threading/loopingcall.py:125}}
Aug 16 21:17:44.146950 np0000007412 nova-scheduler[93426]: DEBUG dbcounter [-] [93426] Writing DB stats nova_cell0:SELECT=4,nova_cell0:INSERT=1,nova_cell0:UPDATE=1 {{(pid=93426) stat_writer /opt/stack/data/venv/lib/python3.12/site-packages/dbcounter.py:115}}
Aug 16 21:17:44.147981 np0000007412 nova-scheduler[93428]: DEBUG dbcounter [-] [93428] Writing DB stats nova_cell0:SELECT=3,nova_cell0:UPDATE=1 {{(pid=93428) stat_writer /opt/stack/data/venv/lib/python3.12/site-packages/dbcounter.py:115}}
Aug 16 21:17:44.149801 np0000007412 nova-scheduler[93430]: DEBUG dbcounter [-] [93430] Writing DB stats nova_cell0:SELECT=4,nova_cell0:INSERT=1 {{(pid=93430) stat_writer /opt/stack/data/venv/lib/python3.12/site-packages/dbcounter.py:115}}
Aug 16 21:17:51.147729 np0000007412 nova-scheduler[93430]: DEBUG oslo.service.backend._threading.loopingcall [None req-293fcef1-4195-44ee-8488-00ca073f19d7 None None] Dynamic interval looping call 'nova.service.Service.periodic_tasks' sleeping for 60.00 seconds {{(pid=93430) _run_loop /opt/stack/data/venv/lib/python3.12/site-packages/oslo_service/backend/_threading/loopingcall.py:125}}
Aug 16 21:18:29.138574 np0000007412 nova-scheduler[93428]: DEBUG oslo.service.backend._threading.loopingcall [None req-1795c9fb-0cc5-405a-84e8-d239bd09d332 None None] Dynamic interval looping call 'nova.service.Service.periodic_tasks' sleeping for 60.00 seconds {{(pid=93428) _run_loop /opt/stack/data/venv/lib/python3.12/site-packages/oslo_service/backend/_threading/loopingcall.py:125}}
Aug 16 21:18:42.140141 np0000007412 nova-scheduler[93426]: DEBUG oslo.service.backend._threading.loopingcall [None req-63cae8e9-f012-4ab4-afa8-254c346662d8 None None] Dynamic interval looping call 'nova.service.Service.periodic_tasks' sleeping for 60.00 seconds {{(pid=93426) _run_loop /opt/stack/data/venv/lib/python3.12/site-packages/oslo_service/backend/_threading/loopingcall.py:125}}
Aug 16 21:18:51.148226 np0000007412 nova-scheduler[93430]: DEBUG oslo.service.backend._threading.loopingcall [None req-293fcef1-4195-44ee-8488-00ca073f19d7 None None] Dynamic interval looping call 'nova.service.Service.periodic_tasks' sleeping for 60.00 seconds {{(pid=93430) _run_loop /opt/stack/data/venv/lib/python3.12/site-packages/oslo_service/backend/_threading/loopingcall.py:125}}
Aug 16 21:19:29.139274 np0000007412 nova-scheduler[93428]: DEBUG oslo.service.backend._threading.loopingcall [None req-1795c9fb-0cc5-405a-84e8-d239bd09d332 None None] Dynamic interval looping call 'nova.service.Service.periodic_tasks' sleeping for 60.00 seconds {{(pid=93428) _run_loop /opt/stack/data/venv/lib/python3.12/site-packages/oslo_service/backend/_threading/loopingcall.py:125}}
Aug 16 21:19:34.153766 np0000007412 nova-scheduler[93426]: DEBUG oslo.service.backend._threading.loopingcall [-] Fixed interval looping call 'nova.servicegroup.drivers.db.DbDriver._report_state' sleeping for 119.99 seconds {{(pid=93426) _run_loop /opt/stack/data/venv/lib/python3.12/site-packages/oslo_service/backend/_threading/loopingcall.py:125}}
Aug 16 21:19:34.154494 np0000007412 nova-scheduler[93428]: DEBUG oslo.service.backend._threading.loopingcall [-] Fixed interval looping call 'nova.servicegroup.drivers.db.DbDriver._report_state' sleeping for 119.99 seconds {{(pid=93428) _run_loop /opt/stack/data/venv/lib/python3.12/site-packages/oslo_service/backend/_threading/loopingcall.py:125}}
Aug 16 21:19:34.155979 np0000007412 nova-scheduler[93430]: DEBUG oslo.service.backend._threading.loopingcall [-] Fixed interval looping call 'nova.servicegroup.drivers.db.DbDriver._report_state' sleeping for 120.00 seconds {{(pid=93430) _run_loop /opt/stack/data/venv/lib/python3.12/site-packages/oslo_service/backend/_threading/loopingcall.py:125}}
Aug 16 21:19:42.141196 np0000007412 nova-scheduler[93426]: DEBUG oslo.service.backend._threading.loopingcall [None req-63cae8e9-f012-4ab4-afa8-254c346662d8 None None] Dynamic interval looping call 'nova.service.Service.periodic_tasks' sleeping for 60.00 seconds {{(pid=93426) _run_loop /opt/stack/data/venv/lib/python3.12/site-packages/oslo_service/backend/_threading/loopingcall.py:125}}
Aug 16 21:19:44.146795 np0000007412 nova-scheduler[93426]: DEBUG dbcounter [-] [93426] Writing DB stats nova_cell0:SELECT=1,nova_cell0:UPDATE=1 {{(pid=93426) stat_writer /opt/stack/data/venv/lib/python3.12/site-packages/dbcounter.py:115}}
Aug 16 21:19:44.148459 np0000007412 nova-scheduler[93428]: DEBUG dbcounter [-] [93428] Writing DB stats nova_cell0:SELECT=1,nova_cell0:UPDATE=1 {{(pid=93428) stat_writer /opt/stack/data/venv/lib/python3.12/site-packages/dbcounter.py:115}}
Aug 16 21:19:44.154167 np0000007412 nova-scheduler[93430]: DEBUG dbcounter [-] [93430] Writing DB stats nova_cell0:SELECT=1 {{(pid=93430) stat_writer /opt/stack/data/venv/lib/python3.12/site-packages/dbcounter.py:115}}
Aug 16 21:19:51.148764 np0000007412 nova-scheduler[93430]: DEBUG oslo.service.backend._threading.loopingcall [None req-293fcef1-4195-44ee-8488-00ca073f19d7 None None] Dynamic interval looping call 'nova.service.Service.periodic_tasks' sleeping for 60.00 seconds {{(pid=93430) _run_loop /opt/stack/data/venv/lib/python3.12/site-packages/oslo_service/backend/_threading/loopingcall.py:125}}
Aug 16 21:19:59.163914 np0000007412 nova-scheduler[93426]: DEBUG nova.scheduler.manager [None req-130c8746-4ba5-4666-aada-13ab1a991249 tempest-ServerRescueNegativeTestJSON-1575964914 tempest-ServerRescueNegativeTestJSON-1575964914-project-member] Starting to schedule for instances: ['4a5902cd-dc2c-48cc-a172-b3f1860b6767'] {{(pid=93426) select_destinations /opt/stack/nova/nova/scheduler/manager.py:197}}
Aug 16 21:19:59.165449 np0000007412 nova-scheduler[93426]: DEBUG nova.scheduler.request_filter [None req-130c8746-4ba5-4666-aada-13ab1a991249 tempest-ServerRescueNegativeTestJSON-1575964914 tempest-ServerRescueNegativeTestJSON-1575964914-project-member] compute_status_filter request filter added forbidden trait COMPUTE_STATUS_DISABLED {{(pid=93426) compute_status_filter /opt/stack/nova/nova/scheduler/request_filter.py:253}}
Aug 16 21:19:59.166326 np0000007412 nova-scheduler[93426]: DEBUG nova.scheduler.request_filter [None req-130c8746-4ba5-4666-aada-13ab1a991249 tempest-ServerRescueNegativeTestJSON-1575964914 tempest-ServerRescueNegativeTestJSON-1575964914-project-member] Request filter 'compute_status_filter' took 0.0 seconds {{(pid=93426) wrapper /opt/stack/nova/nova/scheduler/request_filter.py:46}}
Aug 16 21:19:59.167131 np0000007412 nova-scheduler[93426]: DEBUG nova.scheduler.request_filter [None req-130c8746-4ba5-4666-aada-13ab1a991249 tempest-ServerRescueNegativeTestJSON-1575964914 tempest-ServerRescueNegativeTestJSON-1575964914-project-member] Request filter 'accelerators_filter' took 0.0 seconds {{(pid=93426) wrapper /opt/stack/nova/nova/scheduler/request_filter.py:46}}
Aug 16 21:19:59.167491 np0000007412 nova-scheduler[93426]: DEBUG nova.scheduler.request_filter [None req-130c8746-4ba5-4666-aada-13ab1a991249 tempest-ServerRescueNegativeTestJSON-1575964914 tempest-ServerRescueNegativeTestJSON-1575964914-project-member] Request filter 'packed_virtqueue_filter' took 0.0 seconds {{(pid=93426) wrapper /opt/stack/nova/nova/scheduler/request_filter.py:46}}
Aug 16 21:19:59.167980 np0000007412 nova-scheduler[93426]: DEBUG nova.scheduler.request_filter [None req-130c8746-4ba5-4666-aada-13ab1a991249 tempest-ServerRescueNegativeTestJSON-1575964914 tempest-ServerRescueNegativeTestJSON-1575964914-project-member] Request filter 'remote_managed_ports_filter' took 0.0 seconds {{(pid=93426) wrapper /opt/stack/nova/nova/scheduler/request_filter.py:46}}
Aug 16 21:19:59.168959 np0000007412 nova-scheduler[93426]: DEBUG nova.scheduler.request_filter [None req-130c8746-4ba5-4666-aada-13ab1a991249 tempest-ServerRescueNegativeTestJSON-1575964914 tempest-ServerRescueNegativeTestJSON-1575964914-project-member] ephemeral_encryption_filter skipped {{(pid=93426) ephemeral_encryption_filter /opt/stack/nova/nova/scheduler/request_filter.py:426}}
Aug 16 21:19:59.169213 np0000007412 nova-scheduler[93426]: DEBUG nova.scheduler.request_filter [None req-130c8746-4ba5-4666-aada-13ab1a991249 tempest-ServerRescueNegativeTestJSON-1575964914 tempest-ServerRescueNegativeTestJSON-1575964914-project-member] virtio_sound_filter skipped {{(pid=93426) virtio_sound_filter /opt/stack/nova/nova/scheduler/request_filter.py:460}}
Aug 16 21:19:59.169408 np0000007412 nova-scheduler[93426]: DEBUG nova.scheduler.request_filter [None req-130c8746-4ba5-4666-aada-13ab1a991249 tempest-ServerRescueNegativeTestJSON-1575964914 tempest-ServerRescueNegativeTestJSON-1575964914-project-member] tpm_secret_security_filter skipped {{(pid=93426) tpm_secret_security_filter /opt/stack/nova/nova/scheduler/request_filter.py:477}}
Aug 16 21:19:59.725459 np0000007412 nova-scheduler[93426]: INFO nova.utils [None req-130c8746-4ba5-4666-aada-13ab1a991249 tempest-ServerRescueNegativeTestJSON-1575964914 tempest-ServerRescueNegativeTestJSON-1575964914-project-member] The cell worker thread pool ForkProcess-1.cell_worker is initialized
Aug 16 21:19:59.725723 np0000007412 nova-scheduler[93426]: DEBUG oslo_concurrency.lockutils [None req-130c8746-4ba5-4666-aada-13ab1a991249 tempest-ServerRescueNegativeTestJSON-1575964914 tempest-ServerRescueNegativeTestJSON-1575964914-project-member] Acquiring lock "2e5932b0-b4aa-470f-9eff-989c5659992d" by "nova.context.set_target_cell..get_or_set_cached_cell_and_set_connections" {{(pid=93426) inner /opt/stack/data/venv/lib/python3.12/site-packages/oslo_concurrency/lockutils.py:512}}
Aug 16 21:19:59.725923 np0000007412 nova-scheduler[93426]: DEBUG oslo_concurrency.lockutils [None req-130c8746-4ba5-4666-aada-13ab1a991249 tempest-ServerRescueNegativeTestJSON-1575964914 tempest-ServerRescueNegativeTestJSON-1575964914-project-member] Lock "2e5932b0-b4aa-470f-9eff-989c5659992d" acquired by "nova.context.set_target_cell..get_or_set_cached_cell_and_set_connections" :: waited 0.000s {{(pid=93426) inner /opt/stack/data/venv/lib/python3.12/site-packages/oslo_concurrency/lockutils.py:525}}
Aug 16 21:19:59.728020 np0000007412 nova-scheduler[93426]: DEBUG oslo_concurrency.lockutils [None req-130c8746-4ba5-4666-aada-13ab1a991249 tempest-ServerRescueNegativeTestJSON-1575964914 tempest-ServerRescueNegativeTestJSON-1575964914-project-member] Lock "2e5932b0-b4aa-470f-9eff-989c5659992d" "released" by "nova.context.set_target_cell..get_or_set_cached_cell_and_set_connections" :: held 0.002s {{(pid=93426) inner /opt/stack/data/venv/lib/python3.12/site-packages/oslo_concurrency/lockutils.py:544}}
Aug 16 21:19:59.729858 np0000007412 nova-scheduler[93426]: INFO dbcounter [None req-130c8746-4ba5-4666-aada-13ab1a991249 tempest-ServerRescueNegativeTestJSON-1575964914 tempest-ServerRescueNegativeTestJSON-1575964914-project-member] Registered counter for database nova_cell1
Aug 16 21:19:59.767821 np0000007412 nova-scheduler[93426]: DEBUG oslo_db.sqlalchemy.engines [None req-130c8746-4ba5-4666-aada-13ab1a991249 tempest-ServerRescueNegativeTestJSON-1575964914 tempest-ServerRescueNegativeTestJSON-1575964914-project-member] MySQL server mode set to STRICT_TRANS_TABLES,STRICT_ALL_TABLES,NO_ZERO_IN_DATE,NO_ZERO_DATE,ERROR_FOR_DIVISION_BY_ZERO,TRADITIONAL,NO_ENGINE_SUBSTITUTION {{(pid=93426) _check_effective_sql_mode /opt/stack/data/venv/lib/python3.12/site-packages/oslo_db/sqlalchemy/engines.py:325}}
Aug 16 21:19:59.775680 np0000007412 nova-scheduler[93426]: DEBUG dbcounter [-] [93426] Writer thread running {{(pid=93426) stat_writer /opt/stack/data/venv/lib/python3.12/site-packages/dbcounter.py:102}}
Aug 16 21:19:59.789865 np0000007412 nova-scheduler[93426]: DEBUG oslo_db.sqlalchemy.engines [None req-130c8746-4ba5-4666-aada-13ab1a991249 tempest-ServerRescueNegativeTestJSON-1575964914 tempest-ServerRescueNegativeTestJSON-1575964914-project-member] Parent process 92231 forked (93426) with an open database connection, which is being discarded and recreated. {{(pid=93426) checkout /opt/stack/data/venv/lib/python3.12/site-packages/oslo_db/sqlalchemy/engines.py:402}}
Aug 16 21:19:59.854255 np0000007412 nova-scheduler[93426]: DEBUG dbcounter [-] [93426] Writer thread running {{(pid=93426) stat_writer /opt/stack/data/venv/lib/python3.12/site-packages/dbcounter.py:102}}
Aug 16 21:19:59.857987 np0000007412 nova-scheduler[93426]: DEBUG oslo_concurrency.lockutils [None req-130c8746-4ba5-4666-aada-13ab1a991249 tempest-ServerRescueNegativeTestJSON-1575964914 tempest-ServerRescueNegativeTestJSON-1575964914-project-member] Acquiring lock "2e5932b0-b4aa-470f-9eff-989c5659992d" by "nova.context.set_target_cell..get_or_set_cached_cell_and_set_connections" {{(pid=93426) inner /opt/stack/data/venv/lib/python3.12/site-packages/oslo_concurrency/lockutils.py:512}}
Aug 16 21:19:59.858605 np0000007412 nova-scheduler[93426]: DEBUG oslo_concurrency.lockutils [None req-130c8746-4ba5-4666-aada-13ab1a991249 tempest-ServerRescueNegativeTestJSON-1575964914 tempest-ServerRescueNegativeTestJSON-1575964914-project-member] Lock "2e5932b0-b4aa-470f-9eff-989c5659992d" acquired by "nova.context.set_target_cell..get_or_set_cached_cell_and_set_connections" :: waited 0.001s {{(pid=93426) inner /opt/stack/data/venv/lib/python3.12/site-packages/oslo_concurrency/lockutils.py:525}}
Aug 16 21:19:59.858737 np0000007412 nova-scheduler[93426]: DEBUG oslo_concurrency.lockutils [None req-130c8746-4ba5-4666-aada-13ab1a991249 tempest-ServerRescueNegativeTestJSON-1575964914 tempest-ServerRescueNegativeTestJSON-1575964914-project-member] Lock "2e5932b0-b4aa-470f-9eff-989c5659992d" "released" by "nova.context.set_target_cell..get_or_set_cached_cell_and_set_connections" :: held 0.000s {{(pid=93426) inner /opt/stack/data/venv/lib/python3.12/site-packages/oslo_concurrency/lockutils.py:544}}
Aug 16 21:19:59.865177 np0000007412 nova-scheduler[93426]: DEBUG oslo_concurrency.lockutils [None req-130c8746-4ba5-4666-aada-13ab1a991249 tempest-ServerRescueNegativeTestJSON-1575964914 tempest-ServerRescueNegativeTestJSON-1575964914-project-member] Acquiring lock "np0000007412-np0000007412" by "nova.scheduler.host_manager.HostState.update.._locked_update" {{(pid=93426) inner /opt/stack/data/venv/lib/python3.12/site-packages/oslo_concurrency/lockutils.py:512}}
Aug 16 21:19:59.865374 np0000007412 nova-scheduler[93426]: DEBUG oslo_concurrency.lockutils [None req-130c8746-4ba5-4666-aada-13ab1a991249 tempest-ServerRescueNegativeTestJSON-1575964914 tempest-ServerRescueNegativeTestJSON-1575964914-project-member] Lock "np0000007412-np0000007412" acquired by "nova.scheduler.host_manager.HostState.update.._locked_update" :: waited 0.000s {{(pid=93426) inner /opt/stack/data/venv/lib/python3.12/site-packages/oslo_concurrency/lockutils.py:525}}
Aug 16 21:19:59.867496 np0000007412 nova-scheduler[93426]: DEBUG nova.scheduler.host_manager [None req-130c8746-4ba5-4666-aada-13ab1a991249 tempest-ServerRescueNegativeTestJSON-1575964914 tempest-ServerRescueNegativeTestJSON-1575964914-project-member] Update host state from compute node: ComputeNode(cpu_allocation_ratio=4.0,cpu_info='{"arch": "x86_64", "model": "EPYC-Milan", "vendor": "AMD", "topology": {"cells": 1, "sockets": 16, "cores": 1, "threads": 1}, "maxphysaddr": {"mode": "emulate", "bits": 40}, "features": ["misalignsse", "no-nested-data-bp", "amd-psfd", "pschange-mc-no", "f16c", "lahf_lm", "avx2", "arat", "clflush", "mmx", "pse", "smep", "pge", "sse4.1", "amd-stibp", "amd-ssbd", "popcnt", "pcid", "clwb", "lbrv", "x2apic", "bmi2", "ssse3", "aes", "arch-capabilities", "msr", "topoext", "fxsr", "avx", "vgif", "apic", "sse4a", "invpcid", "movbe", "xsaveerptr", "svm", "vpclmulqdq", "fpu", "umip", "cmov", "rdtscp", "pdpe1gb", "xsavec", "virt-ssbd", "pause-filter", "pclmuldq", "stibp", "pse36", "fsgsbase", "3dnowprefetch", "bmi1", "flushbyasid", "rdrand", "vaes", "abm", "osvw", "tsc_adjust", "sse2", "mmxext", "pae", "pni", "spec-ctrl", "clflushopt", "fsrm", "hypervisor", "xsaveopt", "adx", "cr8legacy", "syscall", "erms", "ibrs", "vme", "xgetbv1", "cx16", "gds-no", "tsc-deadline", "mca", "v-vmsave-vmload", "tsc-scale", "mds-no", "fxsr_opt", "de", "ibpb", "sse", "stibp-always-on", "clzero", "sse4.2", "pfthreshold", "ssbd", "xsaves", "perfctr_core", "svme-addr-chk", "rdctl-no", "rdseed", "skip-l1dfl-vmentry", "wbnoinvd", "fma", "lfence-always-serializing", "mce", "rdpid", "nrip-save", "cmp_legacy", "lm", "nx", "pat", "vmcb-clean", "pku", "xsave", "null-sel-clr-base", "sep", "smap", "tsc", "mtrr", "cx8", "sha-ni", "npt"]}',created_at=2026-08-16T21:17:52Z,current_workload=0,deleted=False,deleted_at=None,disk_allocation_ratio=1.0,disk_available_least=73,free_disk_gb=95,free_ram_mb=62765,host='np0000007412',host_ip=10.4.3.151,hypervisor_hostname='np0000007412',hypervisor_type='QEMU',hypervisor_version=8002002,id=1,local_gb=95,local_gb_used=0,mapped=1,memory_mb=63277,memory_mb_used=512,metrics='[]',numa_topology='{"nova_object.name": "NUMATopology", "nova_object.namespace": "nova", "nova_object.version": "1.2", "nova_object.data": {"cells": [{"nova_object.name": "NUMACell", "nova_object.namespace": "nova", "nova_object.version": "1.5", "nova_object.data": {"id": 0, "cpuset": [0, 1, 2, 3, 4, 5, 6, 7, 8, 9, 10, 11, 12, 13, 14, 15], "pcpuset": [0, 1, 2, 3, 4, 5, 6, 7, 8, 9, 10, 11, 12, 13, 14, 15], "memory": 63277, "cpu_usage": 0, "memory_usage": 0, "pinned_cpus": [], "siblings": [[6], [12], [2], [15], [5], [11], [8], [14], [4], [1], [7], [10], [0], [13], [3], [9]], "mempages": [{"nova_object.name": "NUMAPagesTopology", "nova_object.namespace": "nova", "nova_object.version": "1.1", "nova_object.data": {"size_kb": 4, "total": 16177928, "used": 0, "reserved": 0}, "nova_object.changes": ["reserved", "used", "size_kb", "total"]}, {"nova_object.name": "NUMAPagesTopology", "nova_object.namespace": "nova", "nova_object.version": "1.1", "nova_object.data": {"size_kb": 2048, "total": 41, "used": 0, "reserved": 0}, "nova_object.changes": ["reserved", "used", "size_kb", "total"]}, {"nova_object.name": "NUMAPagesTopology", "nova_object.namespace": "nova", "nova_object.version": "1.1", "nova_object.data": {"size_kb": 1048576, "total": 0, "used": 0, "reserved": 0}, "nova_object.changes": ["reserved", "used", "size_kb", "total"]}], "network_metadata": {"nova_object.name": "NetworkMetadata", "nova_object.namespace": "nova", "nova_object.version": "1.0", "nova_object.data": {"physnets": [], "tunneled": false}, "nova_object.changes": ["tunneled", "physnets"]}, "socket": null}, "nova_object.changes": ["pinned_cpus", "socket", "id", "cpuset", "pcpuset", "memory", "memory_usage", "siblings", "network_metadata", "mempages", "cpu_usage"]}]}, "nova_object.changes": ["cells"]}',pci_device_pools=PciDevicePoolList,ram_allocation_ratio=1.0,running_vms=0,service_id=4,stats={failed_builds='0',uptime=' 21:19:39 up 14 min, 2 users, load average: 1.13, 1.25, 0.77
Aug 16 21:19:59.867496 np0000007412 nova-scheduler[93426]: '},supported_hv_specs=[HVSpec,HVSpec,HVSpec,HVSpec,HVSpec,HVSpec,HVSpec,HVSpec,HVSpec,HVSpec,HVSpec,HVSpec,HVSpec,HVSpec,HVSpec,HVSpec,HVSpec,HVSpec,HVSpec,HVSpec,HVSpec,HVSpec,HVSpec,HVSpec,HVSpec],updated_at=2026-08-16T21:19:40Z,uuid=89fefc64-ccf9-415e-bc5c-77ef89770078,vcpus=16,vcpus_used=0) {{(pid=93426) _locked_update /opt/stack/nova/nova/scheduler/host_manager.py:168}}
Aug 16 21:19:59.867938 np0000007412 nova-scheduler[93426]: DEBUG nova.scheduler.host_manager [None req-130c8746-4ba5-4666-aada-13ab1a991249 tempest-ServerRescueNegativeTestJSON-1575964914 tempest-ServerRescueNegativeTestJSON-1575964914-project-member] Update host state with aggregates: [] {{(pid=93426) _locked_update /opt/stack/nova/nova/scheduler/host_manager.py:171}}
Aug 16 21:19:59.868446 np0000007412 nova-scheduler[93426]: DEBUG nova.scheduler.host_manager [None req-130c8746-4ba5-4666-aada-13ab1a991249 tempest-ServerRescueNegativeTestJSON-1575964914 tempest-ServerRescueNegativeTestJSON-1575964914-project-member] Update host state with service dict: {'id': 4, 'uuid': '648ca983-b596-477c-a8ad-985ecc359135', 'host': 'np0000007412', 'binary': 'nova-compute', 'topic': 'compute', 'report_count': 2, 'disabled': False, 'disabled_reason': None, 'last_seen_up': datetime.datetime(2026, 8, 16, 21, 19, 58, tzinfo=datetime.timezone.utc), 'forced_down': False, 'version': 72, 'created_at': datetime.datetime(2026, 8, 16, 21, 17, 51, tzinfo=datetime.timezone.utc), 'updated_at': datetime.datetime(2026, 8, 16, 21, 19, 58, tzinfo=datetime.timezone.utc), 'deleted_at': None, 'deleted': False} {{(pid=93426) _locked_update /opt/stack/nova/nova/scheduler/host_manager.py:174}}
Aug 16 21:19:59.868608 np0000007412 nova-scheduler[93426]: DEBUG nova.scheduler.host_manager [None req-130c8746-4ba5-4666-aada-13ab1a991249 tempest-ServerRescueNegativeTestJSON-1575964914 tempest-ServerRescueNegativeTestJSON-1575964914-project-member] Update host state with instances: [] {{(pid=93426) _locked_update /opt/stack/nova/nova/scheduler/host_manager.py:177}}
Aug 16 21:19:59.868740 np0000007412 nova-scheduler[93426]: DEBUG oslo_concurrency.lockutils [None req-130c8746-4ba5-4666-aada-13ab1a991249 tempest-ServerRescueNegativeTestJSON-1575964914 tempest-ServerRescueNegativeTestJSON-1575964914-project-member] Lock "np0000007412-np0000007412" "released" by "nova.scheduler.host_manager.HostState.update.._locked_update" :: held 0.003s {{(pid=93426) inner /opt/stack/data/venv/lib/python3.12/site-packages/oslo_concurrency/lockutils.py:544}}
Aug 16 21:19:59.869806 np0000007412 nova-scheduler[93426]: DEBUG nova.filters [None req-130c8746-4ba5-4666-aada-13ab1a991249 tempest-ServerRescueNegativeTestJSON-1575964914 tempest-ServerRescueNegativeTestJSON-1575964914-project-member] Starting with 1 host(s) {{(pid=93426) get_filtered_objects /opt/stack/nova/nova/filters.py:70}}
Aug 16 21:19:59.869806 np0000007412 nova-scheduler[93426]: DEBUG nova.filters [None req-130c8746-4ba5-4666-aada-13ab1a991249 tempest-ServerRescueNegativeTestJSON-1575964914 tempest-ServerRescueNegativeTestJSON-1575964914-project-member] Filter ComputeFilter returned 1 host(s) {{(pid=93426) get_filtered_objects /opt/stack/nova/nova/filters.py:102}}
Aug 16 21:19:59.870179 np0000007412 nova-scheduler[93426]: DEBUG nova.filters [None req-130c8746-4ba5-4666-aada-13ab1a991249 tempest-ServerRescueNegativeTestJSON-1575964914 tempest-ServerRescueNegativeTestJSON-1575964914-project-member] Filter ComputeCapabilitiesFilter returned 1 host(s) {{(pid=93426) get_filtered_objects /opt/stack/nova/nova/filters.py:102}}
Aug 16 21:19:59.870705 np0000007412 nova-scheduler[93426]: DEBUG nova.filters [None req-130c8746-4ba5-4666-aada-13ab1a991249 tempest-ServerRescueNegativeTestJSON-1575964914 tempest-ServerRescueNegativeTestJSON-1575964914-project-member] Filter ImagePropertiesFilter returned 1 host(s) {{(pid=93426) get_filtered_objects /opt/stack/nova/nova/filters.py:102}}
Aug 16 21:19:59.870840 np0000007412 nova-scheduler[93426]: DEBUG nova.filters [None req-130c8746-4ba5-4666-aada-13ab1a991249 tempest-ServerRescueNegativeTestJSON-1575964914 tempest-ServerRescueNegativeTestJSON-1575964914-project-member] Filter ServerGroupAntiAffinityFilter returned 1 host(s) {{(pid=93426) get_filtered_objects /opt/stack/nova/nova/filters.py:102}}
Aug 16 21:19:59.870957 np0000007412 nova-scheduler[93426]: DEBUG nova.filters [None req-130c8746-4ba5-4666-aada-13ab1a991249 tempest-ServerRescueNegativeTestJSON-1575964914 tempest-ServerRescueNegativeTestJSON-1575964914-project-member] Filter ServerGroupAffinityFilter returned 1 host(s) {{(pid=93426) get_filtered_objects /opt/stack/nova/nova/filters.py:102}}
Aug 16 21:19:59.871149 np0000007412 nova-scheduler[93426]: DEBUG nova.filters [None req-130c8746-4ba5-4666-aada-13ab1a991249 tempest-ServerRescueNegativeTestJSON-1575964914 tempest-ServerRescueNegativeTestJSON-1575964914-project-member] Filter SameHostFilter returned 1 host(s) {{(pid=93426) get_filtered_objects /opt/stack/nova/nova/filters.py:102}}
Aug 16 21:19:59.871257 np0000007412 nova-scheduler[93426]: DEBUG nova.filters [None req-130c8746-4ba5-4666-aada-13ab1a991249 tempest-ServerRescueNegativeTestJSON-1575964914 tempest-ServerRescueNegativeTestJSON-1575964914-project-member] Filter DifferentHostFilter returned 1 host(s) {{(pid=93426) get_filtered_objects /opt/stack/nova/nova/filters.py:102}}
Aug 16 21:19:59.871386 np0000007412 nova-scheduler[93426]: DEBUG nova.scheduler.manager [None req-130c8746-4ba5-4666-aada-13ab1a991249 tempest-ServerRescueNegativeTestJSON-1575964914 tempest-ServerRescueNegativeTestJSON-1575964914-project-member] Filtered [(np0000007412, np0000007412) ram: 62765MB disk: 74752MB io_ops: 0 instances: 0, allocation_candidates: 1] {{(pid=93426) _get_sorted_hosts /opt/stack/nova/nova/scheduler/manager.py:730}}
Aug 16 21:19:59.871636 np0000007412 nova-scheduler[93426]: DEBUG nova.scheduler.manager [None req-130c8746-4ba5-4666-aada-13ab1a991249 tempest-ServerRescueNegativeTestJSON-1575964914 tempest-ServerRescueNegativeTestJSON-1575964914-project-member] Weighed [WeighedHost [host: (np0000007412, np0000007412) ram: 62765MB disk: 74752MB io_ops: 0 instances: 0, allocation_candidates: 1, weight: 0.0]] {{(pid=93426) _get_sorted_hosts /opt/stack/nova/nova/scheduler/manager.py:752}}
Aug 16 21:19:59.873130 np0000007412 nova-scheduler[93426]: DEBUG nova.scheduler.utils [None req-130c8746-4ba5-4666-aada-13ab1a991249 tempest-ServerRescueNegativeTestJSON-1575964914 tempest-ServerRescueNegativeTestJSON-1575964914-project-member] Attempting to claim resources in the placement API for instance 4a5902cd-dc2c-48cc-a172-b3f1860b6767 {{(pid=93426) claim_resources /opt/stack/nova/nova/scheduler/utils.py:1345}}
Aug 16 21:20:00.093524 np0000007412 nova-scheduler[93426]: DEBUG nova.scheduler.manager [None req-130c8746-4ba5-4666-aada-13ab1a991249 tempest-ServerRescueNegativeTestJSON-1575964914 tempest-ServerRescueNegativeTestJSON-1575964914-project-member] [instance: 4a5902cd-dc2c-48cc-a172-b3f1860b6767] Selected host: (np0000007412, np0000007412) ram: 62765MB disk: 74752MB io_ops: 0 instances: 0, allocation_candidates: 1 {{(pid=93426) _consume_selected_host /opt/stack/nova/nova/scheduler/manager.py:612}}
Aug 16 21:20:00.093524 np0000007412 nova-scheduler[93426]: DEBUG oslo_concurrency.lockutils [None req-130c8746-4ba5-4666-aada-13ab1a991249 tempest-ServerRescueNegativeTestJSON-1575964914 tempest-ServerRescueNegativeTestJSON-1575964914-project-member] Acquiring lock "np0000007412-np0000007412" by "nova.scheduler.host_manager.HostState.consume_from_request.._locked" {{(pid=93426) inner /opt/stack/data/venv/lib/python3.12/site-packages/oslo_concurrency/lockutils.py:512}}
Aug 16 21:20:00.093524 np0000007412 nova-scheduler[93426]: DEBUG oslo_concurrency.lockutils [None req-130c8746-4ba5-4666-aada-13ab1a991249 tempest-ServerRescueNegativeTestJSON-1575964914 tempest-ServerRescueNegativeTestJSON-1575964914-project-member] Lock "np0000007412-np0000007412" acquired by "nova.scheduler.host_manager.HostState.consume_from_request.._locked" :: waited 0.000s {{(pid=93426) inner /opt/stack/data/venv/lib/python3.12/site-packages/oslo_concurrency/lockutils.py:525}}
Aug 16 21:20:00.093524 np0000007412 nova-scheduler[93426]: DEBUG oslo_concurrency.lockutils [None req-130c8746-4ba5-4666-aada-13ab1a991249 tempest-ServerRescueNegativeTestJSON-1575964914 tempest-ServerRescueNegativeTestJSON-1575964914-project-member] Lock "np0000007412-np0000007412" "released" by "nova.scheduler.host_manager.HostState.consume_from_request.._locked" :: held 0.000s {{(pid=93426) inner /opt/stack/data/venv/lib/python3.12/site-packages/oslo_concurrency/lockutils.py:544}}
Aug 16 21:20:00.939208 np0000007412 nova-scheduler[93428]: DEBUG nova.scheduler.manager [None req-e0672481-b857-4642-ad2f-8fa396652716 tempest-ServerRescueNegativeTestJSON-1575964914 tempest-ServerRescueNegativeTestJSON-1575964914-project-member] Starting to schedule for instances: ['18031165-6bd6-4fb4-b04d-4644b4a4974c'] {{(pid=93428) select_destinations /opt/stack/nova/nova/scheduler/manager.py:197}}
Aug 16 21:20:00.939208 np0000007412 nova-scheduler[93428]: DEBUG nova.scheduler.request_filter [None req-e0672481-b857-4642-ad2f-8fa396652716 tempest-ServerRescueNegativeTestJSON-1575964914 tempest-ServerRescueNegativeTestJSON-1575964914-project-member] compute_status_filter request filter added forbidden trait COMPUTE_STATUS_DISABLED {{(pid=93428) compute_status_filter /opt/stack/nova/nova/scheduler/request_filter.py:253}}
Aug 16 21:20:00.939208 np0000007412 nova-scheduler[93428]: DEBUG nova.scheduler.request_filter [None req-e0672481-b857-4642-ad2f-8fa396652716 tempest-ServerRescueNegativeTestJSON-1575964914 tempest-ServerRescueNegativeTestJSON-1575964914-project-member] Request filter 'compute_status_filter' took 0.0 seconds {{(pid=93428) wrapper /opt/stack/nova/nova/scheduler/request_filter.py:46}}
Aug 16 21:20:00.939208 np0000007412 nova-scheduler[93428]: DEBUG nova.scheduler.request_filter [None req-e0672481-b857-4642-ad2f-8fa396652716 tempest-ServerRescueNegativeTestJSON-1575964914 tempest-ServerRescueNegativeTestJSON-1575964914-project-member] Request filter 'accelerators_filter' took 0.0 seconds {{(pid=93428) wrapper /opt/stack/nova/nova/scheduler/request_filter.py:46}}
Aug 16 21:20:00.939208 np0000007412 nova-scheduler[93428]: DEBUG nova.scheduler.request_filter [None req-e0672481-b857-4642-ad2f-8fa396652716 tempest-ServerRescueNegativeTestJSON-1575964914 tempest-ServerRescueNegativeTestJSON-1575964914-project-member] Request filter 'packed_virtqueue_filter' took 0.0 seconds {{(pid=93428) wrapper /opt/stack/nova/nova/scheduler/request_filter.py:46}}
Aug 16 21:20:00.939208 np0000007412 nova-scheduler[93428]: DEBUG nova.scheduler.request_filter [None req-e0672481-b857-4642-ad2f-8fa396652716 tempest-ServerRescueNegativeTestJSON-1575964914 tempest-ServerRescueNegativeTestJSON-1575964914-project-member] Request filter 'remote_managed_ports_filter' took 0.0 seconds {{(pid=93428) wrapper /opt/stack/nova/nova/scheduler/request_filter.py:46}}
Aug 16 21:20:00.939819 np0000007412 nova-scheduler[93428]: DEBUG nova.scheduler.request_filter [None req-e0672481-b857-4642-ad2f-8fa396652716 tempest-ServerRescueNegativeTestJSON-1575964914 tempest-ServerRescueNegativeTestJSON-1575964914-project-member] ephemeral_encryption_filter skipped {{(pid=93428) ephemeral_encryption_filter /opt/stack/nova/nova/scheduler/request_filter.py:426}}
