Jul 06 16:55:12.655383 np0000004643 nova-scheduler[93171]: DEBUG cotyledon.oslo_config_glue [-] oslo_limit.cafile = None {{(pid=93171) log_opt_values /opt/stack/data/venv/lib/python3.12/site-packages/oslo_config/cfg.py:3253}}
Jul 06 16:55:12.655412 np0000004643 nova-scheduler[93171]: DEBUG cotyledon.oslo_config_glue [-] oslo_limit.certfile = None {{(pid=93171) log_opt_values /opt/stack/data/venv/lib/python3.12/site-packages/oslo_config/cfg.py:3253}}
Jul 06 16:55:12.655481 np0000004643 nova-scheduler[93171]: DEBUG cotyledon.oslo_config_glue [-] oslo_limit.collect_timing = False {{(pid=93171) log_opt_values /opt/stack/data/venv/lib/python3.12/site-packages/oslo_config/cfg.py:3253}}
Jul 06 16:55:12.655544 np0000004643 nova-scheduler[93171]: DEBUG cotyledon.oslo_config_glue [-] oslo_limit.connect_retries = None {{(pid=93171) log_opt_values /opt/stack/data/venv/lib/python3.12/site-packages/oslo_config/cfg.py:3253}}
Jul 06 16:55:12.655596 np0000004643 nova-scheduler[93171]: DEBUG cotyledon.oslo_config_glue [-] oslo_limit.connect_retry_delay = None {{(pid=93171) log_opt_values /opt/stack/data/venv/lib/python3.12/site-packages/oslo_config/cfg.py:3253}}
Jul 06 16:55:12.655659 np0000004643 nova-scheduler[93171]: DEBUG cotyledon.oslo_config_glue [-] oslo_limit.endpoint_id = None {{(pid=93171) log_opt_values /opt/stack/data/venv/lib/python3.12/site-packages/oslo_config/cfg.py:3253}}
Jul 06 16:55:12.655700 np0000004643 nova-scheduler[93171]: DEBUG cotyledon.oslo_config_glue [-] oslo_limit.endpoint_interface = public {{(pid=93171) log_opt_values /opt/stack/data/venv/lib/python3.12/site-packages/oslo_config/cfg.py:3253}}
Jul 06 16:55:12.655747 np0000004643 nova-scheduler[93171]: DEBUG cotyledon.oslo_config_glue [-] oslo_limit.endpoint_override = None {{(pid=93171) log_opt_values /opt/stack/data/venv/lib/python3.12/site-packages/oslo_config/cfg.py:3253}}
Jul 06 16:55:12.655794 np0000004643 nova-scheduler[93171]: DEBUG cotyledon.oslo_config_glue [-] oslo_limit.endpoint_region_name = None {{(pid=93171) log_opt_values /opt/stack/data/venv/lib/python3.12/site-packages/oslo_config/cfg.py:3253}}
Jul 06 16:55:12.655844 np0000004643 nova-scheduler[93171]: DEBUG cotyledon.oslo_config_glue [-] oslo_limit.endpoint_service_name = None {{(pid=93171) log_opt_values /opt/stack/data/venv/lib/python3.12/site-packages/oslo_config/cfg.py:3253}}
Jul 06 16:55:12.655871 np0000004643 nova-scheduler[93171]: DEBUG cotyledon.oslo_config_glue [-] oslo_limit.endpoint_service_type = None {{(pid=93171) log_opt_values /opt/stack/data/venv/lib/python3.12/site-packages/oslo_config/cfg.py:3253}}
Jul 06 16:55:12.655913 np0000004643 nova-scheduler[93171]: DEBUG cotyledon.oslo_config_glue [-] oslo_limit.insecure = False {{(pid=93171) log_opt_values /opt/stack/data/venv/lib/python3.12/site-packages/oslo_config/cfg.py:3253}}
Jul 06 16:55:12.655945 np0000004643 nova-scheduler[93171]: DEBUG cotyledon.oslo_config_glue [-] oslo_limit.keyfile = None {{(pid=93171) log_opt_values /opt/stack/data/venv/lib/python3.12/site-packages/oslo_config/cfg.py:3253}}
Jul 06 16:55:12.655999 np0000004643 nova-scheduler[93171]: DEBUG cotyledon.oslo_config_glue [-] oslo_limit.max_version = None {{(pid=93171) log_opt_values /opt/stack/data/venv/lib/python3.12/site-packages/oslo_config/cfg.py:3253}}
Jul 06 16:55:12.656039 np0000004643 nova-scheduler[93171]: DEBUG cotyledon.oslo_config_glue [-] oslo_limit.min_version = None {{(pid=93171) log_opt_values /opt/stack/data/venv/lib/python3.12/site-packages/oslo_config/cfg.py:3253}}
Jul 06 16:55:12.656083 np0000004643 nova-scheduler[93171]: DEBUG cotyledon.oslo_config_glue [-] oslo_limit.region_name = None {{(pid=93171) log_opt_values /opt/stack/data/venv/lib/python3.12/site-packages/oslo_config/cfg.py:3253}}
Jul 06 16:55:12.656118 np0000004643 nova-scheduler[93171]: DEBUG cotyledon.oslo_config_glue [-] oslo_limit.retriable_status_codes = None {{(pid=93171) log_opt_values /opt/stack/data/venv/lib/python3.12/site-packages/oslo_config/cfg.py:3253}}
Jul 06 16:55:12.656163 np0000004643 nova-scheduler[93171]: DEBUG cotyledon.oslo_config_glue [-] oslo_limit.service_name = None {{(pid=93171) log_opt_values /opt/stack/data/venv/lib/python3.12/site-packages/oslo_config/cfg.py:3253}}
Jul 06 16:55:12.656198 np0000004643 nova-scheduler[93171]: DEBUG cotyledon.oslo_config_glue [-] oslo_limit.service_type = None {{(pid=93171) log_opt_values /opt/stack/data/venv/lib/python3.12/site-packages/oslo_config/cfg.py:3253}}
Jul 06 16:55:12.656236 np0000004643 nova-scheduler[93171]: DEBUG cotyledon.oslo_config_glue [-] oslo_limit.split_loggers = False {{(pid=93171) log_opt_values /opt/stack/data/venv/lib/python3.12/site-packages/oslo_config/cfg.py:3253}}
Jul 06 16:55:12.656263 np0000004643 nova-scheduler[93171]: DEBUG cotyledon.oslo_config_glue [-] oslo_limit.status_code_retries = None {{(pid=93171) log_opt_values /opt/stack/data/venv/lib/python3.12/site-packages/oslo_config/cfg.py:3253}}
Jul 06 16:55:12.656303 np0000004643 nova-scheduler[93171]: DEBUG cotyledon.oslo_config_glue [-] oslo_limit.status_code_retry_delay = None {{(pid=93171) log_opt_values /opt/stack/data/venv/lib/python3.12/site-packages/oslo_config/cfg.py:3253}}
Jul 06 16:55:12.656337 np0000004643 nova-scheduler[93171]: DEBUG cotyledon.oslo_config_glue [-] oslo_limit.timeout = None {{(pid=93171) log_opt_values /opt/stack/data/venv/lib/python3.12/site-packages/oslo_config/cfg.py:3253}}
Jul 06 16:55:12.656378 np0000004643 nova-scheduler[93171]: DEBUG cotyledon.oslo_config_glue [-] oslo_limit.valid_interfaces = None {{(pid=93171) log_opt_values /opt/stack/data/venv/lib/python3.12/site-packages/oslo_config/cfg.py:3253}}
Jul 06 16:55:12.656475 np0000004643 nova-scheduler[93171]: DEBUG cotyledon.oslo_config_glue [-] oslo_limit.version = None {{(pid=93171) log_opt_values /opt/stack/data/venv/lib/python3.12/site-packages/oslo_config/cfg.py:3253}}
Jul 06 16:55:12.656569 np0000004643 nova-scheduler[93171]: DEBUG cotyledon.oslo_config_glue [-] oslo_reports.file_event_handler = None {{(pid=93171) log_opt_values /opt/stack/data/venv/lib/python3.12/site-packages/oslo_config/cfg.py:3253}}
Jul 06 16:55:12.656623 np0000004643 nova-scheduler[93171]: DEBUG cotyledon.oslo_config_glue [-] oslo_reports.file_event_handler_interval = 1 {{(pid=93171) log_opt_values /opt/stack/data/venv/lib/python3.12/site-packages/oslo_config/cfg.py:3253}}
Jul 06 16:55:12.656669 np0000004643 nova-scheduler[93171]: DEBUG cotyledon.oslo_config_glue [-] oslo_reports.log_dir = None {{(pid=93171) log_opt_values /opt/stack/data/venv/lib/python3.12/site-packages/oslo_config/cfg.py:3253}}
Jul 06 16:55:12.656697 np0000004643 nova-scheduler[93171]: DEBUG cotyledon.oslo_config_glue [-] ******************************************************************************** {{(pid=93171) log_opt_values /opt/stack/data/venv/lib/python3.12/site-packages/oslo_config/cfg.py:3260}}
Jul 06 16:55:12.656823 np0000004643 nova-scheduler[93171]: DEBUG cotyledon._service_worker [-] Run service ServiceWrapper(2) [93171] {{(pid=93171) wait_forever /opt/stack/data/venv/lib/python3.12/site-packages/cotyledon/_service_worker.py:218}}
Jul 06 16:55:12.658152 np0000004643 nova-scheduler[93171]: INFO nova.service [-] Starting scheduler node (version 33.1.0)
Jul 06 16:55:12.662931 np0000004643 nova-scheduler[93171]: INFO dbcounter [None req-21925626-7cc6-47b5-9c46-ed82ea3275bd None None] Registered counter for database nova_cell0
Jul 06 16:55:12.680801 np0000004643 nova-scheduler[93167]: DEBUG oslo_db.sqlalchemy.engines [None req-12684e7e-d6ac-4bc4-8560-dc9779b80828 None None] MySQL server mode set to STRICT_TRANS_TABLES,STRICT_ALL_TABLES,NO_ZERO_IN_DATE,NO_ZERO_DATE,ERROR_FOR_DIVISION_BY_ZERO,TRADITIONAL,NO_ENGINE_SUBSTITUTION {{(pid=93167) _check_effective_sql_mode /opt/stack/data/venv/lib/python3.12/site-packages/oslo_db/sqlalchemy/engines.py:325}}
Jul 06 16:55:12.696481 np0000004643 nova-scheduler[93167]: DEBUG dbcounter [-] [93167] Writer thread running {{(pid=93167) stat_writer /opt/stack/data/venv/lib/python3.12/site-packages/dbcounter.py:102}}
Jul 06 16:55:12.699219 np0000004643 nova-scheduler[93169]: DEBUG oslo_db.sqlalchemy.engines [None req-ba20976d-b9e6-48bd-be8b-1de6e3b642c6 None None] MySQL server mode set to STRICT_TRANS_TABLES,STRICT_ALL_TABLES,NO_ZERO_IN_DATE,NO_ZERO_DATE,ERROR_FOR_DIVISION_BY_ZERO,TRADITIONAL,NO_ENGINE_SUBSTITUTION {{(pid=93169) _check_effective_sql_mode /opt/stack/data/venv/lib/python3.12/site-packages/oslo_db/sqlalchemy/engines.py:325}}
Jul 06 16:55:12.710809 np0000004643 nova-scheduler[93169]: DEBUG dbcounter [-] [93169] Writer thread running {{(pid=93169) stat_writer /opt/stack/data/venv/lib/python3.12/site-packages/dbcounter.py:102}}
Jul 06 16:55:12.712374 np0000004643 nova-scheduler[93171]: DEBUG oslo_db.sqlalchemy.engines [None req-21925626-7cc6-47b5-9c46-ed82ea3275bd None None] MySQL server mode set to STRICT_TRANS_TABLES,STRICT_ALL_TABLES,NO_ZERO_IN_DATE,NO_ZERO_DATE,ERROR_FOR_DIVISION_BY_ZERO,TRADITIONAL,NO_ENGINE_SUBSTITUTION {{(pid=93171) _check_effective_sql_mode /opt/stack/data/venv/lib/python3.12/site-packages/oslo_db/sqlalchemy/engines.py:325}}
Jul 06 16:55:12.713203 np0000004643 nova-scheduler[93167]: DEBUG nova.service [None req-12684e7e-d6ac-4bc4-8560-dc9779b80828 None None] Creating RPC server for service: nova-scheduler on topic: scheduler {{(pid=93167) start /opt/stack/nova/nova/service.py:196}}
Jul 06 16:55:12.726213 np0000004643 nova-scheduler[93171]: DEBUG dbcounter [-] [93171] Writer thread running {{(pid=93171) stat_writer /opt/stack/data/venv/lib/python3.12/site-packages/dbcounter.py:102}}
Jul 06 16:55:12.727714 np0000004643 nova-scheduler[93169]: DEBUG nova.service [None req-ba20976d-b9e6-48bd-be8b-1de6e3b642c6 None None] Creating RPC server for service: nova-scheduler on topic: scheduler {{(pid=93169) start /opt/stack/nova/nova/service.py:196}}
Jul 06 16:55:12.729270 np0000004643 nova-scheduler[93171]: DEBUG nova.service [None req-21925626-7cc6-47b5-9c46-ed82ea3275bd None None] Creating RPC server for service: nova-scheduler on topic: scheduler {{(pid=93171) start /opt/stack/nova/nova/service.py:196}}
Jul 06 16:55:12.748263 np0000004643 nova-scheduler[93169]: DEBUG nova.service [None req-ba20976d-b9e6-48bd-be8b-1de6e3b642c6 None None] Join ServiceGroup membership for this service scheduler {{(pid=93169) start /opt/stack/nova/nova/service.py:222}}
Jul 06 16:55:12.748494 np0000004643 nova-scheduler[93169]: DEBUG nova.servicegroup.drivers.db [None req-ba20976d-b9e6-48bd-be8b-1de6e3b642c6 None None] DB_Driver: join new ServiceGroup member np0000004643 to the scheduler group, service = {{(pid=93169) join /opt/stack/nova/nova/servicegroup/drivers/db.py:44}}
Jul 06 16:55:12.752429 np0000004643 nova-scheduler[93171]: DEBUG nova.service [None req-21925626-7cc6-47b5-9c46-ed82ea3275bd None None] Join ServiceGroup membership for this service scheduler {{(pid=93171) start /opt/stack/nova/nova/service.py:222}}
Jul 06 16:55:12.752628 np0000004643 nova-scheduler[93167]: DEBUG nova.service [None req-12684e7e-d6ac-4bc4-8560-dc9779b80828 None None] Join ServiceGroup membership for this service scheduler {{(pid=93167) start /opt/stack/nova/nova/service.py:222}}
Jul 06 16:55:12.752684 np0000004643 nova-scheduler[93171]: DEBUG nova.servicegroup.drivers.db [None req-21925626-7cc6-47b5-9c46-ed82ea3275bd None None] DB_Driver: join new ServiceGroup member np0000004643 to the scheduler group, service = {{(pid=93171) join /opt/stack/nova/nova/servicegroup/drivers/db.py:44}}
Jul 06 16:55:12.752889 np0000004643 nova-scheduler[93167]: DEBUG nova.servicegroup.drivers.db [None req-12684e7e-d6ac-4bc4-8560-dc9779b80828 None None] DB_Driver: join new ServiceGroup member np0000004643 to the scheduler group, service = {{(pid=93167) join /opt/stack/nova/nova/servicegroup/drivers/db.py:44}}
Jul 06 16:55:17.760379 np0000004643 nova-scheduler[93169]: DEBUG oslo.service.backend._threading.loopingcall [-] Fixed interval looping call 'nova.servicegroup.drivers.db.DbDriver._report_state' sleeping for 119.99 seconds {{(pid=93169) _run_loop /opt/stack/data/venv/lib/python3.12/site-packages/oslo_service/backend/_threading/loopingcall.py:125}}
Jul 06 16:55:17.762844 np0000004643 nova-scheduler[93167]: DEBUG oslo.service.backend._threading.loopingcall [-] Fixed interval looping call 'nova.servicegroup.drivers.db.DbDriver._report_state' sleeping for 119.99 seconds {{(pid=93167) _run_loop /opt/stack/data/venv/lib/python3.12/site-packages/oslo_service/backend/_threading/loopingcall.py:125}}
Jul 06 16:55:17.764270 np0000004643 nova-scheduler[93171]: DEBUG oslo.service.backend._threading.loopingcall [-] Fixed interval looping call 'nova.servicegroup.drivers.db.DbDriver._report_state' sleeping for 119.99 seconds {{(pid=93171) _run_loop /opt/stack/data/venv/lib/python3.12/site-packages/oslo_service/backend/_threading/loopingcall.py:125}}
Jul 06 16:55:21.314433 np0000004643 nova-scheduler[91969]: DEBUG dbcounter [-] [91969] Writing DB stats nova_api:SELECT=3 {{(pid=91969) stat_writer /opt/stack/data/venv/lib/python3.12/site-packages/dbcounter.py:115}}
Jul 06 16:55:21.447151 np0000004643 nova-scheduler[91969]: DEBUG dbcounter [-] [91969] Writing DB stats nova_cell0:SELECT=1 {{(pid=91969) stat_writer /opt/stack/data/venv/lib/python3.12/site-packages/dbcounter.py:115}}
Jul 06 16:55:21.451478 np0000004643 nova-scheduler[91969]: DEBUG dbcounter [-] [91969] Writing DB stats nova_cell1:SELECT=1 {{(pid=91969) stat_writer /opt/stack/data/venv/lib/python3.12/site-packages/dbcounter.py:115}}
Jul 06 16:55:27.756200 np0000004643 nova-scheduler[93169]: DEBUG dbcounter [-] [93169] Writing DB stats nova_cell0:SELECT=4,nova_cell0:INSERT=1,nova_cell0:UPDATE=1 {{(pid=93169) stat_writer /opt/stack/data/venv/lib/python3.12/site-packages/dbcounter.py:115}}
Jul 06 16:55:27.760613 np0000004643 nova-scheduler[93167]: DEBUG dbcounter [-] [93167] Writing DB stats nova_cell0:SELECT=4,nova_cell0:INSERT=1 {{(pid=93167) stat_writer /opt/stack/data/venv/lib/python3.12/site-packages/dbcounter.py:115}}
Jul 06 16:55:27.763999 np0000004643 nova-scheduler[93171]: DEBUG dbcounter [-] [93171] Writing DB stats nova_cell0:SELECT=3 {{(pid=93171) stat_writer /opt/stack/data/venv/lib/python3.12/site-packages/dbcounter.py:115}}
Jul 06 16:55:33.750674 np0000004643 nova-scheduler[93169]: DEBUG oslo.service.backend._threading.loopingcall [None req-577f803f-1f3d-4ccf-a8ab-844f23336adb None None] Dynamic interval looping call 'nova.service.Service.periodic_tasks' sleeping for 60.00 seconds {{(pid=93169) _run_loop /opt/stack/data/venv/lib/python3.12/site-packages/oslo_service/backend/_threading/loopingcall.py:125}}
Jul 06 16:55:35.755318 np0000004643 nova-scheduler[93171]: DEBUG oslo.service.backend._threading.loopingcall [None req-fc854b5c-c8ae-4659-aece-e549c7cf23a4 None None] Dynamic interval looping call 'nova.service.Service.periodic_tasks' sleeping for 60.00 seconds {{(pid=93171) _run_loop /opt/stack/data/venv/lib/python3.12/site-packages/oslo_service/backend/_threading/loopingcall.py:125}}
Jul 06 16:56:07.755023 np0000004643 nova-scheduler[93167]: DEBUG oslo.service.backend._threading.loopingcall [None req-4cc1c9af-afd6-4463-b675-087c0ac91553 None None] Dynamic interval looping call 'nova.service.Service.periodic_tasks' sleeping for 60.00 seconds {{(pid=93167) _run_loop /opt/stack/data/venv/lib/python3.12/site-packages/oslo_service/backend/_threading/loopingcall.py:125}}
Jul 06 16:56:33.751203 np0000004643 nova-scheduler[93169]: DEBUG oslo.service.backend._threading.loopingcall [None req-577f803f-1f3d-4ccf-a8ab-844f23336adb None None] Dynamic interval looping call 'nova.service.Service.periodic_tasks' sleeping for 60.00 seconds {{(pid=93169) _run_loop /opt/stack/data/venv/lib/python3.12/site-packages/oslo_service/backend/_threading/loopingcall.py:125}}
Jul 06 16:56:35.755787 np0000004643 nova-scheduler[93171]: DEBUG oslo.service.backend._threading.loopingcall [None req-fc854b5c-c8ae-4659-aece-e549c7cf23a4 None None] Dynamic interval looping call 'nova.service.Service.periodic_tasks' sleeping for 60.00 seconds {{(pid=93171) _run_loop /opt/stack/data/venv/lib/python3.12/site-packages/oslo_service/backend/_threading/loopingcall.py:125}}
Jul 06 16:57:07.755491 np0000004643 nova-scheduler[93167]: DEBUG oslo.service.backend._threading.loopingcall [None req-4cc1c9af-afd6-4463-b675-087c0ac91553 None None] Dynamic interval looping call 'nova.service.Service.periodic_tasks' sleeping for 60.00 seconds {{(pid=93167) _run_loop /opt/stack/data/venv/lib/python3.12/site-packages/oslo_service/backend/_threading/loopingcall.py:125}}
Jul 06 16:57:17.762656 np0000004643 nova-scheduler[93167]: DEBUG oslo.service.backend._threading.loopingcall [-] Fixed interval looping call 'nova.servicegroup.drivers.db.DbDriver._report_state' sleeping for 119.99 seconds {{(pid=93167) _run_loop /opt/stack/data/venv/lib/python3.12/site-packages/oslo_service/backend/_threading/loopingcall.py:125}}
Jul 06 16:57:17.763461 np0000004643 nova-scheduler[93171]: DEBUG oslo.service.backend._threading.loopingcall [-] Fixed interval looping call 'nova.servicegroup.drivers.db.DbDriver._report_state' sleeping for 119.99 seconds {{(pid=93171) _run_loop /opt/stack/data/venv/lib/python3.12/site-packages/oslo_service/backend/_threading/loopingcall.py:125}}
Jul 06 16:57:17.765187 np0000004643 nova-scheduler[93169]: DEBUG oslo.service.backend._threading.loopingcall [-] Fixed interval looping call 'nova.servicegroup.drivers.db.DbDriver._report_state' sleeping for 119.99 seconds {{(pid=93169) _run_loop /opt/stack/data/venv/lib/python3.12/site-packages/oslo_service/backend/_threading/loopingcall.py:125}}
Jul 06 16:57:27.759096 np0000004643 nova-scheduler[93167]: DEBUG dbcounter [-] [93167] Writing DB stats nova_cell0:SELECT=1,nova_cell0:UPDATE=1 {{(pid=93167) stat_writer /opt/stack/data/venv/lib/python3.12/site-packages/dbcounter.py:115}}
Jul 06 16:57:27.761806 np0000004643 nova-scheduler[93171]: DEBUG dbcounter [-] [93171] Writing DB stats nova_cell0:SELECT=1,nova_cell0:UPDATE=1 {{(pid=93171) stat_writer /opt/stack/data/venv/lib/python3.12/site-packages/dbcounter.py:115}}
Jul 06 16:57:27.764176 np0000004643 nova-scheduler[93169]: DEBUG dbcounter [-] [93169] Writing DB stats nova_cell0:SELECT=1,nova_cell0:UPDATE=1 {{(pid=93169) stat_writer /opt/stack/data/venv/lib/python3.12/site-packages/dbcounter.py:115}}
Jul 06 16:57:33.751615 np0000004643 nova-scheduler[93169]: DEBUG oslo.service.backend._threading.loopingcall [None req-577f803f-1f3d-4ccf-a8ab-844f23336adb None None] Dynamic interval looping call 'nova.service.Service.periodic_tasks' sleeping for 60.00 seconds {{(pid=93169) _run_loop /opt/stack/data/venv/lib/python3.12/site-packages/oslo_service/backend/_threading/loopingcall.py:125}}
Jul 06 16:57:35.032301 np0000004643 nova-scheduler[93169]: DEBUG nova.scheduler.manager [None req-22dfaedc-2269-4ae4-948f-4900012560f9 tempest-DeleteServersTestJSON-445053781 tempest-DeleteServersTestJSON-445053781-project-member] Starting to schedule for instances: ['8aaaaed4-3669-4543-a17e-68dd503ace2f'] {{(pid=93169) select_destinations /opt/stack/nova/nova/scheduler/manager.py:209}}
Jul 06 16:57:35.033081 np0000004643 nova-scheduler[93169]: DEBUG nova.scheduler.request_filter [None req-22dfaedc-2269-4ae4-948f-4900012560f9 tempest-DeleteServersTestJSON-445053781 tempest-DeleteServersTestJSON-445053781-project-member] compute_status_filter request filter added forbidden trait COMPUTE_STATUS_DISABLED {{(pid=93169) compute_status_filter /opt/stack/nova/nova/scheduler/request_filter.py:253}}
Jul 06 16:57:35.033081 np0000004643 nova-scheduler[93169]: DEBUG nova.scheduler.request_filter [None req-22dfaedc-2269-4ae4-948f-4900012560f9 tempest-DeleteServersTestJSON-445053781 tempest-DeleteServersTestJSON-445053781-project-member] Request filter 'compute_status_filter' took 0.0 seconds {{(pid=93169) wrapper /opt/stack/nova/nova/scheduler/request_filter.py:46}}
Jul 06 16:57:35.036561 np0000004643 nova-scheduler[93169]: DEBUG nova.scheduler.request_filter [None req-22dfaedc-2269-4ae4-948f-4900012560f9 tempest-DeleteServersTestJSON-445053781 tempest-DeleteServersTestJSON-445053781-project-member] Request filter 'accelerators_filter' took 0.0 seconds {{(pid=93169) wrapper /opt/stack/nova/nova/scheduler/request_filter.py:46}}
Jul 06 16:57:35.036561 np0000004643 nova-scheduler[93169]: DEBUG nova.scheduler.request_filter [None req-22dfaedc-2269-4ae4-948f-4900012560f9 tempest-DeleteServersTestJSON-445053781 tempest-DeleteServersTestJSON-445053781-project-member] Request filter 'packed_virtqueue_filter' took 0.0 seconds {{(pid=93169) wrapper /opt/stack/nova/nova/scheduler/request_filter.py:46}}
Jul 06 16:57:35.036561 np0000004643 nova-scheduler[93169]: DEBUG nova.scheduler.request_filter [None req-22dfaedc-2269-4ae4-948f-4900012560f9 tempest-DeleteServersTestJSON-445053781 tempest-DeleteServersTestJSON-445053781-project-member] Request filter 'remote_managed_ports_filter' took 0.0 seconds {{(pid=93169) wrapper /opt/stack/nova/nova/scheduler/request_filter.py:46}}
Jul 06 16:57:35.036561 np0000004643 nova-scheduler[93169]: DEBUG nova.scheduler.request_filter [None req-22dfaedc-2269-4ae4-948f-4900012560f9 tempest-DeleteServersTestJSON-445053781 tempest-DeleteServersTestJSON-445053781-project-member] ephemeral_encryption_filter skipped {{(pid=93169) ephemeral_encryption_filter /opt/stack/nova/nova/scheduler/request_filter.py:426}}
Jul 06 16:57:35.038317 np0000004643 nova-scheduler[93169]: DEBUG nova.scheduler.request_filter [None req-22dfaedc-2269-4ae4-948f-4900012560f9 tempest-DeleteServersTestJSON-445053781 tempest-DeleteServersTestJSON-445053781-project-member] virtio_sound_filter skipped {{(pid=93169) virtio_sound_filter /opt/stack/nova/nova/scheduler/request_filter.py:460}}
Jul 06 16:57:35.039046 np0000004643 nova-scheduler[93169]: DEBUG nova.scheduler.request_filter [None req-22dfaedc-2269-4ae4-948f-4900012560f9 tempest-DeleteServersTestJSON-445053781 tempest-DeleteServersTestJSON-445053781-project-member] tpm_secret_security_filter skipped {{(pid=93169) tpm_secret_security_filter /opt/stack/nova/nova/scheduler/request_filter.py:477}}
Jul 06 16:57:35.123515 np0000004643 nova-scheduler[93171]: DEBUG nova.scheduler.manager [None req-734f04fe-632e-48fa-80db-fc75711f8e71 tempest-ServerBootFromVolumeStableRescueTest-746181704 tempest-ServerBootFromVolumeStableRescueTest-746181704-project-member] Starting to schedule for instances: ['8682acae-015a-4819-8fb1-cbffb112e00c'] {{(pid=93171) select_destinations /opt/stack/nova/nova/scheduler/manager.py:209}}
Jul 06 16:57:35.124060 np0000004643 nova-scheduler[93171]: DEBUG nova.scheduler.request_filter [None req-734f04fe-632e-48fa-80db-fc75711f8e71 tempest-ServerBootFromVolumeStableRescueTest-746181704 tempest-ServerBootFromVolumeStableRescueTest-746181704-project-member] compute_status_filter request filter added forbidden trait COMPUTE_STATUS_DISABLED {{(pid=93171) compute_status_filter /opt/stack/nova/nova/scheduler/request_filter.py:253}}
Jul 06 16:57:35.124115 np0000004643 nova-scheduler[93171]: DEBUG nova.scheduler.request_filter [None req-734f04fe-632e-48fa-80db-fc75711f8e71 tempest-ServerBootFromVolumeStableRescueTest-746181704 tempest-ServerBootFromVolumeStableRescueTest-746181704-project-member] Request filter 'compute_status_filter' took 0.0 seconds {{(pid=93171) wrapper /opt/stack/nova/nova/scheduler/request_filter.py:46}}
Jul 06 16:57:35.124389 np0000004643 nova-scheduler[93171]: DEBUG nova.scheduler.request_filter [None req-734f04fe-632e-48fa-80db-fc75711f8e71 tempest-ServerBootFromVolumeStableRescueTest-746181704 tempest-ServerBootFromVolumeStableRescueTest-746181704-project-member] Request filter 'accelerators_filter' took 0.0 seconds {{(pid=93171) wrapper /opt/stack/nova/nova/scheduler/request_filter.py:46}}
Jul 06 16:57:35.124570 np0000004643 nova-scheduler[93171]: DEBUG nova.scheduler.request_filter [None req-734f04fe-632e-48fa-80db-fc75711f8e71 tempest-ServerBootFromVolumeStableRescueTest-746181704 tempest-ServerBootFromVolumeStableRescueTest-746181704-project-member] Request filter 'packed_virtqueue_filter' took 0.0 seconds {{(pid=93171) wrapper /opt/stack/nova/nova/scheduler/request_filter.py:46}}
Jul 06 16:57:35.124863 np0000004643 nova-scheduler[93171]: DEBUG nova.scheduler.request_filter [None req-734f04fe-632e-48fa-80db-fc75711f8e71 tempest-ServerBootFromVolumeStableRescueTest-746181704 tempest-ServerBootFromVolumeStableRescueTest-746181704-project-member] Request filter 'remote_managed_ports_filter' took 0.0 seconds {{(pid=93171) wrapper /opt/stack/nova/nova/scheduler/request_filter.py:46}}
Jul 06 16:57:35.125018 np0000004643 nova-scheduler[93171]: DEBUG nova.scheduler.request_filter [None req-734f04fe-632e-48fa-80db-fc75711f8e71 tempest-ServerBootFromVolumeStableRescueTest-746181704 tempest-ServerBootFromVolumeStableRescueTest-746181704-project-member] ephemeral_encryption_filter skipped {{(pid=93171) ephemeral_encryption_filter /opt/stack/nova/nova/scheduler/request_filter.py:426}}
Jul 06 16:57:35.125167 np0000004643 nova-scheduler[93171]: DEBUG nova.scheduler.request_filter [None req-734f04fe-632e-48fa-80db-fc75711f8e71 tempest-ServerBootFromVolumeStableRescueTest-746181704 tempest-ServerBootFromVolumeStableRescueTest-746181704-project-member] virtio_sound_filter skipped {{(pid=93171) virtio_sound_filter /opt/stack/nova/nova/scheduler/request_filter.py:460}}
Jul 06 16:57:35.125609 np0000004643 nova-scheduler[93171]: DEBUG nova.scheduler.request_filter [None req-734f04fe-632e-48fa-80db-fc75711f8e71 tempest-ServerBootFromVolumeStableRescueTest-746181704 tempest-ServerBootFromVolumeStableRescueTest-746181704-project-member] tpm_secret_security_filter skipped {{(pid=93171) tpm_secret_security_filter /opt/stack/nova/nova/scheduler/request_filter.py:477}}
Jul 06 16:57:35.575005 np0000004643 nova-scheduler[93171]: INFO nova.utils [None req-734f04fe-632e-48fa-80db-fc75711f8e71 tempest-ServerBootFromVolumeStableRescueTest-746181704 tempest-ServerBootFromVolumeStableRescueTest-746181704-project-member] The cell worker thread pool ForkProcess-3.cell_worker is initialized
Jul 06 16:57:35.576492 np0000004643 nova-scheduler[93171]: DEBUG oslo_concurrency.lockutils [None req-734f04fe-632e-48fa-80db-fc75711f8e71 tempest-ServerBootFromVolumeStableRescueTest-746181704 tempest-ServerBootFromVolumeStableRescueTest-746181704-project-member] Acquiring lock "0135bebf-f600-4d51-93e8-89afcf569e94" by "nova.context.set_target_cell..get_or_set_cached_cell_and_set_connections" {{(pid=93171) inner /opt/stack/data/venv/lib/python3.12/site-packages/oslo_concurrency/lockutils.py:511}}
Jul 06 16:57:35.576492 np0000004643 nova-scheduler[93171]: DEBUG oslo_concurrency.lockutils [None req-734f04fe-632e-48fa-80db-fc75711f8e71 tempest-ServerBootFromVolumeStableRescueTest-746181704 tempest-ServerBootFromVolumeStableRescueTest-746181704-project-member] Lock "0135bebf-f600-4d51-93e8-89afcf569e94" acquired by "nova.context.set_target_cell..get_or_set_cached_cell_and_set_connections" :: waited 0.000s {{(pid=93171) inner /opt/stack/data/venv/lib/python3.12/site-packages/oslo_concurrency/lockutils.py:524}}
Jul 06 16:57:35.576687 np0000004643 nova-scheduler[93171]: DEBUG oslo_concurrency.lockutils [None req-734f04fe-632e-48fa-80db-fc75711f8e71 tempest-ServerBootFromVolumeStableRescueTest-746181704 tempest-ServerBootFromVolumeStableRescueTest-746181704-project-member] Lock "0135bebf-f600-4d51-93e8-89afcf569e94" "released" by "nova.context.set_target_cell..get_or_set_cached_cell_and_set_connections" :: held 0.001s {{(pid=93171) inner /opt/stack/data/venv/lib/python3.12/site-packages/oslo_concurrency/lockutils.py:543}}
Jul 06 16:57:35.579110 np0000004643 nova-scheduler[93171]: INFO dbcounter [None req-734f04fe-632e-48fa-80db-fc75711f8e71 tempest-ServerBootFromVolumeStableRescueTest-746181704 tempest-ServerBootFromVolumeStableRescueTest-746181704-project-member] Registered counter for database nova_cell1
Jul 06 16:57:35.627478 np0000004643 nova-scheduler[93171]: DEBUG oslo_db.sqlalchemy.engines [None req-734f04fe-632e-48fa-80db-fc75711f8e71 tempest-ServerBootFromVolumeStableRescueTest-746181704 tempest-ServerBootFromVolumeStableRescueTest-746181704-project-member] MySQL server mode set to STRICT_TRANS_TABLES,STRICT_ALL_TABLES,NO_ZERO_IN_DATE,NO_ZERO_DATE,ERROR_FOR_DIVISION_BY_ZERO,TRADITIONAL,NO_ENGINE_SUBSTITUTION {{(pid=93171) _check_effective_sql_mode /opt/stack/data/venv/lib/python3.12/site-packages/oslo_db/sqlalchemy/engines.py:325}}
Jul 06 16:57:35.634378 np0000004643 nova-scheduler[93171]: DEBUG dbcounter [-] [93171] Writer thread running {{(pid=93171) stat_writer /opt/stack/data/venv/lib/python3.12/site-packages/dbcounter.py:102}}
Jul 06 16:57:35.647442 np0000004643 nova-scheduler[93171]: DEBUG oslo_db.sqlalchemy.engines [None req-734f04fe-632e-48fa-80db-fc75711f8e71 tempest-ServerBootFromVolumeStableRescueTest-746181704 tempest-ServerBootFromVolumeStableRescueTest-746181704-project-member] Parent process 91969 forked (93171) with an open database connection, which is being discarded and recreated. {{(pid=93171) checkout /opt/stack/data/venv/lib/python3.12/site-packages/oslo_db/sqlalchemy/engines.py:402}}
Jul 06 16:57:35.683832 np0000004643 nova-scheduler[93171]: DEBUG dbcounter [-] [93171] Writer thread running {{(pid=93171) stat_writer /opt/stack/data/venv/lib/python3.12/site-packages/dbcounter.py:102}}
Jul 06 16:57:35.687016 np0000004643 nova-scheduler[93171]: DEBUG oslo_concurrency.lockutils [None req-734f04fe-632e-48fa-80db-fc75711f8e71 tempest-ServerBootFromVolumeStableRescueTest-746181704 tempest-ServerBootFromVolumeStableRescueTest-746181704-project-member] Acquiring lock "0135bebf-f600-4d51-93e8-89afcf569e94" by "nova.context.set_target_cell..get_or_set_cached_cell_and_set_connections" {{(pid=93171) inner /opt/stack/data/venv/lib/python3.12/site-packages/oslo_concurrency/lockutils.py:511}}
Jul 06 16:57:35.687165 np0000004643 nova-scheduler[93171]: DEBUG oslo_concurrency.lockutils [None req-734f04fe-632e-48fa-80db-fc75711f8e71 tempest-ServerBootFromVolumeStableRescueTest-746181704 tempest-ServerBootFromVolumeStableRescueTest-746181704-project-member] Lock "0135bebf-f600-4d51-93e8-89afcf569e94" acquired by "nova.context.set_target_cell..get_or_set_cached_cell_and_set_connections" :: waited 0.000s {{(pid=93171) inner /opt/stack/data/venv/lib/python3.12/site-packages/oslo_concurrency/lockutils.py:524}}
Jul 06 16:57:35.687235 np0000004643 nova-scheduler[93171]: DEBUG oslo_concurrency.lockutils [None req-734f04fe-632e-48fa-80db-fc75711f8e71 tempest-ServerBootFromVolumeStableRescueTest-746181704 tempest-ServerBootFromVolumeStableRescueTest-746181704-project-member] Lock "0135bebf-f600-4d51-93e8-89afcf569e94" "released" by "nova.context.set_target_cell..get_or_set_cached_cell_and_set_connections" :: held 0.000s {{(pid=93171) inner /opt/stack/data/venv/lib/python3.12/site-packages/oslo_concurrency/lockutils.py:543}}
Jul 06 16:57:35.692992 np0000004643 nova-scheduler[93171]: DEBUG oslo_concurrency.lockutils [None req-734f04fe-632e-48fa-80db-fc75711f8e71 tempest-ServerBootFromVolumeStableRescueTest-746181704 tempest-ServerBootFromVolumeStableRescueTest-746181704-project-member] Acquiring lock "np0000004643-np0000004643" by "nova.scheduler.host_manager.HostState.update.._locked_update" {{(pid=93171) inner /opt/stack/data/venv/lib/python3.12/site-packages/oslo_concurrency/lockutils.py:511}}
Jul 06 16:57:35.693184 np0000004643 nova-scheduler[93171]: DEBUG oslo_concurrency.lockutils [None req-734f04fe-632e-48fa-80db-fc75711f8e71 tempest-ServerBootFromVolumeStableRescueTest-746181704 tempest-ServerBootFromVolumeStableRescueTest-746181704-project-member] Lock "np0000004643-np0000004643" acquired by "nova.scheduler.host_manager.HostState.update.._locked_update" :: waited 0.000s {{(pid=93171) inner /opt/stack/data/venv/lib/python3.12/site-packages/oslo_concurrency/lockutils.py:524}}
Jul 06 16:57:35.694093 np0000004643 nova-scheduler[93171]: DEBUG nova.scheduler.host_manager [None req-734f04fe-632e-48fa-80db-fc75711f8e71 tempest-ServerBootFromVolumeStableRescueTest-746181704 tempest-ServerBootFromVolumeStableRescueTest-746181704-project-member] Update host state from compute node: ComputeNode(cpu_allocation_ratio=4.0,cpu_info='{"arch": "x86_64", "model": "EPYC-Milan", "vendor": "AMD", "topology": {"cells": 1, "sockets": 16, "cores": 1, "threads": 1}, "maxphysaddr": {"mode": "emulate", "bits": 40}, "features": ["ssbd", "pschange-mc-no", "perfctr_core", "avx2", "xgetbv1", "cmp_legacy", "svme-addr-chk", "amd-psfd", "tsc-deadline", "ssse3", "fsrm", "de", "virt-ssbd", "arch-capabilities", "tsc", "apic", "tsc-scale", "pge", "adx", "smap", "bmi2", "fpu", "umip", "no-nested-data-bp", "smep", "arat", "f16c", "3dnowprefetch", "fxsr", "popcnt", "stibp", "sha-ni", "nx", "pni", "vme", "sse", "nrip-save", "rdpid", "vpclmulqdq", "clwb", "mmxext", "pclmuldq", "lfence-always-serializing", "xsavec", "xsaves", "rdctl-no", "pfthreshold", "x2apic", "vaes", "null-sel-clr-base", "cr8legacy", "gds-no", "hypervisor", "skip-l1dfl-vmentry", "fsgsbase", "mce", "abm", "sse2", "xsaveopt", "bmi1", "clzero", "cmov", "lahf_lm", "clflushopt", "pat", "ibrs", "avx", "rdrand", "rdseed", "xsave", "v-vmsave-vmload", "pku", "spec-ctrl", "vgif", "pause-filter", "mds-no", "wbnoinvd", "lbrv", "pcid", "sse4.2", "sse4.1", "mtrr", "xsaveerptr", "ibpb", "fma", "osvw", "movbe", "erms", "sse4a", "pae", "pse36", "aes", "pse", "cx8", "stibp-always-on", "syscall", "amd-ssbd", "msr", "tsc_adjust", "clflush", "invpcid", "lm", "cx16", "pdpe1gb", "svm", "topoext", "mca", "vmcb-clean", "amd-stibp", "sep", "flushbyasid", "npt", "fxsr_opt", "mmx", "rdtscp", "misalignsse"]}',created_at=2026-07-06T16:55:39Z,current_workload=0,deleted=False,deleted_at=None,disk_allocation_ratio=1.0,disk_available_least=73,free_disk_gb=95,free_ram_mb=62765,host='np0000004643',host_ip=10.4.3.160,hypervisor_hostname='np0000004643',hypervisor_type='QEMU',hypervisor_version=8002002,id=1,local_gb=95,local_gb_used=0,mapped=1,memory_mb=63277,memory_mb_used=512,metrics='[]',numa_topology='{"nova_object.name": "NUMATopology", "nova_object.namespace": "nova", "nova_object.version": "1.2", "nova_object.data": {"cells": [{"nova_object.name": "NUMACell", "nova_object.namespace": "nova", "nova_object.version": "1.5", "nova_object.data": {"id": 0, "cpuset": [0, 1, 2, 3, 4, 5, 6, 7, 8, 9, 10, 11, 12, 13, 14, 15], "pcpuset": [0, 1, 2, 3, 4, 5, 6, 7, 8, 9, 10, 11, 12, 13, 14, 15], "memory": 63277, "cpu_usage": 0, "memory_usage": 0, "pinned_cpus": [], "siblings": [[6], [12], [2], [15], [5], [11], [8], [14], [4], [1], [7], [10], [0], [13], [3], [9]], "mempages": [{"nova_object.name": "NUMAPagesTopology", "nova_object.namespace": "nova", "nova_object.version": "1.1", "nova_object.data": {"size_kb": 4, "total": 16177929, "used": 0, "reserved": 0}, "nova_object.changes": ["total", "used", "size_kb", "reserved"]}, {"nova_object.name": "NUMAPagesTopology", "nova_object.namespace": "nova", "nova_object.version": "1.1", "nova_object.data": {"size_kb": 2048, "total": 41, "used": 0, "reserved": 0}, "nova_object.changes": ["total", "used", "size_kb", "reserved"]}, {"nova_object.name": "NUMAPagesTopology", "nova_object.namespace": "nova", "nova_object.version": "1.1", "nova_object.data": {"size_kb": 1048576, "total": 0, "used": 0, "reserved": 0}, "nova_object.changes": ["total", "used", "size_kb", "reserved"]}], "network_metadata": {"nova_object.name": "NetworkMetadata", "nova_object.namespace": "nova", "nova_object.version": "1.0", "nova_object.data": {"physnets": [], "tunneled": false}, "nova_object.changes": ["physnets", "tunneled"]}, "socket": null}, "nova_object.changes": ["cpu_usage", "siblings", "mempages", "pinned_cpus", "cpuset", "memory_usage", "id", "socket", "pcpuset", "network_metadata", "memory"]}]}, "nova_object.changes": ["cells"]}',pci_device_pools=PciDevicePoolList,ram_allocation_ratio=1.0,running_vms=0,service_id=3,stats={failed_builds='0',uptime=' 16:57:23 up 13 min, 2 users, load average: 2.74, 1.90, 1.00
Jul 06 16:57:35.694093 np0000004643 nova-scheduler[93171]: '},supported_hv_specs=[HVSpec,HVSpec,HVSpec,HVSpec,HVSpec,HVSpec,HVSpec,HVSpec,HVSpec,HVSpec,HVSpec,HVSpec,HVSpec,HVSpec,HVSpec,HVSpec,HVSpec,HVSpec,HVSpec,HVSpec,HVSpec,HVSpec,HVSpec,HVSpec,HVSpec],updated_at=2026-07-06T16:57:25Z,uuid=dc5148eb-a296-4adc-9fa9-00a051fc6363,vcpus=16,vcpus_used=0) {{(pid=93171) _locked_update /opt/stack/nova/nova/scheduler/host_manager.py:168}}
Jul 06 16:57:35.695198 np0000004643 nova-scheduler[93171]: DEBUG nova.scheduler.host_manager [None req-734f04fe-632e-48fa-80db-fc75711f8e71 tempest-ServerBootFromVolumeStableRescueTest-746181704 tempest-ServerBootFromVolumeStableRescueTest-746181704-project-member] Update host state with aggregates: [] {{(pid=93171) _locked_update /opt/stack/nova/nova/scheduler/host_manager.py:171}}
Jul 06 16:57:35.695401 np0000004643 nova-scheduler[93171]: DEBUG nova.scheduler.host_manager [None req-734f04fe-632e-48fa-80db-fc75711f8e71 tempest-ServerBootFromVolumeStableRescueTest-746181704 tempest-ServerBootFromVolumeStableRescueTest-746181704-project-member] Update host state with service dict: {'id': 3, 'uuid': '77451f00-da4f-4b4f-b0a7-1843cd55a6e8', 'host': 'np0000004643', 'binary': 'nova-compute', 'topic': 'compute', 'report_count': 1, 'disabled': False, 'disabled_reason': None, 'last_seen_up': datetime.datetime(2026, 7, 6, 16, 55, 48, tzinfo=datetime.timezone.utc), 'forced_down': False, 'version': 72, 'created_at': datetime.datetime(2026, 7, 6, 16, 55, 37, tzinfo=datetime.timezone.utc), 'updated_at': datetime.datetime(2026, 7, 6, 16, 55, 48, tzinfo=datetime.timezone.utc), 'deleted_at': None, 'deleted': False} {{(pid=93171) _locked_update /opt/stack/nova/nova/scheduler/host_manager.py:174}}
Jul 06 16:57:35.695548 np0000004643 nova-scheduler[93171]: DEBUG nova.scheduler.host_manager [None req-734f04fe-632e-48fa-80db-fc75711f8e71 tempest-ServerBootFromVolumeStableRescueTest-746181704 tempest-ServerBootFromVolumeStableRescueTest-746181704-project-member] Update host state with instances: [] {{(pid=93171) _locked_update /opt/stack/nova/nova/scheduler/host_manager.py:177}}
Jul 06 16:57:35.695668 np0000004643 nova-scheduler[93171]: DEBUG oslo_concurrency.lockutils [None req-734f04fe-632e-48fa-80db-fc75711f8e71 tempest-ServerBootFromVolumeStableRescueTest-746181704 tempest-ServerBootFromVolumeStableRescueTest-746181704-project-member] Lock "np0000004643-np0000004643" "released" by "nova.scheduler.host_manager.HostState.update.._locked_update" :: held 0.003s {{(pid=93171) inner /opt/stack/data/venv/lib/python3.12/site-packages/oslo_concurrency/lockutils.py:543}}
Jul 06 16:57:35.696487 np0000004643 nova-scheduler[93171]: DEBUG nova.filters [None req-734f04fe-632e-48fa-80db-fc75711f8e71 tempest-ServerBootFromVolumeStableRescueTest-746181704 tempest-ServerBootFromVolumeStableRescueTest-746181704-project-member] Starting with 1 host(s) {{(pid=93171) get_filtered_objects /opt/stack/nova/nova/filters.py:70}}
Jul 06 16:57:35.696711 np0000004643 nova-scheduler[93171]: DEBUG nova.filters [None req-734f04fe-632e-48fa-80db-fc75711f8e71 tempest-ServerBootFromVolumeStableRescueTest-746181704 tempest-ServerBootFromVolumeStableRescueTest-746181704-project-member] Filter ComputeFilter returned 1 host(s) {{(pid=93171) get_filtered_objects /opt/stack/nova/nova/filters.py:102}}
Jul 06 16:57:35.697167 np0000004643 nova-scheduler[93171]: DEBUG nova.filters [None req-734f04fe-632e-48fa-80db-fc75711f8e71 tempest-ServerBootFromVolumeStableRescueTest-746181704 tempest-ServerBootFromVolumeStableRescueTest-746181704-project-member] Filter ComputeCapabilitiesFilter returned 1 host(s) {{(pid=93171) get_filtered_objects /opt/stack/nova/nova/filters.py:102}}
Jul 06 16:57:35.697452 np0000004643 nova-scheduler[93171]: DEBUG nova.filters [None req-734f04fe-632e-48fa-80db-fc75711f8e71 tempest-ServerBootFromVolumeStableRescueTest-746181704 tempest-ServerBootFromVolumeStableRescueTest-746181704-project-member] Filter ImagePropertiesFilter returned 1 host(s) {{(pid=93171) get_filtered_objects /opt/stack/nova/nova/filters.py:102}}
Jul 06 16:57:35.697556 np0000004643 nova-scheduler[93171]: DEBUG nova.filters [None req-734f04fe-632e-48fa-80db-fc75711f8e71 tempest-ServerBootFromVolumeStableRescueTest-746181704 tempest-ServerBootFromVolumeStableRescueTest-746181704-project-member] Filter ServerGroupAntiAffinityFilter returned 1 host(s) {{(pid=93171) get_filtered_objects /opt/stack/nova/nova/filters.py:102}}
Jul 06 16:57:35.697674 np0000004643 nova-scheduler[93171]: DEBUG nova.filters [None req-734f04fe-632e-48fa-80db-fc75711f8e71 tempest-ServerBootFromVolumeStableRescueTest-746181704 tempest-ServerBootFromVolumeStableRescueTest-746181704-project-member] Filter ServerGroupAffinityFilter returned 1 host(s) {{(pid=93171) get_filtered_objects /opt/stack/nova/nova/filters.py:102}}
Jul 06 16:57:35.697792 np0000004643 nova-scheduler[93171]: DEBUG nova.filters [None req-734f04fe-632e-48fa-80db-fc75711f8e71 tempest-ServerBootFromVolumeStableRescueTest-746181704 tempest-ServerBootFromVolumeStableRescueTest-746181704-project-member] Filter SameHostFilter returned 1 host(s) {{(pid=93171) get_filtered_objects /opt/stack/nova/nova/filters.py:102}}
Jul 06 16:57:35.698075 np0000004643 nova-scheduler[93171]: DEBUG nova.filters [None req-734f04fe-632e-48fa-80db-fc75711f8e71 tempest-ServerBootFromVolumeStableRescueTest-746181704 tempest-ServerBootFromVolumeStableRescueTest-746181704-project-member] Filter DifferentHostFilter returned 1 host(s) {{(pid=93171) get_filtered_objects /opt/stack/nova/nova/filters.py:102}}
Jul 06 16:57:35.698192 np0000004643 nova-scheduler[93171]: DEBUG nova.scheduler.manager [None req-734f04fe-632e-48fa-80db-fc75711f8e71 tempest-ServerBootFromVolumeStableRescueTest-746181704 tempest-ServerBootFromVolumeStableRescueTest-746181704-project-member] Filtered [(np0000004643, np0000004643) ram: 62765MB disk: 74752MB io_ops: 0 instances: 0, allocation_candidates: 1] {{(pid=93171) _get_sorted_hosts /opt/stack/nova/nova/scheduler/manager.py:742}}
Jul 06 16:57:35.698518 np0000004643 nova-scheduler[93171]: DEBUG nova.scheduler.manager [None req-734f04fe-632e-48fa-80db-fc75711f8e71 tempest-ServerBootFromVolumeStableRescueTest-746181704 tempest-ServerBootFromVolumeStableRescueTest-746181704-project-member] Weighed [WeighedHost [host: (np0000004643, np0000004643) ram: 62765MB disk: 74752MB io_ops: 0 instances: 0, allocation_candidates: 1, weight: 0.0]] {{(pid=93171) _get_sorted_hosts /opt/stack/nova/nova/scheduler/manager.py:764}}
Jul 06 16:57:35.698742 np0000004643 nova-scheduler[93171]: DEBUG nova.scheduler.utils [None req-734f04fe-632e-48fa-80db-fc75711f8e71 tempest-ServerBootFromVolumeStableRescueTest-746181704 tempest-ServerBootFromVolumeStableRescueTest-746181704-project-member] Attempting to claim resources in the placement API for instance 8682acae-015a-4819-8fb1-cbffb112e00c {{(pid=93171) claim_resources /opt/stack/nova/nova/scheduler/utils.py:1345}}
Jul 06 16:57:35.756227 np0000004643 nova-scheduler[93171]: DEBUG oslo.service.backend._threading.loopingcall [None req-fc854b5c-c8ae-4659-aece-e549c7cf23a4 None None] Dynamic interval looping call 'nova.service.Service.periodic_tasks' sleeping for 60.00 seconds {{(pid=93171) _run_loop /opt/stack/data/venv/lib/python3.12/site-packages/oslo_service/backend/_threading/loopingcall.py:125}}
Jul 06 16:57:35.768075 np0000004643 nova-scheduler[93169]: INFO nova.utils [None req-22dfaedc-2269-4ae4-948f-4900012560f9 tempest-DeleteServersTestJSON-445053781 tempest-DeleteServersTestJSON-445053781-project-member] The cell worker thread pool ForkProcess-2.cell_worker is initialized
Jul 06 16:57:35.768860 np0000004643 nova-scheduler[93169]: DEBUG oslo_concurrency.lockutils [None req-22dfaedc-2269-4ae4-948f-4900012560f9 tempest-DeleteServersTestJSON-445053781 tempest-DeleteServersTestJSON-445053781-project-member] Acquiring lock "0135bebf-f600-4d51-93e8-89afcf569e94" by "nova.context.set_target_cell..get_or_set_cached_cell_and_set_connections" {{(pid=93169) inner /opt/stack/data/venv/lib/python3.12/site-packages/oslo_concurrency/lockutils.py:511}}
Jul 06 16:57:35.769111 np0000004643 nova-scheduler[93169]: DEBUG oslo_concurrency.lockutils [None req-22dfaedc-2269-4ae4-948f-4900012560f9 tempest-DeleteServersTestJSON-445053781 tempest-DeleteServersTestJSON-445053781-project-member] Lock "0135bebf-f600-4d51-93e8-89afcf569e94" acquired by "nova.context.set_target_cell..get_or_set_cached_cell_and_set_connections" :: waited 0.000s {{(pid=93169) inner /opt/stack/data/venv/lib/python3.12/site-packages/oslo_concurrency/lockutils.py:524}}
Jul 06 16:57:35.772146 np0000004643 nova-scheduler[93169]: DEBUG oslo_concurrency.lockutils [None req-22dfaedc-2269-4ae4-948f-4900012560f9 tempest-DeleteServersTestJSON-445053781 tempest-DeleteServersTestJSON-445053781-project-member] Lock "0135bebf-f600-4d51-93e8-89afcf569e94" "released" by "nova.context.set_target_cell..get_or_set_cached_cell_and_set_connections" :: held 0.003s {{(pid=93169) inner /opt/stack/data/venv/lib/python3.12/site-packages/oslo_concurrency/lockutils.py:543}}
Jul 06 16:57:35.774507 np0000004643 nova-scheduler[93169]: INFO dbcounter [None req-22dfaedc-2269-4ae4-948f-4900012560f9 tempest-DeleteServersTestJSON-445053781 tempest-DeleteServersTestJSON-445053781-project-member] Registered counter for database nova_cell1
Jul 06 16:57:35.807096 np0000004643 nova-scheduler[93169]: DEBUG oslo_db.sqlalchemy.engines [None req-22dfaedc-2269-4ae4-948f-4900012560f9 tempest-DeleteServersTestJSON-445053781 tempest-DeleteServersTestJSON-445053781-project-member] MySQL server mode set to STRICT_TRANS_TABLES,STRICT_ALL_TABLES,NO_ZERO_IN_DATE,NO_ZERO_DATE,ERROR_FOR_DIVISION_BY_ZERO,TRADITIONAL,NO_ENGINE_SUBSTITUTION {{(pid=93169) _check_effective_sql_mode /opt/stack/data/venv/lib/python3.12/site-packages/oslo_db/sqlalchemy/engines.py:325}}
Jul 06 16:57:35.814587 np0000004643 nova-scheduler[93169]: DEBUG dbcounter [-] [93169] Writer thread running {{(pid=93169) stat_writer /opt/stack/data/venv/lib/python3.12/site-packages/dbcounter.py:102}}
Jul 06 16:57:35.898123 np0000004643 nova-scheduler[93169]: DEBUG dbcounter [-] [93169] Writer thread running {{(pid=93169) stat_writer /opt/stack/data/venv/lib/python3.12/site-packages/dbcounter.py:102}}
Jul 06 16:57:35.905375 np0000004643 nova-scheduler[93169]: DEBUG oslo_concurrency.lockutils [None req-22dfaedc-2269-4ae4-948f-4900012560f9 tempest-DeleteServersTestJSON-445053781 tempest-DeleteServersTestJSON-445053781-project-member] Acquiring lock "0135bebf-f600-4d51-93e8-89afcf569e94" by "nova.context.set_target_cell..get_or_set_cached_cell_and_set_connections" {{(pid=93169) inner /opt/stack/data/venv/lib/python3.12/site-packages/oslo_concurrency/lockutils.py:511}}
Jul 06 16:57:35.905547 np0000004643 nova-scheduler[93169]: DEBUG oslo_concurrency.lockutils [None req-22dfaedc-2269-4ae4-948f-4900012560f9 tempest-DeleteServersTestJSON-445053781 tempest-DeleteServersTestJSON-445053781-project-member] Lock "0135bebf-f600-4d51-93e8-89afcf569e94" acquired by "nova.context.set_target_cell..get_or_set_cached_cell_and_set_connections" :: waited 0.000s {{(pid=93169) inner /opt/stack/data/venv/lib/python3.12/site-packages/oslo_concurrency/lockutils.py:524}}
Jul 06 16:57:35.905803 np0000004643 nova-scheduler[93169]: DEBUG oslo_concurrency.lockutils [None req-22dfaedc-2269-4ae4-948f-4900012560f9 tempest-DeleteServersTestJSON-445053781 tempest-DeleteServersTestJSON-445053781-project-member] Lock "0135bebf-f600-4d51-93e8-89afcf569e94" "released" by "nova.context.set_target_cell..get_or_set_cached_cell_and_set_connections" :: held 0.000s {{(pid=93169) inner /opt/stack/data/venv/lib/python3.12/site-packages/oslo_concurrency/lockutils.py:543}}
Jul 06 16:57:35.907993 np0000004643 nova-scheduler[93171]: DEBUG nova.scheduler.manager [None req-734f04fe-632e-48fa-80db-fc75711f8e71 tempest-ServerBootFromVolumeStableRescueTest-746181704 tempest-ServerBootFromVolumeStableRescueTest-746181704-project-member] [instance: 8682acae-015a-4819-8fb1-cbffb112e00c] Selected host: (np0000004643, np0000004643) ram: 62765MB disk: 74752MB io_ops: 0 instances: 0, allocation_candidates: 1 {{(pid=93171) _consume_selected_host /opt/stack/nova/nova/scheduler/manager.py:624}}
Jul 06 16:57:35.908227 np0000004643 nova-scheduler[93171]: DEBUG oslo_concurrency.lockutils [None req-734f04fe-632e-48fa-80db-fc75711f8e71 tempest-ServerBootFromVolumeStableRescueTest-746181704 tempest-ServerBootFromVolumeStableRescueTest-746181704-project-member] Acquiring lock "np0000004643-np0000004643" by "nova.scheduler.host_manager.HostState.consume_from_request.._locked" {{(pid=93171) inner /opt/stack/data/venv/lib/python3.12/site-packages/oslo_concurrency/lockutils.py:511}}
Jul 06 16:57:35.908355 np0000004643 nova-scheduler[93171]: DEBUG oslo_concurrency.lockutils [None req-734f04fe-632e-48fa-80db-fc75711f8e71 tempest-ServerBootFromVolumeStableRescueTest-746181704 tempest-ServerBootFromVolumeStableRescueTest-746181704-project-member] Lock "np0000004643-np0000004643" acquired by "nova.scheduler.host_manager.HostState.consume_from_request.._locked" :: waited 0.000s {{(pid=93171) inner /opt/stack/data/venv/lib/python3.12/site-packages/oslo_concurrency/lockutils.py:524}}
Jul 06 16:57:35.908529 np0000004643 nova-scheduler[93171]: DEBUG oslo_concurrency.lockutils [None req-734f04fe-632e-48fa-80db-fc75711f8e71 tempest-ServerBootFromVolumeStableRescueTest-746181704 tempest-ServerBootFromVolumeStableRescueTest-746181704-project-member] Lock "np0000004643-np0000004643" "released" by "nova.scheduler.host_manager.HostState.consume_from_request.._locked" :: held 0.000s {{(pid=93171) inner /opt/stack/data/venv/lib/python3.12/site-packages/oslo_concurrency/lockutils.py:543}}
