Jul 23 07:57:07.249315 np0000005735 devstack@g-api.service[99769]: DEBUG glance.api.middleware.version_negotiation [None req-5d4597e7-9390-4139-89c8-3c248a0dc0f6 tempest-ServerBootFromVolumeStableRescueTest-1871876177 tempest-ServerBootFromVolumeStableRescueTest-1871876177-project-member] Determining version of request: GET /v2/images/2625b5ab-5ebe-4e5e-b2ae-0d790f26b3b8 Accept: */* {{(pid=99769) process_request /opt/stack/glance/glance/api/middleware/version_negotiation.py:44}}
Jul 23 07:57:07.249810 np0000005735 devstack@g-api.service[99769]: DEBUG glance.api.middleware.version_negotiation [None req-5d4597e7-9390-4139-89c8-3c248a0dc0f6 tempest-ServerBootFromVolumeStableRescueTest-1871876177 tempest-ServerBootFromVolumeStableRescueTest-1871876177-project-member] Using url versioning {{(pid=99769) process_request /opt/stack/glance/glance/api/middleware/version_negotiation.py:57}}
Jul 23 07:57:07.249911 np0000005735 devstack@g-api.service[99769]: DEBUG glance.api.middleware.version_negotiation [None req-5d4597e7-9390-4139-89c8-3c248a0dc0f6 tempest-ServerBootFromVolumeStableRescueTest-1871876177 tempest-ServerBootFromVolumeStableRescueTest-1871876177-project-member] Matched version: v2 {{(pid=99769) process_request /opt/stack/glance/glance/api/middleware/version_negotiation.py:69}}
Jul 23 07:57:07.250053 np0000005735 devstack@g-api.service[99769]: DEBUG glance.api.middleware.version_negotiation [None req-5d4597e7-9390-4139-89c8-3c248a0dc0f6 tempest-ServerBootFromVolumeStableRescueTest-1871876177 tempest-ServerBootFromVolumeStableRescueTest-1871876177-project-member] new path /v2/images/2625b5ab-5ebe-4e5e-b2ae-0d790f26b3b8 {{(pid=99769) process_request /opt/stack/glance/glance/api/middleware/version_negotiation.py:70}}
Jul 23 07:57:07.268036 np0000005735 devstack@g-api.service[99771]: DEBUG glance.api.middleware.version_negotiation [None req-0dac81b8-d279-4028-9692-d8275db8bb71 tempest-ServerActionsTestOtherA-1028422651 tempest-ServerActionsTestOtherA-1028422651-project-member] Determining version of request: GET /v2/images/40d10e4e-6f00-4e2a-a17f-56205ed89eb8 Accept: */* {{(pid=99771) process_request /opt/stack/glance/glance/api/middleware/version_negotiation.py:44}}
Jul 23 07:57:07.269165 np0000005735 devstack@g-api.service[99769]: [pid: 99769|app: 0|req: 129/375] 127.0.0.1 () {44 vars in 1115 bytes} [Thu Jul 23 07:57:07 2026] GET /v2/images/2625b5ab-5ebe-4e5e-b2ae-0d790f26b3b8 => generated 1044 bytes in 19 msecs (HTTP/1.1 200) 4 headers in 158 bytes (1 switches on core 0)
Jul 23 07:57:07.269306 np0000005735 devstack@g-api.service[99771]: DEBUG glance.api.middleware.version_negotiation [None req-0dac81b8-d279-4028-9692-d8275db8bb71 tempest-ServerActionsTestOtherA-1028422651 tempest-ServerActionsTestOtherA-1028422651-project-member] Using url versioning {{(pid=99771) process_request /opt/stack/glance/glance/api/middleware/version_negotiation.py:57}}
Jul 23 07:57:07.269306 np0000005735 devstack@g-api.service[99771]: DEBUG glance.api.middleware.version_negotiation [None req-0dac81b8-d279-4028-9692-d8275db8bb71 tempest-ServerActionsTestOtherA-1028422651 tempest-ServerActionsTestOtherA-1028422651-project-member] Matched version: v2 {{(pid=99771) process_request /opt/stack/glance/glance/api/middleware/version_negotiation.py:69}}
Jul 23 07:57:07.269306 np0000005735 devstack@g-api.service[99771]: DEBUG glance.api.middleware.version_negotiation [None req-0dac81b8-d279-4028-9692-d8275db8bb71 tempest-ServerActionsTestOtherA-1028422651 tempest-ServerActionsTestOtherA-1028422651-project-member] new path /v2/images/40d10e4e-6f00-4e2a-a17f-56205ed89eb8 {{(pid=99771) process_request /opt/stack/glance/glance/api/middleware/version_negotiation.py:70}}
Jul 23 07:57:07.281613 np0000005735 devstack@g-api.service[99771]: [pid: 99771|app: 0|req: 124/376] 127.0.0.1 () {44 vars in 1115 bytes} [Thu Jul 23 07:57:07 2026] GET /v2/images/40d10e4e-6f00-4e2a-a17f-56205ed89eb8 => generated 1359 bytes in 14 msecs (HTTP/1.1 200) 4 headers in 158 bytes (1 switches on core 0)
Jul 23 07:57:07.314637 np0000005735 devstack@g-api.service[99770]: DEBUG glance.api.middleware.version_negotiation [None req-0dac81b8-d279-4028-9692-d8275db8bb71 tempest-ServerActionsTestOtherA-1028422651 tempest-ServerActionsTestOtherA-1028422651-project-member] Determining version of request: GET /v2/schemas/image Accept: */* {{(pid=99770) process_request /opt/stack/glance/glance/api/middleware/version_negotiation.py:44}}
Jul 23 07:57:07.314878 np0000005735 devstack@g-api.service[99770]: DEBUG glance.api.middleware.version_negotiation [None req-0dac81b8-d279-4028-9692-d8275db8bb71 tempest-ServerActionsTestOtherA-1028422651 tempest-ServerActionsTestOtherA-1028422651-project-member] Using url versioning {{(pid=99770) process_request /opt/stack/glance/glance/api/middleware/version_negotiation.py:57}}
Jul 23 07:57:07.315018 np0000005735 devstack@g-api.service[99770]: DEBUG glance.api.middleware.version_negotiation [None req-0dac81b8-d279-4028-9692-d8275db8bb71 tempest-ServerActionsTestOtherA-1028422651 tempest-ServerActionsTestOtherA-1028422651-project-member] Matched version: v2 {{(pid=99770) process_request /opt/stack/glance/glance/api/middleware/version_negotiation.py:69}}
Jul 23 07:57:07.315127 np0000005735 devstack@g-api.service[99770]: DEBUG glance.api.middleware.version_negotiation [None req-0dac81b8-d279-4028-9692-d8275db8bb71 tempest-ServerActionsTestOtherA-1028422651 tempest-ServerActionsTestOtherA-1028422651-project-member] new path /v2/schemas/image {{(pid=99770) process_request /opt/stack/glance/glance/api/middleware/version_negotiation.py:70}}
Jul 23 07:57:07.317886 np0000005735 devstack@g-api.service[99770]: [pid: 99770|app: 0|req: 124/377] 127.0.0.1 () {44 vars in 1055 bytes} [Thu Jul 23 07:57:07 2026] GET /v2/schemas/image => generated 6083 bytes in 4 msecs (HTTP/1.1 200) 4 headers in 158 bytes (1 switches on core 0)
Jul 23 07:57:07.411891 np0000005735 devstack@g-api.service[99769]: DEBUG glance.api.middleware.version_negotiation [None req-0dac81b8-d279-4028-9692-d8275db8bb71 tempest-ServerActionsTestOtherA-1028422651 tempest-ServerActionsTestOtherA-1028422651-project-member] Determining version of request: GET /v2/schemas/image Accept: */* {{(pid=99769) process_request /opt/stack/glance/glance/api/middleware/version_negotiation.py:44}}
Jul 23 07:57:07.412338 np0000005735 devstack@g-api.service[99769]: DEBUG glance.api.middleware.version_negotiation [None req-0dac81b8-d279-4028-9692-d8275db8bb71 tempest-ServerActionsTestOtherA-1028422651 tempest-ServerActionsTestOtherA-1028422651-project-member] Using url versioning {{(pid=99769) process_request /opt/stack/glance/glance/api/middleware/version_negotiation.py:57}}
Jul 23 07:57:07.412338 np0000005735 devstack@g-api.service[99769]: DEBUG glance.api.middleware.version_negotiation [None req-0dac81b8-d279-4028-9692-d8275db8bb71 tempest-ServerActionsTestOtherA-1028422651 tempest-ServerActionsTestOtherA-1028422651-project-member] Matched version: v2 {{(pid=99769) process_request /opt/stack/glance/glance/api/middleware/version_negotiation.py:69}}
Jul 23 07:57:07.412506 np0000005735 devstack@g-api.service[99769]: DEBUG glance.api.middleware.version_negotiation [None req-0dac81b8-d279-4028-9692-d8275db8bb71 tempest-ServerActionsTestOtherA-1028422651 tempest-ServerActionsTestOtherA-1028422651-project-member] new path /v2/schemas/image {{(pid=99769) process_request /opt/stack/glance/glance/api/middleware/version_negotiation.py:70}}
Jul 23 07:57:07.421995 np0000005735 devstack@g-api.service[99769]: [pid: 99769|app: 0|req: 130/378] 127.0.0.1 () {44 vars in 1055 bytes} [Thu Jul 23 07:57:07 2026] GET /v2/schemas/image => generated 6083 bytes in 10 msecs (HTTP/1.1 200) 4 headers in 158 bytes (1 switches on core 0)
Jul 23 07:57:07.484577 np0000005735 devstack@g-api.service[99771]: DEBUG glance.api.middleware.version_negotiation [None req-ddc5a79c-8d3c-4ffc-9dc1-7626668f60dc tempest-ServerBootFromVolumeStableRescueTest-1871876177 tempest-ServerBootFromVolumeStableRescueTest-1871876177-project-member] Determining version of request: GET /v2/schemas/image Accept: */* {{(pid=99771) process_request /opt/stack/glance/glance/api/middleware/version_negotiation.py:44}}
Jul 23 07:57:07.484837 np0000005735 devstack@g-api.service[99771]: DEBUG glance.api.middleware.version_negotiation [None req-ddc5a79c-8d3c-4ffc-9dc1-7626668f60dc tempest-ServerBootFromVolumeStableRescueTest-1871876177 tempest-ServerBootFromVolumeStableRescueTest-1871876177-project-member] Using url versioning {{(pid=99771) process_request /opt/stack/glance/glance/api/middleware/version_negotiation.py:57}}
Jul 23 07:57:07.485258 np0000005735 devstack@g-api.service[99771]: DEBUG glance.api.middleware.version_negotiation [None req-ddc5a79c-8d3c-4ffc-9dc1-7626668f60dc tempest-ServerBootFromVolumeStableRescueTest-1871876177 tempest-ServerBootFromVolumeStableRescueTest-1871876177-project-member] Matched version: v2 {{(pid=99771) process_request /opt/stack/glance/glance/api/middleware/version_negotiation.py:69}}
Jul 23 07:57:07.485258 np0000005735 devstack@g-api.service[99771]: DEBUG glance.api.middleware.version_negotiation [None req-ddc5a79c-8d3c-4ffc-9dc1-7626668f60dc tempest-ServerBootFromVolumeStableRescueTest-1871876177 tempest-ServerBootFromVolumeStableRescueTest-1871876177-project-member] new path /v2/schemas/image {{(pid=99771) process_request /opt/stack/glance/glance/api/middleware/version_negotiation.py:70}}
Jul 23 07:57:07.489666 np0000005735 devstack@g-api.service[99771]: [pid: 99771|app: 0|req: 125/379] 127.0.0.1 () {44 vars in 1055 bytes} [Thu Jul 23 07:57:07 2026] GET /v2/schemas/image => generated 6083 bytes in 5 msecs (HTTP/1.1 200) 4 headers in 158 bytes (1 switches on core 0)
Jul 23 07:57:07.559359 np0000005735 devstack@g-api.service[99770]: DEBUG glance.api.middleware.version_negotiation [None req-0dac81b8-d279-4028-9692-d8275db8bb71 tempest-ServerActionsTestOtherA-1028422651 tempest-ServerActionsTestOtherA-1028422651-project-member] Determining version of request: PATCH /v2/images/40d10e4e-6f00-4e2a-a17f-56205ed89eb8 Accept: */* {{(pid=99770) process_request /opt/stack/glance/glance/api/middleware/version_negotiation.py:44}}
Jul 23 07:57:07.559761 np0000005735 devstack@g-api.service[99770]: DEBUG glance.api.middleware.version_negotiation [None req-0dac81b8-d279-4028-9692-d8275db8bb71 tempest-ServerActionsTestOtherA-1028422651 tempest-ServerActionsTestOtherA-1028422651-project-member] Using url versioning {{(pid=99770) process_request /opt/stack/glance/glance/api/middleware/version_negotiation.py:57}}
Jul 23 07:57:07.559843 np0000005735 devstack@g-api.service[99770]: DEBUG glance.api.middleware.version_negotiation [None req-0dac81b8-d279-4028-9692-d8275db8bb71 tempest-ServerActionsTestOtherA-1028422651 tempest-ServerActionsTestOtherA-1028422651-project-member] Matched version: v2 {{(pid=99770) process_request /opt/stack/glance/glance/api/middleware/version_negotiation.py:69}}
Jul 23 07:57:07.559965 np0000005735 devstack@g-api.service[99770]: DEBUG glance.api.middleware.version_negotiation [None req-0dac81b8-d279-4028-9692-d8275db8bb71 tempest-ServerActionsTestOtherA-1028422651 tempest-ServerActionsTestOtherA-1028422651-project-member] new path /v2/images/40d10e4e-6f00-4e2a-a17f-56205ed89eb8 {{(pid=99770) process_request /opt/stack/glance/glance/api/middleware/version_negotiation.py:70}}
Jul 23 07:57:07.796186 np0000005735 devstack@g-api.service[99770]: [pid: 99770|app: 0|req: 125/380] 127.0.0.1 () {46 vars in 1158 bytes} [Thu Jul 23 07:57:07 2026] PATCH /v2/images/40d10e4e-6f00-4e2a-a17f-56205ed89eb8 => generated 1470 bytes in 237 msecs (HTTP/1.1 200) 4 headers in 158 bytes (1 switches on core 0)
Jul 23 07:57:07.825763 np0000005735 devstack@g-api.service[99769]: DEBUG glance.api.middleware.version_negotiation [None req-ddc5a79c-8d3c-4ffc-9dc1-7626668f60dc tempest-ServerBootFromVolumeStableRescueTest-1871876177 tempest-ServerBootFromVolumeStableRescueTest-1871876177-project-member] Determining version of request: GET /v2/images/40d10e4e-6f00-4e2a-a17f-56205ed89eb8 Accept: */* {{(pid=99769) process_request /opt/stack/glance/glance/api/middleware/version_negotiation.py:44}}
Jul 23 07:57:07.826068 np0000005735 devstack@g-api.service[99769]: DEBUG glance.api.middleware.version_negotiation [None req-ddc5a79c-8d3c-4ffc-9dc1-7626668f60dc tempest-ServerBootFromVolumeStableRescueTest-1871876177 tempest-ServerBootFromVolumeStableRescueTest-1871876177-project-member] Using url versioning {{(pid=99769) process_request /opt/stack/glance/glance/api/middleware/version_negotiation.py:57}}
Jul 23 07:57:07.826226 np0000005735 devstack@g-api.service[99769]: DEBUG glance.api.middleware.version_negotiation [None req-ddc5a79c-8d3c-4ffc-9dc1-7626668f60dc tempest-ServerBootFromVolumeStableRescueTest-1871876177 tempest-ServerBootFromVolumeStableRescueTest-1871876177-project-member] Matched version: v2 {{(pid=99769) process_request /opt/stack/glance/glance/api/middleware/version_negotiation.py:69}}
Jul 23 07:57:07.827991 np0000005735 devstack@g-api.service[99769]: DEBUG glance.api.middleware.version_negotiation [None req-ddc5a79c-8d3c-4ffc-9dc1-7626668f60dc tempest-ServerBootFromVolumeStableRescueTest-1871876177 tempest-ServerBootFromVolumeStableRescueTest-1871876177-project-member] new path /v2/images/40d10e4e-6f00-4e2a-a17f-56205ed89eb8 {{(pid=99769) process_request /opt/stack/glance/glance/api/middleware/version_negotiation.py:70}}
Jul 23 07:57:07.843223 np0000005735 devstack@g-api.service[99769]: [pid: 99769|app: 0|req: 131/381] 127.0.0.1 () {44 vars in 1115 bytes} [Thu Jul 23 07:57:07 2026] GET /v2/images/40d10e4e-6f00-4e2a-a17f-56205ed89eb8 => generated 1470 bytes in 19 msecs (HTTP/1.1 200) 4 headers in 158 bytes (1 switches on core 0)
Jul 23 07:57:07.890934 np0000005735 devstack@g-api.service[99771]: DEBUG glance.api.middleware.version_negotiation [None req-ddc5a79c-8d3c-4ffc-9dc1-7626668f60dc tempest-ServerBootFromVolumeStableRescueTest-1871876177 tempest-ServerBootFromVolumeStableRescueTest-1871876177-project-member] Determining version of request: PUT /v2/images/40d10e4e-6f00-4e2a-a17f-56205ed89eb8/file Accept: */* {{(pid=99771) process_request /opt/stack/glance/glance/api/middleware/version_negotiation.py:44}}
Jul 23 07:57:07.890934 np0000005735 devstack@g-api.service[99771]: DEBUG glance.api.middleware.version_negotiation [None req-ddc5a79c-8d3c-4ffc-9dc1-7626668f60dc tempest-ServerBootFromVolumeStableRescueTest-1871876177 tempest-ServerBootFromVolumeStableRescueTest-1871876177-project-member] Using url versioning {{(pid=99771) process_request /opt/stack/glance/glance/api/middleware/version_negotiation.py:57}}
Jul 23 07:57:07.890934 np0000005735 devstack@g-api.service[99771]: DEBUG glance.api.middleware.version_negotiation [None req-ddc5a79c-8d3c-4ffc-9dc1-7626668f60dc tempest-ServerBootFromVolumeStableRescueTest-1871876177 tempest-ServerBootFromVolumeStableRescueTest-1871876177-project-member] Matched version: v2 {{(pid=99771) process_request /opt/stack/glance/glance/api/middleware/version_negotiation.py:69}}
Jul 23 07:57:07.890934 np0000005735 devstack@g-api.service[99771]: DEBUG glance.api.middleware.version_negotiation [None req-ddc5a79c-8d3c-4ffc-9dc1-7626668f60dc tempest-ServerBootFromVolumeStableRescueTest-1871876177 tempest-ServerBootFromVolumeStableRescueTest-1871876177-project-member] new path /v2/images/40d10e4e-6f00-4e2a-a17f-56205ed89eb8/file {{(pid=99771) process_request /opt/stack/glance/glance/api/middleware/version_negotiation.py:70}}
Jul 23 07:57:07.909776 np0000005735 devstack@g-api.service[99770]: DEBUG glance.api.middleware.version_negotiation [None req-ddc5a79c-8d3c-4ffc-9dc1-7626668f60dc tempest-ServerBootFromVolumeStableRescueTest-1871876177 tempest-ServerBootFromVolumeStableRescueTest-1871876177-project-member] Determining version of request: GET /v2/images/40d10e4e-6f00-4e2a-a17f-56205ed89eb8 Accept: application/json {{(pid=99770) process_request /opt/stack/glance/glance/api/middleware/version_negotiation.py:44}}
Jul 23 07:57:07.913092 np0000005735 devstack@g-api.service[99770]: DEBUG glance.api.middleware.version_negotiation [None req-ddc5a79c-8d3c-4ffc-9dc1-7626668f60dc tempest-ServerBootFromVolumeStableRescueTest-1871876177 tempest-ServerBootFromVolumeStableRescueTest-1871876177-project-member] Using url versioning {{(pid=99770) process_request /opt/stack/glance/glance/api/middleware/version_negotiation.py:57}}
Jul 23 07:57:07.913552 np0000005735 devstack@g-api.service[99770]: DEBUG glance.api.middleware.version_negotiation [None req-ddc5a79c-8d3c-4ffc-9dc1-7626668f60dc tempest-ServerBootFromVolumeStableRescueTest-1871876177 tempest-ServerBootFromVolumeStableRescueTest-1871876177-project-member] Matched version: v2 {{(pid=99770) process_request /opt/stack/glance/glance/api/middleware/version_negotiation.py:69}}
Jul 23 07:57:07.915185 np0000005735 devstack@g-api.service[99770]: DEBUG glance.api.middleware.version_negotiation [None req-ddc5a79c-8d3c-4ffc-9dc1-7626668f60dc tempest-ServerBootFromVolumeStableRescueTest-1871876177 tempest-ServerBootFromVolumeStableRescueTest-1871876177-project-member] new path /v2/images/40d10e4e-6f00-4e2a-a17f-56205ed89eb8 {{(pid=99770) process_request /opt/stack/glance/glance/api/middleware/version_negotiation.py:70}}
Jul 23 07:57:07.933106 np0000005735 devstack@g-api.service[99770]: [pid: 99770|app: 0|req: 126/382] 127.0.0.1 () {40 vars in 838 bytes} [Thu Jul 23 07:57:07 2026] GET /v2/images/40d10e4e-6f00-4e2a-a17f-56205ed89eb8 => generated 1470 bytes in 25 msecs (HTTP/1.1 200) 4 headers in 158 bytes (1 switches on core 0)
Jul 23 07:57:08.551718 np0000005735 devstack@g-api.service[99771]: INFO glance.api.v2.image_data [None req-ddc5a79c-8d3c-4ffc-9dc1-7626668f60dc tempest-ServerBootFromVolumeStableRescueTest-1871876177 tempest-ServerBootFromVolumeStableRescueTest-1871876177-project-member] Unable to create trust: no such option collect_timing in group [keystone_authtoken] Use the existing user token.
Jul 23 07:57:08.947913 np0000005735 devstack@g-api.service[99769]: DEBUG glance.api.middleware.version_negotiation [None req-ddc5a79c-8d3c-4ffc-9dc1-7626668f60dc tempest-ServerBootFromVolumeStableRescueTest-1871876177 tempest-ServerBootFromVolumeStableRescueTest-1871876177-project-member] Determining version of request: GET /v2/images/40d10e4e-6f00-4e2a-a17f-56205ed89eb8 Accept: application/json {{(pid=99769) process_request /opt/stack/glance/glance/api/middleware/version_negotiation.py:44}}
Jul 23 07:57:08.947913 np0000005735 devstack@g-api.service[99769]: DEBUG glance.api.middleware.version_negotiation [None req-ddc5a79c-8d3c-4ffc-9dc1-7626668f60dc tempest-ServerBootFromVolumeStableRescueTest-1871876177 tempest-ServerBootFromVolumeStableRescueTest-1871876177-project-member] Using url versioning {{(pid=99769) process_request /opt/stack/glance/glance/api/middleware/version_negotiation.py:57}}
Jul 23 07:57:08.947913 np0000005735 devstack@g-api.service[99769]: DEBUG glance.api.middleware.version_negotiation [None req-ddc5a79c-8d3c-4ffc-9dc1-7626668f60dc tempest-ServerBootFromVolumeStableRescueTest-1871876177 tempest-ServerBootFromVolumeStableRescueTest-1871876177-project-member] Matched version: v2 {{(pid=99769) process_request /opt/stack/glance/glance/api/middleware/version_negotiation.py:69}}
Jul 23 07:57:08.947913 np0000005735 devstack@g-api.service[99769]: DEBUG glance.api.middleware.version_negotiation [None req-ddc5a79c-8d3c-4ffc-9dc1-7626668f60dc tempest-ServerBootFromVolumeStableRescueTest-1871876177 tempest-ServerBootFromVolumeStableRescueTest-1871876177-project-member] new path /v2/images/40d10e4e-6f00-4e2a-a17f-56205ed89eb8 {{(pid=99769) process_request /opt/stack/glance/glance/api/middleware/version_negotiation.py:70}}
Jul 23 07:57:08.969086 np0000005735 devstack@g-api.service[99769]: [pid: 99769|app: 0|req: 132/383] 127.0.0.1 () {40 vars in 838 bytes} [Thu Jul 23 07:57:08 2026] GET /v2/images/40d10e4e-6f00-4e2a-a17f-56205ed89eb8 => generated 1470 bytes in 19 msecs (HTTP/1.1 200) 4 headers in 158 bytes (1 switches on core 0)
Jul 23 07:57:09.165538 np0000005735 devstack@g-api.service[99771]: DEBUG glance.location [None req-ddc5a79c-8d3c-4ffc-9dc1-7626668f60dc tempest-ServerBootFromVolumeStableRescueTest-1871876177 tempest-ServerBootFromVolumeStableRescueTest-1871876177-project-member] Enabling in-flight format inspection for qcow2 {{(pid=99771) set_data /opt/stack/glance/glance/location.py:596}}
Jul 23 07:57:09.166296 np0000005735 devstack@g-api.service[99771]: DEBUG glance_store.backend [None req-ddc5a79c-8d3c-4ffc-9dc1-7626668f60dc tempest-ServerBootFromVolumeStableRescueTest-1871876177 tempest-ServerBootFromVolumeStableRescueTest-1871876177-project-member] Attempting to import store swift {{(pid=99771) _load_store /opt/stack/data/venv/lib/python3.12/site-packages/glance_store/backend.py:215}}
Jul 23 07:57:09.168639 np0000005735 devstack@g-api.service[99771]: DEBUG glance_store.capabilities [None req-ddc5a79c-8d3c-4ffc-9dc1-7626668f60dc tempest-ServerBootFromVolumeStableRescueTest-1871876177 tempest-ServerBootFromVolumeStableRescueTest-1871876177-project-member] Store glance_store._drivers.swift.store.SingleTenantStore doesn't support updating dynamic storage capabilities. Please overwrite 'update_capabilities' method of the store to implement updating logics if needed. {{(pid=99771) update_capabilities /opt/stack/data/venv/lib/python3.12/site-packages/glance_store/capabilities.py:91}}
Jul 23 07:57:09.168639 np0000005735 devstack@g-api.service[99771]: DEBUG glance_store.driver [None req-ddc5a79c-8d3c-4ffc-9dc1-7626668f60dc tempest-ServerBootFromVolumeStableRescueTest-1871876177 tempest-ServerBootFromVolumeStableRescueTest-1871876177-project-member] Late loading location class glance_store._drivers.swift.store.StoreLocation {{(pid=99771) get_store_location_class /opt/stack/data/venv/lib/python3.12/site-packages/glance_store/driver.py:134}}
Jul 23 07:57:09.168639 np0000005735 devstack@g-api.service[99771]: DEBUG glance_store.location [None req-ddc5a79c-8d3c-4ffc-9dc1-7626668f60dc tempest-ServerBootFromVolumeStableRescueTest-1871876177 tempest-ServerBootFromVolumeStableRescueTest-1871876177-project-member] Registering scheme swift+https with {'store': , 'location_class': , 'store_entry': 'swift'} {{(pid=99771) register_scheme_map /opt/stack/data/venv/lib/python3.12/site-packages/glance_store/location.py:146}}
Jul 23 07:57:09.168639 np0000005735 devstack@g-api.service[99771]: DEBUG glance_store.location [None req-ddc5a79c-8d3c-4ffc-9dc1-7626668f60dc tempest-ServerBootFromVolumeStableRescueTest-1871876177 tempest-ServerBootFromVolumeStableRescueTest-1871876177-project-member] Registering scheme swift+https with {'store': , 'location_class': , 'store_entry': 'swift'} {{(pid=99771) register_scheme_map /opt/stack/data/venv/lib/python3.12/site-packages/glance_store/location.py:146}}
Jul 23 07:57:09.168639 np0000005735 devstack@g-api.service[99771]: DEBUG glance_store.location [None req-ddc5a79c-8d3c-4ffc-9dc1-7626668f60dc tempest-ServerBootFromVolumeStableRescueTest-1871876177 tempest-ServerBootFromVolumeStableRescueTest-1871876177-project-member] Registering scheme swift with {'store': , 'location_class': , 'store_entry': 'swift'} {{(pid=99771) register_scheme_map /opt/stack/data/venv/lib/python3.12/site-packages/glance_store/location.py:146}}
Jul 23 07:57:09.168639 np0000005735 devstack@g-api.service[99771]: DEBUG glance_store.location [None req-ddc5a79c-8d3c-4ffc-9dc1-7626668f60dc tempest-ServerBootFromVolumeStableRescueTest-1871876177 tempest-ServerBootFromVolumeStableRescueTest-1871876177-project-member] Registering scheme swift+https with {'store': , 'location_class': , 'store_entry': 'swift'} {{(pid=99771) register_scheme_map /opt/stack/data/venv/lib/python3.12/site-packages/glance_store/location.py:146}}
Jul 23 07:57:09.168639 np0000005735 devstack@g-api.service[99771]: DEBUG glance_store.location [None req-ddc5a79c-8d3c-4ffc-9dc1-7626668f60dc tempest-ServerBootFromVolumeStableRescueTest-1871876177 tempest-ServerBootFromVolumeStableRescueTest-1871876177-project-member] Registering scheme swift with {'store': , 'location_class': , 'store_entry': 'swift'} {{(pid=99771) register_scheme_map /opt/stack/data/venv/lib/python3.12/site-packages/glance_store/location.py:146}}
Jul 23 07:57:09.168639 np0000005735 devstack@g-api.service[99771]: DEBUG glance_store.location [None req-ddc5a79c-8d3c-4ffc-9dc1-7626668f60dc tempest-ServerBootFromVolumeStableRescueTest-1871876177 tempest-ServerBootFromVolumeStableRescueTest-1871876177-project-member] Registering scheme swift+http with {'store': , 'location_class': , 'store_entry': 'swift'} {{(pid=99771) register_scheme_map /opt/stack/data/venv/lib/python3.12/site-packages/glance_store/location.py:146}}
Jul 23 07:57:09.168639 np0000005735 devstack@g-api.service[99771]: DEBUG glance_store.location [None req-ddc5a79c-8d3c-4ffc-9dc1-7626668f60dc tempest-ServerBootFromVolumeStableRescueTest-1871876177 tempest-ServerBootFromVolumeStableRescueTest-1871876177-project-member] Registering scheme swift+https with {'store': , 'location_class': , 'store_entry': 'swift'} {{(pid=99771) register_scheme_map /opt/stack/data/venv/lib/python3.12/site-packages/glance_store/location.py:146}}
Jul 23 07:57:09.169375 np0000005735 devstack@g-api.service[99771]: DEBUG glance_store.location [None req-ddc5a79c-8d3c-4ffc-9dc1-7626668f60dc tempest-ServerBootFromVolumeStableRescueTest-1871876177 tempest-ServerBootFromVolumeStableRescueTest-1871876177-project-member] Registering scheme swift with {'store': , 'location_class': , 'store_entry': 'swift'} {{(pid=99771) register_scheme_map /opt/stack/data/venv/lib/python3.12/site-packages/glance_store/location.py:146}}
Jul 23 07:57:09.169375 np0000005735 devstack@g-api.service[99771]: DEBUG glance_store.location [None req-ddc5a79c-8d3c-4ffc-9dc1-7626668f60dc tempest-ServerBootFromVolumeStableRescueTest-1871876177 tempest-ServerBootFromVolumeStableRescueTest-1871876177-project-member] Registering scheme swift+http with {'store': , 'location_class': , 'store_entry': 'swift'} {{(pid=99771) register_scheme_map /opt/stack/data/venv/lib/python3.12/site-packages/glance_store/location.py:146}}
Jul 23 07:57:09.169375 np0000005735 devstack@g-api.service[99771]: DEBUG glance_store.location [None req-ddc5a79c-8d3c-4ffc-9dc1-7626668f60dc tempest-ServerBootFromVolumeStableRescueTest-1871876177 tempest-ServerBootFromVolumeStableRescueTest-1871876177-project-member] Registering scheme swift+config with {'store': , 'location_class': , 'store_entry': 'swift'} {{(pid=99771) register_scheme_map /opt/stack/data/venv/lib/python3.12/site-packages/glance_store/location.py:146}}
Jul 23 07:57:09.201381 np0000005735 devstack@g-api.service[99770]: DEBUG glance.api.middleware.version_negotiation [None req-758ce5da-4a72-42ad-aef9-de7992b1fde9 tempest-ServerBootFromVolumeStableRescueTest-1871876177 tempest-ServerBootFromVolumeStableRescueTest-1871876177-project-member] Determining version of request: GET /v2/images/2625b5ab-5ebe-4e5e-b2ae-0d790f26b3b8 Accept: */* {{(pid=99770) process_request /opt/stack/glance/glance/api/middleware/version_negotiation.py:44}}
Jul 23 07:57:09.201964 np0000005735 devstack@g-api.service[99770]: DEBUG glance.api.middleware.version_negotiation [None req-758ce5da-4a72-42ad-aef9-de7992b1fde9 tempest-ServerBootFromVolumeStableRescueTest-1871876177 tempest-ServerBootFromVolumeStableRescueTest-1871876177-project-member] Using url versioning {{(pid=99770) process_request /opt/stack/glance/glance/api/middleware/version_negotiation.py:57}}
Jul 23 07:57:09.201964 np0000005735 devstack@g-api.service[99770]: DEBUG glance.api.middleware.version_negotiation [None req-758ce5da-4a72-42ad-aef9-de7992b1fde9 tempest-ServerBootFromVolumeStableRescueTest-1871876177 tempest-ServerBootFromVolumeStableRescueTest-1871876177-project-member] Matched version: v2 {{(pid=99770) process_request /opt/stack/glance/glance/api/middleware/version_negotiation.py:69}}
Jul 23 07:57:09.201964 np0000005735 devstack@g-api.service[99770]: DEBUG glance.api.middleware.version_negotiation [None req-758ce5da-4a72-42ad-aef9-de7992b1fde9 tempest-ServerBootFromVolumeStableRescueTest-1871876177 tempest-ServerBootFromVolumeStableRescueTest-1871876177-project-member] new path /v2/images/2625b5ab-5ebe-4e5e-b2ae-0d790f26b3b8 {{(pid=99770) process_request /opt/stack/glance/glance/api/middleware/version_negotiation.py:70}}
Jul 23 07:57:09.221613 np0000005735 devstack@g-api.service[99770]: [pid: 99770|app: 0|req: 127/384] 127.0.0.1 () {44 vars in 1115 bytes} [Thu Jul 23 07:57:09 2026] GET /v2/images/2625b5ab-5ebe-4e5e-b2ae-0d790f26b3b8 => generated 1044 bytes in 20 msecs (HTTP/1.1 200) 4 headers in 158 bytes (1 switches on core 0)
Jul 23 07:57:09.270169 np0000005735 devstack@g-api.service[99769]: DEBUG glance.api.middleware.version_negotiation [None req-b5f4247b-7e75-42f8-bf0e-4f36e5936a63 tempest-ServerBootFromVolumeStableRescueTest-1871876177 tempest-ServerBootFromVolumeStableRescueTest-1871876177-project-member] Determining version of request: GET /v2/images/2625b5ab-5ebe-4e5e-b2ae-0d790f26b3b8/file Accept: */* {{(pid=99769) process_request /opt/stack/glance/glance/api/middleware/version_negotiation.py:44}}
Jul 23 07:57:09.272003 np0000005735 devstack@g-api.service[99769]: DEBUG glance.api.middleware.version_negotiation [None req-b5f4247b-7e75-42f8-bf0e-4f36e5936a63 tempest-ServerBootFromVolumeStableRescueTest-1871876177 tempest-ServerBootFromVolumeStableRescueTest-1871876177-project-member] Using url versioning {{(pid=99769) process_request /opt/stack/glance/glance/api/middleware/version_negotiation.py:57}}
Jul 23 07:57:09.272640 np0000005735 devstack@g-api.service[99769]: DEBUG glance.api.middleware.version_negotiation [None req-b5f4247b-7e75-42f8-bf0e-4f36e5936a63 tempest-ServerBootFromVolumeStableRescueTest-1871876177 tempest-ServerBootFromVolumeStableRescueTest-1871876177-project-member] Matched version: v2 {{(pid=99769) process_request /opt/stack/glance/glance/api/middleware/version_negotiation.py:69}}
Jul 23 07:57:09.275315 np0000005735 devstack@g-api.service[99769]: DEBUG glance.api.middleware.version_negotiation [None req-b5f4247b-7e75-42f8-bf0e-4f36e5936a63 tempest-ServerBootFromVolumeStableRescueTest-1871876177 tempest-ServerBootFromVolumeStableRescueTest-1871876177-project-member] new path /v2/images/2625b5ab-5ebe-4e5e-b2ae-0d790f26b3b8/file {{(pid=99769) process_request /opt/stack/glance/glance/api/middleware/version_negotiation.py:70}}
Jul 23 07:57:09.294642 np0000005735 devstack@g-api.service[99769]: DEBUG glance.api.middleware.cache [None req-0dac81b8-d279-4028-9692-d8275db8bb71 tempest-ServerActionsTestOtherA-1028422651 tempest-ServerActionsTestOtherA-1028422651-project-member] Cache hit for image '2625b5ab-5ebe-4e5e-b2ae-0d790f26b3b8' {{(pid=99769) process_request /opt/stack/glance/glance/api/middleware/cache.py:160}}
Jul 23 07:57:09.327728 np0000005735 devstack@g-api.service[99771]: DEBUG swiftclient [None req-ddc5a79c-8d3c-4ffc-9dc1-7626668f60dc tempest-ServerBootFromVolumeStableRescueTest-1871876177 tempest-ServerBootFromVolumeStableRescueTest-1871876177-project-member] REQ: curl -i https://10.4.3.246:8080/v1/AUTH_fa2e5a214e534c39a0c923c5cfe087a5/glance -I -H "X-Auth-Token: gAAAAABqYclV7Z85..." {{(pid=99771) http_log /opt/stack/data/venv/lib/python3.12/site-packages/swiftclient/client.py:160}}
Jul 23 07:57:09.327889 np0000005735 devstack@g-api.service[99771]: DEBUG swiftclient [None req-ddc5a79c-8d3c-4ffc-9dc1-7626668f60dc tempest-ServerBootFromVolumeStableRescueTest-1871876177 tempest-ServerBootFromVolumeStableRescueTest-1871876177-project-member] RESP STATUS: 204 No Content {{(pid=99771) http_log /opt/stack/data/venv/lib/python3.12/site-packages/swiftclient/client.py:161}}
Jul 23 07:57:09.328032 np0000005735 devstack@g-api.service[99771]: DEBUG swiftclient [None req-ddc5a79c-8d3c-4ffc-9dc1-7626668f60dc tempest-ServerBootFromVolumeStableRescueTest-1871876177 tempest-ServerBootFromVolumeStableRescueTest-1871876177-project-member] RESP HEADERS: {'Date': 'Thu, 23 Jul 2026 07:57:09 GMT', 'Server': 'Apache/2.4.58 (Ubuntu)', 'Content-Type': 'text/plain; charset=utf-8', 'X-Container-Object-Count': '11', 'X-Container-Bytes-Used': '217186304', 'X-Timestamp': '1784793021.38075', 'Last-Modified': 'Thu, 23 Jul 2026 07:50:22 GMT', 'Accept-Ranges': 'bytes', 'X-Storage-Policy': 'Policy-0', 'X-Container-Sharding': 'False', 'Vary': 'Accept', 'X-Trans-Id': 'tx712f86a1703541e8b81ed-006a61c955', 'X-Openstack-Request-Id': 'tx712f86a1703541e8b81ed-006a61c955', 'Connection': 'close'} {{(pid=99771) http_log /opt/stack/data/venv/lib/python3.12/site-packages/swiftclient/client.py:162}}
Jul 23 07:57:09.328219 np0000005735 devstack@g-api.service[99771]: DEBUG glance_store._drivers.swift.store [None req-ddc5a79c-8d3c-4ffc-9dc1-7626668f60dc tempest-ServerBootFromVolumeStableRescueTest-1871876177 tempest-ServerBootFromVolumeStableRescueTest-1871876177-project-member] Adding image object '40d10e4e-6f00-4e2a-a17f-56205ed89eb8' to Swift {{(pid=99771) add /opt/stack/data/venv/lib/python3.12/site-packages/glance_store/_drivers/swift/store.py:970}}
Jul 23 07:57:09.328300 np0000005735 devstack@g-api.service[99771]: DEBUG glance_store._drivers.swift.store [None req-ddc5a79c-8d3c-4ffc-9dc1-7626668f60dc tempest-ServerBootFromVolumeStableRescueTest-1871876177 tempest-ServerBootFromVolumeStableRescueTest-1871876177-project-member] Cannot determine image size because it is either not provided in the request or chunked-transfer encoding is used. Adding image as a segmented object to Swift. {{(pid=99771) add /opt/stack/data/venv/lib/python3.12/site-packages/glance_store/_drivers/swift/store.py:994}}
Jul 23 07:57:09.340719 np0000005735 devstack@g-api.service[99771]: DEBUG oslo_utils.imageutils.format_inspector [None req-ddc5a79c-8d3c-4ffc-9dc1-7626668f60dc tempest-ServerBootFromVolumeStableRescueTest-1871876177 tempest-ServerBootFromVolumeStableRescueTest-1871876177-project-member] Format inspector for vmdk does not match, excluding from consideration (Signature KDMV not found: b'QFI\xfb') {{(pid=99771) _process_chunk /opt/stack/data/venv/lib/python3.12/site-packages/oslo_utils/imageutils/format_inspector.py:1758}}
Jul 23 07:57:09.344055 np0000005735 devstack@g-api.service[99771]: DEBUG oslo_utils.imageutils.format_inspector [None req-ddc5a79c-8d3c-4ffc-9dc1-7626668f60dc tempest-ServerBootFromVolumeStableRescueTest-1871876177 tempest-ServerBootFromVolumeStableRescueTest-1871876177-project-member] Format inspector for vhdx does not match, excluding from consideration (Region signature not found at 30000) {{(pid=99771) _process_chunk /opt/stack/data/venv/lib/python3.12/site-packages/oslo_utils/imageutils/format_inspector.py:1758}}
Jul 23 07:57:09.369962 np0000005735 devstack@g-api.service[99769]: [pid: 99769|app: 0|req: 133/385] 127.0.0.1 () {44 vars in 1125 bytes} [Thu Jul 23 07:57:09 2026] GET /v2/images/2625b5ab-5ebe-4e5e-b2ae-0d790f26b3b8/file => generated 21233664 bytes in 100 msecs (HTTP/1.1 200) 5 headers in 217 bytes (327 switches on core 0)
Jul 23 07:57:09.508215 np0000005735 devstack@g-api.service[99770]: DEBUG glance.api.middleware.version_negotiation [None req-0dac81b8-d279-4028-9692-d8275db8bb71 tempest-ServerActionsTestOtherA-1028422651 tempest-ServerActionsTestOtherA-1028422651-project-member] Determining version of request: GET /v2/images/2625b5ab-5ebe-4e5e-b2ae-0d790f26b3b8 Accept: */* {{(pid=99770) process_request /opt/stack/glance/glance/api/middleware/version_negotiation.py:44}}
Jul 23 07:57:09.510503 np0000005735 devstack@g-api.service[99770]: DEBUG glance.api.middleware.version_negotiation [None req-0dac81b8-d279-4028-9692-d8275db8bb71 tempest-ServerActionsTestOtherA-1028422651 tempest-ServerActionsTestOtherA-1028422651-project-member] Using url versioning {{(pid=99770) process_request /opt/stack/glance/glance/api/middleware/version_negotiation.py:57}}
Jul 23 07:57:09.510503 np0000005735 devstack@g-api.service[99770]: DEBUG glance.api.middleware.version_negotiation [None req-0dac81b8-d279-4028-9692-d8275db8bb71 tempest-ServerActionsTestOtherA-1028422651 tempest-ServerActionsTestOtherA-1028422651-project-member] Matched version: v2 {{(pid=99770) process_request /opt/stack/glance/glance/api/middleware/version_negotiation.py:69}}
Jul 23 07:57:09.510503 np0000005735 devstack@g-api.service[99770]: DEBUG glance.api.middleware.version_negotiation [None req-0dac81b8-d279-4028-9692-d8275db8bb71 tempest-ServerActionsTestOtherA-1028422651 tempest-ServerActionsTestOtherA-1028422651-project-member] new path /v2/images/2625b5ab-5ebe-4e5e-b2ae-0d790f26b3b8 {{(pid=99770) process_request /opt/stack/glance/glance/api/middleware/version_negotiation.py:70}}
Jul 23 07:57:09.519038 np0000005735 devstack@g-api.service[99770]: [pid: 99770|app: 0|req: 128/386] 127.0.0.1 () {44 vars in 1115 bytes} [Thu Jul 23 07:57:09 2026] GET /v2/images/2625b5ab-5ebe-4e5e-b2ae-0d790f26b3b8 => generated 1044 bytes in 11 msecs (HTTP/1.1 200) 4 headers in 158 bytes (1 switches on core 0)
Jul 23 07:57:09.547745 np0000005735 devstack@g-api.service[99769]: DEBUG glance.api.middleware.version_negotiation [None req-0dac81b8-d279-4028-9692-d8275db8bb71 tempest-ServerActionsTestOtherA-1028422651 tempest-ServerActionsTestOtherA-1028422651-project-member] Determining version of request: GET /v2/schemas/image Accept: */* {{(pid=99769) process_request /opt/stack/glance/glance/api/middleware/version_negotiation.py:44}}
Jul 23 07:57:09.548588 np0000005735 devstack@g-api.service[99769]: DEBUG glance.api.middleware.version_negotiation [None req-0dac81b8-d279-4028-9692-d8275db8bb71 tempest-ServerActionsTestOtherA-1028422651 tempest-ServerActionsTestOtherA-1028422651-project-member] Using url versioning {{(pid=99769) process_request /opt/stack/glance/glance/api/middleware/version_negotiation.py:57}}
Jul 23 07:57:09.548588 np0000005735 devstack@g-api.service[99769]: DEBUG glance.api.middleware.version_negotiation [None req-0dac81b8-d279-4028-9692-d8275db8bb71 tempest-ServerActionsTestOtherA-1028422651 tempest-ServerActionsTestOtherA-1028422651-project-member] Matched version: v2 {{(pid=99769) process_request /opt/stack/glance/glance/api/middleware/version_negotiation.py:69}}
Jul 23 07:57:09.548588 np0000005735 devstack@g-api.service[99769]: DEBUG glance.api.middleware.version_negotiation [None req-0dac81b8-d279-4028-9692-d8275db8bb71 tempest-ServerActionsTestOtherA-1028422651 tempest-ServerActionsTestOtherA-1028422651-project-member] new path /v2/schemas/image {{(pid=99769) process_request /opt/stack/glance/glance/api/middleware/version_negotiation.py:70}}
Jul 23 07:57:09.551906 np0000005735 devstack@g-api.service[99769]: [pid: 99769|app: 0|req: 134/387] 127.0.0.1 () {44 vars in 1055 bytes} [Thu Jul 23 07:57:09 2026] GET /v2/schemas/image => generated 6083 bytes in 4 msecs (HTTP/1.1 200) 4 headers in 158 bytes (1 switches on core 0)
Jul 23 07:57:09.979138 np0000005735 devstack@g-api.service[99770]: DEBUG glance.api.middleware.version_negotiation [None req-0dac81b8-d279-4028-9692-d8275db8bb71 tempest-ServerActionsTestOtherA-1028422651 tempest-ServerActionsTestOtherA-1028422651-project-member] Determining version of request: GET /v2/images/40d10e4e-6f00-4e2a-a17f-56205ed89eb8 Accept: application/json {{(pid=99770) process_request /opt/stack/glance/glance/api/middleware/version_negotiation.py:44}}
Jul 23 07:57:09.979371 np0000005735 devstack@g-api.service[99770]: DEBUG glance.api.middleware.version_negotiation [None req-0dac81b8-d279-4028-9692-d8275db8bb71 tempest-ServerActionsTestOtherA-1028422651 tempest-ServerActionsTestOtherA-1028422651-project-member] Using url versioning {{(pid=99770) process_request /opt/stack/glance/glance/api/middleware/version_negotiation.py:57}}
Jul 23 07:57:09.979584 np0000005735 devstack@g-api.service[99770]: DEBUG glance.api.middleware.version_negotiation [None req-0dac81b8-d279-4028-9692-d8275db8bb71 tempest-ServerActionsTestOtherA-1028422651 tempest-ServerActionsTestOtherA-1028422651-project-member] Matched version: v2 {{(pid=99770) process_request /opt/stack/glance/glance/api/middleware/version_negotiation.py:69}}
Jul 23 07:57:09.979830 np0000005735 devstack@g-api.service[99770]: DEBUG glance.api.middleware.version_negotiation [None req-0dac81b8-d279-4028-9692-d8275db8bb71 tempest-ServerActionsTestOtherA-1028422651 tempest-ServerActionsTestOtherA-1028422651-project-member] new path /v2/images/40d10e4e-6f00-4e2a-a17f-56205ed89eb8 {{(pid=99770) process_request /opt/stack/glance/glance/api/middleware/version_negotiation.py:70}}
Jul 23 07:57:10.003799 np0000005735 devstack@g-api.service[99770]: [pid: 99770|app: 0|req: 129/388] 127.0.0.1 () {40 vars in 838 bytes} [Thu Jul 23 07:57:09 2026] GET /v2/images/40d10e4e-6f00-4e2a-a17f-56205ed89eb8 => generated 1470 bytes in 25 msecs (HTTP/1.1 200) 4 headers in 158 bytes (1 switches on core 0)
Jul 23 07:57:10.011545 np0000005735 devstack@g-api.service[99771]: DEBUG swiftclient [None req-ddc5a79c-8d3c-4ffc-9dc1-7626668f60dc tempest-ServerBootFromVolumeStableRescueTest-1871876177 tempest-ServerBootFromVolumeStableRescueTest-1871876177-project-member] REQ: curl -i https://10.4.3.246:8080/v1/AUTH_fa2e5a214e534c39a0c923c5cfe087a5/glance/40d10e4e-6f00-4e2a-a17f-56205ed89eb8-00001 -X PUT -H "X-Auth-Token: gAAAAABqYclV7Z85..." {{(pid=99771) http_log /opt/stack/data/venv/lib/python3.12/site-packages/swiftclient/client.py:160}}
Jul 23 07:57:10.012522 np0000005735 devstack@g-api.service[99771]: DEBUG swiftclient [None req-ddc5a79c-8d3c-4ffc-9dc1-7626668f60dc tempest-ServerBootFromVolumeStableRescueTest-1871876177 tempest-ServerBootFromVolumeStableRescueTest-1871876177-project-member] RESP STATUS: 201 Created {{(pid=99771) http_log /opt/stack/data/venv/lib/python3.12/site-packages/swiftclient/client.py:161}}
Jul 23 07:57:10.012522 np0000005735 devstack@g-api.service[99771]: DEBUG swiftclient [None req-ddc5a79c-8d3c-4ffc-9dc1-7626668f60dc tempest-ServerBootFromVolumeStableRescueTest-1871876177 tempest-ServerBootFromVolumeStableRescueTest-1871876177-project-member] RESP HEADERS: {'Date': 'Thu, 23 Jul 2026 07:57:10 GMT', 'Server': 'Apache/2.4.58 (Ubuntu)', 'Content-Type': 'text/html; charset=UTF-8', 'Content-Length': '0', 'Etag': '4fa343ee581d8d2e78533191fd1ac3e1', 'Last-Modified': 'Thu, 23 Jul 2026 07:57:10 GMT', 'X-Trans-Id': 'tx89790bdddf9c4337a30c5-006a61c955', 'X-Openstack-Request-Id': 'tx89790bdddf9c4337a30c5-006a61c955', 'Connection': 'close'} {{(pid=99771) http_log /opt/stack/data/venv/lib/python3.12/site-packages/swiftclient/client.py:162}}
Jul 23 07:57:10.012522 np0000005735 devstack@g-api.service[99771]: DEBUG glance_store._drivers.swift.store [None req-ddc5a79c-8d3c-4ffc-9dc1-7626668f60dc tempest-ServerBootFromVolumeStableRescueTest-1871876177 tempest-ServerBootFromVolumeStableRescueTest-1871876177-project-member] Wrote chunk 40d10e4e-6f00-4e2a-a17f-56205ed89eb8-00001 (1/?) of length 23527424 to Swift returning MD5 of content: 4fa343ee581d8d2e78533191fd1ac3e1 {{(pid=99771) add /opt/stack/data/venv/lib/python3.12/site-packages/glance_store/_drivers/swift/store.py:1059}}
Jul 23 07:57:10.012522 np0000005735 devstack@g-api.service[99771]: DEBUG glance_store._drivers.swift.store [None req-ddc5a79c-8d3c-4ffc-9dc1-7626668f60dc tempest-ServerBootFromVolumeStableRescueTest-1871876177 tempest-ServerBootFromVolumeStableRescueTest-1871876177-project-member] Not writing zero-length chunk. {{(pid=99771) add /opt/stack/data/venv/lib/python3.12/site-packages/glance_store/_drivers/swift/store.py:1028}}
Jul 23 07:57:10.058477 np0000005735 devstack@g-api.service[99771]: DEBUG swiftclient [None req-ddc5a79c-8d3c-4ffc-9dc1-7626668f60dc tempest-ServerBootFromVolumeStableRescueTest-1871876177 tempest-ServerBootFromVolumeStableRescueTest-1871876177-project-member] REQ: curl -i https://10.4.3.246:8080/v1/AUTH_fa2e5a214e534c39a0c923c5cfe087a5/glance/40d10e4e-6f00-4e2a-a17f-56205ed89eb8 -X PUT -H "X-Object-Manifest: glance/40d10e4e-6f00-4e2a-a17f-56205ed89eb8-" -H "X-Auth-Token: gAAAAABqYclV7Z85..." -H "Content-Length: 0" {{(pid=99771) http_log /opt/stack/data/venv/lib/python3.12/site-packages/swiftclient/client.py:160}}
Jul 23 07:57:10.058477 np0000005735 devstack@g-api.service[99771]: DEBUG swiftclient [None req-ddc5a79c-8d3c-4ffc-9dc1-7626668f60dc tempest-ServerBootFromVolumeStableRescueTest-1871876177 tempest-ServerBootFromVolumeStableRescueTest-1871876177-project-member] RESP STATUS: 201 Created {{(pid=99771) http_log /opt/stack/data/venv/lib/python3.12/site-packages/swiftclient/client.py:161}}
Jul 23 07:57:10.058477 np0000005735 devstack@g-api.service[99771]: DEBUG swiftclient [None req-ddc5a79c-8d3c-4ffc-9dc1-7626668f60dc tempest-ServerBootFromVolumeStableRescueTest-1871876177 tempest-ServerBootFromVolumeStableRescueTest-1871876177-project-member] RESP HEADERS: {'Date': 'Thu, 23 Jul 2026 07:57:10 GMT', 'Server': 'Apache/2.4.58 (Ubuntu)', 'Content-Type': 'text/html; charset=UTF-8', 'Content-Length': '0', 'Etag': 'd41d8cd98f00b204e9800998ecf8427e', 'Last-Modified': 'Thu, 23 Jul 2026 07:57:11 GMT', 'X-Trans-Id': 'txbd5134ca0bc9452ca8270-006a61c956', 'X-Openstack-Request-Id': 'txbd5134ca0bc9452ca8270-006a61c956', 'Connection': 'close'} {{(pid=99771) http_log /opt/stack/data/venv/lib/python3.12/site-packages/swiftclient/client.py:162}}
Jul 23 07:57:10.058477 np0000005735 devstack@g-api.service[99771]: INFO glance.location [None req-ddc5a79c-8d3c-4ffc-9dc1-7626668f60dc tempest-ServerBootFromVolumeStableRescueTest-1871876177 tempest-ServerBootFromVolumeStableRescueTest-1871876177-project-member] Image format matched and virtual size computed: 1073741824
Jul 23 07:57:10.114944 np0000005735 devstack@g-api.service[99771]: DEBUG glance_store.backend [None req-ddc5a79c-8d3c-4ffc-9dc1-7626668f60dc tempest-ServerBootFromVolumeStableRescueTest-1871876177 tempest-ServerBootFromVolumeStableRescueTest-1871876177-project-member] Attempting to import store swift {{(pid=99771) _load_store /opt/stack/data/venv/lib/python3.12/site-packages/glance_store/backend.py:215}}
Jul 23 07:57:10.119182 np0000005735 devstack@g-api.service[99771]: DEBUG glance_store.capabilities [None req-ddc5a79c-8d3c-4ffc-9dc1-7626668f60dc tempest-ServerBootFromVolumeStableRescueTest-1871876177 tempest-ServerBootFromVolumeStableRescueTest-1871876177-project-member] Store glance_store._drivers.swift.store.SingleTenantStore doesn't support updating dynamic storage capabilities. Please overwrite 'update_capabilities' method of the store to implement updating logics if needed. {{(pid=99771) update_capabilities /opt/stack/data/venv/lib/python3.12/site-packages/glance_store/capabilities.py:91}}
Jul 23 07:57:10.119182 np0000005735 devstack@g-api.service[99771]: DEBUG glance_store.driver [None req-ddc5a79c-8d3c-4ffc-9dc1-7626668f60dc tempest-ServerBootFromVolumeStableRescueTest-1871876177 tempest-ServerBootFromVolumeStableRescueTest-1871876177-project-member] Late loading location class glance_store._drivers.swift.store.StoreLocation {{(pid=99771) get_store_location_class /opt/stack/data/venv/lib/python3.12/site-packages/glance_store/driver.py:134}}
Jul 23 07:57:10.119182 np0000005735 devstack@g-api.service[99771]: DEBUG glance_store.location [None req-ddc5a79c-8d3c-4ffc-9dc1-7626668f60dc tempest-ServerBootFromVolumeStableRescueTest-1871876177 tempest-ServerBootFromVolumeStableRescueTest-1871876177-project-member] Registering scheme swift+https with {'store': , 'location_class': , 'store_entry': 'swift'} {{(pid=99771) register_scheme_map /opt/stack/data/venv/lib/python3.12/site-packages/glance_store/location.py:146}}
Jul 23 07:57:10.119182 np0000005735 devstack@g-api.service[99771]: DEBUG glance_store.location [None req-ddc5a79c-8d3c-4ffc-9dc1-7626668f60dc tempest-ServerBootFromVolumeStableRescueTest-1871876177 tempest-ServerBootFromVolumeStableRescueTest-1871876177-project-member] Registering scheme swift+https with {'store': , 'location_class': , 'store_entry': 'swift'} {{(pid=99771) register_scheme_map /opt/stack/data/venv/lib/python3.12/site-packages/glance_store/location.py:146}}
Jul 23 07:57:10.119729 np0000005735 devstack@g-api.service[99771]: DEBUG glance_store.location [None req-ddc5a79c-8d3c-4ffc-9dc1-7626668f60dc tempest-ServerBootFromVolumeStableRescueTest-1871876177 tempest-ServerBootFromVolumeStableRescueTest-1871876177-project-member] Registering scheme swift with {'store': , 'location_class': , 'store_entry': 'swift'} {{(pid=99771) register_scheme_map /opt/stack/data/venv/lib/python3.12/site-packages/glance_store/location.py:146}}
Jul 23 07:57:10.119729 np0000005735 devstack@g-api.service[99771]: DEBUG glance_store.location [None req-ddc5a79c-8d3c-4ffc-9dc1-7626668f60dc tempest-ServerBootFromVolumeStableRescueTest-1871876177 tempest-ServerBootFromVolumeStableRescueTest-1871876177-project-member] Registering scheme swift+https with {'store': , 'location_class': , 'store_entry': 'swift'} {{(pid=99771) register_scheme_map /opt/stack/data/venv/lib/python3.12/site-packages/glance_store/location.py:146}}
Jul 23 07:57:10.119729 np0000005735 devstack@g-api.service[99771]: DEBUG glance_store.location [None req-ddc5a79c-8d3c-4ffc-9dc1-7626668f60dc tempest-ServerBootFromVolumeStableRescueTest-1871876177 tempest-ServerBootFromVolumeStableRescueTest-1871876177-project-member] Registering scheme swift with {'store': , 'location_class': , 'store_entry': 'swift'} {{(pid=99771) register_scheme_map /opt/stack/data/venv/lib/python3.12/site-packages/glance_store/location.py:146}}
Jul 23 07:57:10.119729 np0000005735 devstack@g-api.service[99771]: DEBUG glance_store.location [None req-ddc5a79c-8d3c-4ffc-9dc1-7626668f60dc tempest-ServerBootFromVolumeStableRescueTest-1871876177 tempest-ServerBootFromVolumeStableRescueTest-1871876177-project-member] Registering scheme swift+http with {'store': , 'location_class': , 'store_entry': 'swift'} {{(pid=99771) register_scheme_map /opt/stack/data/venv/lib/python3.12/site-packages/glance_store/location.py:146}}
