Aug 03 22:11:34.053217 np0000006383 devstack@c-api.service[100404]: warnings.warn(
Aug 03 22:11:34.055297 np0000006383 devstack@c-api.service[100403]: DEBUG cinder.api.middleware.request_id [req-8c55ded6-2d7c-45de-9768-df795b8c917d req-769e1bfe-1db1-4d19-a5ff-8c2196a6cf00 None None] RequestId filter calling following filter/app {{(pid=100403) _context_setter /opt/stack/cinder/cinder/api/middleware/request_id.py:62}}
Aug 03 22:11:34.056959 np0000006383 devstack@c-api.service[100404]: INFO cinder.volume.api [None req-2962fede-1d5b-4bef-b2a6-bf5f76095826 tempest-ServersNegativeTestJSON-1219835550 tempest-ServersNegativeTestJSON-1219835550-project-member] Volume info retrieved successfully.
Aug 03 22:11:34.058241 np0000006383 devstack@c-api.service[100403]: INFO cinder.api.openstack.wsgi [req-8c55ded6-2d7c-45de-9768-df795b8c917d req-769e1bfe-1db1-4d19-a5ff-8c2196a6cf00 tempest-TestMultiAttachVolumeSwap-899510409 tempest-TestMultiAttachVolumeSwap-899510409-project-member] GET https://10.4.3.172/volume/v3/volumes/b707c1dd-aa5c-4abe-bc00-63618e7b8d2b
Aug 03 22:11:34.058614 np0000006383 devstack@c-api.service[100403]: DEBUG cinder.api.openstack.wsgi [req-8c55ded6-2d7c-45de-9768-df795b8c917d req-769e1bfe-1db1-4d19-a5ff-8c2196a6cf00 tempest-TestMultiAttachVolumeSwap-899510409 tempest-TestMultiAttachVolumeSwap-899510409-project-member] Empty body provided in request {{(pid=100403) get_body /opt/stack/cinder/cinder/api/openstack/wsgi.py:725}}
Aug 03 22:11:34.058989 np0000006383 devstack@c-api.service[100403]: DEBUG cinder.api.openstack.wsgi [req-8c55ded6-2d7c-45de-9768-df795b8c917d req-769e1bfe-1db1-4d19-a5ff-8c2196a6cf00 tempest-TestMultiAttachVolumeSwap-899510409 tempest-TestMultiAttachVolumeSwap-899510409-project-member] Calling method 'show' {{(pid=100403) _process_stack /opt/stack/cinder/cinder/api/openstack/wsgi.py:878}}
Aug 03 22:11:34.061919 np0000006383 devstack@c-api.service[100404]: INFO cinder.api.openstack.wsgi [None req-2962fede-1d5b-4bef-b2a6-bf5f76095826 tempest-ServersNegativeTestJSON-1219835550 tempest-ServersNegativeTestJSON-1219835550-project-member] https://10.4.3.172/volume/v3/volumes/d563c6fe-a73b-4ceb-a461-818d9a9d9a31 returned with HTTP 200
Aug 03 22:11:34.062360 np0000006383 devstack@c-api.service[100404]: [pid: 100404|app: 0|req: 112/433] 10.4.3.172 () {66 vars in 1348 bytes} [Mon Aug 3 22:11:34 2026] GET /volume/v3/volumes/d563c6fe-a73b-4ceb-a461-818d9a9d9a31 => generated 846 bytes in 24 msecs (HTTP/1.1 200) 7 headers in 285 bytes (1 switches on core 0)
Aug 03 22:11:34.072768 np0000006383 devstack@c-api.service[100402]: INFO cinder.api.openstack.wsgi [None req-75f9f2cc-03e4-497a-9039-eb7801f3240d tempest-QosSpecsTestJSON-1449874147 tempest-QosSpecsTestJSON-1449874147-project-admin] https://10.4.3.172/volume/v3/qos-specs/f63704ab-1716-4567-9f72-2338c4b315fb/associate?vol_type_id=1110d3dd-20b5-4efe-b4b4-506d8dfcd9b3 returned with HTTP 202
Aug 03 22:11:34.072768 np0000006383 devstack@c-api.service[100402]: [pid: 100402|app: 0|req: 112/434] 10.4.3.172 () {66 vars in 1481 bytes} [Mon Aug 3 22:11:34 2026] GET /volume/v3/qos-specs/f63704ab-1716-4567-9f72-2338c4b315fb/associate?vol_type_id=1110d3dd-20b5-4efe-b4b4-506d8dfcd9b3 => generated 0 bytes in 28 msecs (HTTP/1.1 202) 6 headers in 233 bytes (1 switches on core 0)
Aug 03 22:11:34.081507 np0000006383 devstack@c-api.service[100401]: DEBUG cinder.api.middleware.request_id [None req-b3f3e243-2c73-4049-9c5d-2633e0f257d8 None None] RequestId filter calling following filter/app {{(pid=100401) _context_setter /opt/stack/cinder/cinder/api/middleware/request_id.py:62}}
Aug 03 22:11:34.081632 np0000006383 devstack@c-api.service[100403]: /opt/stack/data/venv/lib/python3.12/site-packages/oslo_context/context.py:102: DeprecationWarning: Policy enforcement is depending on the value of is_admin. This key is deprecated. Please update your policy file to use the standard policy values.
Aug 03 22:11:34.081632 np0000006383 devstack@c-api.service[100403]: warnings.warn(
Aug 03 22:11:34.081705 np0000006383 devstack@c-api.service[100401]: INFO cinder.api.openstack.wsgi [None req-b3f3e243-2c73-4049-9c5d-2633e0f257d8 tempest-QosSpecsTestJSON-1449874147 tempest-QosSpecsTestJSON-1449874147-project-admin] GET https://10.4.3.172/volume/v3/qos-specs/f63704ab-1716-4567-9f72-2338c4b315fb/associations
Aug 03 22:11:34.081705 np0000006383 devstack@c-api.service[100401]: DEBUG cinder.api.openstack.wsgi [None req-b3f3e243-2c73-4049-9c5d-2633e0f257d8 tempest-QosSpecsTestJSON-1449874147 tempest-QosSpecsTestJSON-1449874147-project-admin] Empty body provided in request {{(pid=100401) get_body /opt/stack/cinder/cinder/api/openstack/wsgi.py:725}}
Aug 03 22:11:34.081830 np0000006383 devstack@c-api.service[100401]: DEBUG cinder.api.openstack.wsgi [None req-b3f3e243-2c73-4049-9c5d-2633e0f257d8 tempest-QosSpecsTestJSON-1449874147 tempest-QosSpecsTestJSON-1449874147-project-admin] Calling method 'associations' {{(pid=100401) _process_stack /opt/stack/cinder/cinder/api/openstack/wsgi.py:878}}
Aug 03 22:11:34.082073 np0000006383 devstack@c-api.service[100401]: /opt/stack/data/venv/lib/python3.12/site-packages/oslo_context/context.py:102: DeprecationWarning: Policy enforcement is depending on the value of is_admin. This key is deprecated. Please update your policy file to use the standard policy values.
Aug 03 22:11:34.082073 np0000006383 devstack@c-api.service[100401]: warnings.warn(
Aug 03 22:11:34.082475 np0000006383 devstack@c-api.service[100401]: DEBUG cinder.api.contrib.qos_specs_manage [None req-b3f3e243-2c73-4049-9c5d-2633e0f257d8 tempest-QosSpecsTestJSON-1449874147 tempest-QosSpecsTestJSON-1449874147-project-admin] Get associations for qos_spec id: f63704ab-1716-4567-9f72-2338c4b315fb {{(pid=100401) associations /opt/stack/cinder/cinder/api/contrib/qos_specs_manage.py:234}}
Aug 03 22:11:34.085475 np0000006383 devstack@c-api.service[100403]: INFO cinder.volume.api [req-8c55ded6-2d7c-45de-9768-df795b8c917d req-769e1bfe-1db1-4d19-a5ff-8c2196a6cf00 tempest-TestMultiAttachVolumeSwap-899510409 tempest-TestMultiAttachVolumeSwap-899510409-project-member] Volume info retrieved successfully.
Aug 03 22:11:34.093085 np0000006383 devstack@c-api.service[100403]: INFO cinder.api.openstack.wsgi [req-8c55ded6-2d7c-45de-9768-df795b8c917d req-769e1bfe-1db1-4d19-a5ff-8c2196a6cf00 tempest-TestMultiAttachVolumeSwap-899510409 tempest-TestMultiAttachVolumeSwap-899510409-project-member] https://10.4.3.172/volume/v3/volumes/b707c1dd-aa5c-4abe-bc00-63618e7b8d2b returned with HTTP 200
Aug 03 22:11:34.093085 np0000006383 devstack@c-api.service[100403]: [pid: 100403|app: 0|req: 105/435] 10.4.3.172 () {68 vars in 1598 bytes} [Mon Aug 3 22:11:34 2026] GET /volume/v3/volumes/b707c1dd-aa5c-4abe-bc00-63618e7b8d2b => generated 1458 bytes in 38 msecs (HTTP/1.1 200) 7 headers in 286 bytes (1 switches on core 0)
Aug 03 22:11:34.100021 np0000006383 devstack@c-api.service[100401]: INFO cinder.api.openstack.wsgi [None req-b3f3e243-2c73-4049-9c5d-2633e0f257d8 tempest-QosSpecsTestJSON-1449874147 tempest-QosSpecsTestJSON-1449874147-project-admin] https://10.4.3.172/volume/v3/qos-specs/f63704ab-1716-4567-9f72-2338c4b315fb/associations returned with HTTP 200
Aug 03 22:11:34.100351 np0000006383 devstack@c-api.service[100401]: [pid: 100401|app: 0|req: 107/436] 10.4.3.172 () {66 vars in 1393 bytes} [Mon Aug 3 22:11:34 2026] GET /volume/v3/qos-specs/f63704ab-1716-4567-9f72-2338c4b315fb/associations => generated 446 bytes in 21 msecs (HTTP/1.1 200) 7 headers in 285 bytes (1 switches on core 0)
Aug 03 22:11:34.112009 np0000006383 devstack@c-api.service[100404]: DEBUG cinder.api.middleware.request_id [None req-902047cf-dcc1-4af9-9f23-327e2470279c None None] RequestId filter calling following filter/app {{(pid=100404) _context_setter /opt/stack/cinder/cinder/api/middleware/request_id.py:62}}
Aug 03 22:11:34.113617 np0000006383 devstack@c-api.service[100404]: INFO cinder.api.openstack.wsgi [None req-902047cf-dcc1-4af9-9f23-327e2470279c tempest-QosSpecsTestJSON-1449874147 tempest-QosSpecsTestJSON-1449874147-project-admin] GET https://10.4.3.172/volume/v3/qos-specs/f63704ab-1716-4567-9f72-2338c4b315fb/disassociate?vol_type_id=1c4ee3cc-ed4b-4b3e-98e7-344b1ab1fa28
Aug 03 22:11:34.113794 np0000006383 devstack@c-api.service[100404]: DEBUG cinder.api.openstack.wsgi [None req-902047cf-dcc1-4af9-9f23-327e2470279c tempest-QosSpecsTestJSON-1449874147 tempest-QosSpecsTestJSON-1449874147-project-admin] Empty body provided in request {{(pid=100404) get_body /opt/stack/cinder/cinder/api/openstack/wsgi.py:725}}
Aug 03 22:11:34.113987 np0000006383 devstack@c-api.service[100404]: DEBUG cinder.api.openstack.wsgi [None req-902047cf-dcc1-4af9-9f23-327e2470279c tempest-QosSpecsTestJSON-1449874147 tempest-QosSpecsTestJSON-1449874147-project-admin] Calling method 'disassociate' {{(pid=100404) _process_stack /opt/stack/cinder/cinder/api/openstack/wsgi.py:878}}
Aug 03 22:11:34.114486 np0000006383 devstack@c-api.service[100404]: DEBUG cinder.api.contrib.qos_specs_manage [None req-902047cf-dcc1-4af9-9f23-327e2470279c tempest-QosSpecsTestJSON-1449874147 tempest-QosSpecsTestJSON-1449874147-project-admin] Disassociate qos_spec: f63704ab-1716-4567-9f72-2338c4b315fb from type: 1c4ee3cc-ed4b-4b3e-98e7-344b1ab1fa28 {{(pid=100404) disassociate /opt/stack/cinder/cinder/api/contrib/qos_specs_manage.py:328}}
Aug 03 22:11:34.115007 np0000006383 devstack@c-api.service[100402]: DEBUG cinder.api.middleware.request_id [req-8c55ded6-2d7c-45de-9768-df795b8c917d req-a0ae82aa-a731-4e32-89b6-8fc0acc65539 None None] RequestId filter calling following filter/app {{(pid=100402) _context_setter /opt/stack/cinder/cinder/api/middleware/request_id.py:62}}
Aug 03 22:11:34.117544 np0000006383 devstack@c-api.service[100402]: INFO cinder.api.openstack.wsgi [req-8c55ded6-2d7c-45de-9768-df795b8c917d req-a0ae82aa-a731-4e32-89b6-8fc0acc65539 tempest-TestMultiAttachVolumeSwap-899510409 tempest-TestMultiAttachVolumeSwap-899510409-project-member] POST https://10.4.3.172/volume/v3/volumes/b707c1dd-aa5c-4abe-bc00-63618e7b8d2b/action
Aug 03 22:11:34.117868 np0000006383 devstack@c-api.service[100402]: DEBUG cinder.api.openstack.wsgi [req-8c55ded6-2d7c-45de-9768-df795b8c917d req-a0ae82aa-a731-4e32-89b6-8fc0acc65539 tempest-TestMultiAttachVolumeSwap-899510409 tempest-TestMultiAttachVolumeSwap-899510409-project-member] Action body: b'{"os-begin_detaching": null}' {{(pid=100402) get_method /opt/stack/cinder/cinder/api/openstack/wsgi.py:993}}
Aug 03 22:11:34.117986 np0000006383 devstack@c-api.service[100402]: DEBUG cinder.api.openstack.wsgi [req-8c55ded6-2d7c-45de-9768-df795b8c917d req-a0ae82aa-a731-4e32-89b6-8fc0acc65539 tempest-TestMultiAttachVolumeSwap-899510409 tempest-TestMultiAttachVolumeSwap-899510409-project-member] Action: 'action', calling method: _begin_detaching, body: {"os-begin_detaching": null} {{(pid=100402) _process_stack /opt/stack/cinder/cinder/api/openstack/wsgi.py:876}}
Aug 03 22:11:34.128615 np0000006383 devstack@c-api.service[100404]: INFO cinder.api.openstack.wsgi [None req-902047cf-dcc1-4af9-9f23-327e2470279c tempest-QosSpecsTestJSON-1449874147 tempest-QosSpecsTestJSON-1449874147-project-admin] https://10.4.3.172/volume/v3/qos-specs/f63704ab-1716-4567-9f72-2338c4b315fb/disassociate?vol_type_id=1c4ee3cc-ed4b-4b3e-98e7-344b1ab1fa28 returned with HTTP 202
Aug 03 22:11:34.129091 np0000006383 devstack@c-api.service[100404]: [pid: 100404|app: 0|req: 113/437] 10.4.3.172 () {66 vars in 1490 bytes} [Mon Aug 3 22:11:34 2026] GET /volume/v3/qos-specs/f63704ab-1716-4567-9f72-2338c4b315fb/disassociate?vol_type_id=1c4ee3cc-ed4b-4b3e-98e7-344b1ab1fa28 => generated 0 bytes in 17 msecs (HTTP/1.1 202) 6 headers in 233 bytes (1 switches on core 0)
Aug 03 22:11:34.140444 np0000006383 devstack@c-api.service[100402]: /opt/stack/data/venv/lib/python3.12/site-packages/oslo_context/context.py:102: DeprecationWarning: Policy enforcement is depending on the value of is_admin. This key is deprecated. Please update your policy file to use the standard policy values.
Aug 03 22:11:34.140444 np0000006383 devstack@c-api.service[100402]: warnings.warn(
Aug 03 22:11:34.140444 np0000006383 devstack@c-api.service[100402]: INFO cinder.volume.api [req-8c55ded6-2d7c-45de-9768-df795b8c917d req-a0ae82aa-a731-4e32-89b6-8fc0acc65539 tempest-TestMultiAttachVolumeSwap-899510409 tempest-TestMultiAttachVolumeSwap-899510409-project-member] Volume info retrieved successfully.
Aug 03 22:11:34.140584 np0000006383 devstack@c-api.service[100403]: DEBUG cinder.api.middleware.request_id [None req-d08a68f7-1d7a-4405-8671-90b2fb5d6771 None None] RequestId filter calling following filter/app {{(pid=100403) _context_setter /opt/stack/cinder/cinder/api/middleware/request_id.py:62}}
Aug 03 22:11:34.144143 np0000006383 devstack@c-api.service[100403]: INFO cinder.api.openstack.wsgi [None req-d08a68f7-1d7a-4405-8671-90b2fb5d6771 tempest-QosSpecsTestJSON-1449874147 tempest-QosSpecsTestJSON-1449874147-project-admin] GET https://10.4.3.172/volume/v3/qos-specs/f63704ab-1716-4567-9f72-2338c4b315fb/associations
Aug 03 22:11:34.144143 np0000006383 devstack@c-api.service[100403]: DEBUG cinder.api.openstack.wsgi [None req-d08a68f7-1d7a-4405-8671-90b2fb5d6771 tempest-QosSpecsTestJSON-1449874147 tempest-QosSpecsTestJSON-1449874147-project-admin] Empty body provided in request {{(pid=100403) get_body /opt/stack/cinder/cinder/api/openstack/wsgi.py:725}}
Aug 03 22:11:34.144143 np0000006383 devstack@c-api.service[100403]: DEBUG cinder.api.openstack.wsgi [None req-d08a68f7-1d7a-4405-8671-90b2fb5d6771 tempest-QosSpecsTestJSON-1449874147 tempest-QosSpecsTestJSON-1449874147-project-admin] Calling method 'associations' {{(pid=100403) _process_stack /opt/stack/cinder/cinder/api/openstack/wsgi.py:878}}
Aug 03 22:11:34.144143 np0000006383 devstack@c-api.service[100403]: DEBUG cinder.api.contrib.qos_specs_manage [None req-d08a68f7-1d7a-4405-8671-90b2fb5d6771 tempest-QosSpecsTestJSON-1449874147 tempest-QosSpecsTestJSON-1449874147-project-admin] Get associations for qos_spec id: f63704ab-1716-4567-9f72-2338c4b315fb {{(pid=100403) associations /opt/stack/cinder/cinder/api/contrib/qos_specs_manage.py:234}}
Aug 03 22:11:34.146390 np0000006383 devstack@c-api.service[100402]: INFO cinder.volume.api [req-8c55ded6-2d7c-45de-9768-df795b8c917d req-a0ae82aa-a731-4e32-89b6-8fc0acc65539 tempest-TestMultiAttachVolumeSwap-899510409 tempest-TestMultiAttachVolumeSwap-899510409-project-member] Begin detaching volume completed successfully.
Aug 03 22:11:34.146593 np0000006383 devstack@c-api.service[100402]: INFO cinder.api.openstack.wsgi [req-8c55ded6-2d7c-45de-9768-df795b8c917d req-a0ae82aa-a731-4e32-89b6-8fc0acc65539 tempest-TestMultiAttachVolumeSwap-899510409 tempest-TestMultiAttachVolumeSwap-899510409-project-member] https://10.4.3.172/volume/v3/volumes/b707c1dd-aa5c-4abe-bc00-63618e7b8d2b/action returned with HTTP 202
Aug 03 22:11:34.147037 np0000006383 devstack@c-api.service[100402]: [pid: 100402|app: 0|req: 113/438] 10.4.3.172 () {72 vars in 1672 bytes} [Mon Aug 3 22:11:34 2026] POST /volume/v3/volumes/b707c1dd-aa5c-4abe-bc00-63618e7b8d2b/action => generated 0 bytes in 32 msecs (HTTP/1.1 202) 7 headers in 289 bytes (1 switches on core 0)
Aug 03 22:11:34.174852 np0000006383 devstack@c-api.service[100403]: INFO cinder.api.openstack.wsgi [None req-d08a68f7-1d7a-4405-8671-90b2fb5d6771 tempest-QosSpecsTestJSON-1449874147 tempest-QosSpecsTestJSON-1449874147-project-admin] https://10.4.3.172/volume/v3/qos-specs/f63704ab-1716-4567-9f72-2338c4b315fb/associations returned with HTTP 200
Aug 03 22:11:34.175366 np0000006383 devstack@c-api.service[100403]: [pid: 100403|app: 0|req: 106/439] 10.4.3.172 () {66 vars in 1393 bytes} [Mon Aug 3 22:11:34 2026] GET /volume/v3/qos-specs/f63704ab-1716-4567-9f72-2338c4b315fb/associations => generated 305 bytes in 36 msecs (HTTP/1.1 200) 7 headers in 285 bytes (1 switches on core 0)
Aug 03 22:11:34.185795 np0000006383 devstack@c-api.service[100401]: DEBUG cinder.api.middleware.request_id [None req-e299c1ec-296f-4443-a60b-d76a8e4d938e None None] RequestId filter calling following filter/app {{(pid=100401) _context_setter /opt/stack/cinder/cinder/api/middleware/request_id.py:62}}
Aug 03 22:11:34.193022 np0000006383 devstack@c-api.service[100401]: INFO cinder.api.openstack.wsgi [None req-e299c1ec-296f-4443-a60b-d76a8e4d938e tempest-QosSpecsTestJSON-1449874147 tempest-QosSpecsTestJSON-1449874147-project-admin] GET https://10.4.3.172/volume/v3/qos-specs/f63704ab-1716-4567-9f72-2338c4b315fb/disassociate_all
Aug 03 22:11:34.193170 np0000006383 devstack@c-api.service[100401]: DEBUG cinder.api.openstack.wsgi [None req-e299c1ec-296f-4443-a60b-d76a8e4d938e tempest-QosSpecsTestJSON-1449874147 tempest-QosSpecsTestJSON-1449874147-project-admin] Empty body provided in request {{(pid=100401) get_body /opt/stack/cinder/cinder/api/openstack/wsgi.py:725}}
Aug 03 22:11:34.193589 np0000006383 devstack@c-api.service[100401]: DEBUG cinder.api.openstack.wsgi [None req-e299c1ec-296f-4443-a60b-d76a8e4d938e tempest-QosSpecsTestJSON-1449874147 tempest-QosSpecsTestJSON-1449874147-project-admin] Calling method 'disassociate_all' {{(pid=100401) _process_stack /opt/stack/cinder/cinder/api/openstack/wsgi.py:878}}
Aug 03 22:11:34.193727 np0000006383 devstack@c-api.service[100401]: /opt/stack/data/venv/lib/python3.12/site-packages/oslo_context/context.py:102: DeprecationWarning: Policy enforcement is depending on the value of is_admin. This key is deprecated. Please update your policy file to use the standard policy values.
Aug 03 22:11:34.193727 np0000006383 devstack@c-api.service[100401]: warnings.warn(
Aug 03 22:11:34.194350 np0000006383 devstack@c-api.service[100401]: DEBUG cinder.api.contrib.qos_specs_manage [None req-e299c1ec-296f-4443-a60b-d76a8e4d938e tempest-QosSpecsTestJSON-1449874147 tempest-QosSpecsTestJSON-1449874147-project-admin] Disassociate qos_spec: f63704ab-1716-4567-9f72-2338c4b315fb from all. {{(pid=100401) disassociate_all /opt/stack/cinder/cinder/api/contrib/qos_specs_manage.py:362}}
Aug 03 22:11:34.206124 np0000006383 devstack@c-api.service[100404]: DEBUG cinder.api.middleware.request_id [None req-66adabe6-4f3a-4966-8f26-cc6c21e78733 None None] RequestId filter calling following filter/app {{(pid=100404) _context_setter /opt/stack/cinder/cinder/api/middleware/request_id.py:62}}
Aug 03 22:11:34.206124 np0000006383 devstack@c-api.service[100404]: INFO cinder.api.openstack.wsgi [None req-66adabe6-4f3a-4966-8f26-cc6c21e78733 None None] GET https://10.4.3.172/volume//
Aug 03 22:11:34.206124 np0000006383 devstack@c-api.service[100404]: DEBUG cinder.api.openstack.wsgi [None req-66adabe6-4f3a-4966-8f26-cc6c21e78733 None None] Empty body provided in request {{(pid=100404) get_body /opt/stack/cinder/cinder/api/openstack/wsgi.py:725}}
Aug 03 22:11:34.206124 np0000006383 devstack@c-api.service[100404]: DEBUG cinder.api.openstack.wsgi [None req-66adabe6-4f3a-4966-8f26-cc6c21e78733 None None] Calling method 'all' {{(pid=100404) _process_stack /opt/stack/cinder/cinder/api/openstack/wsgi.py:878}}
Aug 03 22:11:34.206124 np0000006383 devstack@c-api.service[100404]: INFO cinder.api.openstack.wsgi [None req-66adabe6-4f3a-4966-8f26-cc6c21e78733 None None] https://10.4.3.172/volume// returned with HTTP 300
Aug 03 22:11:34.206124 np0000006383 devstack@c-api.service[100404]: [pid: 100404|app: 0|req: 114/440] 10.4.3.172 () {66 vars in 1426 bytes} [Mon Aug 3 22:11:34 2026] GET /volume/ => generated 386 bytes in 2 msecs (HTTP/1.1 300) 7 headers in 299 bytes (1 switches on core 0)
Aug 03 22:11:34.214169 np0000006383 devstack@c-api.service[100401]: INFO cinder.api.openstack.wsgi [None req-e299c1ec-296f-4443-a60b-d76a8e4d938e tempest-QosSpecsTestJSON-1449874147 tempest-QosSpecsTestJSON-1449874147-project-admin] https://10.4.3.172/volume/v3/qos-specs/f63704ab-1716-4567-9f72-2338c4b315fb/disassociate_all returned with HTTP 202
Aug 03 22:11:34.214323 np0000006383 devstack@c-api.service[100402]: DEBUG cinder.api.middleware.request_id [req-f7399560-1424-4ffb-bef9-13546d6fa33f req-2e2c8fb4-205f-452f-93ac-ddab78650a0b None None] RequestId filter calling following filter/app {{(pid=100402) _context_setter /opt/stack/cinder/cinder/api/middleware/request_id.py:62}}
Aug 03 22:11:34.214509 np0000006383 devstack@c-api.service[100403]: DEBUG cinder.api.middleware.request_id [req-8c55ded6-2d7c-45de-9768-df795b8c917d req-ffdaf0f0-37ff-4d71-b403-8fd61fca39a7 None None] RequestId filter calling following filter/app {{(pid=100403) _context_setter /opt/stack/cinder/cinder/api/middleware/request_id.py:62}}
Aug 03 22:11:34.214741 np0000006383 devstack@c-api.service[100401]: [pid: 100401|app: 0|req: 108/441] 10.4.3.172 () {66 vars in 1405 bytes} [Mon Aug 3 22:11:34 2026] GET /volume/v3/qos-specs/f63704ab-1716-4567-9f72-2338c4b315fb/disassociate_all => generated 0 bytes in 29 msecs (HTTP/1.1 202) 6 headers in 233 bytes (1 switches on core 0)
Aug 03 22:11:34.216268 np0000006383 devstack@c-api.service[100402]: INFO cinder.api.openstack.wsgi [req-f7399560-1424-4ffb-bef9-13546d6fa33f req-2e2c8fb4-205f-452f-93ac-ddab78650a0b tempest-ServersNegativeTestJSON-1219835550 tempest-ServersNegativeTestJSON-1219835550-project-member] GET https://10.4.3.172/volume/v3/volumes/d563c6fe-a73b-4ceb-a461-818d9a9d9a31
Aug 03 22:11:34.216438 np0000006383 devstack@c-api.service[100402]: DEBUG cinder.api.openstack.wsgi [req-f7399560-1424-4ffb-bef9-13546d6fa33f req-2e2c8fb4-205f-452f-93ac-ddab78650a0b tempest-ServersNegativeTestJSON-1219835550 tempest-ServersNegativeTestJSON-1219835550-project-member] Empty body provided in request {{(pid=100402) get_body /opt/stack/cinder/cinder/api/openstack/wsgi.py:725}}
Aug 03 22:11:34.216715 np0000006383 devstack@c-api.service[100402]: DEBUG cinder.api.openstack.wsgi [req-f7399560-1424-4ffb-bef9-13546d6fa33f req-2e2c8fb4-205f-452f-93ac-ddab78650a0b tempest-ServersNegativeTestJSON-1219835550 tempest-ServersNegativeTestJSON-1219835550-project-member] Calling method 'show' {{(pid=100402) _process_stack /opt/stack/cinder/cinder/api/openstack/wsgi.py:878}}
Aug 03 22:11:34.217586 np0000006383 devstack@c-api.service[100403]: INFO cinder.api.openstack.wsgi [req-8c55ded6-2d7c-45de-9768-df795b8c917d req-ffdaf0f0-37ff-4d71-b403-8fd61fca39a7 tempest-TestMultiAttachVolumeSwap-899510409 tempest-TestMultiAttachVolumeSwap-899510409-project-member] GET https://10.4.3.172/volume/v3/volumes/b707c1dd-aa5c-4abe-bc00-63618e7b8d2b
Aug 03 22:11:34.217856 np0000006383 devstack@c-api.service[100403]: DEBUG cinder.api.openstack.wsgi [req-8c55ded6-2d7c-45de-9768-df795b8c917d req-ffdaf0f0-37ff-4d71-b403-8fd61fca39a7 tempest-TestMultiAttachVolumeSwap-899510409 tempest-TestMultiAttachVolumeSwap-899510409-project-member] Empty body provided in request {{(pid=100403) get_body /opt/stack/cinder/cinder/api/openstack/wsgi.py:725}}
Aug 03 22:11:34.218187 np0000006383 devstack@c-api.service[100403]: DEBUG cinder.api.openstack.wsgi [req-8c55ded6-2d7c-45de-9768-df795b8c917d req-ffdaf0f0-37ff-4d71-b403-8fd61fca39a7 tempest-TestMultiAttachVolumeSwap-899510409 tempest-TestMultiAttachVolumeSwap-899510409-project-member] Calling method 'show' {{(pid=100403) _process_stack /opt/stack/cinder/cinder/api/openstack/wsgi.py:878}}
Aug 03 22:11:34.223405 np0000006383 devstack@c-api.service[100402]: /opt/stack/data/venv/lib/python3.12/site-packages/oslo_context/context.py:102: DeprecationWarning: Policy enforcement is depending on the value of is_admin. This key is deprecated. Please update your policy file to use the standard policy values.
Aug 03 22:11:34.223405 np0000006383 devstack@c-api.service[100402]: warnings.warn(
Aug 03 22:11:34.226505 np0000006383 devstack@c-api.service[100402]: INFO cinder.volume.api [req-f7399560-1424-4ffb-bef9-13546d6fa33f req-2e2c8fb4-205f-452f-93ac-ddab78650a0b tempest-ServersNegativeTestJSON-1219835550 tempest-ServersNegativeTestJSON-1219835550-project-member] Volume info retrieved successfully.
Aug 03 22:11:34.228967 np0000006383 devstack@c-api.service[100404]: DEBUG cinder.api.middleware.request_id [None req-ae408764-bcbd-4706-8ed4-c3b2ae7a6371 None None] RequestId filter calling following filter/app {{(pid=100404) _context_setter /opt/stack/cinder/cinder/api/middleware/request_id.py:62}}
Aug 03 22:11:34.230066 np0000006383 devstack@c-api.service[100402]: INFO cinder.api.openstack.wsgi [req-f7399560-1424-4ffb-bef9-13546d6fa33f req-2e2c8fb4-205f-452f-93ac-ddab78650a0b tempest-ServersNegativeTestJSON-1219835550 tempest-ServersNegativeTestJSON-1219835550-project-member] https://10.4.3.172/volume/v3/volumes/d563c6fe-a73b-4ceb-a461-818d9a9d9a31 returned with HTTP 200
Aug 03 22:11:34.230386 np0000006383 devstack@c-api.service[100404]: INFO cinder.api.openstack.wsgi [None req-ae408764-bcbd-4706-8ed4-c3b2ae7a6371 tempest-QosSpecsTestJSON-1449874147 tempest-QosSpecsTestJSON-1449874147-project-admin] GET https://10.4.3.172/volume/v3/qos-specs/f63704ab-1716-4567-9f72-2338c4b315fb/associations
Aug 03 22:11:34.230662 np0000006383 devstack@c-api.service[100404]: DEBUG cinder.api.openstack.wsgi [None req-ae408764-bcbd-4706-8ed4-c3b2ae7a6371 tempest-QosSpecsTestJSON-1449874147 tempest-QosSpecsTestJSON-1449874147-project-admin] Empty body provided in request {{(pid=100404) get_body /opt/stack/cinder/cinder/api/openstack/wsgi.py:725}}
Aug 03 22:11:34.230794 np0000006383 devstack@c-api.service[100402]: [pid: 100402|app: 0|req: 114/442] 10.4.3.172 () {68 vars in 1598 bytes} [Mon Aug 3 22:11:34 2026] GET /volume/v3/volumes/d563c6fe-a73b-4ceb-a461-818d9a9d9a31 => generated 846 bytes in 17 msecs (HTTP/1.1 200) 7 headers in 285 bytes (2 switches on core 0)
Aug 03 22:11:34.231029 np0000006383 devstack@c-api.service[100404]: DEBUG cinder.api.openstack.wsgi [None req-ae408764-bcbd-4706-8ed4-c3b2ae7a6371 tempest-QosSpecsTestJSON-1449874147 tempest-QosSpecsTestJSON-1449874147-project-admin] Calling method 'associations' {{(pid=100404) _process_stack /opt/stack/cinder/cinder/api/openstack/wsgi.py:878}}
Aug 03 22:11:34.231341 np0000006383 devstack@c-api.service[100404]: /opt/stack/data/venv/lib/python3.12/site-packages/oslo_context/context.py:102: DeprecationWarning: Policy enforcement is depending on the value of is_admin. This key is deprecated. Please update your policy file to use the standard policy values.
Aug 03 22:11:34.231341 np0000006383 devstack@c-api.service[100404]: warnings.warn(
Aug 03 22:11:34.232485 np0000006383 devstack@c-api.service[100404]: DEBUG cinder.api.contrib.qos_specs_manage [None req-ae408764-bcbd-4706-8ed4-c3b2ae7a6371 tempest-QosSpecsTestJSON-1449874147 tempest-QosSpecsTestJSON-1449874147-project-admin] Get associations for qos_spec id: f63704ab-1716-4567-9f72-2338c4b315fb {{(pid=100404) associations /opt/stack/cinder/cinder/api/contrib/qos_specs_manage.py:234}}
Aug 03 22:11:34.235712 np0000006383 devstack@c-api.service[100403]: /opt/stack/data/venv/lib/python3.12/site-packages/oslo_context/context.py:102: DeprecationWarning: Policy enforcement is depending on the value of is_admin. This key is deprecated. Please update your policy file to use the standard policy values.
Aug 03 22:11:34.235712 np0000006383 devstack@c-api.service[100403]: warnings.warn(
Aug 03 22:11:34.240387 np0000006383 devstack@c-api.service[100403]: INFO cinder.volume.api [req-8c55ded6-2d7c-45de-9768-df795b8c917d req-ffdaf0f0-37ff-4d71-b403-8fd61fca39a7 tempest-TestMultiAttachVolumeSwap-899510409 tempest-TestMultiAttachVolumeSwap-899510409-project-member] Volume info retrieved successfully.
Aug 03 22:11:34.245657 np0000006383 devstack@c-api.service[100404]: INFO cinder.api.openstack.wsgi [None req-ae408764-bcbd-4706-8ed4-c3b2ae7a6371 tempest-QosSpecsTestJSON-1449874147 tempest-QosSpecsTestJSON-1449874147-project-admin] https://10.4.3.172/volume/v3/qos-specs/f63704ab-1716-4567-9f72-2338c4b315fb/associations returned with HTTP 200
Aug 03 22:11:34.246152 np0000006383 devstack@c-api.service[100403]: INFO cinder.api.openstack.wsgi [req-8c55ded6-2d7c-45de-9768-df795b8c917d req-ffdaf0f0-37ff-4d71-b403-8fd61fca39a7 tempest-TestMultiAttachVolumeSwap-899510409 tempest-TestMultiAttachVolumeSwap-899510409-project-member] https://10.4.3.172/volume/v3/volumes/b707c1dd-aa5c-4abe-bc00-63618e7b8d2b returned with HTTP 200
Aug 03 22:11:34.246310 np0000006383 devstack@c-api.service[100404]: [pid: 100404|app: 0|req: 115/443] 10.4.3.172 () {66 vars in 1393 bytes} [Mon Aug 3 22:11:34 2026] GET /volume/v3/qos-specs/f63704ab-1716-4567-9f72-2338c4b315fb/associations => generated 24 bytes in 18 msecs (HTTP/1.1 200) 7 headers in 284 bytes (1 switches on core 0)
Aug 03 22:11:34.246841 np0000006383 devstack@c-api.service[100403]: [pid: 100403|app: 0|req: 107/444] 10.4.3.172 () {70 vars in 1639 bytes} [Mon Aug 3 22:11:34 2026] GET /volume/v3/volumes/b707c1dd-aa5c-4abe-bc00-63618e7b8d2b => generated 1641 bytes in 33 msecs (HTTP/1.1 200) 7 headers in 287 bytes (1 switches on core 0)
Aug 03 22:11:34.258477 np0000006383 devstack@c-api.service[100401]: DEBUG cinder.api.middleware.request_id [None req-aa855fc9-0cd7-49e7-ad50-4d4ba163ccca None None] RequestId filter calling following filter/app {{(pid=100401) _context_setter /opt/stack/cinder/cinder/api/middleware/request_id.py:62}}
Aug 03 22:11:34.260659 np0000006383 devstack@c-api.service[100401]: INFO cinder.api.openstack.wsgi [None req-aa855fc9-0cd7-49e7-ad50-4d4ba163ccca tempest-QosSpecsTestJSON-1449874147 tempest-QosSpecsTestJSON-1449874147-project-admin] DELETE https://10.4.3.172/volume/v3/types/1110d3dd-20b5-4efe-b4b4-506d8dfcd9b3
Aug 03 22:11:34.260894 np0000006383 devstack@c-api.service[100401]: DEBUG cinder.api.openstack.wsgi [None req-aa855fc9-0cd7-49e7-ad50-4d4ba163ccca tempest-QosSpecsTestJSON-1449874147 tempest-QosSpecsTestJSON-1449874147-project-admin] Empty body provided in request {{(pid=100401) get_body /opt/stack/cinder/cinder/api/openstack/wsgi.py:725}}
Aug 03 22:11:34.261261 np0000006383 devstack@c-api.service[100401]: DEBUG cinder.api.openstack.wsgi [None req-aa855fc9-0cd7-49e7-ad50-4d4ba163ccca tempest-QosSpecsTestJSON-1449874147 tempest-QosSpecsTestJSON-1449874147-project-admin] Calling method '_delete' {{(pid=100401) _process_stack /opt/stack/cinder/cinder/api/openstack/wsgi.py:878}}
Aug 03 22:11:34.261541 np0000006383 devstack@c-api.service[100401]: /opt/stack/data/venv/lib/python3.12/site-packages/oslo_context/context.py:102: DeprecationWarning: Policy enforcement is depending on the value of is_admin. This key is deprecated. Please update your policy file to use the standard policy values.
Aug 03 22:11:34.261541 np0000006383 devstack@c-api.service[100401]: warnings.warn(
Aug 03 22:11:34.294612 np0000006383 devstack@c-api.service[100401]: INFO cinder.api.openstack.wsgi [None req-aa855fc9-0cd7-49e7-ad50-4d4ba163ccca tempest-QosSpecsTestJSON-1449874147 tempest-QosSpecsTestJSON-1449874147-project-admin] https://10.4.3.172/volume/v3/types/1110d3dd-20b5-4efe-b4b4-506d8dfcd9b3 returned with HTTP 202
Aug 03 22:11:34.295043 np0000006383 devstack@c-api.service[100401]: [pid: 100401|app: 0|req: 109/445] 10.4.3.172 () {66 vars in 1345 bytes} [Mon Aug 3 22:11:34 2026] DELETE /volume/v3/types/1110d3dd-20b5-4efe-b4b4-506d8dfcd9b3 => generated 0 bytes in 37 msecs (HTTP/1.1 202) 6 headers in 233 bytes (1 switches on core 0)
Aug 03 22:11:34.306328 np0000006383 devstack@c-api.service[100402]: DEBUG cinder.api.middleware.request_id [None req-462be624-4ade-449c-83c9-013367071fdc None None] RequestId filter calling following filter/app {{(pid=100402) _context_setter /opt/stack/cinder/cinder/api/middleware/request_id.py:62}}
Aug 03 22:11:34.308253 np0000006383 devstack@c-api.service[100402]: INFO cinder.api.openstack.wsgi [None req-462be624-4ade-449c-83c9-013367071fdc tempest-QosSpecsTestJSON-1449874147 tempest-QosSpecsTestJSON-1449874147-project-admin] GET https://10.4.3.172/volume/v3/types/1110d3dd-20b5-4efe-b4b4-506d8dfcd9b3
Aug 03 22:11:34.308442 np0000006383 devstack@c-api.service[100402]: DEBUG cinder.api.openstack.wsgi [None req-462be624-4ade-449c-83c9-013367071fdc tempest-QosSpecsTestJSON-1449874147 tempest-QosSpecsTestJSON-1449874147-project-admin] Empty body provided in request {{(pid=100402) get_body /opt/stack/cinder/cinder/api/openstack/wsgi.py:725}}
Aug 03 22:11:34.308651 np0000006383 devstack@c-api.service[100402]: DEBUG cinder.api.openstack.wsgi [None req-462be624-4ade-449c-83c9-013367071fdc tempest-QosSpecsTestJSON-1449874147 tempest-QosSpecsTestJSON-1449874147-project-admin] Calling method 'show' {{(pid=100402) _process_stack /opt/stack/cinder/cinder/api/openstack/wsgi.py:878}}
Aug 03 22:11:34.313352 np0000006383 devstack@c-api.service[100402]: INFO cinder.api.openstack.wsgi [None req-462be624-4ade-449c-83c9-013367071fdc tempest-QosSpecsTestJSON-1449874147 tempest-QosSpecsTestJSON-1449874147-project-admin] https://10.4.3.172/volume/v3/types/1110d3dd-20b5-4efe-b4b4-506d8dfcd9b3 returned with HTTP 404
Aug 03 22:11:34.313815 np0000006383 devstack@c-api.service[100402]: [pid: 100402|app: 0|req: 115/446] 10.4.3.172 () {66 vars in 1342 bytes} [Mon Aug 3 22:11:34 2026] GET /volume/v3/types/1110d3dd-20b5-4efe-b4b4-506d8dfcd9b3 => generated 114 bytes in 8 msecs (HTTP/1.1 404) 7 headers in 292 bytes (1 switches on core 0)
Aug 03 22:11:34.322069 np0000006383 devstack@c-api.service[100404]: DEBUG cinder.api.middleware.request_id [None req-8c8926c7-be76-4cf9-b06d-7d3211a1196f None None] RequestId filter calling following filter/app {{(pid=100404) _context_setter /opt/stack/cinder/cinder/api/middleware/request_id.py:62}}
Aug 03 22:11:34.324238 np0000006383 devstack@c-api.service[100404]: INFO cinder.api.openstack.wsgi [None req-8c8926c7-be76-4cf9-b06d-7d3211a1196f tempest-QosSpecsTestJSON-1449874147 tempest-QosSpecsTestJSON-1449874147-project-admin] DELETE https://10.4.3.172/volume/v3/types/898f7917-2695-4627-868c-8d34182e092d
Aug 03 22:11:34.324674 np0000006383 devstack@c-api.service[100404]: DEBUG cinder.api.openstack.wsgi [None req-8c8926c7-be76-4cf9-b06d-7d3211a1196f tempest-QosSpecsTestJSON-1449874147 tempest-QosSpecsTestJSON-1449874147-project-admin] Empty body provided in request {{(pid=100404) get_body /opt/stack/cinder/cinder/api/openstack/wsgi.py:725}}
Aug 03 22:11:34.325102 np0000006383 devstack@c-api.service[100404]: DEBUG cinder.api.openstack.wsgi [None req-8c8926c7-be76-4cf9-b06d-7d3211a1196f tempest-QosSpecsTestJSON-1449874147 tempest-QosSpecsTestJSON-1449874147-project-admin] Calling method '_delete' {{(pid=100404) _process_stack /opt/stack/cinder/cinder/api/openstack/wsgi.py:878}}
Aug 03 22:11:34.325550 np0000006383 devstack@c-api.service[100404]: /opt/stack/data/venv/lib/python3.12/site-packages/oslo_context/context.py:102: DeprecationWarning: Policy enforcement is depending on the value of is_admin. This key is deprecated. Please update your policy file to use the standard policy values.
Aug 03 22:11:34.325550 np0000006383 devstack@c-api.service[100404]: warnings.warn(
Aug 03 22:11:34.391162 np0000006383 devstack@c-api.service[100404]: INFO cinder.api.openstack.wsgi [None req-8c8926c7-be76-4cf9-b06d-7d3211a1196f tempest-QosSpecsTestJSON-1449874147 tempest-QosSpecsTestJSON-1449874147-project-admin] https://10.4.3.172/volume/v3/types/898f7917-2695-4627-868c-8d34182e092d returned with HTTP 202
Aug 03 22:11:34.391594 np0000006383 devstack@c-api.service[100404]: [pid: 100404|app: 0|req: 116/447] 10.4.3.172 () {66 vars in 1345 bytes} [Mon Aug 3 22:11:34 2026] DELETE /volume/v3/types/898f7917-2695-4627-868c-8d34182e092d => generated 0 bytes in 71 msecs (HTTP/1.1 202) 6 headers in 233 bytes (1 switches on core 0)
Aug 03 22:11:34.399371 np0000006383 devstack@c-api.service[100403]: DEBUG cinder.api.middleware.request_id [None req-f08a96d0-04bb-45fd-b82b-5663cd083f8e None None] RequestId filter calling following filter/app {{(pid=100403) _context_setter /opt/stack/cinder/cinder/api/middleware/request_id.py:62}}
Aug 03 22:11:34.400711 np0000006383 devstack@c-api.service[100403]: INFO cinder.api.openstack.wsgi [None req-f08a96d0-04bb-45fd-b82b-5663cd083f8e tempest-QosSpecsTestJSON-1449874147 tempest-QosSpecsTestJSON-1449874147-project-admin] GET https://10.4.3.172/volume/v3/types/898f7917-2695-4627-868c-8d34182e092d
Aug 03 22:11:34.400711 np0000006383 devstack@c-api.service[100403]: DEBUG cinder.api.openstack.wsgi [None req-f08a96d0-04bb-45fd-b82b-5663cd083f8e tempest-QosSpecsTestJSON-1449874147 tempest-QosSpecsTestJSON-1449874147-project-admin] Empty body provided in request {{(pid=100403) get_body /opt/stack/cinder/cinder/api/openstack/wsgi.py:725}}
Aug 03 22:11:34.400711 np0000006383 devstack@c-api.service[100403]: DEBUG cinder.api.openstack.wsgi [None req-f08a96d0-04bb-45fd-b82b-5663cd083f8e tempest-QosSpecsTestJSON-1449874147 tempest-QosSpecsTestJSON-1449874147-project-admin] Calling method 'show' {{(pid=100403) _process_stack /opt/stack/cinder/cinder/api/openstack/wsgi.py:878}}
Aug 03 22:11:34.403750 np0000006383 devstack@c-api.service[100403]: INFO cinder.api.openstack.wsgi [None req-f08a96d0-04bb-45fd-b82b-5663cd083f8e tempest-QosSpecsTestJSON-1449874147 tempest-QosSpecsTestJSON-1449874147-project-admin] https://10.4.3.172/volume/v3/types/898f7917-2695-4627-868c-8d34182e092d returned with HTTP 404
Aug 03 22:11:34.404312 np0000006383 devstack@c-api.service[100403]: [pid: 100403|app: 0|req: 108/448] 10.4.3.172 () {66 vars in 1342 bytes} [Mon Aug 3 22:11:34 2026] GET /volume/v3/types/898f7917-2695-4627-868c-8d34182e092d => generated 114 bytes in 6 msecs (HTTP/1.1 404) 7 headers in 292 bytes (2 switches on core 0)
Aug 03 22:11:34.415376 np0000006383 devstack@c-api.service[100401]: DEBUG cinder.api.middleware.request_id [None req-9c2db05a-9f81-486f-beb8-f875bbd7f977 None None] RequestId filter calling following filter/app {{(pid=100401) _context_setter /opt/stack/cinder/cinder/api/middleware/request_id.py:62}}
Aug 03 22:11:34.417411 np0000006383 devstack@c-api.service[100401]: INFO cinder.api.openstack.wsgi [None req-9c2db05a-9f81-486f-beb8-f875bbd7f977 tempest-QosSpecsTestJSON-1449874147 tempest-QosSpecsTestJSON-1449874147-project-admin] DELETE https://10.4.3.172/volume/v3/types/1c4ee3cc-ed4b-4b3e-98e7-344b1ab1fa28
Aug 03 22:11:34.417658 np0000006383 devstack@c-api.service[100401]: DEBUG cinder.api.openstack.wsgi [None req-9c2db05a-9f81-486f-beb8-f875bbd7f977 tempest-QosSpecsTestJSON-1449874147 tempest-QosSpecsTestJSON-1449874147-project-admin] Empty body provided in request {{(pid=100401) get_body /opt/stack/cinder/cinder/api/openstack/wsgi.py:725}}
Aug 03 22:11:34.417954 np0000006383 devstack@c-api.service[100401]: DEBUG cinder.api.openstack.wsgi [None req-9c2db05a-9f81-486f-beb8-f875bbd7f977 tempest-QosSpecsTestJSON-1449874147 tempest-QosSpecsTestJSON-1449874147-project-admin] Calling method '_delete' {{(pid=100401) _process_stack /opt/stack/cinder/cinder/api/openstack/wsgi.py:878}}
Aug 03 22:11:34.451155 np0000006383 devstack@c-api.service[100401]: INFO cinder.api.openstack.wsgi [None req-9c2db05a-9f81-486f-beb8-f875bbd7f977 tempest-QosSpecsTestJSON-1449874147 tempest-QosSpecsTestJSON-1449874147-project-admin] https://10.4.3.172/volume/v3/types/1c4ee3cc-ed4b-4b3e-98e7-344b1ab1fa28 returned with HTTP 202
Aug 03 22:11:34.451281 np0000006383 devstack@c-api.service[100401]: [pid: 100401|app: 0|req: 110/449] 10.4.3.172 () {66 vars in 1345 bytes} [Mon Aug 3 22:11:34 2026] DELETE /volume/v3/types/1c4ee3cc-ed4b-4b3e-98e7-344b1ab1fa28 => generated 0 bytes in 36 msecs (HTTP/1.1 202) 6 headers in 233 bytes (1 switches on core 0)
Aug 03 22:11:34.460445 np0000006383 devstack@c-api.service[100402]: DEBUG cinder.api.middleware.request_id [None req-ae74188f-e9d8-4fbf-8b7e-d1f20fa1d3c1 None None] RequestId filter calling following filter/app {{(pid=100402) _context_setter /opt/stack/cinder/cinder/api/middleware/request_id.py:62}}
Aug 03 22:11:34.463101 np0000006383 devstack@c-api.service[100402]: INFO cinder.api.openstack.wsgi [None req-ae74188f-e9d8-4fbf-8b7e-d1f20fa1d3c1 tempest-QosSpecsTestJSON-1449874147 tempest-QosSpecsTestJSON-1449874147-project-admin] GET https://10.4.3.172/volume/v3/types/1c4ee3cc-ed4b-4b3e-98e7-344b1ab1fa28
Aug 03 22:11:34.463468 np0000006383 devstack@c-api.service[100402]: DEBUG cinder.api.openstack.wsgi [None req-ae74188f-e9d8-4fbf-8b7e-d1f20fa1d3c1 tempest-QosSpecsTestJSON-1449874147 tempest-QosSpecsTestJSON-1449874147-project-admin] Empty body provided in request {{(pid=100402) get_body /opt/stack/cinder/cinder/api/openstack/wsgi.py:725}}
Aug 03 22:11:34.463708 np0000006383 devstack@c-api.service[100402]: DEBUG cinder.api.openstack.wsgi [None req-ae74188f-e9d8-4fbf-8b7e-d1f20fa1d3c1 tempest-QosSpecsTestJSON-1449874147 tempest-QosSpecsTestJSON-1449874147-project-admin] Calling method 'show' {{(pid=100402) _process_stack /opt/stack/cinder/cinder/api/openstack/wsgi.py:878}}
Aug 03 22:11:34.468298 np0000006383 devstack@c-api.service[100402]: INFO cinder.api.openstack.wsgi [None req-ae74188f-e9d8-4fbf-8b7e-d1f20fa1d3c1 tempest-QosSpecsTestJSON-1449874147 tempest-QosSpecsTestJSON-1449874147-project-admin] https://10.4.3.172/volume/v3/types/1c4ee3cc-ed4b-4b3e-98e7-344b1ab1fa28 returned with HTTP 404
Aug 03 22:11:34.470614 np0000006383 devstack@c-api.service[100402]: [pid: 100402|app: 0|req: 116/450] 10.4.3.172 () {66 vars in 1342 bytes} [Mon Aug 3 22:11:34 2026] GET /volume/v3/types/1c4ee3cc-ed4b-4b3e-98e7-344b1ab1fa28 => generated 114 bytes in 9 msecs (HTTP/1.1 404) 7 headers in 292 bytes (1 switches on core 0)
Aug 03 22:11:34.477388 np0000006383 devstack@c-api.service[100404]: DEBUG cinder.api.middleware.request_id [None req-63be1330-7237-4a52-8213-794de0faf99f None None] RequestId filter calling following filter/app {{(pid=100404) _context_setter /opt/stack/cinder/cinder/api/middleware/request_id.py:62}}
Aug 03 22:11:34.484297 np0000006383 devstack@c-api.service[100404]: INFO cinder.api.openstack.wsgi [None req-63be1330-7237-4a52-8213-794de0faf99f tempest-QosSpecsTestJSON-1449874147 tempest-QosSpecsTestJSON-1449874147-project-admin] POST https://10.4.3.172/volume/v3/qos-specs
Aug 03 22:11:34.484701 np0000006383 devstack@c-api.service[100404]: DEBUG cinder.api.openstack.wsgi [None req-63be1330-7237-4a52-8213-794de0faf99f tempest-QosSpecsTestJSON-1449874147 tempest-QosSpecsTestJSON-1449874147-project-admin] Action: 'create', calling method: create, body: {"qos_specs": {"name": "tempest-QosSpecsTestJSON-qos-777435450", "consumer": "back-end"}} {{(pid=100404) _process_stack /opt/stack/cinder/cinder/api/openstack/wsgi.py:876}}
Aug 03 22:11:34.486701 np0000006383 devstack@c-api.service[100404]: DEBUG cinder.volume.qos_specs [None req-63be1330-7237-4a52-8213-794de0faf99f tempest-QosSpecsTestJSON-1449874147 tempest-QosSpecsTestJSON-1449874147-project-admin] Dict for qos_specs: {'name': 'tempest-QosSpecsTestJSON-qos-777435450', 'consumer': 'back-end', 'specs': {}} {{(pid=100404) create /opt/stack/cinder/cinder/volume/qos_specs.py:64}}
Aug 03 22:11:34.494738 np0000006383 devstack@c-api.service[100404]: DEBUG cinder.db.api [None req-63be1330-7237-4a52-8213-794de0faf99f tempest-QosSpecsTestJSON-1449874147 tempest-QosSpecsTestJSON-1449874147-project-admin] DB qos_specs_create(): root {'id': '76a04deb-d6ba-4c2c-bc4d-32e0b4676023', 'key': 'QoS_Specs_Name', 'value': 'tempest-QosSpecsTestJSON-qos-777435450'} {{(pid=100404) qos_specs_create /opt/stack/cinder/cinder/db/api.py:5654}}
Aug 03 22:11:34.500663 np0000006383 devstack@c-api.service[100404]: INFO cinder.api.openstack.wsgi [None req-63be1330-7237-4a52-8213-794de0faf99f tempest-QosSpecsTestJSON-1449874147 tempest-QosSpecsTestJSON-1449874147-project-admin] https://10.4.3.172/volume/v3/qos-specs returned with HTTP 200
Aug 03 22:11:34.502269 np0000006383 devstack@c-api.service[100404]: [pid: 100404|app: 0|req: 117/451] 10.4.3.172 () {68 vars in 1264 bytes} [Mon Aug 3 22:11:34 2026] POST /volume/v3/qos-specs => generated 368 bytes in 24 msecs (HTTP/1.1 200) 7 headers in 285 bytes (1 switches on core 0)
Aug 03 22:11:34.510186 np0000006383 devstack@c-api.service[100403]: DEBUG cinder.api.middleware.request_id [None req-42f86954-c18a-4c05-8c73-0c8894ea2e64 None None] RequestId filter calling following filter/app {{(pid=100403) _context_setter /opt/stack/cinder/cinder/api/middleware/request_id.py:62}}
Aug 03 22:11:34.511912 np0000006383 devstack@c-api.service[100403]: INFO cinder.api.openstack.wsgi [None req-42f86954-c18a-4c05-8c73-0c8894ea2e64 tempest-QosSpecsTestJSON-1449874147 tempest-QosSpecsTestJSON-1449874147-project-admin] DELETE https://10.4.3.172/volume/v3/qos-specs/76a04deb-d6ba-4c2c-bc4d-32e0b4676023?force=False
Aug 03 22:11:34.512270 np0000006383 devstack@c-api.service[100403]: DEBUG cinder.api.openstack.wsgi [None req-42f86954-c18a-4c05-8c73-0c8894ea2e64 tempest-QosSpecsTestJSON-1449874147 tempest-QosSpecsTestJSON-1449874147-project-admin] Empty body provided in request {{(pid=100403) get_body /opt/stack/cinder/cinder/api/openstack/wsgi.py:725}}
Aug 03 22:11:34.512517 np0000006383 devstack@c-api.service[100403]: DEBUG cinder.api.openstack.wsgi [None req-42f86954-c18a-4c05-8c73-0c8894ea2e64 tempest-QosSpecsTestJSON-1449874147 tempest-QosSpecsTestJSON-1449874147-project-admin] Calling method 'delete' {{(pid=100403) _process_stack /opt/stack/cinder/cinder/api/openstack/wsgi.py:878}}
Aug 03 22:11:34.513288 np0000006383 devstack@c-api.service[100403]: DEBUG cinder.api.contrib.qos_specs_manage [None req-42f86954-c18a-4c05-8c73-0c8894ea2e64 tempest-QosSpecsTestJSON-1449874147 tempest-QosSpecsTestJSON-1449874147-project-admin] Delete qos_spec: 76a04deb-d6ba-4c2c-bc4d-32e0b4676023, force: False {{(pid=100403) delete /opt/stack/cinder/cinder/api/contrib/qos_specs_manage.py:169}}
Aug 03 22:11:34.533189 np0000006383 devstack@c-api.service[100403]: INFO cinder.api.openstack.wsgi [None req-42f86954-c18a-4c05-8c73-0c8894ea2e64 tempest-QosSpecsTestJSON-1449874147 tempest-QosSpecsTestJSON-1449874147-project-admin] https://10.4.3.172/volume/v3/qos-specs/76a04deb-d6ba-4c2c-bc4d-32e0b4676023?force=False returned with HTTP 202
Aug 03 22:11:34.533685 np0000006383 devstack@c-api.service[100403]: [pid: 100403|app: 0|req: 109/452] 10.4.3.172 () {66 vars in 1380 bytes} [Mon Aug 3 22:11:34 2026] DELETE /volume/v3/qos-specs/76a04deb-d6ba-4c2c-bc4d-32e0b4676023?force=False => generated 0 bytes in 24 msecs (HTTP/1.1 202) 6 headers in 233 bytes (1 switches on core 0)
Aug 03 22:11:34.540596 np0000006383 devstack@c-api.service[100401]: DEBUG cinder.api.middleware.request_id [None req-7b6a6aea-db6f-4e31-8e12-a52dff67ade8 None None] RequestId filter calling following filter/app {{(pid=100401) _context_setter /opt/stack/cinder/cinder/api/middleware/request_id.py:62}}
Aug 03 22:11:34.542689 np0000006383 devstack@c-api.service[100401]: INFO cinder.api.openstack.wsgi [None req-7b6a6aea-db6f-4e31-8e12-a52dff67ade8 tempest-QosSpecsTestJSON-1449874147 tempest-QosSpecsTestJSON-1449874147-project-admin] GET https://10.4.3.172/volume/v3/qos-specs/76a04deb-d6ba-4c2c-bc4d-32e0b4676023
Aug 03 22:11:34.543009 np0000006383 devstack@c-api.service[100401]: DEBUG cinder.api.openstack.wsgi [None req-7b6a6aea-db6f-4e31-8e12-a52dff67ade8 tempest-QosSpecsTestJSON-1449874147 tempest-QosSpecsTestJSON-1449874147-project-admin] Empty body provided in request {{(pid=100401) get_body /opt/stack/cinder/cinder/api/openstack/wsgi.py:725}}
Aug 03 22:11:34.543267 np0000006383 devstack@c-api.service[100401]: DEBUG cinder.api.openstack.wsgi [None req-7b6a6aea-db6f-4e31-8e12-a52dff67ade8 tempest-QosSpecsTestJSON-1449874147 tempest-QosSpecsTestJSON-1449874147-project-admin] Calling method 'show' {{(pid=100401) _process_stack /opt/stack/cinder/cinder/api/openstack/wsgi.py:878}}
Aug 03 22:11:34.547243 np0000006383 devstack@c-api.service[100401]: INFO cinder.api.openstack.wsgi [None req-7b6a6aea-db6f-4e31-8e12-a52dff67ade8 tempest-QosSpecsTestJSON-1449874147 tempest-QosSpecsTestJSON-1449874147-project-admin] https://10.4.3.172/volume/v3/qos-specs/76a04deb-d6ba-4c2c-bc4d-32e0b4676023 returned with HTTP 404
Aug 03 22:11:34.548277 np0000006383 devstack@c-api.service[100401]: [pid: 100401|app: 0|req: 111/453] 10.4.3.172 () {66 vars in 1354 bytes} [Mon Aug 3 22:11:34 2026] GET /volume/v3/qos-specs/76a04deb-d6ba-4c2c-bc4d-32e0b4676023 => generated 100 bytes in 8 msecs (HTTP/1.1 404) 7 headers in 292 bytes (2 switches on core 0)
Aug 03 22:11:34.561658 np0000006383 devstack@c-api.service[100402]: DEBUG cinder.api.middleware.request_id [None req-521ec328-a852-4fa1-96db-d31e316ab693 None None] RequestId filter calling following filter/app {{(pid=100402) _context_setter /opt/stack/cinder/cinder/api/middleware/request_id.py:62}}
Aug 03 22:11:34.565462 np0000006383 devstack@c-api.service[100402]: INFO cinder.api.openstack.wsgi [None req-521ec328-a852-4fa1-96db-d31e316ab693 tempest-QosSpecsTestJSON-1449874147 tempest-QosSpecsTestJSON-1449874147-project-admin] GET https://10.4.3.172/volume/v3/qos-specs
Aug 03 22:11:34.567190 np0000006383 devstack@c-api.service[100402]: DEBUG cinder.api.openstack.wsgi [None req-521ec328-a852-4fa1-96db-d31e316ab693 tempest-QosSpecsTestJSON-1449874147 tempest-QosSpecsTestJSON-1449874147-project-admin] Empty body provided in request {{(pid=100402) get_body /opt/stack/cinder/cinder/api/openstack/wsgi.py:725}}
Aug 03 22:11:34.567423 np0000006383 devstack@c-api.service[100402]: DEBUG cinder.api.openstack.wsgi [None req-521ec328-a852-4fa1-96db-d31e316ab693 tempest-QosSpecsTestJSON-1449874147 tempest-QosSpecsTestJSON-1449874147-project-admin] Calling method 'index' {{(pid=100402) _process_stack /opt/stack/cinder/cinder/api/openstack/wsgi.py:878}}
Aug 03 22:11:34.577917 np0000006383 devstack@c-api.service[100402]: INFO cinder.api.openstack.wsgi [None req-521ec328-a852-4fa1-96db-d31e316ab693 tempest-QosSpecsTestJSON-1449874147 tempest-QosSpecsTestJSON-1449874147-project-admin] https://10.4.3.172/volume/v3/qos-specs returned with HTTP 200
Aug 03 22:11:34.578639 np0000006383 devstack@c-api.service[100402]: [pid: 100402|app: 0|req: 117/454] 10.4.3.172 () {66 vars in 1243 bytes} [Mon Aug 3 22:11:34 2026] GET /volume/v3/qos-specs => generated 175 bytes in 19 msecs (HTTP/1.1 200) 7 headers in 285 bytes (1 switches on core 0)
