Aug 03 22:06:34.991475 np0000006383 systemd[1]: Starting devstack@n-api-meta.service - Devstack devstack@n-api-meta.service...
Aug 03 22:06:34.996886 np0000006383 devstack@n-api-meta.service[96218]: [uWSGI] getting INI configuration from /etc/nova/nova-metadata-uwsgi.ini
Aug 03 22:06:34.999401 np0000006383 devstack@n-api-meta.service[96218]: *** Starting uWSGI 2.0.24-debian (64bit) on [Mon Aug 3 22:06:34 2026] ***
Aug 03 22:06:34.999401 np0000006383 devstack@n-api-meta.service[96218]: compiled with version: 13.2.0 on 17 April 2024 16:23:48
Aug 03 22:06:34.999401 np0000006383 devstack@n-api-meta.service[96218]: os: Linux-6.8.0-100-generic #100-Ubuntu SMP PREEMPT_DYNAMIC Tue Jan 13 16:40:06 UTC 2026
Aug 03 22:06:34.999401 np0000006383 devstack@n-api-meta.service[96218]: nodename: np0000006383
Aug 03 22:06:34.999401 np0000006383 devstack@n-api-meta.service[96218]: machine: x86_64
Aug 03 22:06:34.999401 np0000006383 devstack@n-api-meta.service[96218]: clock source: unix
Aug 03 22:06:34.999401 np0000006383 devstack@n-api-meta.service[96218]: pcre jit disabled
Aug 03 22:06:34.999401 np0000006383 devstack@n-api-meta.service[96218]: detected number of CPU cores: 16
Aug 03 22:06:34.999401 np0000006383 devstack@n-api-meta.service[96218]: current working directory: /
Aug 03 22:06:34.999401 np0000006383 devstack@n-api-meta.service[96218]: detected binary path: /usr/bin/uwsgi-core
Aug 03 22:06:34.999401 np0000006383 devstack@n-api-meta.service[96218]: your processes number limit is 257052
Aug 03 22:06:34.999401 np0000006383 devstack@n-api-meta.service[96218]: your memory page size is 4096 bytes
Aug 03 22:06:34.999401 np0000006383 devstack@n-api-meta.service[96218]: detected max file descriptor number: 2048
Aug 03 22:06:34.999401 np0000006383 devstack@n-api-meta.service[96218]: lock engine: pthread robust mutexes
Aug 03 22:06:34.999751 np0000006383 devstack@n-api-meta.service[96218]: thunder lock: enabled
Aug 03 22:06:34.999838 np0000006383 devstack@n-api-meta.service[96218]: uWSGI http bound on 0.0.0.0:8775 fd 5
Aug 03 22:06:34.999838 np0000006383 devstack@n-api-meta.service[96218]: uwsgi socket 0 bound to TCP address 127.0.0.1:39089 (port auto-assigned) fd 4
Aug 03 22:06:34.999899 np0000006383 devstack@n-api-meta.service[96218]: Python version: 3.12.3 (main, Jun 19 2026, 12:46:00) [GCC 13.3.0]
Aug 03 22:06:34.999899 np0000006383 devstack@n-api-meta.service[96218]: PEP 405 virtualenv detected: /opt/stack/data/venv
Aug 03 22:06:34.999899 np0000006383 devstack@n-api-meta.service[96218]: Set PythonHome to /opt/stack/data/venv
Aug 03 22:06:35.031173 np0000006383 devstack@n-api-meta.service[96218]: Python main interpreter initialized at 0x7c83f60a4668
Aug 03 22:06:35.031173 np0000006383 devstack@n-api-meta.service[96218]: python threads support enabled
Aug 03 22:06:35.031173 np0000006383 devstack@n-api-meta.service[96218]: your server socket listen backlog is limited to 100 connections
Aug 03 22:06:35.031173 np0000006383 devstack@n-api-meta.service[96218]: your mercy for graceful operations on workers is 80 seconds
Aug 03 22:06:35.031654 np0000006383 devstack@n-api-meta.service[96218]: mapped 671795 bytes (656 KB) for 4 cores
Aug 03 22:06:35.031789 np0000006383 devstack@n-api-meta.service[96218]: *** Operational MODE: preforking ***
Aug 03 22:06:35.031937 np0000006383 devstack@n-api-meta.service[96218]: *** uWSGI is running in multiple interpreter mode ***
Aug 03 22:06:35.031937 np0000006383 devstack@n-api-meta.service[96218]: spawned uWSGI master process (pid: 96218)
Aug 03 22:06:35.032123 np0000006383 systemd[1]: Started devstack@n-api-meta.service - Devstack devstack@n-api-meta.service.
Aug 03 22:06:35.032620 np0000006383 devstack@n-api-meta.service[96218]: spawned uWSGI worker 1 (pid: 96219, cores: 1)
Aug 03 22:06:35.033025 np0000006383 devstack@n-api-meta.service[96218]: spawned uWSGI worker 2 (pid: 96220, cores: 1)
Aug 03 22:06:35.033403 np0000006383 devstack@n-api-meta.service[96218]: spawned uWSGI worker 3 (pid: 96221, cores: 1)
Aug 03 22:06:35.033777 np0000006383 devstack@n-api-meta.service[96218]: spawned uWSGI worker 4 (pid: 96222, cores: 1)
Aug 03 22:06:35.034190 np0000006383 devstack@n-api-meta.service[96218]: spawned uWSGI http 1 (pid: 96223)
Aug 03 22:06:35.034190 np0000006383 devstack@n-api-meta.service[96218]: running "unix_signal:15 gracefully_kill_them_all" (master-start)...
Aug 03 22:06:36.617609 np0000006383 devstack@n-api-meta.service[96221]: INFO dbcounter [None req-36c9ff8c-7533-4b7f-90b8-9da33a83815d None None] Registered counter for database nova_api
Aug 03 22:06:36.655217 np0000006383 devstack@n-api-meta.service[96219]: INFO dbcounter [None req-9cf27cc8-8128-4419-9e40-1509b1b933b9 None None] Registered counter for database nova_api
Aug 03 22:06:36.656677 np0000006383 devstack@n-api-meta.service[96221]: DEBUG oslo_db.sqlalchemy.engines [None req-36c9ff8c-7533-4b7f-90b8-9da33a83815d None None] MySQL server mode set to STRICT_TRANS_TABLES,STRICT_ALL_TABLES,NO_ZERO_IN_DATE,NO_ZERO_DATE,ERROR_FOR_DIVISION_BY_ZERO,TRADITIONAL,NO_ENGINE_SUBSTITUTION {{(pid=96221) _check_effective_sql_mode /opt/stack/data/venv/lib/python3.12/site-packages/oslo_db/sqlalchemy/engines.py:325}}
Aug 03 22:06:36.664814 np0000006383 devstack@n-api-meta.service[96220]: INFO dbcounter [None req-4afcee42-4dea-4e76-8aef-11527b8f151c None None] Registered counter for database nova_api
Aug 03 22:06:36.673740 np0000006383 devstack@n-api-meta.service[96222]: INFO dbcounter [None req-091dbf2d-7dfd-4247-8435-3df19e48af9d None None] Registered counter for database nova_api
Aug 03 22:06:36.682637 np0000006383 devstack@n-api-meta.service[96221]: DEBUG dbcounter [-] [96221] Writer thread running {{(pid=96221) stat_writer /opt/stack/data/venv/lib/python3.12/site-packages/dbcounter.py:102}}
Aug 03 22:06:36.684932 np0000006383 devstack@n-api-meta.service[96221]: DEBUG nova.context [None req-36c9ff8c-7533-4b7f-90b8-9da33a83815d None None] Found 2 cells: 00000000-0000-0000-0000-000000000000(cell0),29ca54d8-0406-469a-85fe-3d6883957a97(cell1) {{(pid=96221) load_cells /opt/stack/nova/nova/context.py:509}}
Aug 03 22:06:36.685192 np0000006383 devstack@n-api-meta.service[96221]: INFO nova.utils [None req-36c9ff8c-7533-4b7f-90b8-9da33a83815d None None] The cell worker thread pool MainProcess.cell_worker is initialized
Aug 03 22:06:36.686977 np0000006383 devstack@n-api-meta.service[96221]: DEBUG oslo_concurrency.lockutils [None req-36c9ff8c-7533-4b7f-90b8-9da33a83815d None None] Acquiring lock "00000000-0000-0000-0000-000000000000" by "nova.context.set_target_cell..get_or_set_cached_cell_and_set_connections" {{(pid=96221) inner /opt/stack/data/venv/lib/python3.12/site-packages/oslo_concurrency/lockutils.py:512}}
Aug 03 22:06:36.687165 np0000006383 devstack@n-api-meta.service[96221]: DEBUG oslo_concurrency.lockutils [None req-36c9ff8c-7533-4b7f-90b8-9da33a83815d None None] Lock "00000000-0000-0000-0000-000000000000" acquired by "nova.context.set_target_cell..get_or_set_cached_cell_and_set_connections" :: waited 0.000s {{(pid=96221) inner /opt/stack/data/venv/lib/python3.12/site-packages/oslo_concurrency/lockutils.py:525}}
Aug 03 22:06:36.687496 np0000006383 devstack@n-api-meta.service[96221]: DEBUG oslo_concurrency.lockutils [None req-36c9ff8c-7533-4b7f-90b8-9da33a83815d None None] Lock "00000000-0000-0000-0000-000000000000" "released" by "nova.context.set_target_cell..get_or_set_cached_cell_and_set_connections" :: held 0.000s {{(pid=96221) inner /opt/stack/data/venv/lib/python3.12/site-packages/oslo_concurrency/lockutils.py:544}}
Aug 03 22:06:36.688069 np0000006383 devstack@n-api-meta.service[96221]: DEBUG oslo_concurrency.lockutils [None req-36c9ff8c-7533-4b7f-90b8-9da33a83815d None None] Acquiring lock "29ca54d8-0406-469a-85fe-3d6883957a97" by "nova.context.set_target_cell..get_or_set_cached_cell_and_set_connections" {{(pid=96221) inner /opt/stack/data/venv/lib/python3.12/site-packages/oslo_concurrency/lockutils.py:512}}
Aug 03 22:06:36.689657 np0000006383 devstack@n-api-meta.service[96221]: INFO dbcounter [None req-36c9ff8c-7533-4b7f-90b8-9da33a83815d None None] Registered counter for database nova_cell0
Aug 03 22:06:36.690859 np0000006383 devstack@n-api-meta.service[96221]: DEBUG oslo_concurrency.lockutils [None req-36c9ff8c-7533-4b7f-90b8-9da33a83815d None None] Lock "29ca54d8-0406-469a-85fe-3d6883957a97" acquired by "nova.context.set_target_cell..get_or_set_cached_cell_and_set_connections" :: waited 0.001s {{(pid=96221) inner /opt/stack/data/venv/lib/python3.12/site-packages/oslo_concurrency/lockutils.py:525}}
Aug 03 22:06:36.692372 np0000006383 devstack@n-api-meta.service[96221]: DEBUG oslo_concurrency.lockutils [None req-36c9ff8c-7533-4b7f-90b8-9da33a83815d None None] Lock "29ca54d8-0406-469a-85fe-3d6883957a97" "released" by "nova.context.set_target_cell..get_or_set_cached_cell_and_set_connections" :: held 0.003s {{(pid=96221) inner /opt/stack/data/venv/lib/python3.12/site-packages/oslo_concurrency/lockutils.py:544}}
Aug 03 22:06:36.694468 np0000006383 devstack@n-api-meta.service[96221]: INFO dbcounter [None req-36c9ff8c-7533-4b7f-90b8-9da33a83815d None None] Registered counter for database nova_cell1
Aug 03 22:06:36.697433 np0000006383 devstack@n-api-meta.service[96219]: DEBUG oslo_db.sqlalchemy.engines [None req-9cf27cc8-8128-4419-9e40-1509b1b933b9 None None] MySQL server mode set to STRICT_TRANS_TABLES,STRICT_ALL_TABLES,NO_ZERO_IN_DATE,NO_ZERO_DATE,ERROR_FOR_DIVISION_BY_ZERO,TRADITIONAL,NO_ENGINE_SUBSTITUTION {{(pid=96219) _check_effective_sql_mode /opt/stack/data/venv/lib/python3.12/site-packages/oslo_db/sqlalchemy/engines.py:325}}
Aug 03 22:06:36.711913 np0000006383 devstack@n-api-meta.service[96220]: DEBUG oslo_db.sqlalchemy.engines [None req-4afcee42-4dea-4e76-8aef-11527b8f151c None None] MySQL server mode set to STRICT_TRANS_TABLES,STRICT_ALL_TABLES,NO_ZERO_IN_DATE,NO_ZERO_DATE,ERROR_FOR_DIVISION_BY_ZERO,TRADITIONAL,NO_ENGINE_SUBSTITUTION {{(pid=96220) _check_effective_sql_mode /opt/stack/data/venv/lib/python3.12/site-packages/oslo_db/sqlalchemy/engines.py:325}}
Aug 03 22:06:36.715397 np0000006383 devstack@n-api-meta.service[96222]: DEBUG oslo_db.sqlalchemy.engines [None req-091dbf2d-7dfd-4247-8435-3df19e48af9d None None] MySQL server mode set to STRICT_TRANS_TABLES,STRICT_ALL_TABLES,NO_ZERO_IN_DATE,NO_ZERO_DATE,ERROR_FOR_DIVISION_BY_ZERO,TRADITIONAL,NO_ENGINE_SUBSTITUTION {{(pid=96222) _check_effective_sql_mode /opt/stack/data/venv/lib/python3.12/site-packages/oslo_db/sqlalchemy/engines.py:325}}
Aug 03 22:06:36.725465 np0000006383 devstack@n-api-meta.service[96219]: DEBUG dbcounter [-] [96219] Writer thread running {{(pid=96219) stat_writer /opt/stack/data/venv/lib/python3.12/site-packages/dbcounter.py:102}}
Aug 03 22:06:36.727941 np0000006383 devstack@n-api-meta.service[96219]: DEBUG nova.context [None req-9cf27cc8-8128-4419-9e40-1509b1b933b9 None None] Found 2 cells: 00000000-0000-0000-0000-000000000000(cell0),29ca54d8-0406-469a-85fe-3d6883957a97(cell1) {{(pid=96219) load_cells /opt/stack/nova/nova/context.py:509}}
Aug 03 22:06:36.728184 np0000006383 devstack@n-api-meta.service[96219]: INFO nova.utils [None req-9cf27cc8-8128-4419-9e40-1509b1b933b9 None None] The cell worker thread pool MainProcess.cell_worker is initialized
Aug 03 22:06:36.729797 np0000006383 devstack@n-api-meta.service[96219]: DEBUG oslo_concurrency.lockutils [None req-9cf27cc8-8128-4419-9e40-1509b1b933b9 None None] Acquiring lock "00000000-0000-0000-0000-000000000000" by "nova.context.set_target_cell..get_or_set_cached_cell_and_set_connections" {{(pid=96219) inner /opt/stack/data/venv/lib/python3.12/site-packages/oslo_concurrency/lockutils.py:512}}
Aug 03 22:06:36.729944 np0000006383 devstack@n-api-meta.service[96219]: DEBUG oslo_concurrency.lockutils [None req-9cf27cc8-8128-4419-9e40-1509b1b933b9 None None] Lock "00000000-0000-0000-0000-000000000000" acquired by "nova.context.set_target_cell..get_or_set_cached_cell_and_set_connections" :: waited 0.000s {{(pid=96219) inner /opt/stack/data/venv/lib/python3.12/site-packages/oslo_concurrency/lockutils.py:525}}
Aug 03 22:06:36.730299 np0000006383 devstack@n-api-meta.service[96219]: DEBUG oslo_concurrency.lockutils [None req-9cf27cc8-8128-4419-9e40-1509b1b933b9 None None] Lock "00000000-0000-0000-0000-000000000000" "released" by "nova.context.set_target_cell..get_or_set_cached_cell_and_set_connections" :: held 0.000s {{(pid=96219) inner /opt/stack/data/venv/lib/python3.12/site-packages/oslo_concurrency/lockutils.py:544}}
Aug 03 22:06:36.730851 np0000006383 devstack@n-api-meta.service[96219]: DEBUG oslo_concurrency.lockutils [None req-9cf27cc8-8128-4419-9e40-1509b1b933b9 None None] Acquiring lock "29ca54d8-0406-469a-85fe-3d6883957a97" by "nova.context.set_target_cell..get_or_set_cached_cell_and_set_connections" {{(pid=96219) inner /opt/stack/data/venv/lib/python3.12/site-packages/oslo_concurrency/lockutils.py:512}}
Aug 03 22:06:36.731002 np0000006383 devstack@n-api-meta.service[96219]: DEBUG oslo_concurrency.lockutils [None req-9cf27cc8-8128-4419-9e40-1509b1b933b9 None None] Lock "29ca54d8-0406-469a-85fe-3d6883957a97" acquired by "nova.context.set_target_cell..get_or_set_cached_cell_and_set_connections" :: waited 0.000s {{(pid=96219) inner /opt/stack/data/venv/lib/python3.12/site-packages/oslo_concurrency/lockutils.py:525}}
Aug 03 22:06:36.731746 np0000006383 devstack@n-api-meta.service[96219]: DEBUG oslo_concurrency.lockutils [None req-9cf27cc8-8128-4419-9e40-1509b1b933b9 None None] Lock "29ca54d8-0406-469a-85fe-3d6883957a97" "released" by "nova.context.set_target_cell..get_or_set_cached_cell_and_set_connections" :: held 0.001s {{(pid=96219) inner /opt/stack/data/venv/lib/python3.12/site-packages/oslo_concurrency/lockutils.py:544}}
Aug 03 22:06:36.733394 np0000006383 devstack@n-api-meta.service[96219]: INFO dbcounter [None req-9cf27cc8-8128-4419-9e40-1509b1b933b9 None None] Registered counter for database nova_cell0
Aug 03 22:06:36.736545 np0000006383 devstack@n-api-meta.service[96219]: INFO dbcounter [None req-9cf27cc8-8128-4419-9e40-1509b1b933b9 None None] Registered counter for database nova_cell1
Aug 03 22:06:36.739018 np0000006383 devstack@n-api-meta.service[96221]: DEBUG oslo_db.sqlalchemy.engines [None req-36c9ff8c-7533-4b7f-90b8-9da33a83815d None None] MySQL server mode set to STRICT_TRANS_TABLES,STRICT_ALL_TABLES,NO_ZERO_IN_DATE,NO_ZERO_DATE,ERROR_FOR_DIVISION_BY_ZERO,TRADITIONAL,NO_ENGINE_SUBSTITUTION {{(pid=96221) _check_effective_sql_mode /opt/stack/data/venv/lib/python3.12/site-packages/oslo_db/sqlalchemy/engines.py:325}}
Aug 03 22:06:36.739940 np0000006383 devstack@n-api-meta.service[96220]: DEBUG dbcounter [-] [96220] Writer thread running {{(pid=96220) stat_writer /opt/stack/data/venv/lib/python3.12/site-packages/dbcounter.py:102}}
Aug 03 22:06:36.742608 np0000006383 devstack@n-api-meta.service[96220]: DEBUG nova.context [None req-4afcee42-4dea-4e76-8aef-11527b8f151c None None] Found 2 cells: 00000000-0000-0000-0000-000000000000(cell0),29ca54d8-0406-469a-85fe-3d6883957a97(cell1) {{(pid=96220) load_cells /opt/stack/nova/nova/context.py:509}}
Aug 03 22:06:36.742608 np0000006383 devstack@n-api-meta.service[96220]: INFO nova.utils [None req-4afcee42-4dea-4e76-8aef-11527b8f151c None None] The cell worker thread pool MainProcess.cell_worker is initialized
Aug 03 22:06:36.744178 np0000006383 devstack@n-api-meta.service[96220]: DEBUG oslo_concurrency.lockutils [None req-4afcee42-4dea-4e76-8aef-11527b8f151c None None] Acquiring lock "00000000-0000-0000-0000-000000000000" by "nova.context.set_target_cell..get_or_set_cached_cell_and_set_connections" {{(pid=96220) inner /opt/stack/data/venv/lib/python3.12/site-packages/oslo_concurrency/lockutils.py:512}}
Aug 03 22:06:36.744335 np0000006383 devstack@n-api-meta.service[96220]: DEBUG oslo_concurrency.lockutils [None req-4afcee42-4dea-4e76-8aef-11527b8f151c None None] Lock "00000000-0000-0000-0000-000000000000" acquired by "nova.context.set_target_cell..get_or_set_cached_cell_and_set_connections" :: waited 0.000s {{(pid=96220) inner /opt/stack/data/venv/lib/python3.12/site-packages/oslo_concurrency/lockutils.py:525}}
Aug 03 22:06:36.744662 np0000006383 devstack@n-api-meta.service[96220]: DEBUG oslo_concurrency.lockutils [None req-4afcee42-4dea-4e76-8aef-11527b8f151c None None] Lock "00000000-0000-0000-0000-000000000000" "released" by "nova.context.set_target_cell..get_or_set_cached_cell_and_set_connections" :: held 0.000s {{(pid=96220) inner /opt/stack/data/venv/lib/python3.12/site-packages/oslo_concurrency/lockutils.py:544}}
Aug 03 22:06:36.744703 np0000006383 devstack@n-api-meta.service[96222]: DEBUG dbcounter [-] [96222] Writer thread running {{(pid=96222) stat_writer /opt/stack/data/venv/lib/python3.12/site-packages/dbcounter.py:102}}
Aug 03 22:06:36.745304 np0000006383 devstack@n-api-meta.service[96220]: DEBUG oslo_concurrency.lockutils [None req-4afcee42-4dea-4e76-8aef-11527b8f151c None None] Acquiring lock "29ca54d8-0406-469a-85fe-3d6883957a97" by "nova.context.set_target_cell..get_or_set_cached_cell_and_set_connections" {{(pid=96220) inner /opt/stack/data/venv/lib/python3.12/site-packages/oslo_concurrency/lockutils.py:512}}
Aug 03 22:06:36.745443 np0000006383 devstack@n-api-meta.service[96220]: DEBUG oslo_concurrency.lockutils [None req-4afcee42-4dea-4e76-8aef-11527b8f151c None None] Lock "29ca54d8-0406-469a-85fe-3d6883957a97" acquired by "nova.context.set_target_cell..get_or_set_cached_cell_and_set_connections" :: waited 0.000s {{(pid=96220) inner /opt/stack/data/venv/lib/python3.12/site-packages/oslo_concurrency/lockutils.py:525}}
Aug 03 22:06:36.746310 np0000006383 devstack@n-api-meta.service[96220]: DEBUG oslo_concurrency.lockutils [None req-4afcee42-4dea-4e76-8aef-11527b8f151c None None] Lock "29ca54d8-0406-469a-85fe-3d6883957a97" "released" by "nova.context.set_target_cell..get_or_set_cached_cell_and_set_connections" :: held 0.001s {{(pid=96220) inner /opt/stack/data/venv/lib/python3.12/site-packages/oslo_concurrency/lockutils.py:544}}
Aug 03 22:06:36.747246 np0000006383 devstack@n-api-meta.service[96222]: DEBUG nova.context [None req-091dbf2d-7dfd-4247-8435-3df19e48af9d None None] Found 2 cells: 00000000-0000-0000-0000-000000000000(cell0),29ca54d8-0406-469a-85fe-3d6883957a97(cell1) {{(pid=96222) load_cells /opt/stack/nova/nova/context.py:509}}
Aug 03 22:06:36.747564 np0000006383 devstack@n-api-meta.service[96222]: INFO nova.utils [None req-091dbf2d-7dfd-4247-8435-3df19e48af9d None None] The cell worker thread pool MainProcess.cell_worker is initialized
Aug 03 22:06:36.748442 np0000006383 devstack@n-api-meta.service[96220]: INFO dbcounter [None req-4afcee42-4dea-4e76-8aef-11527b8f151c None None] Registered counter for database nova_cell0
Aug 03 22:06:36.749406 np0000006383 devstack@n-api-meta.service[96222]: DEBUG oslo_concurrency.lockutils [None req-091dbf2d-7dfd-4247-8435-3df19e48af9d None None] Acquiring lock "00000000-0000-0000-0000-000000000000" by "nova.context.set_target_cell..get_or_set_cached_cell_and_set_connections" {{(pid=96222) inner /opt/stack/data/venv/lib/python3.12/site-packages/oslo_concurrency/lockutils.py:512}}
Aug 03 22:06:36.749600 np0000006383 devstack@n-api-meta.service[96222]: DEBUG oslo_concurrency.lockutils [None req-091dbf2d-7dfd-4247-8435-3df19e48af9d None None] Lock "00000000-0000-0000-0000-000000000000" acquired by "nova.context.set_target_cell..get_or_set_cached_cell_and_set_connections" :: waited 0.000s {{(pid=96222) inner /opt/stack/data/venv/lib/python3.12/site-packages/oslo_concurrency/lockutils.py:525}}
Aug 03 22:06:36.750018 np0000006383 devstack@n-api-meta.service[96222]: DEBUG oslo_concurrency.lockutils [None req-091dbf2d-7dfd-4247-8435-3df19e48af9d None None] Lock "00000000-0000-0000-0000-000000000000" "released" by "nova.context.set_target_cell..get_or_set_cached_cell_and_set_connections" :: held 0.000s {{(pid=96222) inner /opt/stack/data/venv/lib/python3.12/site-packages/oslo_concurrency/lockutils.py:544}}
Aug 03 22:06:36.751088 np0000006383 devstack@n-api-meta.service[96222]: DEBUG oslo_concurrency.lockutils [None req-091dbf2d-7dfd-4247-8435-3df19e48af9d None None] Acquiring lock "29ca54d8-0406-469a-85fe-3d6883957a97" by "nova.context.set_target_cell..get_or_set_cached_cell_and_set_connections" {{(pid=96222) inner /opt/stack/data/venv/lib/python3.12/site-packages/oslo_concurrency/lockutils.py:512}}
Aug 03 22:06:36.751088 np0000006383 devstack@n-api-meta.service[96222]: DEBUG oslo_concurrency.lockutils [None req-091dbf2d-7dfd-4247-8435-3df19e48af9d None None] Lock "29ca54d8-0406-469a-85fe-3d6883957a97" acquired by "nova.context.set_target_cell..get_or_set_cached_cell_and_set_connections" :: waited 0.000s {{(pid=96222) inner /opt/stack/data/venv/lib/python3.12/site-packages/oslo_concurrency/lockutils.py:525}}
Aug 03 22:06:36.751310 np0000006383 devstack@n-api-meta.service[96220]: INFO dbcounter [None req-4afcee42-4dea-4e76-8aef-11527b8f151c None None] Registered counter for database nova_cell1
Aug 03 22:06:36.751865 np0000006383 devstack@n-api-meta.service[96222]: DEBUG oslo_concurrency.lockutils [None req-091dbf2d-7dfd-4247-8435-3df19e48af9d None None] Lock "29ca54d8-0406-469a-85fe-3d6883957a97" "released" by "nova.context.set_target_cell..get_or_set_cached_cell_and_set_connections" :: held 0.001s {{(pid=96222) inner /opt/stack/data/venv/lib/python3.12/site-packages/oslo_concurrency/lockutils.py:544}}
Aug 03 22:06:36.753685 np0000006383 devstack@n-api-meta.service[96222]: INFO dbcounter [None req-091dbf2d-7dfd-4247-8435-3df19e48af9d None None] Registered counter for database nova_cell0
Aug 03 22:06:36.757271 np0000006383 devstack@n-api-meta.service[96222]: INFO dbcounter [None req-091dbf2d-7dfd-4247-8435-3df19e48af9d None None] Registered counter for database nova_cell1
Aug 03 22:06:36.788699 np0000006383 devstack@n-api-meta.service[96219]: DEBUG oslo_db.sqlalchemy.engines [None req-9cf27cc8-8128-4419-9e40-1509b1b933b9 None None] MySQL server mode set to STRICT_TRANS_TABLES,STRICT_ALL_TABLES,NO_ZERO_IN_DATE,NO_ZERO_DATE,ERROR_FOR_DIVISION_BY_ZERO,TRADITIONAL,NO_ENGINE_SUBSTITUTION {{(pid=96219) _check_effective_sql_mode /opt/stack/data/venv/lib/python3.12/site-packages/oslo_db/sqlalchemy/engines.py:325}}
Aug 03 22:06:36.798265 np0000006383 devstack@n-api-meta.service[96221]: DEBUG oslo_db.sqlalchemy.engines [None req-36c9ff8c-7533-4b7f-90b8-9da33a83815d None None] MySQL server mode set to STRICT_TRANS_TABLES,STRICT_ALL_TABLES,NO_ZERO_IN_DATE,NO_ZERO_DATE,ERROR_FOR_DIVISION_BY_ZERO,TRADITIONAL,NO_ENGINE_SUBSTITUTION {{(pid=96221) _check_effective_sql_mode /opt/stack/data/venv/lib/python3.12/site-packages/oslo_db/sqlalchemy/engines.py:325}}
Aug 03 22:06:36.799834 np0000006383 devstack@n-api-meta.service[96220]: DEBUG oslo_db.sqlalchemy.engines [None req-4afcee42-4dea-4e76-8aef-11527b8f151c None None] MySQL server mode set to STRICT_TRANS_TABLES,STRICT_ALL_TABLES,NO_ZERO_IN_DATE,NO_ZERO_DATE,ERROR_FOR_DIVISION_BY_ZERO,TRADITIONAL,NO_ENGINE_SUBSTITUTION {{(pid=96220) _check_effective_sql_mode /opt/stack/data/venv/lib/python3.12/site-packages/oslo_db/sqlalchemy/engines.py:325}}
Aug 03 22:06:36.804687 np0000006383 devstack@n-api-meta.service[96222]: DEBUG oslo_db.sqlalchemy.engines [None req-091dbf2d-7dfd-4247-8435-3df19e48af9d None None] MySQL server mode set to STRICT_TRANS_TABLES,STRICT_ALL_TABLES,NO_ZERO_IN_DATE,NO_ZERO_DATE,ERROR_FOR_DIVISION_BY_ZERO,TRADITIONAL,NO_ENGINE_SUBSTITUTION {{(pid=96222) _check_effective_sql_mode /opt/stack/data/venv/lib/python3.12/site-packages/oslo_db/sqlalchemy/engines.py:325}}
Aug 03 22:06:36.843801 np0000006383 devstack@n-api-meta.service[96221]: DEBUG dbcounter [-] [96221] Writer thread running {{(pid=96221) stat_writer /opt/stack/data/venv/lib/python3.12/site-packages/dbcounter.py:102}}
Aug 03 22:06:36.848094 np0000006383 devstack@n-api-meta.service[96221]: DEBUG dbcounter [-] [96221] Writer thread running {{(pid=96221) stat_writer /opt/stack/data/venv/lib/python3.12/site-packages/dbcounter.py:102}}
Aug 03 22:06:36.851301 np0000006383 devstack@n-api-meta.service[96221]: INFO dbcounter [None req-36c9ff8c-7533-4b7f-90b8-9da33a83815d None None] Registered counter for database nova_cell0
Aug 03 22:06:36.855822 np0000006383 devstack@n-api-meta.service[96219]: DEBUG oslo_db.sqlalchemy.engines [None req-9cf27cc8-8128-4419-9e40-1509b1b933b9 None None] MySQL server mode set to STRICT_TRANS_TABLES,STRICT_ALL_TABLES,NO_ZERO_IN_DATE,NO_ZERO_DATE,ERROR_FOR_DIVISION_BY_ZERO,TRADITIONAL,NO_ENGINE_SUBSTITUTION {{(pid=96219) _check_effective_sql_mode /opt/stack/data/venv/lib/python3.12/site-packages/oslo_db/sqlalchemy/engines.py:325}}
Aug 03 22:06:36.869257 np0000006383 devstack@n-api-meta.service[96220]: DEBUG oslo_db.sqlalchemy.engines [None req-4afcee42-4dea-4e76-8aef-11527b8f151c None None] MySQL server mode set to STRICT_TRANS_TABLES,STRICT_ALL_TABLES,NO_ZERO_IN_DATE,NO_ZERO_DATE,ERROR_FOR_DIVISION_BY_ZERO,TRADITIONAL,NO_ENGINE_SUBSTITUTION {{(pid=96220) _check_effective_sql_mode /opt/stack/data/venv/lib/python3.12/site-packages/oslo_db/sqlalchemy/engines.py:325}}
Aug 03 22:06:36.871304 np0000006383 devstack@n-api-meta.service[96219]: DEBUG dbcounter [-] [96219] Writer thread running {{(pid=96219) stat_writer /opt/stack/data/venv/lib/python3.12/site-packages/dbcounter.py:102}}
Aug 03 22:06:36.878171 np0000006383 devstack@n-api-meta.service[96219]: DEBUG dbcounter [-] [96219] Writer thread running {{(pid=96219) stat_writer /opt/stack/data/venv/lib/python3.12/site-packages/dbcounter.py:102}}
Aug 03 22:06:36.881391 np0000006383 devstack@n-api-meta.service[96219]: INFO dbcounter [None req-9cf27cc8-8128-4419-9e40-1509b1b933b9 None None] Registered counter for database nova_cell0
Aug 03 22:06:36.883497 np0000006383 devstack@n-api-meta.service[96220]: DEBUG dbcounter [-] [96220] Writer thread running {{(pid=96220) stat_writer /opt/stack/data/venv/lib/python3.12/site-packages/dbcounter.py:102}}
Aug 03 22:06:36.889779 np0000006383 devstack@n-api-meta.service[96221]: DEBUG oslo_db.sqlalchemy.engines [None req-36c9ff8c-7533-4b7f-90b8-9da33a83815d None None] MySQL server mode set to STRICT_TRANS_TABLES,STRICT_ALL_TABLES,NO_ZERO_IN_DATE,NO_ZERO_DATE,ERROR_FOR_DIVISION_BY_ZERO,TRADITIONAL,NO_ENGINE_SUBSTITUTION {{(pid=96221) _check_effective_sql_mode /opt/stack/data/venv/lib/python3.12/site-packages/oslo_db/sqlalchemy/engines.py:325}}
Aug 03 22:06:36.891372 np0000006383 devstack@n-api-meta.service[96220]: DEBUG dbcounter [-] [96220] Writer thread running {{(pid=96220) stat_writer /opt/stack/data/venv/lib/python3.12/site-packages/dbcounter.py:102}}
Aug 03 22:06:36.891871 np0000006383 devstack@n-api-meta.service[96222]: DEBUG dbcounter [-] [96222] Writer thread running {{(pid=96222) stat_writer /opt/stack/data/venv/lib/python3.12/site-packages/dbcounter.py:102}}
Aug 03 22:06:36.893727 np0000006383 devstack@n-api-meta.service[96220]: INFO dbcounter [None req-4afcee42-4dea-4e76-8aef-11527b8f151c None None] Registered counter for database nova_cell0
Aug 03 22:06:36.895384 np0000006383 devstack@n-api-meta.service[96221]: DEBUG dbcounter [-] [96221] Writer thread running {{(pid=96221) stat_writer /opt/stack/data/venv/lib/python3.12/site-packages/dbcounter.py:102}}
Aug 03 22:06:36.896080 np0000006383 devstack@n-api-meta.service[96222]: DEBUG oslo_db.sqlalchemy.engines [None req-091dbf2d-7dfd-4247-8435-3df19e48af9d None None] MySQL server mode set to STRICT_TRANS_TABLES,STRICT_ALL_TABLES,NO_ZERO_IN_DATE,NO_ZERO_DATE,ERROR_FOR_DIVISION_BY_ZERO,TRADITIONAL,NO_ENGINE_SUBSTITUTION {{(pid=96222) _check_effective_sql_mode /opt/stack/data/venv/lib/python3.12/site-packages/oslo_db/sqlalchemy/engines.py:325}}
Aug 03 22:06:36.900971 np0000006383 devstack@n-api-meta.service[96222]: DEBUG dbcounter [-] [96222] Writer thread running {{(pid=96222) stat_writer /opt/stack/data/venv/lib/python3.12/site-packages/dbcounter.py:102}}
Aug 03 22:06:36.903452 np0000006383 devstack@n-api-meta.service[96222]: INFO dbcounter [None req-091dbf2d-7dfd-4247-8435-3df19e48af9d None None] Registered counter for database nova_cell0
Aug 03 22:06:36.918689 np0000006383 devstack@n-api-meta.service[96219]: DEBUG oslo_db.sqlalchemy.engines [None req-9cf27cc8-8128-4419-9e40-1509b1b933b9 None None] MySQL server mode set to STRICT_TRANS_TABLES,STRICT_ALL_TABLES,NO_ZERO_IN_DATE,NO_ZERO_DATE,ERROR_FOR_DIVISION_BY_ZERO,TRADITIONAL,NO_ENGINE_SUBSTITUTION {{(pid=96219) _check_effective_sql_mode /opt/stack/data/venv/lib/python3.12/site-packages/oslo_db/sqlalchemy/engines.py:325}}
Aug 03 22:06:36.925098 np0000006383 devstack@n-api-meta.service[96219]: DEBUG dbcounter [-] [96219] Writer thread running {{(pid=96219) stat_writer /opt/stack/data/venv/lib/python3.12/site-packages/dbcounter.py:102}}
Aug 03 22:06:36.930577 np0000006383 devstack@n-api-meta.service[96220]: DEBUG oslo_db.sqlalchemy.engines [None req-4afcee42-4dea-4e76-8aef-11527b8f151c None None] MySQL server mode set to STRICT_TRANS_TABLES,STRICT_ALL_TABLES,NO_ZERO_IN_DATE,NO_ZERO_DATE,ERROR_FOR_DIVISION_BY_ZERO,TRADITIONAL,NO_ENGINE_SUBSTITUTION {{(pid=96220) _check_effective_sql_mode /opt/stack/data/venv/lib/python3.12/site-packages/oslo_db/sqlalchemy/engines.py:325}}
Aug 03 22:06:36.933591 np0000006383 devstack@n-api-meta.service[96221]: WARNING nova.api.metadata.handler [None req-36c9ff8c-7533-4b7f-90b8-9da33a83815d None None] metadata_proxy_shared_secret is not configured, the metadata information returned by the proxy cannot be trusted
Aug 03 22:06:36.936158 np0000006383 devstack@n-api-meta.service[96221]: DEBUG nova.api.openstack.wsgi_app [None req-36c9ff8c-7533-4b7f-90b8-9da33a83815d None None] ******************************************************************************** {{(pid=96221) log_opt_values /opt/stack/data/venv/lib/python3.12/site-packages/oslo_config/cfg.py:3518}}
Aug 03 22:06:36.936300 np0000006383 devstack@n-api-meta.service[96221]: DEBUG nova.api.openstack.wsgi_app [None req-36c9ff8c-7533-4b7f-90b8-9da33a83815d None None] Configuration options gathered from: {{(pid=96221) log_opt_values /opt/stack/data/venv/lib/python3.12/site-packages/oslo_config/cfg.py:3519}}
Aug 03 22:06:36.936449 np0000006383 devstack@n-api-meta.service[96221]: DEBUG nova.api.openstack.wsgi_app [None req-36c9ff8c-7533-4b7f-90b8-9da33a83815d None None] command line args: [] {{(pid=96221) log_opt_values /opt/stack/data/venv/lib/python3.12/site-packages/oslo_config/cfg.py:3520}}
Aug 03 22:06:36.936628 np0000006383 devstack@n-api-meta.service[96221]: DEBUG nova.api.openstack.wsgi_app [None req-36c9ff8c-7533-4b7f-90b8-9da33a83815d None None] config files: ['/etc/nova/api-paste.ini', '/etc/nova/nova.conf'] {{(pid=96221) log_opt_values /opt/stack/data/venv/lib/python3.12/site-packages/oslo_config/cfg.py:3521}}
Aug 03 22:06:36.936756 np0000006383 devstack@n-api-meta.service[96221]: DEBUG nova.api.openstack.wsgi_app [None req-36c9ff8c-7533-4b7f-90b8-9da33a83815d None None] ================================================================================ {{(pid=96221) log_opt_values /opt/stack/data/venv/lib/python3.12/site-packages/oslo_config/cfg.py:3526}}
Aug 03 22:06:36.936991 np0000006383 devstack@n-api-meta.service[96221]: DEBUG nova.api.openstack.wsgi_app [None req-36c9ff8c-7533-4b7f-90b8-9da33a83815d None None] allow_resize_to_same_host = True {{(pid=96221) log_opt_values /opt/stack/data/venv/lib/python3.12/site-packages/oslo_config/cfg.py:3534}}
Aug 03 22:06:36.937195 np0000006383 devstack@n-api-meta.service[96221]: DEBUG nova.api.openstack.wsgi_app [None req-36c9ff8c-7533-4b7f-90b8-9da33a83815d None None] arq_binding_timeout = 300 {{(pid=96221) log_opt_values /opt/stack/data/venv/lib/python3.12/site-packages/oslo_config/cfg.py:3534}}
Aug 03 22:06:36.937358 np0000006383 devstack@n-api-meta.service[96221]: DEBUG nova.api.openstack.wsgi_app [None req-36c9ff8c-7533-4b7f-90b8-9da33a83815d None None] block_device_allocate_retries = 60 {{(pid=96221) log_opt_values /opt/stack/data/venv/lib/python3.12/site-packages/oslo_config/cfg.py:3534}}
Aug 03 22:06:36.937517 np0000006383 devstack@n-api-meta.service[96221]: DEBUG nova.api.openstack.wsgi_app [None req-36c9ff8c-7533-4b7f-90b8-9da33a83815d None None] block_device_allocate_retries_interval = 3 {{(pid=96221) log_opt_values /opt/stack/data/venv/lib/python3.12/site-packages/oslo_config/cfg.py:3534}}
Aug 03 22:06:36.937564 np0000006383 devstack@n-api-meta.service[96220]: DEBUG dbcounter [-] [96220] Writer thread running {{(pid=96220) stat_writer /opt/stack/data/venv/lib/python3.12/site-packages/dbcounter.py:102}}
Aug 03 22:06:36.937683 np0000006383 devstack@n-api-meta.service[96221]: DEBUG nova.api.openstack.wsgi_app [None req-36c9ff8c-7533-4b7f-90b8-9da33a83815d None None] cell_worker_thread_pool_size = 5 {{(pid=96221) log_opt_values /opt/stack/data/venv/lib/python3.12/site-packages/oslo_config/cfg.py:3534}}
Aug 03 22:06:36.937848 np0000006383 devstack@n-api-meta.service[96221]: DEBUG nova.api.openstack.wsgi_app [None req-36c9ff8c-7533-4b7f-90b8-9da33a83815d None None] cert = self.pem {{(pid=96221) log_opt_values /opt/stack/data/venv/lib/python3.12/site-packages/oslo_config/cfg.py:3534}}
Aug 03 22:06:36.938016 np0000006383 devstack@n-api-meta.service[96221]: DEBUG nova.api.openstack.wsgi_app [None req-36c9ff8c-7533-4b7f-90b8-9da33a83815d None None] compute_driver = libvirt.LibvirtDriver {{(pid=96221) log_opt_values /opt/stack/data/venv/lib/python3.12/site-packages/oslo_config/cfg.py:3534}}
Aug 03 22:06:36.938220 np0000006383 devstack@n-api-meta.service[96221]: DEBUG nova.api.openstack.wsgi_app [None req-36c9ff8c-7533-4b7f-90b8-9da33a83815d None None] compute_monitors = [] {{(pid=96221) log_opt_values /opt/stack/data/venv/lib/python3.12/site-packages/oslo_config/cfg.py:3534}}
Aug 03 22:06:36.938389 np0000006383 devstack@n-api-meta.service[96221]: DEBUG nova.api.openstack.wsgi_app [None req-36c9ff8c-7533-4b7f-90b8-9da33a83815d None None] concurrency_backend = auto {{(pid=96221) log_opt_values /opt/stack/data/venv/lib/python3.12/site-packages/oslo_config/cfg.py:3534}}
Aug 03 22:06:36.938550 np0000006383 devstack@n-api-meta.service[96221]: DEBUG nova.api.openstack.wsgi_app [None req-36c9ff8c-7533-4b7f-90b8-9da33a83815d None None] config_dir = [] {{(pid=96221) log_opt_values /opt/stack/data/venv/lib/python3.12/site-packages/oslo_config/cfg.py:3534}}
Aug 03 22:06:36.938716 np0000006383 devstack@n-api-meta.service[96221]: DEBUG nova.api.openstack.wsgi_app [None req-36c9ff8c-7533-4b7f-90b8-9da33a83815d None None] config_drive_format = iso9660 {{(pid=96221) log_opt_values /opt/stack/data/venv/lib/python3.12/site-packages/oslo_config/cfg.py:3534}}
Aug 03 22:06:36.938865 np0000006383 devstack@n-api-meta.service[96221]: DEBUG nova.api.openstack.wsgi_app [None req-36c9ff8c-7533-4b7f-90b8-9da33a83815d None None] config_file = ['/etc/nova/api-paste.ini', '/etc/nova/nova.conf'] {{(pid=96221) log_opt_values /opt/stack/data/venv/lib/python3.12/site-packages/oslo_config/cfg.py:3534}}
Aug 03 22:06:36.939042 np0000006383 devstack@n-api-meta.service[96221]: DEBUG nova.api.openstack.wsgi_app [None req-36c9ff8c-7533-4b7f-90b8-9da33a83815d None None] config_source = [] {{(pid=96221) log_opt_values /opt/stack/data/venv/lib/python3.12/site-packages/oslo_config/cfg.py:3534}}
Aug 03 22:06:36.939344 np0000006383 devstack@n-api-meta.service[96221]: DEBUG nova.api.openstack.wsgi_app [None req-36c9ff8c-7533-4b7f-90b8-9da33a83815d None None] console_host = np0000006383 {{(pid=96221) log_opt_values /opt/stack/data/venv/lib/python3.12/site-packages/oslo_config/cfg.py:3534}}
Aug 03 22:06:36.939399 np0000006383 devstack@n-api-meta.service[96221]: DEBUG nova.api.openstack.wsgi_app [None req-36c9ff8c-7533-4b7f-90b8-9da33a83815d None None] control_exchange = nova {{(pid=96221) log_opt_values /opt/stack/data/venv/lib/python3.12/site-packages/oslo_config/cfg.py:3534}}
Aug 03 22:06:36.940170 np0000006383 devstack@n-api-meta.service[96221]: DEBUG nova.api.openstack.wsgi_app [None req-36c9ff8c-7533-4b7f-90b8-9da33a83815d None None] cpu_allocation_ratio = None {{(pid=96221) log_opt_values /opt/stack/data/venv/lib/python3.12/site-packages/oslo_config/cfg.py:3534}}
Aug 03 22:06:36.940170 np0000006383 devstack@n-api-meta.service[96221]: DEBUG nova.api.openstack.wsgi_app [None req-36c9ff8c-7533-4b7f-90b8-9da33a83815d None None] daemon = False {{(pid=96221) log_opt_values /opt/stack/data/venv/lib/python3.12/site-packages/oslo_config/cfg.py:3534}}
Aug 03 22:06:36.940170 np0000006383 devstack@n-api-meta.service[96221]: DEBUG nova.api.openstack.wsgi_app [None req-36c9ff8c-7533-4b7f-90b8-9da33a83815d None None] debug = True {{(pid=96221) log_opt_values /opt/stack/data/venv/lib/python3.12/site-packages/oslo_config/cfg.py:3534}}
Aug 03 22:06:36.940170 np0000006383 devstack@n-api-meta.service[96221]: DEBUG nova.api.openstack.wsgi_app [None req-36c9ff8c-7533-4b7f-90b8-9da33a83815d None None] default_access_ip_network_name = None {{(pid=96221) log_opt_values /opt/stack/data/venv/lib/python3.12/site-packages/oslo_config/cfg.py:3534}}
Aug 03 22:06:36.940170 np0000006383 devstack@n-api-meta.service[96221]: DEBUG nova.api.openstack.wsgi_app [None req-36c9ff8c-7533-4b7f-90b8-9da33a83815d None None] default_availability_zone = nova {{(pid=96221) log_opt_values /opt/stack/data/venv/lib/python3.12/site-packages/oslo_config/cfg.py:3534}}
Aug 03 22:06:36.940325 np0000006383 devstack@n-api-meta.service[96221]: DEBUG nova.api.openstack.wsgi_app [None req-36c9ff8c-7533-4b7f-90b8-9da33a83815d None None] default_ephemeral_format = ext4 {{(pid=96221) log_opt_values /opt/stack/data/venv/lib/python3.12/site-packages/oslo_config/cfg.py:3534}}
Aug 03 22:06:36.940402 np0000006383 devstack@n-api-meta.service[96221]: DEBUG nova.api.openstack.wsgi_app [None req-36c9ff8c-7533-4b7f-90b8-9da33a83815d None None] default_green_pool_size = 1000 {{(pid=96221) log_opt_values /opt/stack/data/venv/lib/python3.12/site-packages/oslo_config/cfg.py:3534}}
Aug 03 22:06:36.940630 np0000006383 devstack@n-api-meta.service[96221]: DEBUG nova.api.openstack.wsgi_app [None req-36c9ff8c-7533-4b7f-90b8-9da33a83815d None None] default_log_levels = ['amqp=WARN', 'boto=WARN', 'sqlalchemy=WARN', 'suds=INFO', 'oslo.messaging=INFO', 'oslo_messaging=INFO', 'iso8601=WARN', 'requests.packages.urllib3.connectionpool=WARN', 'urllib3.connectionpool=WARN', 'websocket=WARN', 'requests.packages.urllib3.util.retry=WARN', 'urllib3.util.retry=WARN', 'keystonemiddleware=WARN', 'routes.middleware=WARN', 'stevedore=WARN', 'taskflow=WARN', 'keystoneauth=WARN', 'oslo.cache=INFO', 'oslo_policy=INFO', 'dogpile.core.dogpile=INFO', 'glanceclient=WARN', 'oslo.privsep.daemon=INFO'] {{(pid=96221) log_opt_values /opt/stack/data/venv/lib/python3.12/site-packages/oslo_config/cfg.py:3534}}
Aug 03 22:06:36.940774 np0000006383 devstack@n-api-meta.service[96221]: DEBUG nova.api.openstack.wsgi_app [None req-36c9ff8c-7533-4b7f-90b8-9da33a83815d None None] default_schedule_zone = None {{(pid=96221) log_opt_values /opt/stack/data/venv/lib/python3.12/site-packages/oslo_config/cfg.py:3534}}
Aug 03 22:06:36.940933 np0000006383 devstack@n-api-meta.service[96221]: DEBUG nova.api.openstack.wsgi_app [None req-36c9ff8c-7533-4b7f-90b8-9da33a83815d None None] default_thread_pool_size = 10 {{(pid=96221) log_opt_values /opt/stack/data/venv/lib/python3.12/site-packages/oslo_config/cfg.py:3534}}
Aug 03 22:06:36.941115 np0000006383 devstack@n-api-meta.service[96221]: DEBUG nova.api.openstack.wsgi_app [None req-36c9ff8c-7533-4b7f-90b8-9da33a83815d None None] disk_allocation_ratio = None {{(pid=96221) log_opt_values /opt/stack/data/venv/lib/python3.12/site-packages/oslo_config/cfg.py:3534}}
Aug 03 22:06:36.941273 np0000006383 devstack@n-api-meta.service[96221]: DEBUG nova.api.openstack.wsgi_app [None req-36c9ff8c-7533-4b7f-90b8-9da33a83815d None None] enable_new_services = True {{(pid=96221) log_opt_values /opt/stack/data/venv/lib/python3.12/site-packages/oslo_config/cfg.py:3534}}
Aug 03 22:06:36.941434 np0000006383 devstack@n-api-meta.service[96221]: DEBUG nova.api.openstack.wsgi_app [None req-36c9ff8c-7533-4b7f-90b8-9da33a83815d None None] flat_injected = False {{(pid=96221) log_opt_values /opt/stack/data/venv/lib/python3.12/site-packages/oslo_config/cfg.py:3534}}
Aug 03 22:06:36.941599 np0000006383 devstack@n-api-meta.service[96221]: DEBUG nova.api.openstack.wsgi_app [None req-36c9ff8c-7533-4b7f-90b8-9da33a83815d None None] force_config_drive = True {{(pid=96221) log_opt_values /opt/stack/data/venv/lib/python3.12/site-packages/oslo_config/cfg.py:3534}}
Aug 03 22:06:36.941755 np0000006383 devstack@n-api-meta.service[96221]: DEBUG nova.api.openstack.wsgi_app [None req-36c9ff8c-7533-4b7f-90b8-9da33a83815d None None] force_raw_images = True {{(pid=96221) log_opt_values /opt/stack/data/venv/lib/python3.12/site-packages/oslo_config/cfg.py:3534}}
Aug 03 22:06:36.941921 np0000006383 devstack@n-api-meta.service[96221]: DEBUG nova.api.openstack.wsgi_app [None req-36c9ff8c-7533-4b7f-90b8-9da33a83815d None None] graceful_shutdown_timeout = 5 {{(pid=96221) log_opt_values /opt/stack/data/venv/lib/python3.12/site-packages/oslo_config/cfg.py:3534}}
Aug 03 22:06:36.942144 np0000006383 devstack@n-api-meta.service[96221]: DEBUG nova.api.openstack.wsgi_app [None req-36c9ff8c-7533-4b7f-90b8-9da33a83815d None None] heal_instance_info_cache_interval = -1 {{(pid=96221) log_opt_values /opt/stack/data/venv/lib/python3.12/site-packages/oslo_config/cfg.py:3534}}
Aug 03 22:06:36.942360 np0000006383 devstack@n-api-meta.service[96221]: DEBUG nova.api.openstack.wsgi_app [None req-36c9ff8c-7533-4b7f-90b8-9da33a83815d None None] host = np0000006383 {{(pid=96221) log_opt_values /opt/stack/data/venv/lib/python3.12/site-packages/oslo_config/cfg.py:3534}}
Aug 03 22:06:36.942531 np0000006383 devstack@n-api-meta.service[96221]: DEBUG nova.api.openstack.wsgi_app [None req-36c9ff8c-7533-4b7f-90b8-9da33a83815d None None] initial_cpu_allocation_ratio = 4.0 {{(pid=96221) log_opt_values /opt/stack/data/venv/lib/python3.12/site-packages/oslo_config/cfg.py:3534}}
Aug 03 22:06:36.942778 np0000006383 devstack@n-api-meta.service[96221]: DEBUG nova.api.openstack.wsgi_app [None req-36c9ff8c-7533-4b7f-90b8-9da33a83815d None None] initial_disk_allocation_ratio = 1.0 {{(pid=96221) log_opt_values /opt/stack/data/venv/lib/python3.12/site-packages/oslo_config/cfg.py:3534}}
Aug 03 22:06:36.942921 np0000006383 devstack@n-api-meta.service[96221]: DEBUG nova.api.openstack.wsgi_app [None req-36c9ff8c-7533-4b7f-90b8-9da33a83815d None None] initial_ram_allocation_ratio = 1.0 {{(pid=96221) log_opt_values /opt/stack/data/venv/lib/python3.12/site-packages/oslo_config/cfg.py:3534}}
Aug 03 22:06:36.943158 np0000006383 devstack@n-api-meta.service[96221]: DEBUG nova.api.openstack.wsgi_app [None req-36c9ff8c-7533-4b7f-90b8-9da33a83815d None None] injected_network_template = /opt/stack/nova/nova/virt/interfaces.template {{(pid=96221) log_opt_values /opt/stack/data/venv/lib/python3.12/site-packages/oslo_config/cfg.py:3534}}
Aug 03 22:06:36.943320 np0000006383 devstack@n-api-meta.service[96221]: DEBUG nova.api.openstack.wsgi_app [None req-36c9ff8c-7533-4b7f-90b8-9da33a83815d None None] instance_build_timeout = 0 {{(pid=96221) log_opt_values /opt/stack/data/venv/lib/python3.12/site-packages/oslo_config/cfg.py:3534}}
Aug 03 22:06:36.943485 np0000006383 devstack@n-api-meta.service[96221]: DEBUG nova.api.openstack.wsgi_app [None req-36c9ff8c-7533-4b7f-90b8-9da33a83815d None None] instance_delete_interval = 300 {{(pid=96221) log_opt_values /opt/stack/data/venv/lib/python3.12/site-packages/oslo_config/cfg.py:3534}}
Aug 03 22:06:36.943657 np0000006383 devstack@n-api-meta.service[96221]: DEBUG nova.api.openstack.wsgi_app [None req-36c9ff8c-7533-4b7f-90b8-9da33a83815d None None] instance_format = [instance: %(uuid)s] {{(pid=96221) log_opt_values /opt/stack/data/venv/lib/python3.12/site-packages/oslo_config/cfg.py:3534}}
Aug 03 22:06:36.943814 np0000006383 devstack@n-api-meta.service[96221]: DEBUG nova.api.openstack.wsgi_app [None req-36c9ff8c-7533-4b7f-90b8-9da33a83815d None None] instance_name_template = instance-%08x {{(pid=96221) log_opt_values /opt/stack/data/venv/lib/python3.12/site-packages/oslo_config/cfg.py:3534}}
Aug 03 22:06:36.943969 np0000006383 devstack@n-api-meta.service[96221]: DEBUG nova.api.openstack.wsgi_app [None req-36c9ff8c-7533-4b7f-90b8-9da33a83815d None None] instance_usage_audit = False {{(pid=96221) log_opt_values /opt/stack/data/venv/lib/python3.12/site-packages/oslo_config/cfg.py:3534}}
Aug 03 22:06:36.944165 np0000006383 devstack@n-api-meta.service[96221]: DEBUG nova.api.openstack.wsgi_app [None req-36c9ff8c-7533-4b7f-90b8-9da33a83815d None None] instance_usage_audit_period = month {{(pid=96221) log_opt_values /opt/stack/data/venv/lib/python3.12/site-packages/oslo_config/cfg.py:3534}}
Aug 03 22:06:36.944328 np0000006383 devstack@n-api-meta.service[96221]: DEBUG nova.api.openstack.wsgi_app [None req-36c9ff8c-7533-4b7f-90b8-9da33a83815d None None] instance_uuid_format = [instance: %(uuid)s] {{(pid=96221) log_opt_values /opt/stack/data/venv/lib/python3.12/site-packages/oslo_config/cfg.py:3534}}
Aug 03 22:06:36.944490 np0000006383 devstack@n-api-meta.service[96221]: DEBUG nova.api.openstack.wsgi_app [None req-36c9ff8c-7533-4b7f-90b8-9da33a83815d None None] instances_path = /opt/stack/data/nova/instances {{(pid=96221) log_opt_values /opt/stack/data/venv/lib/python3.12/site-packages/oslo_config/cfg.py:3534}}
Aug 03 22:06:36.944647 np0000006383 devstack@n-api-meta.service[96221]: DEBUG nova.api.openstack.wsgi_app [None req-36c9ff8c-7533-4b7f-90b8-9da33a83815d None None] internal_service_availability_zone = internal {{(pid=96221) log_opt_values /opt/stack/data/venv/lib/python3.12/site-packages/oslo_config/cfg.py:3534}}
Aug 03 22:06:36.944800 np0000006383 devstack@n-api-meta.service[96221]: DEBUG nova.api.openstack.wsgi_app [None req-36c9ff8c-7533-4b7f-90b8-9da33a83815d None None] key = None {{(pid=96221) log_opt_values /opt/stack/data/venv/lib/python3.12/site-packages/oslo_config/cfg.py:3534}}
Aug 03 22:06:36.944954 np0000006383 devstack@n-api-meta.service[96221]: DEBUG nova.api.openstack.wsgi_app [None req-36c9ff8c-7533-4b7f-90b8-9da33a83815d None None] live_migration_retry_count = 30 {{(pid=96221) log_opt_values /opt/stack/data/venv/lib/python3.12/site-packages/oslo_config/cfg.py:3534}}
Aug 03 22:06:36.944993 np0000006383 devstack@n-api-meta.service[96222]: DEBUG oslo_db.sqlalchemy.engines [None req-091dbf2d-7dfd-4247-8435-3df19e48af9d None None] MySQL server mode set to STRICT_TRANS_TABLES,STRICT_ALL_TABLES,NO_ZERO_IN_DATE,NO_ZERO_DATE,ERROR_FOR_DIVISION_BY_ZERO,TRADITIONAL,NO_ENGINE_SUBSTITUTION {{(pid=96222) _check_effective_sql_mode /opt/stack/data/venv/lib/python3.12/site-packages/oslo_db/sqlalchemy/engines.py:325}}
Aug 03 22:06:36.945159 np0000006383 devstack@n-api-meta.service[96221]: DEBUG nova.api.openstack.wsgi_app [None req-36c9ff8c-7533-4b7f-90b8-9da33a83815d None None] log_color = False {{(pid=96221) log_opt_values /opt/stack/data/venv/lib/python3.12/site-packages/oslo_config/cfg.py:3534}}
Aug 03 22:06:36.945323 np0000006383 devstack@n-api-meta.service[96221]: DEBUG nova.api.openstack.wsgi_app [None req-36c9ff8c-7533-4b7f-90b8-9da33a83815d None None] log_config_append = None {{(pid=96221) log_opt_values /opt/stack/data/venv/lib/python3.12/site-packages/oslo_config/cfg.py:3534}}
Aug 03 22:06:36.945486 np0000006383 devstack@n-api-meta.service[96221]: DEBUG nova.api.openstack.wsgi_app [None req-36c9ff8c-7533-4b7f-90b8-9da33a83815d None None] log_date_format = %Y-%m-%d %H:%M:%S {{(pid=96221) log_opt_values /opt/stack/data/venv/lib/python3.12/site-packages/oslo_config/cfg.py:3534}}
Aug 03 22:06:36.945639 np0000006383 devstack@n-api-meta.service[96221]: DEBUG nova.api.openstack.wsgi_app [None req-36c9ff8c-7533-4b7f-90b8-9da33a83815d None None] log_dir = None {{(pid=96221) log_opt_values /opt/stack/data/venv/lib/python3.12/site-packages/oslo_config/cfg.py:3534}}
Aug 03 22:06:36.945794 np0000006383 devstack@n-api-meta.service[96221]: DEBUG nova.api.openstack.wsgi_app [None req-36c9ff8c-7533-4b7f-90b8-9da33a83815d None None] log_file = None {{(pid=96221) log_opt_values /opt/stack/data/venv/lib/python3.12/site-packages/oslo_config/cfg.py:3534}}
Aug 03 22:06:36.945920 np0000006383 devstack@n-api-meta.service[96221]: DEBUG nova.api.openstack.wsgi_app [None req-36c9ff8c-7533-4b7f-90b8-9da33a83815d None None] log_options = True {{(pid=96221) log_opt_values /opt/stack/data/venv/lib/python3.12/site-packages/oslo_config/cfg.py:3534}}
Aug 03 22:06:36.946106 np0000006383 devstack@n-api-meta.service[96221]: DEBUG nova.api.openstack.wsgi_app [None req-36c9ff8c-7533-4b7f-90b8-9da33a83815d None None] log_rotate_interval = 1 {{(pid=96221) log_opt_values /opt/stack/data/venv/lib/python3.12/site-packages/oslo_config/cfg.py:3534}}
Aug 03 22:06:36.946274 np0000006383 devstack@n-api-meta.service[96221]: DEBUG nova.api.openstack.wsgi_app [None req-36c9ff8c-7533-4b7f-90b8-9da33a83815d None None] log_rotate_interval_type = days {{(pid=96221) log_opt_values /opt/stack/data/venv/lib/python3.12/site-packages/oslo_config/cfg.py:3534}}
Aug 03 22:06:36.946432 np0000006383 devstack@n-api-meta.service[96221]: DEBUG nova.api.openstack.wsgi_app [None req-36c9ff8c-7533-4b7f-90b8-9da33a83815d None None] log_rotation_type = none {{(pid=96221) log_opt_values /opt/stack/data/venv/lib/python3.12/site-packages/oslo_config/cfg.py:3534}}
Aug 03 22:06:36.946559 np0000006383 devstack@n-api-meta.service[96221]: DEBUG nova.api.openstack.wsgi_app [None req-36c9ff8c-7533-4b7f-90b8-9da33a83815d None None] logging_context_format_string = %(color)s%(levelname)s %(name)s [%(global_request_id)s %(request_id)s %(project_name)s %(user_name)s%(color)s] %(instance)s%(color)s%(message)s {{(pid=96221) log_opt_values /opt/stack/data/venv/lib/python3.12/site-packages/oslo_config/cfg.py:3534}}
Aug 03 22:06:36.946686 np0000006383 devstack@n-api-meta.service[96221]: DEBUG nova.api.openstack.wsgi_app [None req-36c9ff8c-7533-4b7f-90b8-9da33a83815d None None] logging_debug_format_suffix = {{(pid=%(process)d) %(funcName)s %(pathname)s:%(lineno)d}} {{(pid=96221) log_opt_values /opt/stack/data/venv/lib/python3.12/site-packages/oslo_config/cfg.py:3534}}
