Aug 03 22:06:12.955340 np0000006383 devstack@neutron-api.service[90953]: DEBUG neutron.api.extensions [None req-67ad0b8d-1df2-48e4-9470-d2375c3b3ca5 None None] Loading extension file: subnet_segmentid_writable.py {{(pid=90953) _load_all_extensions_from_path /opt/stack/neutron/neutron/api/extensions.py:449}}
Aug 03 22:06:12.955521 np0000006383 devstack@neutron-api.service[90954]: DEBUG neutron.api.extensions [None req-5271ebff-7ebf-42d8-98b8-d5c17f6cc474 None None] Extended resource: l3-routers {{(pid=90954) __init__ /opt/stack/neutron/neutron/api/extensions.py:156}}
Aug 03 22:06:12.955629 np0000006383 devstack@neutron-api.service[90953]: DEBUG neutron.api.extensions [None req-67ad0b8d-1df2-48e4-9470-d2375c3b3ca5 None None] Ext name="Subnet SegmentID (writable)" alias="subnet-segmentid-writable" description="Provides a writable segment_id attribute for a subnet resource." updated="2018-03-12T00:00:00-00:00" {{(pid=90953) _check_extension /opt/stack/neutron/neutron/api/extensions.py:415}}
Aug 03 22:06:12.955784 np0000006383 devstack@neutron-api.service[90953]: INFO neutron.api.extensions [None req-67ad0b8d-1df2-48e4-9470-d2375c3b3ca5 None None] Extension subnet-segmentid-writable not supported by any of loaded plugins
Aug 03 22:06:12.955908 np0000006383 devstack@neutron-api.service[90953]: DEBUG neutron.api.extensions [None req-67ad0b8d-1df2-48e4-9470-d2375c3b3ca5 None None] Loading extension file: subnet_service_types.py {{(pid=90953) _load_all_extensions_from_path /opt/stack/neutron/neutron/api/extensions.py:449}}
Aug 03 22:06:12.956624 np0000006383 devstack@neutron-api.service[90954]: DEBUG neutron.api.extensions [None req-5271ebff-7ebf-42d8-98b8-d5c17f6cc474 None None] Extended resource: l3-agents {{(pid=90954) __init__ /opt/stack/neutron/neutron/api/extensions.py:156}}
Aug 03 22:06:12.957020 np0000006383 devstack@neutron-api.service[90953]: DEBUG neutron.api.extensions [None req-67ad0b8d-1df2-48e4-9470-d2375c3b3ca5 None None] Ext name="Subnet service types" alias="subnet-service-types" description="Provides ability to set the subnet service_types field" updated="2016-03-15T18:00:00-00:00" {{(pid=90953) _check_extension /opt/stack/neutron/neutron/api/extensions.py:415}}
Aug 03 22:06:12.957020 np0000006383 devstack@neutron-api.service[90953]: INFO neutron.api.extensions [None req-67ad0b8d-1df2-48e4-9470-d2375c3b3ca5 None None] Loaded extension: subnet-service-types
Aug 03 22:06:12.957020 np0000006383 devstack@neutron-api.service[90953]: DEBUG neutron.api.extensions [None req-67ad0b8d-1df2-48e4-9470-d2375c3b3ca5 None None] Loading extension file: subnetallocation.py {{(pid=90953) _load_all_extensions_from_path /opt/stack/neutron/neutron/api/extensions.py:449}}
Aug 03 22:06:12.957423 np0000006383 devstack@neutron-api.service[90953]: DEBUG neutron.api.extensions [None req-67ad0b8d-1df2-48e4-9470-d2375c3b3ca5 None None] Ext name="Subnet Allocation" alias="subnet_allocation" description="Enables allocation of subnets from a subnet pool" updated="2015-03-30T10:00:00-00:00" {{(pid=90953) _check_extension /opt/stack/neutron/neutron/api/extensions.py:415}}
Aug 03 22:06:12.957777 np0000006383 devstack@neutron-api.service[90954]: DEBUG neutron.api.extensions [None req-5271ebff-7ebf-42d8-98b8-d5c17f6cc474 None None] Extended resource: network-ip-availabilities {{(pid=90954) __init__ /opt/stack/neutron/neutron/api/extensions.py:156}}
Aug 03 22:06:12.958032 np0000006383 devstack@neutron-api.service[90953]: INFO neutron.api.extensions [None req-67ad0b8d-1df2-48e4-9470-d2375c3b3ca5 None None] Loaded extension: subnet_allocation
Aug 03 22:06:12.958032 np0000006383 devstack@neutron-api.service[90953]: DEBUG neutron.api.extensions [None req-67ad0b8d-1df2-48e4-9470-d2375c3b3ca5 None None] Loading extension file: subnetpool_prefix_ops.py {{(pid=90953) _load_all_extensions_from_path /opt/stack/neutron/neutron/api/extensions.py:449}}
Aug 03 22:06:12.958032 np0000006383 devstack@neutron-api.service[90953]: DEBUG neutron.api.extensions [None req-67ad0b8d-1df2-48e4-9470-d2375c3b3ca5 None None] Ext name="Subnet Pool Prefix Operations" alias="subnetpool-prefix-ops" description="Provides support for adjusting the prefix list of subnet pools" updated="2019-02-08T10:00:00-00:00" {{(pid=90953) _check_extension /opt/stack/neutron/neutron/api/extensions.py:415}}
Aug 03 22:06:12.959102 np0000006383 devstack@neutron-api.service[90954]: DEBUG neutron.api.extensions [None req-5271ebff-7ebf-42d8-98b8-d5c17f6cc474 None None] Extended resource: network-ip-availabilities {{(pid=90954) __init__ /opt/stack/neutron/neutron/api/extensions.py:156}}
Aug 03 22:06:12.959355 np0000006383 devstack@neutron-api.service[90953]: INFO neutron.api.extensions [None req-67ad0b8d-1df2-48e4-9470-d2375c3b3ca5 None None] Loaded extension: subnetpool-prefix-ops
Aug 03 22:06:12.959355 np0000006383 devstack@neutron-api.service[90953]: DEBUG neutron.api.extensions [None req-67ad0b8d-1df2-48e4-9470-d2375c3b3ca5 None None] Loading extension file: tag_creation.py {{(pid=90953) _load_all_extensions_from_path /opt/stack/neutron/neutron/api/extensions.py:449}}
Aug 03 22:06:12.959355 np0000006383 devstack@neutron-api.service[90953]: DEBUG neutron.api.extensions [None req-67ad0b8d-1df2-48e4-9470-d2375c3b3ca5 None None] Ext name="Tag creation extension" alias="tag-creation" description="Allow to create multiple tags for a resource" updated="2024-23-07T10:00:00-00:00" {{(pid=90953) _check_extension /opt/stack/neutron/neutron/api/extensions.py:415}}
Aug 03 22:06:12.960084 np0000006383 devstack@neutron-api.service[90955]: DEBUG neutron.plugins.ml2.drivers.ovn.mech_driver.ovsdb.maintenance [None req-1bc4a6ff-b47e-480c-8670-e0ab5759e60b None None] Periodic task found: HashRingHealthCheckPeriodics.touch_hash_ring_node {{(pid=90955) add_periodics /opt/stack/neutron/neutron/plugins/ml2/drivers/ovn/mech_driver/ovsdb/maintenance.py:147}}
Aug 03 22:06:12.960521 np0000006383 devstack@neutron-api.service[90953]: INFO neutron.api.extensions [None req-67ad0b8d-1df2-48e4-9470-d2375c3b3ca5 None None] Loaded extension: tag-creation
Aug 03 22:06:12.960521 np0000006383 devstack@neutron-api.service[90953]: DEBUG neutron.api.extensions [None req-67ad0b8d-1df2-48e4-9470-d2375c3b3ca5 None None] Loading extension file: tag_ports_during_bulk_creation.py {{(pid=90953) _load_all_extensions_from_path /opt/stack/neutron/neutron/api/extensions.py:449}}
Aug 03 22:06:12.960521 np0000006383 devstack@neutron-api.service[90953]: DEBUG neutron.api.extensions [None req-67ad0b8d-1df2-48e4-9470-d2375c3b3ca5 None None] Ext name="Tag Ports During Bulk Creation" alias="tag-ports-during-bulk-creation" description="Allow to tag ports during bulk creation" updated="2019-12-29T19:00:00-00:00" {{(pid=90953) _check_extension /opt/stack/neutron/neutron/api/extensions.py:415}}
Aug 03 22:06:12.960521 np0000006383 devstack@neutron-api.service[90953]: INFO neutron.api.extensions [None req-67ad0b8d-1df2-48e4-9470-d2375c3b3ca5 None None] Extension tag-ports-during-bulk-creation not supported by any of loaded plugins
Aug 03 22:06:12.960521 np0000006383 devstack@neutron-api.service[90953]: DEBUG neutron.api.extensions [None req-67ad0b8d-1df2-48e4-9470-d2375c3b3ca5 None None] Loading extension file: tagging.py {{(pid=90953) _load_all_extensions_from_path /opt/stack/neutron/neutron/api/extensions.py:449}}
Aug 03 22:06:12.960982 np0000006383 devstack@neutron-api.service[90955]: INFO neutron.plugins.ml2.drivers.ovn.mech_driver.mech_driver [None req-1bc4a6ff-b47e-480c-8670-e0ab5759e60b None None] Hash Ring probing thread for node 0e180492b84d5660a7b6e957856750ac has started
Aug 03 22:06:12.961304 np0000006383 devstack@neutron-api.service[90954]: DEBUG neutron.api.extensions [None req-5271ebff-7ebf-42d8-98b8-d5c17f6cc474 None None] Extended resource: bindings {{(pid=90954) __init__ /opt/stack/neutron/neutron/api/extensions.py:156}}
Aug 03 22:06:12.961541 np0000006383 devstack@neutron-api.service[90955]: INFO neutron.plugins.ml2.drivers.ovn.mech_driver.ovsdb.impl_idl_ovn [None req-1bc4a6ff-b47e-480c-8670-e0ab5759e60b None None] Getting OvsdbNbOvnIdl for WorkerService with retry
Aug 03 22:06:12.961686 np0000006383 devstack@neutron-api.service[90953]: DEBUG neutron.api.extensions [None req-67ad0b8d-1df2-48e4-9470-d2375c3b3ca5 None None] Ext name="Tag support for resources with standard attribute: port, subnet, subnetpool, network, security_group, router, floatingip, policy, trunk, network_segment_range" alias="standard-attr-tag" description="Enables to set tag on resources with standard attribute." updated="2017-01-01T00:00:00-00:00" {{(pid=90953) _check_extension /opt/stack/neutron/neutron/api/extensions.py:415}}
Aug 03 22:06:12.961851 np0000006383 devstack@neutron-api.service[90954]: DEBUG neutron.api.extensions [None req-5271ebff-7ebf-42d8-98b8-d5c17f6cc474 None None] Extended resource: quotas {{(pid=90954) __init__ /opt/stack/neutron/neutron/api/extensions.py:156}}
Aug 03 22:06:12.962012 np0000006383 devstack@neutron-api.service[90953]: INFO neutron.api.extensions [None req-67ad0b8d-1df2-48e4-9470-d2375c3b3ca5 None None] Loaded extension: standard-attr-tag
Aug 03 22:06:12.962012 np0000006383 devstack@neutron-api.service[90953]: DEBUG neutron.api.extensions [None req-67ad0b8d-1df2-48e4-9470-d2375c3b3ca5 None None] Loading extension file: timestamp.py {{(pid=90953) _load_all_extensions_from_path /opt/stack/neutron/neutron/api/extensions.py:449}}
Aug 03 22:06:12.962012 np0000006383 devstack@neutron-api.service[90953]: DEBUG neutron.api.extensions [None req-67ad0b8d-1df2-48e4-9470-d2375c3b3ca5 None None] Ext name="Resource timestamps" alias="standard-attr-timestamp" description="Adds created_at and updated_at fields to all Neutron resources that have Neutron standard attributes." updated="2016-09-12T10:00:00-00:00" {{(pid=90953) _check_extension /opt/stack/neutron/neutron/api/extensions.py:415}}
Aug 03 22:06:12.962447 np0000006383 devstack@neutron-api.service[90953]: INFO neutron.api.extensions [None req-67ad0b8d-1df2-48e4-9470-d2375c3b3ca5 None None] Loaded extension: standard-attr-timestamp
Aug 03 22:06:12.962625 np0000006383 devstack@neutron-api.service[90954]: DEBUG neutron.api.extensions [None req-5271ebff-7ebf-42d8-98b8-d5c17f6cc474 None None] Extended resource: quotas {{(pid=90954) __init__ /opt/stack/neutron/neutron/api/extensions.py:156}}
Aug 03 22:06:12.962800 np0000006383 devstack@neutron-api.service[90953]: DEBUG neutron.api.extensions [None req-67ad0b8d-1df2-48e4-9470-d2375c3b3ca5 None None] Loading extension file: trunk.py {{(pid=90953) _load_all_extensions_from_path /opt/stack/neutron/neutron/api/extensions.py:449}}
Aug 03 22:06:12.962800 np0000006383 devstack@neutron-api.service[90953]: DEBUG neutron.api.extensions [None req-67ad0b8d-1df2-48e4-9470-d2375c3b3ca5 None None] Ext name="Trunk Extension" alias="trunk" description="Provides support for trunk ports" updated="2016-01-01T10:00:00-00:00" {{(pid=90953) _check_extension /opt/stack/neutron/neutron/api/extensions.py:415}}
Aug 03 22:06:12.962985 np0000006383 devstack@neutron-api.service[90953]: INFO neutron.api.extensions [None req-67ad0b8d-1df2-48e4-9470-d2375c3b3ca5 None None] Extension trunk not supported by any of loaded plugins
Aug 03 22:06:12.963179 np0000006383 devstack@neutron-api.service[90953]: DEBUG neutron.api.extensions [None req-67ad0b8d-1df2-48e4-9470-d2375c3b3ca5 None None] Loading extension file: trunk_details.py {{(pid=90953) _load_all_extensions_from_path /opt/stack/neutron/neutron/api/extensions.py:449}}
Aug 03 22:06:12.963507 np0000006383 devstack@neutron-api.service[90954]: DEBUG neutron.api.extensions [None req-5271ebff-7ebf-42d8-98b8-d5c17f6cc474 None None] Extended resource: rbac-policies {{(pid=90954) __init__ /opt/stack/neutron/neutron/api/extensions.py:156}}
Aug 03 22:06:12.963819 np0000006383 devstack@neutron-api.service[90953]: DEBUG neutron.api.extensions [None req-67ad0b8d-1df2-48e4-9470-d2375c3b3ca5 None None] Ext name="Trunk port details" alias="trunk-details" description="Expose trunk port details" updated="2016-01-01T10:00:00-00:00" {{(pid=90953) _check_extension /opt/stack/neutron/neutron/api/extensions.py:415}}
Aug 03 22:06:12.963819 np0000006383 devstack@neutron-api.service[90953]: INFO neutron.api.extensions [None req-67ad0b8d-1df2-48e4-9470-d2375c3b3ca5 None None] Extension trunk-details not supported by any of loaded plugins
Aug 03 22:06:12.964107 np0000006383 devstack@neutron-api.service[90953]: DEBUG neutron.api.extensions [None req-67ad0b8d-1df2-48e4-9470-d2375c3b3ca5 None None] Loading extension file: uplink_status_propagation.py {{(pid=90953) _load_all_extensions_from_path /opt/stack/neutron/neutron/api/extensions.py:449}}
Aug 03 22:06:12.964332 np0000006383 devstack@neutron-api.service[90954]: DEBUG neutron.api.extensions [None req-5271ebff-7ebf-42d8-98b8-d5c17f6cc474 None None] Extended resource: default-security-group-rules {{(pid=90954) __init__ /opt/stack/neutron/neutron/api/extensions.py:156}}
Aug 03 22:06:12.964414 np0000006383 devstack@neutron-api.service[90953]: DEBUG neutron.api.extensions [None req-67ad0b8d-1df2-48e4-9470-d2375c3b3ca5 None None] Ext name="Uplink status propagation extension" alias="uplink-status-propagation" description="Provides ability to propagate port uplink status." updated="2018-05-31T18:00:00-00:00" {{(pid=90953) _check_extension /opt/stack/neutron/neutron/api/extensions.py:415}}
Aug 03 22:06:12.964512 np0000006383 devstack@neutron-api.service[90953]: INFO neutron.api.extensions [None req-67ad0b8d-1df2-48e4-9470-d2375c3b3ca5 None None] Extension uplink-status-propagation not supported by any of loaded plugins
Aug 03 22:06:12.964648 np0000006383 devstack@neutron-api.service[90953]: DEBUG neutron.api.extensions [None req-67ad0b8d-1df2-48e4-9470-d2375c3b3ca5 None None] Loading extension file: uplink_status_propagation_updatable.py {{(pid=90953) _load_all_extensions_from_path /opt/stack/neutron/neutron/api/extensions.py:449}}
Aug 03 22:06:12.965129 np0000006383 devstack@neutron-api.service[90954]: DEBUG neutron.api.extensions [None req-5271ebff-7ebf-42d8-98b8-d5c17f6cc474 None None] Extended resource: security-groups-default-statefulness {{(pid=90954) __init__ /opt/stack/neutron/neutron/api/extensions.py:156}}
Aug 03 22:06:12.965350 np0000006383 devstack@neutron-api.service[90953]: DEBUG neutron.api.extensions [None req-67ad0b8d-1df2-48e4-9470-d2375c3b3ca5 None None] Ext name="Uplink status propagation updatable extension" alias="uplink-status-propagation-updatable" description="Provides ability to update the port uplink status." updated="2024-09-03T18:00:00-00:00" {{(pid=90953) _check_extension /opt/stack/neutron/neutron/api/extensions.py:415}}
Aug 03 22:06:12.965572 np0000006383 devstack@neutron-api.service[90953]: INFO neutron.api.extensions [None req-67ad0b8d-1df2-48e4-9470-d2375c3b3ca5 None None] Extension uplink-status-propagation-updatable not supported by any of loaded plugins
Aug 03 22:06:12.965728 np0000006383 devstack@neutron-api.service[90953]: DEBUG neutron.api.extensions [None req-67ad0b8d-1df2-48e4-9470-d2375c3b3ca5 None None] Loading extension file: vlantransparent.py {{(pid=90953) _load_all_extensions_from_path /opt/stack/neutron/neutron/api/extensions.py:449}}
Aug 03 22:06:12.966041 np0000006383 devstack@neutron-api.service[90954]: DEBUG neutron.api.extensions [None req-5271ebff-7ebf-42d8-98b8-d5c17f6cc474 None None] Extended resource: security-groups {{(pid=90954) __init__ /opt/stack/neutron/neutron/api/extensions.py:156}}
Aug 03 22:06:12.966221 np0000006383 devstack@neutron-api.service[90953]: DEBUG neutron.api.extensions [None req-67ad0b8d-1df2-48e4-9470-d2375c3b3ca5 None None] Ext name="Vlantransparent" alias="vlan-transparent" description="Provides Vlan Transparent Networks" updated="2015-03-23T09:00:00-00:00" {{(pid=90953) _check_extension /opt/stack/neutron/neutron/api/extensions.py:415}}
Aug 03 22:06:12.966406 np0000006383 devstack@neutron-api.service[90953]: INFO neutron.api.extensions [None req-67ad0b8d-1df2-48e4-9470-d2375c3b3ca5 None None] Loaded extension: vlan-transparent
Aug 03 22:06:12.966862 np0000006383 devstack@neutron-api.service[90954]: DEBUG neutron.api.extensions [None req-5271ebff-7ebf-42d8-98b8-d5c17f6cc474 None None] Extended resource: security-group-rules {{(pid=90954) __init__ /opt/stack/neutron/neutron/api/extensions.py:156}}
Aug 03 22:06:12.967658 np0000006383 devstack@neutron-api.service[90954]: DEBUG neutron.api.extensions [None req-5271ebff-7ebf-42d8-98b8-d5c17f6cc474 None None] Extended resource: service-providers {{(pid=90954) __init__ /opt/stack/neutron/neutron/api/extensions.py:156}}
Aug 03 22:06:12.968501 np0000006383 devstack@neutron-api.service[90954]: DEBUG neutron.api.extensions [None req-5271ebff-7ebf-42d8-98b8-d5c17f6cc474 None None] Extended resource: subnetpools {{(pid=90954) __init__ /opt/stack/neutron/neutron/api/extensions.py:156}}
Aug 03 22:06:12.969100 np0000006383 devstack@neutron-api.service[90953]: INFO neutron.quota.resource_registry [None req-67ad0b8d-1df2-48e4-9470-d2375c3b3ca5 None None] Creating instance of TrackedResource for resource:network
Aug 03 22:06:12.969437 np0000006383 devstack@neutron-api.service[90953]: INFO neutron.quota.resource_registry [None req-67ad0b8d-1df2-48e4-9470-d2375c3b3ca5 None None] Creating instance of TrackedResource for resource:subnet
Aug 03 22:06:12.969582 np0000006383 devstack@neutron-api.service[90954]: DEBUG neutron.api.extensions [None req-5271ebff-7ebf-42d8-98b8-d5c17f6cc474 None None] Extended resource: subnetpools {{(pid=90954) __init__ /opt/stack/neutron/neutron/api/extensions.py:156}}
Aug 03 22:06:12.969718 np0000006383 devstack@neutron-api.service[90953]: INFO neutron.quota.resource_registry [None req-67ad0b8d-1df2-48e4-9470-d2375c3b3ca5 None None] Creating instance of TrackedResource for resource:subnetpool
Aug 03 22:06:12.969883 np0000006383 devstack@neutron-api.service[90953]: INFO neutron.quota.resource_registry [None req-67ad0b8d-1df2-48e4-9470-d2375c3b3ca5 None None] Creating instance of TrackedResource for resource:port
Aug 03 22:06:12.970493 np0000006383 devstack@neutron-api.service[90954]: DEBUG neutron.api.extensions [None req-5271ebff-7ebf-42d8-98b8-d5c17f6cc474 None None] Extended resource: tags {{(pid=90954) __init__ /opt/stack/neutron/neutron/api/extensions.py:156}}
Aug 03 22:06:12.971666 np0000006383 devstack@neutron-api.service[90954]: DEBUG neutron.api.extensions [None req-5271ebff-7ebf-42d8-98b8-d5c17f6cc474 None None] Extended resource: tags {{(pid=90954) __init__ /opt/stack/neutron/neutron/api/extensions.py:156}}
Aug 03 22:06:12.972047 np0000006383 devstack@neutron-api.service[90953]: INFO neutron.quota.resource_registry [None req-67ad0b8d-1df2-48e4-9470-d2375c3b3ca5 None None] Creating instance of CountableResource for resource:router_route
Aug 03 22:06:12.972377 np0000006383 devstack@neutron-api.service[90953]: DEBUG neutron.api.v2.resource_helper [None req-67ad0b8d-1df2-48e4-9470-d2375c3b3ca5 None None] Service L3_ROUTER_NAT assigned prefix: {{(pid=90953) build_resource_info /opt/stack/neutron/neutron/api/v2/resource_helper.py:77}}
Aug 03 22:06:12.972956 np0000006383 devstack@neutron-api.service[90953]: DEBUG neutron.api.v2.resource_helper [None req-67ad0b8d-1df2-48e4-9470-d2375c3b3ca5 None None] Service FLAVORS assigned prefix: {{(pid=90953) build_resource_info /opt/stack/neutron/neutron/api/v2/resource_helper.py:77}}
Aug 03 22:06:12.973044 np0000006383 devstack@neutron-api.service[90954]: DEBUG neutron.api.extensions [None req-5271ebff-7ebf-42d8-98b8-d5c17f6cc474 None None] Extended resource: tags {{(pid=90954) __init__ /opt/stack/neutron/neutron/api/extensions.py:156}}
Aug 03 22:06:12.974283 np0000006383 devstack@neutron-api.service[90954]: DEBUG neutron.api.extensions [None req-5271ebff-7ebf-42d8-98b8-d5c17f6cc474 None None] Extended resource: tags {{(pid=90954) __init__ /opt/stack/neutron/neutron/api/extensions.py:156}}
Aug 03 22:06:12.974428 np0000006383 devstack@neutron-api.service[90953]: DEBUG neutron.api.v2.resource_helper [None req-67ad0b8d-1df2-48e4-9470-d2375c3b3ca5 None None] Service L3_ROUTER_NAT assigned prefix: {{(pid=90953) build_resource_info /opt/stack/neutron/neutron/api/v2/resource_helper.py:77}}
Aug 03 22:06:12.975176 np0000006383 devstack@neutron-api.service[90953]: DEBUG neutron.api.v2.resource_helper [None req-67ad0b8d-1df2-48e4-9470-d2375c3b3ca5 None None] Service L3_ROUTER_NAT assigned prefix: {{(pid=90953) build_resource_info /opt/stack/neutron/neutron/api/v2/resource_helper.py:77}}
Aug 03 22:06:12.975418 np0000006383 devstack@neutron-api.service[90953]: INFO neutron.quota.resource_registry [None req-67ad0b8d-1df2-48e4-9470-d2375c3b3ca5 None None] Creating instance of TrackedResource for resource:router
Aug 03 22:06:12.975565 np0000006383 devstack@neutron-api.service[90954]: DEBUG neutron.api.extensions [None req-5271ebff-7ebf-42d8-98b8-d5c17f6cc474 None None] Extended resource: tags {{(pid=90954) __init__ /opt/stack/neutron/neutron/api/extensions.py:156}}
Aug 03 22:06:12.975982 np0000006383 devstack@neutron-api.service[90953]: INFO neutron.quota.resource_registry [None req-67ad0b8d-1df2-48e4-9470-d2375c3b3ca5 None None] Creating instance of TrackedResource for resource:floatingip
Aug 03 22:06:12.976658 np0000006383 devstack@neutron-api.service[90954]: DEBUG neutron.api.extensions [None req-5271ebff-7ebf-42d8-98b8-d5c17f6cc474 None None] Extended resource: tags {{(pid=90954) __init__ /opt/stack/neutron/neutron/api/extensions.py:156}}
Aug 03 22:06:12.977372 np0000006383 devstack@neutron-api.service[90953]: INFO neutron.quota.resource_registry [None req-67ad0b8d-1df2-48e4-9470-d2375c3b3ca5 None None] Creating instance of CountableResource for resource:rbac_policy
Aug 03 22:06:12.977841 np0000006383 devstack@neutron-api.service[90954]: DEBUG neutron.api.extensions [None req-5271ebff-7ebf-42d8-98b8-d5c17f6cc474 None None] Extended resource: tags {{(pid=90954) __init__ /opt/stack/neutron/neutron/api/extensions.py:156}}
Aug 03 22:06:12.978482 np0000006383 devstack@neutron-api.service[90953]: INFO neutron.quota.resource_registry [None req-67ad0b8d-1df2-48e4-9470-d2375c3b3ca5 None None] Creating instance of TrackedResource for resource:security_group
Aug 03 22:06:12.978862 np0000006383 devstack@neutron-api.service[90953]: INFO neutron.quota.resource_registry [None req-67ad0b8d-1df2-48e4-9470-d2375c3b3ca5 None None] Creating instance of TrackedResource for resource:security_group_rule
Aug 03 22:06:12.979080 np0000006383 devstack@neutron-api.service[90954]: DEBUG neutron.api.extensions [None req-5271ebff-7ebf-42d8-98b8-d5c17f6cc474 None None] Extended resource: tags {{(pid=90954) __init__ /opt/stack/neutron/neutron/api/extensions.py:156}}
Aug 03 22:06:12.979662 np0000006383 devstack@neutron-api.service[90953]: DEBUG neutron.api.v2.resource_helper [None req-67ad0b8d-1df2-48e4-9470-d2375c3b3ca5 None None] Service CORE assigned prefix: {{(pid=90953) build_resource_info /opt/stack/neutron/neutron/api/v2/resource_helper.py:77}}
Aug 03 22:06:12.979836 np0000006383 devstack@neutron-api.service[90953]: INFO neutron.quota.resource_registry [None req-67ad0b8d-1df2-48e4-9470-d2375c3b3ca5 None None] Creating instance of TrackedResource for resource:subnetpool
Aug 03 22:06:12.980011 np0000006383 devstack@neutron-api.service[90953]: WARNING neutron.quota.resource_registry [None req-67ad0b8d-1df2-48e4-9470-d2375c3b3ca5 None None] subnetpool is already registered
Aug 03 22:06:12.980287 np0000006383 devstack@neutron-api.service[90954]: DEBUG neutron.api.extensions [None req-5271ebff-7ebf-42d8-98b8-d5c17f6cc474 None None] Extended resource: tags {{(pid=90954) __init__ /opt/stack/neutron/neutron/api/extensions.py:156}}
Aug 03 22:06:12.980461 np0000006383 devstack@neutron-api.service[90953]: DEBUG neutron.api.v2.resource_helper [None req-67ad0b8d-1df2-48e4-9470-d2375c3b3ca5 None None] Service CORE assigned prefix: {{(pid=90953) build_resource_info /opt/stack/neutron/neutron/api/v2/resource_helper.py:77}}
Aug 03 22:06:12.980591 np0000006383 devstack@neutron-api.service[90953]: INFO neutron.quota.resource_registry [None req-67ad0b8d-1df2-48e4-9470-d2375c3b3ca5 None None] Creating instance of TrackedResource for resource:subnetpool
Aug 03 22:06:12.980716 np0000006383 devstack@neutron-api.service[90953]: WARNING neutron.quota.resource_registry [None req-67ad0b8d-1df2-48e4-9470-d2375c3b3ca5 None None] subnetpool is already registered
Aug 03 22:06:12.981384 np0000006383 devstack@neutron-api.service[90954]: DEBUG neutron.api.extensions [None req-5271ebff-7ebf-42d8-98b8-d5c17f6cc474 None None] Extended resource: tags {{(pid=90954) __init__ /opt/stack/neutron/neutron/api/extensions.py:156}}
Aug 03 22:06:12.982756 np0000006383 devstack@neutron-api.service[90953]: INFO neutron.quota.resource_registry [None req-67ad0b8d-1df2-48e4-9470-d2375c3b3ca5 None None] Creating instance of CountableResource for resource:router_route
Aug 03 22:06:12.983047 np0000006383 devstack@neutron-api.service[90953]: WARNING neutron.quota.resource_registry [None req-67ad0b8d-1df2-48e4-9470-d2375c3b3ca5 None None] router_route is already registered
Aug 03 22:06:12.983047 np0000006383 devstack@neutron-api.service[90953]: DEBUG neutron.api.v2.resource_helper [None req-67ad0b8d-1df2-48e4-9470-d2375c3b3ca5 None None] Service L3_ROUTER_NAT assigned prefix: {{(pid=90953) build_resource_info /opt/stack/neutron/neutron/api/v2/resource_helper.py:77}}
Aug 03 22:06:12.983546 np0000006383 devstack@neutron-api.service[90953]: DEBUG neutron.api.v2.resource_helper [None req-67ad0b8d-1df2-48e4-9470-d2375c3b3ca5 None None] Service FLAVORS assigned prefix: {{(pid=90953) build_resource_info /opt/stack/neutron/neutron/api/v2/resource_helper.py:77}}
Aug 03 22:06:12.984766 np0000006383 devstack@neutron-api.service[90953]: DEBUG neutron.api.v2.resource_helper [None req-67ad0b8d-1df2-48e4-9470-d2375c3b3ca5 None None] Service L3_ROUTER_NAT assigned prefix: {{(pid=90953) build_resource_info /opt/stack/neutron/neutron/api/v2/resource_helper.py:77}}
Aug 03 22:06:12.985298 np0000006383 devstack@neutron-api.service[90953]: DEBUG neutron.api.v2.resource_helper [None req-67ad0b8d-1df2-48e4-9470-d2375c3b3ca5 None None] Service L3_ROUTER_NAT assigned prefix: {{(pid=90953) build_resource_info /opt/stack/neutron/neutron/api/v2/resource_helper.py:77}}
Aug 03 22:06:12.985515 np0000006383 devstack@neutron-api.service[90953]: INFO neutron.quota.resource_registry [None req-67ad0b8d-1df2-48e4-9470-d2375c3b3ca5 None None] Creating instance of TrackedResource for resource:router
Aug 03 22:06:12.985615 np0000006383 devstack@neutron-api.service[90953]: WARNING neutron.quota.resource_registry [None req-67ad0b8d-1df2-48e4-9470-d2375c3b3ca5 None None] router is already registered
Aug 03 22:06:12.986235 np0000006383 devstack@neutron-api.service[90953]: INFO neutron.quota.resource_registry [None req-67ad0b8d-1df2-48e4-9470-d2375c3b3ca5 None None] Creating instance of TrackedResource for resource:floatingip
Aug 03 22:06:12.986235 np0000006383 devstack@neutron-api.service[90953]: WARNING neutron.quota.resource_registry [None req-67ad0b8d-1df2-48e4-9470-d2375c3b3ca5 None None] floatingip is already registered
Aug 03 22:06:12.987804 np0000006383 devstack@neutron-api.service[90953]: INFO neutron.quota.resource_registry [None req-67ad0b8d-1df2-48e4-9470-d2375c3b3ca5 None None] Creating instance of CountableResource for resource:rbac_policy
Aug 03 22:06:12.987940 np0000006383 devstack@neutron-api.service[90953]: WARNING neutron.quota.resource_registry [None req-67ad0b8d-1df2-48e4-9470-d2375c3b3ca5 None None] rbac_policy is already registered
Aug 03 22:06:12.988960 np0000006383 devstack@neutron-api.service[90953]: INFO neutron.quota.resource_registry [None req-67ad0b8d-1df2-48e4-9470-d2375c3b3ca5 None None] Creating instance of TrackedResource for resource:security_group
Aug 03 22:06:12.989181 np0000006383 devstack@neutron-api.service[90953]: WARNING neutron.quota.resource_registry [None req-67ad0b8d-1df2-48e4-9470-d2375c3b3ca5 None None] security_group is already registered
Aug 03 22:06:12.989600 np0000006383 devstack@neutron-api.service[90953]: INFO neutron.quota.resource_registry [None req-67ad0b8d-1df2-48e4-9470-d2375c3b3ca5 None None] Creating instance of TrackedResource for resource:security_group_rule
Aug 03 22:06:12.989877 np0000006383 devstack@neutron-api.service[90953]: WARNING neutron.quota.resource_registry [None req-67ad0b8d-1df2-48e4-9470-d2375c3b3ca5 None None] security_group_rule is already registered
Aug 03 22:06:12.990534 np0000006383 devstack@neutron-api.service[90953]: DEBUG neutron.api.v2.resource_helper [None req-67ad0b8d-1df2-48e4-9470-d2375c3b3ca5 None None] Service CORE assigned prefix: {{(pid=90953) build_resource_info /opt/stack/neutron/neutron/api/v2/resource_helper.py:77}}
Aug 03 22:06:12.990712 np0000006383 devstack@neutron-api.service[90953]: INFO neutron.quota.resource_registry [None req-67ad0b8d-1df2-48e4-9470-d2375c3b3ca5 None None] Creating instance of TrackedResource for resource:subnetpool
Aug 03 22:06:12.990868 np0000006383 devstack@neutron-api.service[90953]: WARNING neutron.quota.resource_registry [None req-67ad0b8d-1df2-48e4-9470-d2375c3b3ca5 None None] subnetpool is already registered
Aug 03 22:06:12.991434 np0000006383 devstack@neutron-api.service[90953]: DEBUG neutron.api.v2.resource_helper [None req-67ad0b8d-1df2-48e4-9470-d2375c3b3ca5 None None] Service CORE assigned prefix: {{(pid=90953) build_resource_info /opt/stack/neutron/neutron/api/v2/resource_helper.py:77}}
Aug 03 22:06:12.991632 np0000006383 devstack@neutron-api.service[90953]: INFO neutron.quota.resource_registry [None req-67ad0b8d-1df2-48e4-9470-d2375c3b3ca5 None None] Creating instance of TrackedResource for resource:subnetpool
Aug 03 22:06:12.991729 np0000006383 devstack@neutron-api.service[90953]: WARNING neutron.quota.resource_registry [None req-67ad0b8d-1df2-48e4-9470-d2375c3b3ca5 None None] subnetpool is already registered
Aug 03 22:06:12.992232 np0000006383 devstack@neutron-api.service[90953]: DEBUG neutron.api.extensions [None req-67ad0b8d-1df2-48e4-9470-d2375c3b3ca5 None None] Extended resource: extensions {{(pid=90953) __init__ /opt/stack/neutron/neutron/api/extensions.py:156}}
Aug 03 22:06:12.993328 np0000006383 devstack@neutron-api.service[90953]: DEBUG neutron.api.extensions [None req-67ad0b8d-1df2-48e4-9470-d2375c3b3ca5 None None] Extended resource: address-groups {{(pid=90953) __init__ /opt/stack/neutron/neutron/api/extensions.py:156}}
Aug 03 22:06:12.993828 np0000006383 devstack@neutron-api.service[90954]: DEBUG neutron_lib.callbacks.manager [None req-5271ebff-7ebf-42d8-98b8-d5c17f6cc474 None None] Publish callbacks ['neutron.plugins.ml2.drivers.ovn.mech_driver.mech_driver.OVNMechanismDriver.pre_fork_initialize-300554'] for process (None), before_spawn {{(pid=90954) _notify_loop /opt/stack/data/venv/lib/python3.12/site-packages/neutron_lib/callbacks/manager.py:184}}
Aug 03 22:06:12.994196 np0000006383 devstack@neutron-api.service[90953]: DEBUG neutron.api.extensions [None req-67ad0b8d-1df2-48e4-9470-d2375c3b3ca5 None None] Extended resource: address-scopes {{(pid=90953) __init__ /opt/stack/neutron/neutron/api/extensions.py:156}}
Aug 03 22:06:12.994430 np0000006383 devstack@neutron-api.service[90954]: DEBUG oslo_concurrency.processutils [None req-5271ebff-7ebf-42d8-98b8-d5c17f6cc474 None None] Running cmd (subprocess): ovsdb-client transact ssl:10.4.3.172:6641 --timeout 180 -p /opt/stack/data/CA/int-ca/private/devstack-cert.key -c /opt/stack/data/CA/int-ca/devstack-cert.crt -C /opt/stack/data/CA/int-ca/ca-chain.pem ["OVN_Northbound", {"op": "wait", "timeout": 0, "table": "Port_Group", "where": [["name", "==", "neutron_pg_drop"]], "until": "==", "rows": []}, {"op": "insert", "table": "ACL", "row": {"action": "drop", "direction": "to-lport", "match": "outport == @neutron_pg_drop && ip", "priority": 1001}, "uuid-name": "droptoport"}, {"op": "insert", "table": "ACL", "row": {"action": "drop", "direction": "from-lport", "match": "inport == @neutron_pg_drop && ip", "priority": 1001}, "uuid-name": "dropfromport"}, {"op": "insert", "table": "Port_Group", "row": {"name": "neutron_pg_drop", "acls": ["set", [["named-uuid", "droptoport"], ["named-uuid", "dropfromport"]]]}}] {{(pid=90954) execute /opt/stack/data/venv/lib/python3.12/site-packages/oslo_concurrency/processutils.py:440}}
Aug 03 22:06:12.994942 np0000006383 devstack@neutron-api.service[90953]: DEBUG neutron.api.extensions [None req-67ad0b8d-1df2-48e4-9470-d2375c3b3ca5 None None] Extended resource: agents {{(pid=90953) __init__ /opt/stack/neutron/neutron/api/extensions.py:156}}
Aug 03 22:06:12.995555 np0000006383 devstack@neutron-api.service[90953]: DEBUG neutron.api.extensions [None req-67ad0b8d-1df2-48e4-9470-d2375c3b3ca5 None None] Extended resource: auto-allocated-topology {{(pid=90953) __init__ /opt/stack/neutron/neutron/api/extensions.py:156}}
Aug 03 22:06:12.996388 np0000006383 devstack@neutron-api.service[90953]: DEBUG neutron.api.extensions [None req-67ad0b8d-1df2-48e4-9470-d2375c3b3ca5 None None] Extended resource: availability_zones {{(pid=90953) __init__ /opt/stack/neutron/neutron/api/extensions.py:156}}
Aug 03 22:06:12.997100 np0000006383 devstack@neutron-api.service[90953]: DEBUG neutron.api.extensions [None req-67ad0b8d-1df2-48e4-9470-d2375c3b3ca5 None None] Extended resource: dhcp-networks {{(pid=90953) __init__ /opt/stack/neutron/neutron/api/extensions.py:156}}
Aug 03 22:06:12.997972 np0000006383 devstack@neutron-api.service[90953]: DEBUG neutron.api.extensions [None req-67ad0b8d-1df2-48e4-9470-d2375c3b3ca5 None None] Extended resource: dhcp-agents {{(pid=90953) __init__ /opt/stack/neutron/neutron/api/extensions.py:156}}
Aug 03 22:06:12.998908 np0000006383 devstack@neutron-api.service[90953]: DEBUG neutron.api.extensions [None req-67ad0b8d-1df2-48e4-9470-d2375c3b3ca5 None None] Extended resource: routers {{(pid=90953) __init__ /opt/stack/neutron/neutron/api/extensions.py:156}}
Aug 03 22:06:13.000256 np0000006383 devstack@neutron-api.service[90953]: DEBUG neutron.api.extensions [None req-67ad0b8d-1df2-48e4-9470-d2375c3b3ca5 None None] Extended resource: flavors {{(pid=90953) __init__ /opt/stack/neutron/neutron/api/extensions.py:156}}
Aug 03 22:06:13.000928 np0000006383 devstack@neutron-api.service[90953]: DEBUG neutron.api.extensions [None req-67ad0b8d-1df2-48e4-9470-d2375c3b3ca5 None None] Extended resource: service_profiles {{(pid=90953) __init__ /opt/stack/neutron/neutron/api/extensions.py:156}}
Aug 03 22:06:13.001853 np0000006383 devstack@neutron-api.service[90953]: DEBUG neutron.api.extensions [None req-67ad0b8d-1df2-48e4-9470-d2375c3b3ca5 None None] Extended resource: next_providers {{(pid=90953) __init__ /opt/stack/neutron/neutron/api/extensions.py:156}}
Aug 03 22:06:13.002768 np0000006383 devstack@neutron-api.service[90953]: DEBUG neutron.api.extensions [None req-67ad0b8d-1df2-48e4-9470-d2375c3b3ca5 None None] Extended resource: service_profiles {{(pid=90953) __init__ /opt/stack/neutron/neutron/api/extensions.py:156}}
Aug 03 22:06:13.003720 np0000006383 devstack@neutron-api.service[90953]: DEBUG neutron.api.extensions [None req-67ad0b8d-1df2-48e4-9470-d2375c3b3ca5 None None] Extended resource: floatingip-pools {{(pid=90953) __init__ /opt/stack/neutron/neutron/api/extensions.py:156}}
Aug 03 22:06:13.004538 np0000006383 devstack@neutron-api.service[90953]: DEBUG neutron.api.extensions [None req-67ad0b8d-1df2-48e4-9470-d2375c3b3ca5 None None] Extended resource: routers {{(pid=90953) __init__ /opt/stack/neutron/neutron/api/extensions.py:156}}
Aug 03 22:06:13.005828 np0000006383 devstack@neutron-api.service[90953]: DEBUG neutron.api.extensions [None req-67ad0b8d-1df2-48e4-9470-d2375c3b3ca5 None None] Extended resource: floatingips {{(pid=90953) __init__ /opt/stack/neutron/neutron/api/extensions.py:156}}
Aug 03 22:06:13.006461 np0000006383 devstack@neutron-api.service[90953]: DEBUG neutron.api.extensions [None req-67ad0b8d-1df2-48e4-9470-d2375c3b3ca5 None None] Extended resource: l3-routers {{(pid=90953) __init__ /opt/stack/neutron/neutron/api/extensions.py:156}}
Aug 03 22:06:13.007464 np0000006383 devstack@neutron-api.service[90953]: DEBUG neutron.api.extensions [None req-67ad0b8d-1df2-48e4-9470-d2375c3b3ca5 None None] Extended resource: l3-agents {{(pid=90953) __init__ /opt/stack/neutron/neutron/api/extensions.py:156}}
Aug 03 22:06:13.008318 np0000006383 devstack@neutron-api.service[90955]: DEBUG ovsdbapp.backend.ovs_idl [None req-1bc4a6ff-b47e-480c-8670-e0ab5759e60b None None] Created lookup_table index Logical_Switch.name {{(pid=90955) autocreate_indices /opt/stack/data/venv/lib/python3.12/site-packages/ovsdbapp/backend/ovs_idl/__init__.py:87}}
Aug 03 22:06:13.008464 np0000006383 devstack@neutron-api.service[90953]: DEBUG neutron.api.extensions [None req-67ad0b8d-1df2-48e4-9470-d2375c3b3ca5 None None] Extended resource: network-ip-availabilities {{(pid=90953) __init__ /opt/stack/neutron/neutron/api/extensions.py:156}}
Aug 03 22:06:13.008637 np0000006383 devstack@neutron-api.service[90955]: DEBUG ovsdbapp.backend.ovs_idl [None req-1bc4a6ff-b47e-480c-8670-e0ab5759e60b None None] Created lookup_table index Logical_Router.name {{(pid=90955) autocreate_indices /opt/stack/data/venv/lib/python3.12/site-packages/ovsdbapp/backend/ovs_idl/__init__.py:87}}
Aug 03 22:06:13.008637 np0000006383 devstack@neutron-api.service[90955]: DEBUG ovsdbapp.backend.ovs_idl [None req-1bc4a6ff-b47e-480c-8670-e0ab5759e60b None None] Created lookup_table index Load_Balancer.name {{(pid=90955) autocreate_indices /opt/stack/data/venv/lib/python3.12/site-packages/ovsdbapp/backend/ovs_idl/__init__.py:87}}
Aug 03 22:06:13.008637 np0000006383 devstack@neutron-api.service[90955]: DEBUG ovsdbapp.backend.ovs_idl [None req-1bc4a6ff-b47e-480c-8670-e0ab5759e60b None None] Created schema index Copp.name {{(pid=90955) autocreate_indices /opt/stack/data/venv/lib/python3.12/site-packages/ovsdbapp/backend/ovs_idl/__init__.py:106}}
Aug 03 22:06:13.008637 np0000006383 devstack@neutron-api.service[90955]: DEBUG ovsdbapp.backend.ovs_idl [None req-1bc4a6ff-b47e-480c-8670-e0ab5759e60b None None] Created schema index Meter.name {{(pid=90955) autocreate_indices /opt/stack/data/venv/lib/python3.12/site-packages/ovsdbapp/backend/ovs_idl/__init__.py:106}}
Aug 03 22:06:13.008861 np0000006383 devstack@neutron-api.service[90955]: DEBUG ovsdbapp.backend.ovs_idl [None req-1bc4a6ff-b47e-480c-8670-e0ab5759e60b None None] Created schema index Load_Balancer_Group.name {{(pid=90955) autocreate_indices /opt/stack/data/venv/lib/python3.12/site-packages/ovsdbapp/backend/ovs_idl/__init__.py:106}}
Aug 03 22:06:13.008861 np0000006383 devstack@neutron-api.service[90955]: DEBUG ovsdbapp.backend.ovs_idl [None req-1bc4a6ff-b47e-480c-8670-e0ab5759e60b None None] Created schema index HA_Chassis_Group.name {{(pid=90955) autocreate_indices /opt/stack/data/venv/lib/python3.12/site-packages/ovsdbapp/backend/ovs_idl/__init__.py:106}}
Aug 03 22:06:13.008861 np0000006383 devstack@neutron-api.service[90955]: DEBUG ovsdbapp.backend.ovs_idl [None req-1bc4a6ff-b47e-480c-8670-e0ab5759e60b None None] Created schema index Address_Set.name {{(pid=90955) autocreate_indices /opt/stack/data/venv/lib/python3.12/site-packages/ovsdbapp/backend/ovs_idl/__init__.py:106}}
Aug 03 22:06:13.009042 np0000006383 devstack@neutron-api.service[90955]: DEBUG ovsdbapp.backend.ovs_idl [None req-1bc4a6ff-b47e-480c-8670-e0ab5759e60b None None] Created schema index Connection.target {{(pid=90955) autocreate_indices /opt/stack/data/venv/lib/python3.12/site-packages/ovsdbapp/backend/ovs_idl/__init__.py:106}}
Aug 03 22:06:13.009042 np0000006383 devstack@neutron-api.service[90955]: DEBUG ovsdbapp.backend.ovs_idl [None req-1bc4a6ff-b47e-480c-8670-e0ab5759e60b None None] Created schema index Gateway_Chassis.name {{(pid=90955) autocreate_indices /opt/stack/data/venv/lib/python3.12/site-packages/ovsdbapp/backend/ovs_idl/__init__.py:106}}
Aug 03 22:06:13.009225 np0000006383 devstack@neutron-api.service[90953]: DEBUG neutron.api.extensions [None req-67ad0b8d-1df2-48e4-9470-d2375c3b3ca5 None None] Extended resource: network-ip-availabilities {{(pid=90953) __init__ /opt/stack/neutron/neutron/api/extensions.py:156}}
Aug 03 22:06:13.009385 np0000006383 devstack@neutron-api.service[90955]: DEBUG ovsdbapp.backend.ovs_idl [None req-1bc4a6ff-b47e-480c-8670-e0ab5759e60b None None] Created schema index Mirror.name {{(pid=90955) autocreate_indices /opt/stack/data/venv/lib/python3.12/site-packages/ovsdbapp/backend/ovs_idl/__init__.py:106}}
Aug 03 22:06:13.009385 np0000006383 devstack@neutron-api.service[90955]: DEBUG ovsdbapp.backend.ovs_idl [None req-1bc4a6ff-b47e-480c-8670-e0ab5759e60b None None] Created schema index Chassis_Template_Var.chassis {{(pid=90955) autocreate_indices /opt/stack/data/venv/lib/python3.12/site-packages/ovsdbapp/backend/ovs_idl/__init__.py:106}}
Aug 03 22:06:13.009385 np0000006383 devstack@neutron-api.service[90955]: DEBUG ovsdbapp.backend.ovs_idl [None req-1bc4a6ff-b47e-480c-8670-e0ab5759e60b None None] Created schema index Logical_Router_Port.name {{(pid=90955) autocreate_indices /opt/stack/data/venv/lib/python3.12/site-packages/ovsdbapp/backend/ovs_idl/__init__.py:106}}
Aug 03 22:06:13.009634 np0000006383 devstack@neutron-api.service[90955]: DEBUG ovsdbapp.backend.ovs_idl [None req-1bc4a6ff-b47e-480c-8670-e0ab5759e60b None None] Created schema index Port_Group.name {{(pid=90955) autocreate_indices /opt/stack/data/venv/lib/python3.12/site-packages/ovsdbapp/backend/ovs_idl/__init__.py:106}}
Aug 03 22:06:13.009634 np0000006383 devstack@neutron-api.service[90955]: DEBUG ovsdbapp.backend.ovs_idl [None req-1bc4a6ff-b47e-480c-8670-e0ab5759e60b None None] Created schema index Logical_Switch_Port.name {{(pid=90955) autocreate_indices /opt/stack/data/venv/lib/python3.12/site-packages/ovsdbapp/backend/ovs_idl/__init__.py:106}}
Aug 03 22:06:13.011281 np0000006383 devstack@neutron-api.service[90953]: DEBUG neutron.api.extensions [None req-67ad0b8d-1df2-48e4-9470-d2375c3b3ca5 None None] Extended resource: bindings {{(pid=90953) __init__ /opt/stack/neutron/neutron/api/extensions.py:156}}
Aug 03 22:06:13.011900 np0000006383 devstack@neutron-api.service[90955]: INFO ovsdbapp.backend.ovs_idl.vlog [None req-1bc4a6ff-b47e-480c-8670-e0ab5759e60b None None] ssl:10.4.3.172:6641: connecting...
Aug 03 22:06:13.012156 np0000006383 devstack@neutron-api.service[90953]: DEBUG neutron.api.extensions [None req-67ad0b8d-1df2-48e4-9470-d2375c3b3ca5 None None] Extended resource: quotas {{(pid=90953) __init__ /opt/stack/neutron/neutron/api/extensions.py:156}}
Aug 03 22:06:13.012895 np0000006383 devstack@neutron-api.service[90953]: DEBUG neutron.api.extensions [None req-67ad0b8d-1df2-48e4-9470-d2375c3b3ca5 None None] Extended resource: quotas {{(pid=90953) __init__ /opt/stack/neutron/neutron/api/extensions.py:156}}
Aug 03 22:06:13.013726 np0000006383 devstack@neutron-api.service[90953]: DEBUG neutron.api.extensions [None req-67ad0b8d-1df2-48e4-9470-d2375c3b3ca5 None None] Extended resource: rbac-policies {{(pid=90953) __init__ /opt/stack/neutron/neutron/api/extensions.py:156}}
Aug 03 22:06:13.014294 np0000006383 devstack@neutron-api.service[90953]: DEBUG neutron.api.extensions [None req-67ad0b8d-1df2-48e4-9470-d2375c3b3ca5 None None] Extended resource: default-security-group-rules {{(pid=90953) __init__ /opt/stack/neutron/neutron/api/extensions.py:156}}
Aug 03 22:06:13.014853 np0000006383 devstack@neutron-api.service[90953]: DEBUG neutron.api.extensions [None req-67ad0b8d-1df2-48e4-9470-d2375c3b3ca5 None None] Extended resource: security-groups-default-statefulness {{(pid=90953) __init__ /opt/stack/neutron/neutron/api/extensions.py:156}}
Aug 03 22:06:13.015687 np0000006383 devstack@neutron-api.service[90953]: DEBUG neutron.api.extensions [None req-67ad0b8d-1df2-48e4-9470-d2375c3b3ca5 None None] Extended resource: security-groups {{(pid=90953) __init__ /opt/stack/neutron/neutron/api/extensions.py:156}}
Aug 03 22:06:13.016095 np0000006383 devstack@neutron-api.service[90953]: DEBUG neutron.api.extensions [None req-67ad0b8d-1df2-48e4-9470-d2375c3b3ca5 None None] Extended resource: security-group-rules {{(pid=90953) __init__ /opt/stack/neutron/neutron/api/extensions.py:156}}
Aug 03 22:06:13.016571 np0000006383 devstack@neutron-api.service[90953]: DEBUG neutron.api.extensions [None req-67ad0b8d-1df2-48e4-9470-d2375c3b3ca5 None None] Extended resource: service-providers {{(pid=90953) __init__ /opt/stack/neutron/neutron/api/extensions.py:156}}
Aug 03 22:06:13.017162 np0000006383 devstack@neutron-api.service[90953]: DEBUG neutron.api.extensions [None req-67ad0b8d-1df2-48e4-9470-d2375c3b3ca5 None None] Extended resource: subnetpools {{(pid=90953) __init__ /opt/stack/neutron/neutron/api/extensions.py:156}}
Aug 03 22:06:13.017619 np0000006383 devstack@neutron-api.service[90953]: DEBUG neutron.api.extensions [None req-67ad0b8d-1df2-48e4-9470-d2375c3b3ca5 None None] Extended resource: subnetpools {{(pid=90953) __init__ /opt/stack/neutron/neutron/api/extensions.py:156}}
Aug 03 22:06:13.018463 np0000006383 devstack@neutron-api.service[90953]: DEBUG neutron.api.extensions [None req-67ad0b8d-1df2-48e4-9470-d2375c3b3ca5 None None] Extended resource: tags {{(pid=90953) __init__ /opt/stack/neutron/neutron/api/extensions.py:156}}
Aug 03 22:06:13.019021 np0000006383 devstack@neutron-api.service[90953]: DEBUG neutron.api.extensions [None req-67ad0b8d-1df2-48e4-9470-d2375c3b3ca5 None None] Extended resource: tags {{(pid=90953) __init__ /opt/stack/neutron/neutron/api/extensions.py:156}}
Aug 03 22:06:13.020009 np0000006383 devstack@neutron-api.service[90953]: DEBUG neutron.api.extensions [None req-67ad0b8d-1df2-48e4-9470-d2375c3b3ca5 None None] Extended resource: tags {{(pid=90953) __init__ /opt/stack/neutron/neutron/api/extensions.py:156}}
Aug 03 22:06:13.021192 np0000006383 devstack@neutron-api.service[90953]: DEBUG neutron.api.extensions [None req-67ad0b8d-1df2-48e4-9470-d2375c3b3ca5 None None] Extended resource: tags {{(pid=90953) __init__ /opt/stack/neutron/neutron/api/extensions.py:156}}
Aug 03 22:06:13.021566 np0000006383 devstack@neutron-api.service[90955]: INFO ovsdbapp.backend.ovs_idl.vlog [None req-1bc4a6ff-b47e-480c-8670-e0ab5759e60b None None] ssl:10.4.3.172:6641: connected
Aug 03 22:06:13.022217 np0000006383 devstack@neutron-api.service[90953]: DEBUG neutron.api.extensions [None req-67ad0b8d-1df2-48e4-9470-d2375c3b3ca5 None None] Extended resource: tags {{(pid=90953) __init__ /opt/stack/neutron/neutron/api/extensions.py:156}}
Aug 03 22:06:13.023247 np0000006383 devstack@neutron-api.service[90953]: DEBUG neutron.api.extensions [None req-67ad0b8d-1df2-48e4-9470-d2375c3b3ca5 None None] Extended resource: tags {{(pid=90953) __init__ /opt/stack/neutron/neutron/api/extensions.py:156}}
Aug 03 22:06:13.024244 np0000006383 devstack@neutron-api.service[90953]: DEBUG neutron.api.extensions [None req-67ad0b8d-1df2-48e4-9470-d2375c3b3ca5 None None] Extended resource: tags {{(pid=90953) __init__ /opt/stack/neutron/neutron/api/extensions.py:156}}
Aug 03 22:06:13.025308 np0000006383 devstack@neutron-api.service[90953]: DEBUG neutron.api.extensions [None req-67ad0b8d-1df2-48e4-9470-d2375c3b3ca5 None None] Extended resource: tags {{(pid=90953) __init__ /opt/stack/neutron/neutron/api/extensions.py:156}}
Aug 03 22:06:13.026338 np0000006383 devstack@neutron-api.service[90953]: DEBUG neutron.api.extensions [None req-67ad0b8d-1df2-48e4-9470-d2375c3b3ca5 None None] Extended resource: tags {{(pid=90953) __init__ /opt/stack/neutron/neutron/api/extensions.py:156}}
Aug 03 22:06:13.027321 np0000006383 devstack@neutron-api.service[90953]: DEBUG neutron.api.extensions [None req-67ad0b8d-1df2-48e4-9470-d2375c3b3ca5 None None] Extended resource: tags {{(pid=90953) __init__ /opt/stack/neutron/neutron/api/extensions.py:156}}
Aug 03 22:06:13.033330 np0000006383 devstack@neutron-api.service[90954]: DEBUG oslo_concurrency.processutils [None req-5271ebff-7ebf-42d8-98b8-d5c17f6cc474 None None] CMD "ovsdb-client transact ssl:10.4.3.172:6641 --timeout 180 -p /opt/stack/data/CA/int-ca/private/devstack-cert.key -c /opt/stack/data/CA/int-ca/devstack-cert.crt -C /opt/stack/data/CA/int-ca/ca-chain.pem ["OVN_Northbound", {"op": "wait", "timeout": 0, "table": "Port_Group", "where": [["name", "==", "neutron_pg_drop"]], "until": "==", "rows": []}, {"op": "insert", "table": "ACL", "row": {"action": "drop", "direction": "to-lport", "match": "outport == @neutron_pg_drop && ip", "priority": 1001}, "uuid-name": "droptoport"}, {"op": "insert", "table": "ACL", "row": {"action": "drop", "direction": "from-lport", "match": "inport == @neutron_pg_drop && ip", "priority": 1001}, "uuid-name": "dropfromport"}, {"op": "insert", "table": "Port_Group", "row": {"name": "neutron_pg_drop", "acls": ["set", [["named-uuid", "droptoport"], ["named-uuid", "dropfromport"]]]}}]" returned: 0 in 0.039s {{(pid=90954) execute /opt/stack/data/venv/lib/python3.12/site-packages/oslo_concurrency/processutils.py:468}}
Aug 03 22:06:13.033824 np0000006383 devstack@neutron-api.service[90954]: DEBUG neutron_lib.callbacks.manager [None req-5271ebff-7ebf-42d8-98b8-d5c17f6cc474 None None] Publish callbacks ['neutron.plugins.ml2.drivers.ovn.mech_driver.mech_driver.OVNMechanismDriver.post_fork_initialize-300770', 'neutron.services.pvlan.drivers.ovn.driver._initialize_pvlan_pg_drop-8619316992824', 'neutron.services.ovn_l3.plugin.OVNL3RouterPlugin._post_fork_initialize-8268989'] for process (None), after_init {{(pid=90954) _notify_loop /opt/stack/data/venv/lib/python3.12/site-packages/neutron_lib/callbacks/manager.py:184}}
Aug 03 22:06:13.034092 np0000006383 devstack@neutron-api.service[90954]: DEBUG oslo_concurrency.lockutils [None req-5271ebff-7ebf-42d8-98b8-d5c17f6cc474 None None] Acquiring lock "singleton_lock" {{(pid=90954) lock /opt/stack/data/venv/lib/python3.12/site-packages/oslo_concurrency/lockutils.py:396}}
