May 28 09:52:08.427934 np0000001610 neutron-periodic-workers[89032]: DEBUG cotyledon.oslo_config_glue [-] database.connection_trace = False {{(pid=89032) log_opt_values /opt/stack/data/venv/lib/python3.12/site-packages/oslo_config/cfg.py:3256}}
May 28 09:52:08.427934 np0000001610 neutron-periodic-workers[89032]: DEBUG cotyledon.oslo_config_glue [-] database.db_inc_retry_interval = True {{(pid=89032) log_opt_values /opt/stack/data/venv/lib/python3.12/site-packages/oslo_config/cfg.py:3256}}
May 28 09:52:08.427934 np0000001610 neutron-periodic-workers[89032]: DEBUG cotyledon.oslo_config_glue [-] database.db_max_retries = 20 {{(pid=89032) log_opt_values /opt/stack/data/venv/lib/python3.12/site-packages/oslo_config/cfg.py:3256}}
May 28 09:52:08.427934 np0000001610 neutron-periodic-workers[89032]: DEBUG cotyledon.oslo_config_glue [-] database.db_max_retry_interval = 10 {{(pid=89032) log_opt_values /opt/stack/data/venv/lib/python3.12/site-packages/oslo_config/cfg.py:3256}}
May 28 09:52:08.427934 np0000001610 neutron-periodic-workers[89032]: DEBUG cotyledon.oslo_config_glue [-] database.db_retry_interval = 1 {{(pid=89032) log_opt_values /opt/stack/data/venv/lib/python3.12/site-packages/oslo_config/cfg.py:3256}}
May 28 09:52:08.427934 np0000001610 neutron-periodic-workers[89032]: DEBUG cotyledon.oslo_config_glue [-] database.max_overflow = 50 {{(pid=89032) log_opt_values /opt/stack/data/venv/lib/python3.12/site-packages/oslo_config/cfg.py:3256}}
May 28 09:52:08.428105 np0000001610 neutron-periodic-workers[89032]: DEBUG cotyledon.oslo_config_glue [-] database.max_pool_size = 5 {{(pid=89032) log_opt_values /opt/stack/data/venv/lib/python3.12/site-packages/oslo_config/cfg.py:3256}}
May 28 09:52:08.428105 np0000001610 neutron-periodic-workers[89032]: DEBUG cotyledon.oslo_config_glue [-] database.max_retries = 10 {{(pid=89032) log_opt_values /opt/stack/data/venv/lib/python3.12/site-packages/oslo_config/cfg.py:3256}}
May 28 09:52:08.428105 np0000001610 neutron-periodic-workers[89032]: DEBUG cotyledon.oslo_config_glue [-] database.mysql_sql_mode = TRADITIONAL {{(pid=89032) log_opt_values /opt/stack/data/venv/lib/python3.12/site-packages/oslo_config/cfg.py:3256}}
May 28 09:52:08.428105 np0000001610 neutron-periodic-workers[89032]: DEBUG cotyledon.oslo_config_glue [-] database.mysql_wsrep_sync_wait = None {{(pid=89032) log_opt_values /opt/stack/data/venv/lib/python3.12/site-packages/oslo_config/cfg.py:3256}}
May 28 09:52:08.428105 np0000001610 neutron-periodic-workers[89032]: DEBUG cotyledon.oslo_config_glue [-] database.pool_timeout = None {{(pid=89032) log_opt_values /opt/stack/data/venv/lib/python3.12/site-packages/oslo_config/cfg.py:3256}}
May 28 09:52:08.428105 np0000001610 neutron-periodic-workers[89032]: DEBUG cotyledon.oslo_config_glue [-] database.retry_interval = 10 {{(pid=89032) log_opt_values /opt/stack/data/venv/lib/python3.12/site-packages/oslo_config/cfg.py:3256}}
May 28 09:52:08.428105 np0000001610 neutron-periodic-workers[89032]: DEBUG cotyledon.oslo_config_glue [-] database.slave_connection = **** {{(pid=89032) log_opt_values /opt/stack/data/venv/lib/python3.12/site-packages/oslo_config/cfg.py:3256}}
May 28 09:52:08.428105 np0000001610 neutron-periodic-workers[89032]: DEBUG cotyledon.oslo_config_glue [-] database.sqlite_synchronous = True {{(pid=89032) log_opt_values /opt/stack/data/venv/lib/python3.12/site-packages/oslo_config/cfg.py:3256}}
May 28 09:52:08.428105 np0000001610 neutron-periodic-workers[89032]: DEBUG cotyledon.oslo_config_glue [-] database.synchronous_reader = True {{(pid=89032) log_opt_values /opt/stack/data/venv/lib/python3.12/site-packages/oslo_config/cfg.py:3256}}
May 28 09:52:08.428576 np0000001610 neutron-periodic-workers[89032]: DEBUG cotyledon.oslo_config_glue [-] database.use_db_reconnect = False {{(pid=89032) log_opt_values /opt/stack/data/venv/lib/python3.12/site-packages/oslo_config/cfg.py:3256}}
May 28 09:52:08.428576 np0000001610 neutron-periodic-workers[89032]: DEBUG cotyledon.oslo_config_glue [-] ovn.bfd_min_rx = 1000 {{(pid=89032) log_opt_values /opt/stack/data/venv/lib/python3.12/site-packages/oslo_config/cfg.py:3256}}
May 28 09:52:08.428576 np0000001610 neutron-periodic-workers[89032]: DEBUG cotyledon.oslo_config_glue [-] ovn.bfd_min_tx = 100 {{(pid=89032) log_opt_values /opt/stack/data/venv/lib/python3.12/site-packages/oslo_config/cfg.py:3256}}
May 28 09:52:08.428576 np0000001610 neutron-periodic-workers[89032]: DEBUG cotyledon.oslo_config_glue [-] ovn.bfd_mult = 3 {{(pid=89032) log_opt_values /opt/stack/data/venv/lib/python3.12/site-packages/oslo_config/cfg.py:3256}}
May 28 09:52:08.428576 np0000001610 neutron-periodic-workers[89032]: DEBUG cotyledon.oslo_config_glue [-] ovn.broadcast_arps_to_all_routers = True {{(pid=89032) log_opt_values /opt/stack/data/venv/lib/python3.12/site-packages/oslo_config/cfg.py:3256}}
May 28 09:52:08.428576 np0000001610 neutron-periodic-workers[89032]: DEBUG cotyledon.oslo_config_glue [-] ovn.dhcp_default_lease_time = 43200 {{(pid=89032) log_opt_values /opt/stack/data/venv/lib/python3.12/site-packages/oslo_config/cfg.py:3256}}
May 28 09:52:08.428576 np0000001610 neutron-periodic-workers[89032]: DEBUG cotyledon.oslo_config_glue [-] ovn.disable_ovn_dhcp_for_baremetal_ports = False {{(pid=89032) log_opt_values /opt/stack/data/venv/lib/python3.12/site-packages/oslo_config/cfg.py:3256}}
May 28 09:52:08.428576 np0000001610 neutron-periodic-workers[89032]: DEBUG cotyledon.oslo_config_glue [-] ovn.dns_records_ovn_owned = False {{(pid=89032) log_opt_values /opt/stack/data/venv/lib/python3.12/site-packages/oslo_config/cfg.py:3256}}
May 28 09:52:08.428576 np0000001610 neutron-periodic-workers[89032]: DEBUG cotyledon.oslo_config_glue [-] ovn.dns_servers = [] {{(pid=89032) log_opt_values /opt/stack/data/venv/lib/python3.12/site-packages/oslo_config/cfg.py:3256}}
May 28 09:52:08.428767 np0000001610 neutron-periodic-workers[89032]: DEBUG cotyledon.oslo_config_glue [-] ovn.enable_distributed_floating_ip = False {{(pid=89032) log_opt_values /opt/stack/data/venv/lib/python3.12/site-packages/oslo_config/cfg.py:3256}}
May 28 09:52:08.428767 np0000001610 neutron-periodic-workers[89032]: DEBUG cotyledon.oslo_config_glue [-] ovn.fdb_age_threshold = 300 {{(pid=89032) log_opt_values /opt/stack/data/venv/lib/python3.12/site-packages/oslo_config/cfg.py:3256}}
May 28 09:52:08.428767 np0000001610 neutron-periodic-workers[89032]: DEBUG cotyledon.oslo_config_glue [-] ovn.ha_failover_strategy = normal {{(pid=89032) log_opt_values /opt/stack/data/venv/lib/python3.12/site-packages/oslo_config/cfg.py:3256}}
May 28 09:52:08.428767 np0000001610 neutron-periodic-workers[89032]: DEBUG cotyledon.oslo_config_glue [-] ovn.live_migration_activation_strategy = rarp {{(pid=89032) log_opt_values /opt/stack/data/venv/lib/python3.12/site-packages/oslo_config/cfg.py:3256}}
May 28 09:52:08.428767 np0000001610 neutron-periodic-workers[89032]: DEBUG cotyledon.oslo_config_glue [-] ovn.localnet_learn_fdb = False {{(pid=89032) log_opt_values /opt/stack/data/venv/lib/python3.12/site-packages/oslo_config/cfg.py:3256}}
May 28 09:52:08.428767 np0000001610 neutron-periodic-workers[89032]: DEBUG cotyledon.oslo_config_glue [-] ovn.mac_binding_age_threshold = 300 {{(pid=89032) log_opt_values /opt/stack/data/venv/lib/python3.12/site-packages/oslo_config/cfg.py:3256}}
May 28 09:52:08.428767 np0000001610 neutron-periodic-workers[89032]: DEBUG cotyledon.oslo_config_glue [-] ovn.neutron_sync_mode = log {{(pid=89032) log_opt_values /opt/stack/data/venv/lib/python3.12/site-packages/oslo_config/cfg.py:3256}}
May 28 09:52:08.428767 np0000001610 neutron-periodic-workers[89032]: DEBUG cotyledon.oslo_config_glue [-] ovn.ovn_dhcp4_global_options = {} {{(pid=89032) log_opt_values /opt/stack/data/venv/lib/python3.12/site-packages/oslo_config/cfg.py:3256}}
May 28 09:52:08.428767 np0000001610 neutron-periodic-workers[89032]: DEBUG cotyledon.oslo_config_glue [-] ovn.ovn_dhcp6_global_options = {} {{(pid=89032) log_opt_values /opt/stack/data/venv/lib/python3.12/site-packages/oslo_config/cfg.py:3256}}
May 28 09:52:08.428925 np0000001610 neutron-periodic-workers[89032]: DEBUG cotyledon.oslo_config_glue [-] ovn.ovn_l3_scheduler = leastloaded {{(pid=89032) log_opt_values /opt/stack/data/venv/lib/python3.12/site-packages/oslo_config/cfg.py:3256}}
May 28 09:52:08.428925 np0000001610 neutron-periodic-workers[89032]: DEBUG cotyledon.oslo_config_glue [-] ovn.ovn_metadata_enabled = True {{(pid=89032) log_opt_values /opt/stack/data/venv/lib/python3.12/site-packages/oslo_config/cfg.py:3256}}
May 28 09:52:08.428925 np0000001610 neutron-periodic-workers[89032]: DEBUG cotyledon.oslo_config_glue [-] ovn.ovn_nb_ca_cert = /opt/stack/data/CA/int-ca/ca-chain.pem {{(pid=89032) log_opt_values /opt/stack/data/venv/lib/python3.12/site-packages/oslo_config/cfg.py:3256}}
May 28 09:52:08.428925 np0000001610 neutron-periodic-workers[89032]: DEBUG cotyledon.oslo_config_glue [-] ovn.ovn_nb_certificate = /opt/stack/data/CA/int-ca/devstack-cert.crt {{(pid=89032) log_opt_values /opt/stack/data/venv/lib/python3.12/site-packages/oslo_config/cfg.py:3256}}
May 28 09:52:08.428925 np0000001610 neutron-periodic-workers[89032]: DEBUG cotyledon.oslo_config_glue [-] ovn.ovn_nb_connection = ['ssl:10.4.3.126:6641'] {{(pid=89032) log_opt_values /opt/stack/data/venv/lib/python3.12/site-packages/oslo_config/cfg.py:3256}}
May 28 09:52:08.428925 np0000001610 neutron-periodic-workers[89032]: DEBUG cotyledon.oslo_config_glue [-] ovn.ovn_nb_private_key = /opt/stack/data/CA/int-ca/private/devstack-cert.key {{(pid=89032) log_opt_values /opt/stack/data/venv/lib/python3.12/site-packages/oslo_config/cfg.py:3256}}
May 28 09:52:08.428925 np0000001610 neutron-periodic-workers[89032]: DEBUG cotyledon.oslo_config_glue [-] ovn.ovn_router_indirect_snat = False {{(pid=89032) log_opt_values /opt/stack/data/venv/lib/python3.12/site-packages/oslo_config/cfg.py:3256}}
May 28 09:52:08.428925 np0000001610 neutron-periodic-workers[89032]: DEBUG cotyledon.oslo_config_glue [-] ovn.ovn_sb_ca_cert = /opt/stack/data/CA/int-ca/ca-chain.pem {{(pid=89032) log_opt_values /opt/stack/data/venv/lib/python3.12/site-packages/oslo_config/cfg.py:3256}}
May 28 09:52:08.429065 np0000001610 neutron-periodic-workers[89032]: DEBUG cotyledon.oslo_config_glue [-] ovn.ovn_sb_certificate = /opt/stack/data/CA/int-ca/devstack-cert.crt {{(pid=89032) log_opt_values /opt/stack/data/venv/lib/python3.12/site-packages/oslo_config/cfg.py:3256}}
May 28 09:52:08.429065 np0000001610 neutron-periodic-workers[89032]: DEBUG cotyledon.oslo_config_glue [-] ovn.ovn_sb_connection = ['ssl:10.4.3.126:6642'] {{(pid=89032) log_opt_values /opt/stack/data/venv/lib/python3.12/site-packages/oslo_config/cfg.py:3256}}
May 28 09:52:08.429065 np0000001610 neutron-periodic-workers[89032]: DEBUG cotyledon.oslo_config_glue [-] ovn.ovn_sb_private_key = /opt/stack/data/CA/int-ca/private/devstack-cert.key {{(pid=89032) log_opt_values /opt/stack/data/venv/lib/python3.12/site-packages/oslo_config/cfg.py:3256}}
May 28 09:52:08.429065 np0000001610 neutron-periodic-workers[89032]: DEBUG cotyledon.oslo_config_glue [-] ovn.ovs_create_tap = False {{(pid=89032) log_opt_values /opt/stack/data/venv/lib/python3.12/site-packages/oslo_config/cfg.py:3256}}
May 28 09:52:08.429065 np0000001610 neutron-periodic-workers[89032]: DEBUG cotyledon.oslo_config_glue [-] ovn.ovsdb_connection_timeout = 180 {{(pid=89032) log_opt_values /opt/stack/data/venv/lib/python3.12/site-packages/oslo_config/cfg.py:3256}}
May 28 09:52:08.429065 np0000001610 neutron-periodic-workers[89032]: DEBUG cotyledon.oslo_config_glue [-] ovn.ovsdb_log_level = INFO {{(pid=89032) log_opt_values /opt/stack/data/venv/lib/python3.12/site-packages/oslo_config/cfg.py:3256}}
May 28 09:52:08.429065 np0000001610 neutron-periodic-workers[89032]: DEBUG cotyledon.oslo_config_glue [-] ovn.ovsdb_probe_interval = 60000 {{(pid=89032) log_opt_values /opt/stack/data/venv/lib/python3.12/site-packages/oslo_config/cfg.py:3256}}
May 28 09:52:08.429065 np0000001610 neutron-periodic-workers[89032]: DEBUG cotyledon.oslo_config_glue [-] ovn.ovsdb_retry_max_interval = 180 {{(pid=89032) log_opt_values /opt/stack/data/venv/lib/python3.12/site-packages/oslo_config/cfg.py:3256}}
May 28 09:52:08.429065 np0000001610 neutron-periodic-workers[89032]: DEBUG cotyledon.oslo_config_glue [-] ovn.stateless_nat_enabled = False {{(pid=89032) log_opt_values /opt/stack/data/venv/lib/python3.12/site-packages/oslo_config/cfg.py:3256}}
May 28 09:52:08.429268 np0000001610 neutron-periodic-workers[89032]: DEBUG cotyledon.oslo_config_glue [-] ovn.vhost_sock_dir = /var/run/openvswitch {{(pid=89032) log_opt_values /opt/stack/data/venv/lib/python3.12/site-packages/oslo_config/cfg.py:3256}}
May 28 09:52:08.429268 np0000001610 neutron-periodic-workers[89032]: DEBUG cotyledon.oslo_config_glue [-] OVS.bridge_mac_table_size = 50000 {{(pid=89032) log_opt_values /opt/stack/data/venv/lib/python3.12/site-packages/oslo_config/cfg.py:3256}}
May 28 09:52:08.429268 np0000001610 neutron-periodic-workers[89032]: DEBUG cotyledon.oslo_config_glue [-] OVS.igmp_flood = False {{(pid=89032) log_opt_values /opt/stack/data/venv/lib/python3.12/site-packages/oslo_config/cfg.py:3256}}
May 28 09:52:08.429268 np0000001610 neutron-periodic-workers[89032]: DEBUG cotyledon.oslo_config_glue [-] OVS.igmp_flood_reports = True {{(pid=89032) log_opt_values /opt/stack/data/venv/lib/python3.12/site-packages/oslo_config/cfg.py:3256}}
May 28 09:52:08.429268 np0000001610 neutron-periodic-workers[89032]: DEBUG cotyledon.oslo_config_glue [-] OVS.igmp_flood_unregistered = False {{(pid=89032) log_opt_values /opt/stack/data/venv/lib/python3.12/site-packages/oslo_config/cfg.py:3256}}
May 28 09:52:08.429268 np0000001610 neutron-periodic-workers[89032]: DEBUG cotyledon.oslo_config_glue [-] OVS.igmp_snooping_enable = False {{(pid=89032) log_opt_values /opt/stack/data/venv/lib/python3.12/site-packages/oslo_config/cfg.py:3256}}
May 28 09:52:08.429268 np0000001610 neutron-periodic-workers[89032]: DEBUG cotyledon.oslo_config_glue [-] OVS.ovsdb_timeout = 10 {{(pid=89032) log_opt_values /opt/stack/data/venv/lib/python3.12/site-packages/oslo_config/cfg.py:3256}}
May 28 09:52:08.429268 np0000001610 neutron-periodic-workers[89032]: DEBUG cotyledon.oslo_config_glue [-] ovn_nb_global.fdb_removal_limit = 0 {{(pid=89032) log_opt_values /opt/stack/data/venv/lib/python3.12/site-packages/oslo_config/cfg.py:3256}}
May 28 09:52:08.429268 np0000001610 neutron-periodic-workers[89032]: DEBUG cotyledon.oslo_config_glue [-] ovn_nb_global.ignore_lsp_down = False {{(pid=89032) log_opt_values /opt/stack/data/venv/lib/python3.12/site-packages/oslo_config/cfg.py:3256}}
May 28 09:52:08.429442 np0000001610 neutron-periodic-workers[89032]: DEBUG cotyledon.oslo_config_glue [-] ovn_nb_global.mac_binding_removal_limit = 0 {{(pid=89032) log_opt_values /opt/stack/data/venv/lib/python3.12/site-packages/oslo_config/cfg.py:3256}}
May 28 09:52:08.429442 np0000001610 neutron-periodic-workers[89032]: DEBUG cotyledon.oslo_config_glue [-] ******************************************************************************** {{(pid=89032) log_opt_values /opt/stack/data/venv/lib/python3.12/site-packages/oslo_config/cfg.py:3263}}
May 28 09:52:08.429442 np0000001610 neutron-periodic-workers[89032]: DEBUG cotyledon._service_worker [-] Run service ServiceWrapper(0) [89032] {{(pid=89032) wait_forever /opt/stack/data/venv/lib/python3.12/site-packages/cotyledon/_service_worker.py:218}}
May 28 09:52:08.429442 np0000001610 neutron-periodic-workers[89032]: DEBUG neutron.worker [-] PeriodicWorker start called, description: Periodic worker for "L3_NAT_dbonly_mixin" {{(pid=89032) wrapper /opt/stack/neutron/neutron/common/utils.py:197}}
May 28 09:52:08.429442 np0000001610 neutron-periodic-workers[89032]: DEBUG neutron.worker [-] PeriodicWorker start finished, description: Periodic worker for "L3_NAT_dbonly_mixin" {{(pid=89032) wrapper /opt/stack/neutron/neutron/common/utils.py:200}}
May 28 09:52:08.429442 np0000001610 neutron-periodic-workers[89032]: DEBUG neutron.worker [-] PeriodicWorker wait called, description: Periodic worker for "L3_NAT_dbonly_mixin" {{(pid=89032) wrapper /opt/stack/neutron/neutron/common/utils.py:197}}
May 28 09:52:18.094231 np0000001610 neutron-periodic-workers[88003]: DEBUG dbcounter [-] [88003] Writing DB stats neutron:SELECT=4 {{(pid=88003) stat_writer /opt/stack/data/venv/lib/python3.12/site-packages/dbcounter.py:115}}
May 28 09:52:58.370372 np0000001610 neutron-periodic-workers[88995]: DEBUG oslo_db.sqlalchemy.engines [None req-9c15df19-c12d-4970-a5e9-207426d7f2f9 None None] Parent process 88003 forked (88995) with an open database connection, which is being discarded and recreated. {{(pid=88995) checkout /opt/stack/data/venv/lib/python3.12/site-packages/oslo_db/sqlalchemy/engines.py:402}}
May 28 09:52:58.411262 np0000001610 neutron-periodic-workers[88995]: DEBUG dbcounter [-] [88995] Writer thread running {{(pid=88995) stat_writer /opt/stack/data/venv/lib/python3.12/site-packages/dbcounter.py:102}}
May 28 09:52:58.419453 np0000001610 neutron-periodic-workers[88995]: DEBUG oslo.service.backend._threading.loopingcall [None req-9c15df19-c12d-4970-a5e9-207426d7f2f9 None None] Fixed interval looping call 'neutron.plugins.ml2.plugin.DhcpAgentSchedulerDbMixin.remove_networks_from_down_agents' sleeping for 36.95 seconds {{(pid=88995) _run_loop /opt/stack/data/venv/lib/python3.12/site-packages/oslo_service/backend/_threading/loopingcall.py:125}}
May 28 09:53:08.418647 np0000001610 neutron-periodic-workers[88995]: DEBUG dbcounter [-] [88995] Writing DB stats neutron:SELECT=3 {{(pid=88995) stat_writer /opt/stack/data/venv/lib/python3.12/site-packages/dbcounter.py:115}}
May 28 09:53:12.456020 np0000001610 neutron-periodic-workers[89013]: DEBUG dbcounter [-] [89013] Writer thread running {{(pid=89013) stat_writer /opt/stack/data/venv/lib/python3.12/site-packages/dbcounter.py:102}}
May 28 09:53:12.459790 np0000001610 neutron-periodic-workers[89013]: DEBUG neutron.db.agents_db [None req-a67793e4-e136-400f-ac4c-c535b8856c41 None None] Agent healthcheck: found 0 active agents {{(pid=89013) agent_health_check /opt/stack/neutron/neutron/db/agents_db.py:322}}
May 28 09:53:12.460012 np0000001610 neutron-periodic-workers[89013]: DEBUG oslo.service.backend._threading.loopingcall [None req-a67793e4-e136-400f-ac4c-c535b8856c41 None None] Fixed interval looping call 'neutron.plugins.ml2.plugin.AgentDbMixin.agent_health_check' sleeping for 36.93 seconds {{(pid=89013) _run_loop /opt/stack/data/venv/lib/python3.12/site-packages/oslo_service/backend/_threading/loopingcall.py:125}}
May 28 09:53:32.456423 np0000001610 neutron-periodic-workers[89013]: DEBUG dbcounter [-] [89013] Writing DB stats neutron:SELECT=1 {{(pid=89013) stat_writer /opt/stack/data/venv/lib/python3.12/site-packages/dbcounter.py:115}}
May 28 09:53:35.376223 np0000001610 neutron-periodic-workers[88995]: DEBUG oslo.service.backend._threading.loopingcall [None req-9c15df19-c12d-4970-a5e9-207426d7f2f9 None None] Fixed interval looping call 'neutron.plugins.ml2.plugin.DhcpAgentSchedulerDbMixin.remove_networks_from_down_agents' sleeping for 36.99 seconds {{(pid=88995) _run_loop /opt/stack/data/venv/lib/python3.12/site-packages/oslo_service/backend/_threading/loopingcall.py:125}}
May 28 09:53:45.375844 np0000001610 neutron-periodic-workers[88995]: DEBUG dbcounter [-] [88995] Writing DB stats neutron:SELECT=3 {{(pid=88995) stat_writer /opt/stack/data/venv/lib/python3.12/site-packages/dbcounter.py:115}}
May 28 09:53:49.393682 np0000001610 neutron-periodic-workers[89013]: DEBUG neutron.db.agents_db [None req-a67793e4-e136-400f-ac4c-c535b8856c41 None None] Agent healthcheck: found 0 active agents {{(pid=89013) agent_health_check /opt/stack/neutron/neutron/db/agents_db.py:322}}
May 28 09:53:49.393682 np0000001610 neutron-periodic-workers[89013]: DEBUG oslo.service.backend._threading.loopingcall [None req-a67793e4-e136-400f-ac4c-c535b8856c41 None None] Fixed interval looping call 'neutron.plugins.ml2.plugin.AgentDbMixin.agent_health_check' sleeping for 37.00 seconds {{(pid=89013) _run_loop /opt/stack/data/venv/lib/python3.12/site-packages/oslo_service/backend/_threading/loopingcall.py:125}}
May 28 09:53:59.392390 np0000001610 neutron-periodic-workers[89013]: DEBUG dbcounter [-] [89013] Writing DB stats neutron:SELECT=1 {{(pid=89013) stat_writer /opt/stack/data/venv/lib/python3.12/site-packages/dbcounter.py:115}}
May 28 09:54:08.474452 np0000001610 neutron-periodic-workers[89024]: DEBUG dbcounter [-] [89024] Writer thread running {{(pid=89024) stat_writer /opt/stack/data/venv/lib/python3.12/site-packages/dbcounter.py:102}}
May 28 09:54:08.476659 np0000001610 neutron-periodic-workers[89024]: DEBUG oslo.service.backend._threading.loopingcall [None req-639217df-4c5f-4c54-a581-cfa0b63fd0af None None] Fixed interval looping call 'neutron.db.quota.driver_nolock.DbQuotaNoLockDriver._remove_expired_reservations' sleeping for 119.93 seconds {{(pid=89024) _run_loop /opt/stack/data/venv/lib/python3.12/site-packages/oslo_service/backend/_threading/loopingcall.py:125}}
May 28 09:54:12.372649 np0000001610 neutron-periodic-workers[88995]: DEBUG oslo.service.backend._threading.loopingcall [None req-9c15df19-c12d-4970-a5e9-207426d7f2f9 None None] Fixed interval looping call 'neutron.plugins.ml2.plugin.DhcpAgentSchedulerDbMixin.remove_networks_from_down_agents' sleeping for 36.99 seconds {{(pid=88995) _run_loop /opt/stack/data/venv/lib/python3.12/site-packages/oslo_service/backend/_threading/loopingcall.py:125}}
May 28 09:54:22.371842 np0000001610 neutron-periodic-workers[88995]: DEBUG dbcounter [-] [88995] Writing DB stats neutron:SELECT=3 {{(pid=88995) stat_writer /opt/stack/data/venv/lib/python3.12/site-packages/dbcounter.py:115}}
May 28 09:54:26.398124 np0000001610 neutron-periodic-workers[89013]: DEBUG neutron.db.agents_db [None req-a67793e4-e136-400f-ac4c-c535b8856c41 None None] Agent healthcheck: found 0 active agents {{(pid=89013) agent_health_check /opt/stack/neutron/neutron/db/agents_db.py:322}}
May 28 09:54:26.398124 np0000001610 neutron-periodic-workers[89013]: DEBUG oslo.service.backend._threading.loopingcall [None req-a67793e4-e136-400f-ac4c-c535b8856c41 None None] Fixed interval looping call 'neutron.plugins.ml2.plugin.AgentDbMixin.agent_health_check' sleeping for 37.00 seconds {{(pid=89013) _run_loop /opt/stack/data/venv/lib/python3.12/site-packages/oslo_service/backend/_threading/loopingcall.py:125}}
May 28 09:54:28.474985 np0000001610 neutron-periodic-workers[89024]: DEBUG dbcounter [-] [89024] Writing DB stats neutron:DELETE=1 {{(pid=89024) stat_writer /opt/stack/data/venv/lib/python3.12/site-packages/dbcounter.py:115}}
May 28 09:54:35.476526 np0000001610 neutron-periodic-workers[89032]: DEBUG dbcounter [-] [89032] Writer thread running {{(pid=89032) stat_writer /opt/stack/data/venv/lib/python3.12/site-packages/dbcounter.py:102}}
May 28 09:54:35.486341 np0000001610 neutron-periodic-workers[89032]: DEBUG oslo.service.backend._threading.loopingcall [None req-3064865c-768e-4bff-bf39-83f8ed0375d9 None None] Fixed interval looping call 'neutron.services.ovn_l3.plugin.L3_NAT_dbonly_mixin._clean_garbage' sleeping for 299.93 seconds {{(pid=89032) _run_loop /opt/stack/data/venv/lib/python3.12/site-packages/oslo_service/backend/_threading/loopingcall.py:125}}
May 28 09:54:36.396421 np0000001610 neutron-periodic-workers[89013]: DEBUG dbcounter [-] [89013] Writing DB stats neutron:SELECT=1 {{(pid=89013) stat_writer /opt/stack/data/venv/lib/python3.12/site-packages/dbcounter.py:115}}
May 28 09:54:49.368607 np0000001610 neutron-periodic-workers[88995]: DEBUG oslo.service.backend._threading.loopingcall [None req-9c15df19-c12d-4970-a5e9-207426d7f2f9 None None] Fixed interval looping call 'neutron.plugins.ml2.plugin.DhcpAgentSchedulerDbMixin.remove_networks_from_down_agents' sleeping for 36.99 seconds {{(pid=88995) _run_loop /opt/stack/data/venv/lib/python3.12/site-packages/oslo_service/backend/_threading/loopingcall.py:125}}
May 28 09:54:55.477391 np0000001610 neutron-periodic-workers[89032]: DEBUG dbcounter [-] [89032] Writing DB stats neutron:SELECT=1 {{(pid=89032) stat_writer /opt/stack/data/venv/lib/python3.12/site-packages/dbcounter.py:115}}
May 28 09:54:59.367776 np0000001610 neutron-periodic-workers[88995]: DEBUG dbcounter [-] [88995] Writing DB stats neutron:SELECT=3 {{(pid=88995) stat_writer /opt/stack/data/venv/lib/python3.12/site-packages/dbcounter.py:115}}
May 28 09:55:03.401210 np0000001610 neutron-periodic-workers[89013]: DEBUG neutron.db.agents_db [None req-a67793e4-e136-400f-ac4c-c535b8856c41 None None] Agent healthcheck: found 0 active agents {{(pid=89013) agent_health_check /opt/stack/neutron/neutron/db/agents_db.py:322}}
May 28 09:55:03.401788 np0000001610 neutron-periodic-workers[89013]: DEBUG oslo.service.backend._threading.loopingcall [None req-a67793e4-e136-400f-ac4c-c535b8856c41 None None] Fixed interval looping call 'neutron.plugins.ml2.plugin.AgentDbMixin.agent_health_check' sleeping for 37.00 seconds {{(pid=89013) _run_loop /opt/stack/data/venv/lib/python3.12/site-packages/oslo_service/backend/_threading/loopingcall.py:125}}
May 28 09:55:13.400415 np0000001610 neutron-periodic-workers[89013]: DEBUG dbcounter [-] [89013] Writing DB stats neutron:SELECT=1 {{(pid=89013) stat_writer /opt/stack/data/venv/lib/python3.12/site-packages/dbcounter.py:115}}
May 28 09:55:26.366183 np0000001610 neutron-periodic-workers[88995]: DEBUG oslo.service.backend._threading.loopingcall [None req-9c15df19-c12d-4970-a5e9-207426d7f2f9 None None] Fixed interval looping call 'neutron.plugins.ml2.plugin.DhcpAgentSchedulerDbMixin.remove_networks_from_down_agents' sleeping for 36.99 seconds {{(pid=88995) _run_loop /opt/stack/data/venv/lib/python3.12/site-packages/oslo_service/backend/_threading/loopingcall.py:125}}
May 28 09:55:36.367161 np0000001610 neutron-periodic-workers[88995]: DEBUG dbcounter [-] [88995] Writing DB stats neutron:SELECT=3 {{(pid=88995) stat_writer /opt/stack/data/venv/lib/python3.12/site-packages/dbcounter.py:115}}
May 28 09:55:40.406257 np0000001610 neutron-periodic-workers[89013]: DEBUG neutron.db.agents_db [None req-a67793e4-e136-400f-ac4c-c535b8856c41 None None] Agent healthcheck: found 0 active agents {{(pid=89013) agent_health_check /opt/stack/neutron/neutron/db/agents_db.py:322}}
May 28 09:55:40.406257 np0000001610 neutron-periodic-workers[89013]: DEBUG oslo.service.backend._threading.loopingcall [None req-a67793e4-e136-400f-ac4c-c535b8856c41 None None] Fixed interval looping call 'neutron.plugins.ml2.plugin.AgentDbMixin.agent_health_check' sleeping for 37.00 seconds {{(pid=89013) _run_loop /opt/stack/data/venv/lib/python3.12/site-packages/oslo_service/backend/_threading/loopingcall.py:125}}
May 28 09:55:50.403986 np0000001610 neutron-periodic-workers[89013]: DEBUG dbcounter [-] [89013] Writing DB stats neutron:SELECT=1 {{(pid=89013) stat_writer /opt/stack/data/venv/lib/python3.12/site-packages/dbcounter.py:115}}
May 28 09:56:03.363151 np0000001610 neutron-periodic-workers[88995]: DEBUG oslo.service.backend._threading.loopingcall [None req-9c15df19-c12d-4970-a5e9-207426d7f2f9 None None] Fixed interval looping call 'neutron.plugins.ml2.plugin.DhcpAgentSchedulerDbMixin.remove_networks_from_down_agents' sleeping for 36.99 seconds {{(pid=88995) _run_loop /opt/stack/data/venv/lib/python3.12/site-packages/oslo_service/backend/_threading/loopingcall.py:125}}
May 28 09:56:08.415920 np0000001610 neutron-periodic-workers[89024]: DEBUG oslo.service.backend._threading.loopingcall [None req-639217df-4c5f-4c54-a581-cfa0b63fd0af None None] Fixed interval looping call 'neutron.db.quota.driver_nolock.DbQuotaNoLockDriver._remove_expired_reservations' sleeping for 119.99 seconds {{(pid=89024) _run_loop /opt/stack/data/venv/lib/python3.12/site-packages/oslo_service/backend/_threading/loopingcall.py:125}}
May 28 09:56:13.365959 np0000001610 neutron-periodic-workers[88995]: DEBUG dbcounter [-] [88995] Writing DB stats neutron:SELECT=3 {{(pid=88995) stat_writer /opt/stack/data/venv/lib/python3.12/site-packages/dbcounter.py:115}}
May 28 09:56:17.413426 np0000001610 neutron-periodic-workers[89013]: DEBUG neutron.db.agents_db [None req-a67793e4-e136-400f-ac4c-c535b8856c41 None None] Agent healthcheck: found 0 active agents {{(pid=89013) agent_health_check /opt/stack/neutron/neutron/db/agents_db.py:322}}
May 28 09:56:17.413772 np0000001610 neutron-periodic-workers[89013]: DEBUG oslo.service.backend._threading.loopingcall [None req-a67793e4-e136-400f-ac4c-c535b8856c41 None None] Fixed interval looping call 'neutron.plugins.ml2.plugin.AgentDbMixin.agent_health_check' sleeping for 36.99 seconds {{(pid=89013) _run_loop /opt/stack/data/venv/lib/python3.12/site-packages/oslo_service/backend/_threading/loopingcall.py:125}}
May 28 09:56:18.415576 np0000001610 neutron-periodic-workers[89024]: DEBUG dbcounter [-] [89024] Writing DB stats neutron:DELETE=1 {{(pid=89024) stat_writer /opt/stack/data/venv/lib/python3.12/site-packages/dbcounter.py:115}}
May 28 09:56:27.412231 np0000001610 neutron-periodic-workers[89013]: DEBUG dbcounter [-] [89013] Writing DB stats neutron:SELECT=1 {{(pid=89013) stat_writer /opt/stack/data/venv/lib/python3.12/site-packages/dbcounter.py:115}}
May 28 09:56:40.369356 np0000001610 neutron-periodic-workers[88995]: DEBUG oslo.service.backend._threading.loopingcall [None req-9c15df19-c12d-4970-a5e9-207426d7f2f9 None None] Fixed interval looping call 'neutron.plugins.ml2.plugin.DhcpAgentSchedulerDbMixin.remove_networks_from_down_agents' sleeping for 36.99 seconds {{(pid=88995) _run_loop /opt/stack/data/venv/lib/python3.12/site-packages/oslo_service/backend/_threading/loopingcall.py:125}}
May 28 09:56:50.365797 np0000001610 neutron-periodic-workers[88995]: DEBUG dbcounter [-] [88995] Writing DB stats neutron:SELECT=3 {{(pid=88995) stat_writer /opt/stack/data/venv/lib/python3.12/site-packages/dbcounter.py:115}}
May 28 09:56:54.411276 np0000001610 neutron-periodic-workers[89013]: DEBUG neutron.db.agents_db [None req-a67793e4-e136-400f-ac4c-c535b8856c41 None None] Agent healthcheck: found 0 active agents {{(pid=89013) agent_health_check /opt/stack/neutron/neutron/db/agents_db.py:322}}
May 28 09:56:54.411881 np0000001610 neutron-periodic-workers[89013]: DEBUG oslo.service.backend._threading.loopingcall [None req-a67793e4-e136-400f-ac4c-c535b8856c41 None None] Fixed interval looping call 'neutron.plugins.ml2.plugin.AgentDbMixin.agent_health_check' sleeping for 36.99 seconds {{(pid=89013) _run_loop /opt/stack/data/venv/lib/python3.12/site-packages/oslo_service/backend/_threading/loopingcall.py:125}}
May 28 09:57:04.406320 np0000001610 neutron-periodic-workers[89013]: DEBUG dbcounter [-] [89013] Writing DB stats neutron:SELECT=1 {{(pid=89013) stat_writer /opt/stack/data/venv/lib/python3.12/site-packages/dbcounter.py:115}}
May 28 09:57:17.374233 np0000001610 neutron-periodic-workers[88995]: DEBUG oslo.service.backend._threading.loopingcall [None req-9c15df19-c12d-4970-a5e9-207426d7f2f9 None None] Fixed interval looping call 'neutron.plugins.ml2.plugin.DhcpAgentSchedulerDbMixin.remove_networks_from_down_agents' sleeping for 36.99 seconds {{(pid=88995) _run_loop /opt/stack/data/venv/lib/python3.12/site-packages/oslo_service/backend/_threading/loopingcall.py:125}}
May 28 09:57:27.375977 np0000001610 neutron-periodic-workers[88995]: DEBUG dbcounter [-] [88995] Writing DB stats neutron:SELECT=3 {{(pid=88995) stat_writer /opt/stack/data/venv/lib/python3.12/site-packages/dbcounter.py:115}}
May 28 09:57:31.414325 np0000001610 neutron-periodic-workers[89013]: DEBUG neutron.db.agents_db [None req-a67793e4-e136-400f-ac4c-c535b8856c41 None None] Agent healthcheck: found 0 active agents {{(pid=89013) agent_health_check /opt/stack/neutron/neutron/db/agents_db.py:322}}
May 28 09:57:31.414853 np0000001610 neutron-periodic-workers[89013]: DEBUG oslo.service.backend._threading.loopingcall [None req-a67793e4-e136-400f-ac4c-c535b8856c41 None None] Fixed interval looping call 'neutron.plugins.ml2.plugin.AgentDbMixin.agent_health_check' sleeping for 36.99 seconds {{(pid=89013) _run_loop /opt/stack/data/venv/lib/python3.12/site-packages/oslo_service/backend/_threading/loopingcall.py:125}}
May 28 09:57:41.409097 np0000001610 neutron-periodic-workers[89013]: DEBUG dbcounter [-] [89013] Writing DB stats neutron:SELECT=1 {{(pid=89013) stat_writer /opt/stack/data/venv/lib/python3.12/site-packages/dbcounter.py:115}}
May 28 09:57:54.378702 np0000001610 neutron-periodic-workers[88995]: DEBUG oslo.service.backend._threading.loopingcall [None req-9c15df19-c12d-4970-a5e9-207426d7f2f9 None None] Fixed interval looping call 'neutron.plugins.ml2.plugin.DhcpAgentSchedulerDbMixin.remove_networks_from_down_agents' sleeping for 36.99 seconds {{(pid=88995) _run_loop /opt/stack/data/venv/lib/python3.12/site-packages/oslo_service/backend/_threading/loopingcall.py:125}}
May 28 09:58:04.376926 np0000001610 neutron-periodic-workers[88995]: DEBUG dbcounter [-] [88995] Writing DB stats neutron:SELECT=3 {{(pid=88995) stat_writer /opt/stack/data/venv/lib/python3.12/site-packages/dbcounter.py:115}}
May 28 09:58:08.412537 np0000001610 neutron-periodic-workers[89024]: DEBUG oslo.service.backend._threading.loopingcall [None req-639217df-4c5f-4c54-a581-cfa0b63fd0af None None] Fixed interval looping call 'neutron.db.quota.driver_nolock.DbQuotaNoLockDriver._remove_expired_reservations' sleeping for 119.99 seconds {{(pid=89024) _run_loop /opt/stack/data/venv/lib/python3.12/site-packages/oslo_service/backend/_threading/loopingcall.py:125}}
May 28 09:58:08.414104 np0000001610 neutron-periodic-workers[89013]: DEBUG neutron.db.agents_db [None req-a67793e4-e136-400f-ac4c-c535b8856c41 None None] Agent healthcheck: found 0 active agents {{(pid=89013) agent_health_check /opt/stack/neutron/neutron/db/agents_db.py:322}}
May 28 09:58:08.414104 np0000001610 neutron-periodic-workers[89013]: DEBUG oslo.service.backend._threading.loopingcall [None req-a67793e4-e136-400f-ac4c-c535b8856c41 None None] Fixed interval looping call 'neutron.plugins.ml2.plugin.AgentDbMixin.agent_health_check' sleeping for 36.99 seconds {{(pid=89013) _run_loop /opt/stack/data/venv/lib/python3.12/site-packages/oslo_service/backend/_threading/loopingcall.py:125}}
May 28 09:58:18.408655 np0000001610 neutron-periodic-workers[89013]: DEBUG dbcounter [-] [89013] Writing DB stats neutron:SELECT=1 {{(pid=89013) stat_writer /opt/stack/data/venv/lib/python3.12/site-packages/dbcounter.py:115}}
May 28 09:58:18.412860 np0000001610 neutron-periodic-workers[89024]: DEBUG dbcounter [-] [89024] Writing DB stats neutron:DELETE=1 {{(pid=89024) stat_writer /opt/stack/data/venv/lib/python3.12/site-packages/dbcounter.py:115}}
May 28 09:58:31.388242 np0000001610 neutron-periodic-workers[88995]: DEBUG oslo.service.backend._threading.loopingcall [None req-9c15df19-c12d-4970-a5e9-207426d7f2f9 None None] Fixed interval looping call 'neutron.plugins.ml2.plugin.DhcpAgentSchedulerDbMixin.remove_networks_from_down_agents' sleeping for 36.98 seconds {{(pid=88995) _run_loop /opt/stack/data/venv/lib/python3.12/site-packages/oslo_service/backend/_threading/loopingcall.py:125}}
May 28 09:58:41.385152 np0000001610 neutron-periodic-workers[88995]: DEBUG dbcounter [-] [88995] Writing DB stats neutron:SELECT=3 {{(pid=88995) stat_writer /opt/stack/data/venv/lib/python3.12/site-packages/dbcounter.py:115}}
May 28 09:58:45.411398 np0000001610 neutron-periodic-workers[89013]: DEBUG neutron.db.agents_db [None req-a67793e4-e136-400f-ac4c-c535b8856c41 None None] Agent healthcheck: found 0 active agents {{(pid=89013) agent_health_check /opt/stack/neutron/neutron/db/agents_db.py:322}}
May 28 09:58:45.412441 np0000001610 neutron-periodic-workers[89013]: DEBUG oslo.service.backend._threading.loopingcall [None req-a67793e4-e136-400f-ac4c-c535b8856c41 None None] Fixed interval looping call 'neutron.plugins.ml2.plugin.AgentDbMixin.agent_health_check' sleeping for 36.99 seconds {{(pid=89013) _run_loop /opt/stack/data/venv/lib/python3.12/site-packages/oslo_service/backend/_threading/loopingcall.py:125}}
May 28 09:58:55.407861 np0000001610 neutron-periodic-workers[89013]: DEBUG dbcounter [-] [89013] Writing DB stats neutron:SELECT=1 {{(pid=89013) stat_writer /opt/stack/data/venv/lib/python3.12/site-packages/dbcounter.py:115}}
May 28 09:59:08.378147 np0000001610 neutron-periodic-workers[88995]: DEBUG oslo.service.backend._threading.loopingcall [None req-9c15df19-c12d-4970-a5e9-207426d7f2f9 None None] Fixed interval looping call 'neutron.plugins.ml2.plugin.DhcpAgentSchedulerDbMixin.remove_networks_from_down_agents' sleeping for 36.99 seconds {{(pid=88995) _run_loop /opt/stack/data/venv/lib/python3.12/site-packages/oslo_service/backend/_threading/loopingcall.py:125}}
May 28 09:59:18.376636 np0000001610 neutron-periodic-workers[88995]: DEBUG dbcounter [-] [88995] Writing DB stats neutron:SELECT=3 {{(pid=88995) stat_writer /opt/stack/data/venv/lib/python3.12/site-packages/dbcounter.py:115}}
May 28 09:59:22.406164 np0000001610 neutron-periodic-workers[89013]: DEBUG neutron.db.agents_db [None req-a67793e4-e136-400f-ac4c-c535b8856c41 None None] Agent healthcheck: found 0 active agents {{(pid=89013) agent_health_check /opt/stack/neutron/neutron/db/agents_db.py:322}}
May 28 09:59:22.406638 np0000001610 neutron-periodic-workers[89013]: DEBUG oslo.service.backend._threading.loopingcall [None req-a67793e4-e136-400f-ac4c-c535b8856c41 None None] Fixed interval looping call 'neutron.plugins.ml2.plugin.AgentDbMixin.agent_health_check' sleeping for 37.00 seconds {{(pid=89013) _run_loop /opt/stack/data/venv/lib/python3.12/site-packages/oslo_service/backend/_threading/loopingcall.py:125}}
May 28 09:59:32.405185 np0000001610 neutron-periodic-workers[89013]: DEBUG dbcounter [-] [89013] Writing DB stats neutron:SELECT=1 {{(pid=89013) stat_writer /opt/stack/data/venv/lib/python3.12/site-packages/dbcounter.py:115}}
May 28 09:59:35.425528 np0000001610 neutron-periodic-workers[89032]: DEBUG oslo.service.backend._threading.loopingcall [None req-3064865c-768e-4bff-bf39-83f8ed0375d9 None None] Fixed interval looping call 'neutron.services.ovn_l3.plugin.L3_NAT_dbonly_mixin._clean_garbage' sleeping for 299.99 seconds {{(pid=89032) _run_loop /opt/stack/data/venv/lib/python3.12/site-packages/oslo_service/backend/_threading/loopingcall.py:125}}
May 28 09:59:45.378937 np0000001610 neutron-periodic-workers[88995]: DEBUG oslo.service.backend._threading.loopingcall [None req-9c15df19-c12d-4970-a5e9-207426d7f2f9 None None] Fixed interval looping call 'neutron.plugins.ml2.plugin.DhcpAgentSchedulerDbMixin.remove_networks_from_down_agents' sleeping for 36.99 seconds {{(pid=88995) _run_loop /opt/stack/data/venv/lib/python3.12/site-packages/oslo_service/backend/_threading/loopingcall.py:125}}
May 28 09:59:45.419101 np0000001610 neutron-periodic-workers[89032]: DEBUG dbcounter [-] [89032] Writing DB stats neutron:SELECT=1 {{(pid=89032) stat_writer /opt/stack/data/venv/lib/python3.12/site-packages/dbcounter.py:115}}
May 28 09:59:55.378317 np0000001610 neutron-periodic-workers[88995]: DEBUG dbcounter [-] [88995] Writing DB stats neutron:SELECT=3 {{(pid=88995) stat_writer /opt/stack/data/venv/lib/python3.12/site-packages/dbcounter.py:115}}
May 28 09:59:59.420437 np0000001610 neutron-periodic-workers[89013]: DEBUG neutron.db.agents_db [None req-a67793e4-e136-400f-ac4c-c535b8856c41 None None] Agent healthcheck: found 0 active agents {{(pid=89013) agent_health_check /opt/stack/neutron/neutron/db/agents_db.py:322}}
May 28 09:59:59.420437 np0000001610 neutron-periodic-workers[89013]: DEBUG oslo.service.backend._threading.loopingcall [None req-a67793e4-e136-400f-ac4c-c535b8856c41 None None] Fixed interval looping call 'neutron.plugins.ml2.plugin.AgentDbMixin.agent_health_check' sleeping for 36.99 seconds {{(pid=89013) _run_loop /opt/stack/data/venv/lib/python3.12/site-packages/oslo_service/backend/_threading/loopingcall.py:125}}
May 28 10:00:08.409317 np0000001610 neutron-periodic-workers[89024]: DEBUG oslo.service.backend._threading.loopingcall [None req-639217df-4c5f-4c54-a581-cfa0b63fd0af None None] Fixed interval looping call 'neutron.db.quota.driver_nolock.DbQuotaNoLockDriver._remove_expired_reservations' sleeping for 119.99 seconds {{(pid=89024) _run_loop /opt/stack/data/venv/lib/python3.12/site-packages/oslo_service/backend/_threading/loopingcall.py:125}}
May 28 10:00:09.415031 np0000001610 neutron-periodic-workers[89013]: DEBUG dbcounter [-] [89013] Writing DB stats neutron:SELECT=1 {{(pid=89013) stat_writer /opt/stack/data/venv/lib/python3.12/site-packages/dbcounter.py:115}}
May 28 10:00:18.409670 np0000001610 neutron-periodic-workers[89024]: DEBUG dbcounter [-] [89024] Writing DB stats neutron:DELETE=1 {{(pid=89024) stat_writer /opt/stack/data/venv/lib/python3.12/site-packages/dbcounter.py:115}}
May 28 10:00:22.386691 np0000001610 neutron-periodic-workers[88995]: DEBUG oslo.service.backend._threading.loopingcall [None req-9c15df19-c12d-4970-a5e9-207426d7f2f9 None None] Fixed interval looping call 'neutron.plugins.ml2.plugin.DhcpAgentSchedulerDbMixin.remove_networks_from_down_agents' sleeping for 36.98 seconds {{(pid=88995) _run_loop /opt/stack/data/venv/lib/python3.12/site-packages/oslo_service/backend/_threading/loopingcall.py:125}}
May 28 10:00:32.387115 np0000001610 neutron-periodic-workers[88995]: DEBUG dbcounter [-] [88995] Writing DB stats neutron:SELECT=3 {{(pid=88995) stat_writer /opt/stack/data/venv/lib/python3.12/site-packages/dbcounter.py:115}}
May 28 10:00:36.420985 np0000001610 neutron-periodic-workers[89013]: DEBUG neutron.db.agents_db [None req-a67793e4-e136-400f-ac4c-c535b8856c41 None None] Agent healthcheck: found 0 active agents {{(pid=89013) agent_health_check /opt/stack/neutron/neutron/db/agents_db.py:322}}
May 28 10:00:36.421450 np0000001610 neutron-periodic-workers[89013]: DEBUG oslo.service.backend._threading.loopingcall [None req-a67793e4-e136-400f-ac4c-c535b8856c41 None None] Fixed interval looping call 'neutron.plugins.ml2.plugin.AgentDbMixin.agent_health_check' sleeping for 36.99 seconds {{(pid=89013) _run_loop /opt/stack/data/venv/lib/python3.12/site-packages/oslo_service/backend/_threading/loopingcall.py:125}}
May 28 10:00:46.416091 np0000001610 neutron-periodic-workers[89013]: DEBUG dbcounter [-] [89013] Writing DB stats neutron:SELECT=1 {{(pid=89013) stat_writer /opt/stack/data/venv/lib/python3.12/site-packages/dbcounter.py:115}}
May 28 10:00:59.374674 np0000001610 neutron-periodic-workers[88995]: DEBUG oslo.service.backend._threading.loopingcall [None req-9c15df19-c12d-4970-a5e9-207426d7f2f9 None None] Fixed interval looping call 'neutron.plugins.ml2.plugin.DhcpAgentSchedulerDbMixin.remove_networks_from_down_agents' sleeping for 36.99 seconds {{(pid=88995) _run_loop /opt/stack/data/venv/lib/python3.12/site-packages/oslo_service/backend/_threading/loopingcall.py:125}}
May 28 10:01:09.372667 np0000001610 neutron-periodic-workers[88995]: DEBUG dbcounter [-] [88995] Writing DB stats neutron:SELECT=3 {{(pid=88995) stat_writer /opt/stack/data/venv/lib/python3.12/site-packages/dbcounter.py:115}}
May 28 10:01:13.417292 np0000001610 neutron-periodic-workers[89013]: DEBUG neutron.db.agents_db [None req-a67793e4-e136-400f-ac4c-c535b8856c41 None None] Agent healthcheck: found 0 active agents {{(pid=89013) agent_health_check /opt/stack/neutron/neutron/db/agents_db.py:322}}
May 28 10:01:13.417880 np0000001610 neutron-periodic-workers[89013]: DEBUG oslo.service.backend._threading.loopingcall [None req-a67793e4-e136-400f-ac4c-c535b8856c41 None None] Fixed interval looping call 'neutron.plugins.ml2.plugin.AgentDbMixin.agent_health_check' sleeping for 36.99 seconds {{(pid=89013) _run_loop /opt/stack/data/venv/lib/python3.12/site-packages/oslo_service/backend/_threading/loopingcall.py:125}}
May 28 10:01:23.415151 np0000001610 neutron-periodic-workers[89013]: DEBUG dbcounter [-] [89013] Writing DB stats neutron:SELECT=1 {{(pid=89013) stat_writer /opt/stack/data/venv/lib/python3.12/site-packages/dbcounter.py:115}}
May 28 10:01:36.380337 np0000001610 neutron-periodic-workers[88995]: DEBUG oslo.service.backend._threading.loopingcall [None req-9c15df19-c12d-4970-a5e9-207426d7f2f9 None None] Fixed interval looping call 'neutron.plugins.ml2.plugin.DhcpAgentSchedulerDbMixin.remove_networks_from_down_agents' sleeping for 36.98 seconds {{(pid=88995) _run_loop /opt/stack/data/venv/lib/python3.12/site-packages/oslo_service/backend/_threading/loopingcall.py:125}}
May 28 10:01:46.377329 np0000001610 neutron-periodic-workers[88995]: DEBUG dbcounter [-] [88995] Writing DB stats neutron:SELECT=3 {{(pid=88995) stat_writer /opt/stack/data/venv/lib/python3.12/site-packages/dbcounter.py:115}}
May 28 10:01:50.411641 np0000001610 neutron-periodic-workers[89013]: DEBUG neutron.db.agents_db [None req-a67793e4-e136-400f-ac4c-c535b8856c41 None None] Agent healthcheck: found 0 active agents {{(pid=89013) agent_health_check /opt/stack/neutron/neutron/db/agents_db.py:322}}
May 28 10:01:50.412066 np0000001610 neutron-periodic-workers[89013]: DEBUG oslo.service.backend._threading.loopingcall [None req-a67793e4-e136-400f-ac4c-c535b8856c41 None None] Fixed interval looping call 'neutron.plugins.ml2.plugin.AgentDbMixin.agent_health_check' sleeping for 37.00 seconds {{(pid=89013) _run_loop /opt/stack/data/venv/lib/python3.12/site-packages/oslo_service/backend/_threading/loopingcall.py:125}}
May 28 10:02:00.410432 np0000001610 neutron-periodic-workers[89013]: DEBUG dbcounter [-] [89013] Writing DB stats neutron:SELECT=1 {{(pid=89013) stat_writer /opt/stack/data/venv/lib/python3.12/site-packages/dbcounter.py:115}}
May 28 10:02:08.405978 np0000001610 neutron-periodic-workers[89024]: DEBUG oslo.service.backend._threading.loopingcall [None req-639217df-4c5f-4c54-a581-cfa0b63fd0af None None] Fixed interval looping call 'neutron.db.quota.driver_nolock.DbQuotaNoLockDriver._remove_expired_reservations' sleeping for 119.99 seconds {{(pid=89024) _run_loop /opt/stack/data/venv/lib/python3.12/site-packages/oslo_service/backend/_threading/loopingcall.py:125}}
May 28 10:02:13.372333 np0000001610 neutron-periodic-workers[88995]: DEBUG oslo.service.backend._threading.loopingcall [None req-9c15df19-c12d-4970-a5e9-207426d7f2f9 None None] Fixed interval looping call 'neutron.plugins.ml2.plugin.DhcpAgentSchedulerDbMixin.remove_networks_from_down_agents' sleeping for 36.99 seconds {{(pid=88995) _run_loop /opt/stack/data/venv/lib/python3.12/site-packages/oslo_service/backend/_threading/loopingcall.py:125}}
May 28 10:02:18.403865 np0000001610 neutron-periodic-workers[89024]: DEBUG dbcounter [-] [89024] Writing DB stats neutron:DELETE=1 {{(pid=89024) stat_writer /opt/stack/data/venv/lib/python3.12/site-packages/dbcounter.py:115}}
May 28 10:02:23.370125 np0000001610 neutron-periodic-workers[88995]: DEBUG dbcounter [-] [88995] Writing DB stats neutron:SELECT=3 {{(pid=88995) stat_writer /opt/stack/data/venv/lib/python3.12/site-packages/dbcounter.py:115}}
May 28 10:02:27.417065 np0000001610 neutron-periodic-workers[89013]: DEBUG neutron.db.agents_db [None req-a67793e4-e136-400f-ac4c-c535b8856c41 None None] Agent healthcheck: found 0 active agents {{(pid=89013) agent_health_check /opt/stack/neutron/neutron/db/agents_db.py:322}}
May 28 10:02:27.417554 np0000001610 neutron-periodic-workers[89013]: DEBUG oslo.service.backend._threading.loopingcall [None req-a67793e4-e136-400f-ac4c-c535b8856c41 None None] Fixed interval looping call 'neutron.plugins.ml2.plugin.AgentDbMixin.agent_health_check' sleeping for 36.99 seconds {{(pid=89013) _run_loop /opt/stack/data/venv/lib/python3.12/site-packages/oslo_service/backend/_threading/loopingcall.py:125}}
May 28 10:02:37.415738 np0000001610 neutron-periodic-workers[89013]: DEBUG dbcounter [-] [89013] Writing DB stats neutron:SELECT=1 {{(pid=89013) stat_writer /opt/stack/data/venv/lib/python3.12/site-packages/dbcounter.py:115}}
May 28 10:02:50.370217 np0000001610 neutron-periodic-workers[88995]: DEBUG oslo.service.backend._threading.loopingcall [None req-9c15df19-c12d-4970-a5e9-207426d7f2f9 None None] Fixed interval looping call 'neutron.plugins.ml2.plugin.DhcpAgentSchedulerDbMixin.remove_networks_from_down_agents' sleeping for 36.99 seconds {{(pid=88995) _run_loop /opt/stack/data/venv/lib/python3.12/site-packages/oslo_service/backend/_threading/loopingcall.py:125}}
May 28 10:03:00.368224 np0000001610 neutron-periodic-workers[88995]: DEBUG dbcounter [-] [88995] Writing DB stats neutron:SELECT=3 {{(pid=88995) stat_writer /opt/stack/data/venv/lib/python3.12/site-packages/dbcounter.py:115}}
May 28 10:03:04.416759 np0000001610 neutron-periodic-workers[89013]: DEBUG neutron.db.agents_db [None req-a67793e4-e136-400f-ac4c-c535b8856c41 None None] Agent healthcheck: found 0 active agents {{(pid=89013) agent_health_check /opt/stack/neutron/neutron/db/agents_db.py:322}}
May 28 10:03:04.416759 np0000001610 neutron-periodic-workers[89013]: DEBUG oslo.service.backend._threading.loopingcall [None req-a67793e4-e136-400f-ac4c-c535b8856c41 None None] Fixed interval looping call 'neutron.plugins.ml2.plugin.AgentDbMixin.agent_health_check' sleeping for 36.99 seconds {{(pid=89013) _run_loop /opt/stack/data/venv/lib/python3.12/site-packages/oslo_service/backend/_threading/loopingcall.py:125}}
May 28 10:03:14.412885 np0000001610 neutron-periodic-workers[89013]: DEBUG dbcounter [-] [89013] Writing DB stats neutron:SELECT=1 {{(pid=89013) stat_writer /opt/stack/data/venv/lib/python3.12/site-packages/dbcounter.py:115}}
May 28 10:03:27.369008 np0000001610 neutron-periodic-workers[88995]: DEBUG oslo.service.backend._threading.loopingcall [None req-9c15df19-c12d-4970-a5e9-207426d7f2f9 None None] Fixed interval looping call 'neutron.plugins.ml2.plugin.DhcpAgentSchedulerDbMixin.remove_networks_from_down_agents' sleeping for 36.99 seconds {{(pid=88995) _run_loop /opt/stack/data/venv/lib/python3.12/site-packages/oslo_service/backend/_threading/loopingcall.py:125}}
