Aug 13 06:35:03.154252 np0000007166 nova-scheduler[93558]: DEBUG cotyledon.oslo_config_glue [-] oslo_messaging_rabbit.rabbit_quorum_max_memory_bytes = 0 {{(pid=93558) log_opt_values /opt/stack/data/venv/lib/python3.12/site-packages/oslo_config/cfg.py:3545}}
Aug 13 06:35:03.154419 np0000007166 nova-scheduler[93558]: DEBUG cotyledon.oslo_config_glue [-] oslo_messaging_rabbit.rabbit_quorum_max_memory_length = 0 {{(pid=93558) log_opt_values /opt/stack/data/venv/lib/python3.12/site-packages/oslo_config/cfg.py:3545}}
Aug 13 06:35:03.154419 np0000007166 nova-scheduler[93558]: DEBUG cotyledon.oslo_config_glue [-] oslo_messaging_rabbit.rabbit_quorum_queue = False {{(pid=93558) log_opt_values /opt/stack/data/venv/lib/python3.12/site-packages/oslo_config/cfg.py:3545}}
Aug 13 06:35:03.154419 np0000007166 nova-scheduler[93558]: DEBUG cotyledon.oslo_config_glue [-] oslo_messaging_rabbit.rabbit_retry_backoff = 2 {{(pid=93558) log_opt_values /opt/stack/data/venv/lib/python3.12/site-packages/oslo_config/cfg.py:3545}}
Aug 13 06:35:03.154419 np0000007166 nova-scheduler[93558]: DEBUG cotyledon.oslo_config_glue [-] oslo_messaging_rabbit.rabbit_retry_interval = 1 {{(pid=93558) log_opt_values /opt/stack/data/venv/lib/python3.12/site-packages/oslo_config/cfg.py:3545}}
Aug 13 06:35:03.154419 np0000007166 nova-scheduler[93558]: DEBUG cotyledon.oslo_config_glue [-] oslo_messaging_rabbit.rabbit_stream_fanout = False {{(pid=93558) log_opt_values /opt/stack/data/venv/lib/python3.12/site-packages/oslo_config/cfg.py:3545}}
Aug 13 06:35:03.154419 np0000007166 nova-scheduler[93558]: DEBUG cotyledon.oslo_config_glue [-] oslo_messaging_rabbit.rabbit_transient_queues_ttl = 1800 {{(pid=93558) log_opt_values /opt/stack/data/venv/lib/python3.12/site-packages/oslo_config/cfg.py:3545}}
Aug 13 06:35:03.154419 np0000007166 nova-scheduler[93558]: DEBUG cotyledon.oslo_config_glue [-] oslo_messaging_rabbit.rabbit_transient_quorum_queue = False {{(pid=93558) log_opt_values /opt/stack/data/venv/lib/python3.12/site-packages/oslo_config/cfg.py:3545}}
Aug 13 06:35:03.154419 np0000007166 nova-scheduler[93558]: DEBUG cotyledon.oslo_config_glue [-] oslo_messaging_rabbit.rpc_conn_pool_size = 30 {{(pid=93558) log_opt_values /opt/stack/data/venv/lib/python3.12/site-packages/oslo_config/cfg.py:3545}}
Aug 13 06:35:03.154419 np0000007166 nova-scheduler[93558]: DEBUG cotyledon.oslo_config_glue [-] oslo_messaging_rabbit.ssl = False {{(pid=93558) log_opt_values /opt/stack/data/venv/lib/python3.12/site-packages/oslo_config/cfg.py:3545}}
Aug 13 06:35:03.154575 np0000007166 nova-scheduler[93558]: DEBUG cotyledon.oslo_config_glue [-] oslo_messaging_rabbit.ssl_ca_file = {{(pid=93558) log_opt_values /opt/stack/data/venv/lib/python3.12/site-packages/oslo_config/cfg.py:3545}}
Aug 13 06:35:03.154575 np0000007166 nova-scheduler[93558]: DEBUG cotyledon.oslo_config_glue [-] oslo_messaging_rabbit.ssl_cert_file = {{(pid=93558) log_opt_values /opt/stack/data/venv/lib/python3.12/site-packages/oslo_config/cfg.py:3545}}
Aug 13 06:35:03.154575 np0000007166 nova-scheduler[93558]: DEBUG cotyledon.oslo_config_glue [-] oslo_messaging_rabbit.ssl_enforce_fips_mode = False {{(pid=93558) log_opt_values /opt/stack/data/venv/lib/python3.12/site-packages/oslo_config/cfg.py:3545}}
Aug 13 06:35:03.154575 np0000007166 nova-scheduler[93558]: DEBUG cotyledon.oslo_config_glue [-] oslo_messaging_rabbit.ssl_enforce_hostname_verification = True {{(pid=93558) log_opt_values /opt/stack/data/venv/lib/python3.12/site-packages/oslo_config/cfg.py:3545}}
Aug 13 06:35:03.154575 np0000007166 nova-scheduler[93558]: DEBUG cotyledon.oslo_config_glue [-] oslo_messaging_rabbit.ssl_key_file = {{(pid=93558) log_opt_values /opt/stack/data/venv/lib/python3.12/site-packages/oslo_config/cfg.py:3545}}
Aug 13 06:35:03.154575 np0000007166 nova-scheduler[93558]: DEBUG cotyledon.oslo_config_glue [-] oslo_messaging_rabbit.ssl_version = {{(pid=93558) log_opt_values /opt/stack/data/venv/lib/python3.12/site-packages/oslo_config/cfg.py:3545}}
Aug 13 06:35:03.154575 np0000007166 nova-scheduler[93558]: DEBUG cotyledon.oslo_config_glue [-] oslo_messaging_rabbit.use_queue_manager = False {{(pid=93558) log_opt_values /opt/stack/data/venv/lib/python3.12/site-packages/oslo_config/cfg.py:3545}}
Aug 13 06:35:03.154575 np0000007166 nova-scheduler[93558]: DEBUG cotyledon.oslo_config_glue [-] oslo_messaging_notifications.driver = ['messagingv2'] {{(pid=93558) log_opt_values /opt/stack/data/venv/lib/python3.12/site-packages/oslo_config/cfg.py:3545}}
Aug 13 06:35:03.154575 np0000007166 nova-scheduler[93558]: DEBUG cotyledon.oslo_config_glue [-] oslo_messaging_notifications.retry = -1 {{(pid=93558) log_opt_values /opt/stack/data/venv/lib/python3.12/site-packages/oslo_config/cfg.py:3545}}
Aug 13 06:35:03.154756 np0000007166 nova-scheduler[93558]: DEBUG cotyledon.oslo_config_glue [-] oslo_messaging_notifications.topics = ['notifications'] {{(pid=93558) log_opt_values /opt/stack/data/venv/lib/python3.12/site-packages/oslo_config/cfg.py:3545}}
Aug 13 06:35:03.154756 np0000007166 nova-scheduler[93558]: DEBUG cotyledon.oslo_config_glue [-] oslo_messaging_notifications.transport_url = **** {{(pid=93558) log_opt_values /opt/stack/data/venv/lib/python3.12/site-packages/oslo_config/cfg.py:3545}}
Aug 13 06:35:03.154756 np0000007166 nova-scheduler[93558]: DEBUG cotyledon.oslo_config_glue [-] oslo_limit.auth_section = None {{(pid=93558) log_opt_values /opt/stack/data/venv/lib/python3.12/site-packages/oslo_config/cfg.py:3545}}
Aug 13 06:35:03.154756 np0000007166 nova-scheduler[93558]: DEBUG cotyledon.oslo_config_glue [-] oslo_limit.auth_type = None {{(pid=93558) log_opt_values /opt/stack/data/venv/lib/python3.12/site-packages/oslo_config/cfg.py:3545}}
Aug 13 06:35:03.154756 np0000007166 nova-scheduler[93558]: DEBUG cotyledon.oslo_config_glue [-] oslo_limit.cafile = None {{(pid=93558) log_opt_values /opt/stack/data/venv/lib/python3.12/site-packages/oslo_config/cfg.py:3545}}
Aug 13 06:35:03.154756 np0000007166 nova-scheduler[93558]: DEBUG cotyledon.oslo_config_glue [-] oslo_limit.certfile = None {{(pid=93558) log_opt_values /opt/stack/data/venv/lib/python3.12/site-packages/oslo_config/cfg.py:3545}}
Aug 13 06:35:03.154756 np0000007166 nova-scheduler[93558]: DEBUG cotyledon.oslo_config_glue [-] oslo_limit.collect_timing = False {{(pid=93558) log_opt_values /opt/stack/data/venv/lib/python3.12/site-packages/oslo_config/cfg.py:3545}}
Aug 13 06:35:03.154756 np0000007166 nova-scheduler[93558]: DEBUG cotyledon.oslo_config_glue [-] oslo_limit.connect_retries = None {{(pid=93558) log_opt_values /opt/stack/data/venv/lib/python3.12/site-packages/oslo_config/cfg.py:3545}}
Aug 13 06:35:03.154756 np0000007166 nova-scheduler[93558]: DEBUG cotyledon.oslo_config_glue [-] oslo_limit.connect_retry_delay = None {{(pid=93558) log_opt_values /opt/stack/data/venv/lib/python3.12/site-packages/oslo_config/cfg.py:3545}}
Aug 13 06:35:03.154919 np0000007166 nova-scheduler[93558]: DEBUG cotyledon.oslo_config_glue [-] oslo_limit.endpoint_id = None {{(pid=93558) log_opt_values /opt/stack/data/venv/lib/python3.12/site-packages/oslo_config/cfg.py:3545}}
Aug 13 06:35:03.154919 np0000007166 nova-scheduler[93558]: DEBUG cotyledon.oslo_config_glue [-] oslo_limit.endpoint_interface = public {{(pid=93558) log_opt_values /opt/stack/data/venv/lib/python3.12/site-packages/oslo_config/cfg.py:3545}}
Aug 13 06:35:03.154919 np0000007166 nova-scheduler[93558]: DEBUG cotyledon.oslo_config_glue [-] oslo_limit.endpoint_override = None {{(pid=93558) log_opt_values /opt/stack/data/venv/lib/python3.12/site-packages/oslo_config/cfg.py:3545}}
Aug 13 06:35:03.154919 np0000007166 nova-scheduler[93558]: DEBUG cotyledon.oslo_config_glue [-] oslo_limit.endpoint_region_name = None {{(pid=93558) log_opt_values /opt/stack/data/venv/lib/python3.12/site-packages/oslo_config/cfg.py:3545}}
Aug 13 06:35:03.154919 np0000007166 nova-scheduler[93558]: DEBUG cotyledon.oslo_config_glue [-] oslo_limit.endpoint_service_name = None {{(pid=93558) log_opt_values /opt/stack/data/venv/lib/python3.12/site-packages/oslo_config/cfg.py:3545}}
Aug 13 06:35:03.154919 np0000007166 nova-scheduler[93558]: DEBUG cotyledon.oslo_config_glue [-] oslo_limit.endpoint_service_type = None {{(pid=93558) log_opt_values /opt/stack/data/venv/lib/python3.12/site-packages/oslo_config/cfg.py:3545}}
Aug 13 06:35:03.154919 np0000007166 nova-scheduler[93558]: DEBUG cotyledon.oslo_config_glue [-] oslo_limit.insecure = False {{(pid=93558) log_opt_values /opt/stack/data/venv/lib/python3.12/site-packages/oslo_config/cfg.py:3545}}
Aug 13 06:35:03.154919 np0000007166 nova-scheduler[93558]: DEBUG cotyledon.oslo_config_glue [-] oslo_limit.keyfile = None {{(pid=93558) log_opt_values /opt/stack/data/venv/lib/python3.12/site-packages/oslo_config/cfg.py:3545}}
Aug 13 06:35:03.154919 np0000007166 nova-scheduler[93558]: DEBUG cotyledon.oslo_config_glue [-] oslo_limit.max_version = None {{(pid=93558) log_opt_values /opt/stack/data/venv/lib/python3.12/site-packages/oslo_config/cfg.py:3545}}
Aug 13 06:35:03.155110 np0000007166 nova-scheduler[93558]: DEBUG cotyledon.oslo_config_glue [-] oslo_limit.min_version = None {{(pid=93558) log_opt_values /opt/stack/data/venv/lib/python3.12/site-packages/oslo_config/cfg.py:3545}}
Aug 13 06:35:03.155134 np0000007166 nova-scheduler[93556]: INFO nova.service [-] Starting scheduler node (version 33.1.0)
Aug 13 06:35:03.155155 np0000007166 nova-scheduler[93558]: DEBUG cotyledon.oslo_config_glue [-] oslo_limit.region_name = None {{(pid=93558) log_opt_values /opt/stack/data/venv/lib/python3.12/site-packages/oslo_config/cfg.py:3545}}
Aug 13 06:35:03.155155 np0000007166 nova-scheduler[93558]: DEBUG cotyledon.oslo_config_glue [-] oslo_limit.retriable_status_codes = None {{(pid=93558) log_opt_values /opt/stack/data/venv/lib/python3.12/site-packages/oslo_config/cfg.py:3545}}
Aug 13 06:35:03.155155 np0000007166 nova-scheduler[93558]: DEBUG cotyledon.oslo_config_glue [-] oslo_limit.service_name = None {{(pid=93558) log_opt_values /opt/stack/data/venv/lib/python3.12/site-packages/oslo_config/cfg.py:3545}}
Aug 13 06:35:03.155155 np0000007166 nova-scheduler[93558]: DEBUG cotyledon.oslo_config_glue [-] oslo_limit.service_type = None {{(pid=93558) log_opt_values /opt/stack/data/venv/lib/python3.12/site-packages/oslo_config/cfg.py:3545}}
Aug 13 06:35:03.155155 np0000007166 nova-scheduler[93558]: DEBUG cotyledon.oslo_config_glue [-] oslo_limit.split_loggers = False {{(pid=93558) log_opt_values /opt/stack/data/venv/lib/python3.12/site-packages/oslo_config/cfg.py:3545}}
Aug 13 06:35:03.155155 np0000007166 nova-scheduler[93558]: DEBUG cotyledon.oslo_config_glue [-] oslo_limit.status_code_retries = None {{(pid=93558) log_opt_values /opt/stack/data/venv/lib/python3.12/site-packages/oslo_config/cfg.py:3545}}
Aug 13 06:35:03.155155 np0000007166 nova-scheduler[93558]: DEBUG cotyledon.oslo_config_glue [-] oslo_limit.status_code_retry_delay = None {{(pid=93558) log_opt_values /opt/stack/data/venv/lib/python3.12/site-packages/oslo_config/cfg.py:3545}}
Aug 13 06:35:03.155155 np0000007166 nova-scheduler[93558]: DEBUG cotyledon.oslo_config_glue [-] oslo_limit.timeout = None {{(pid=93558) log_opt_values /opt/stack/data/venv/lib/python3.12/site-packages/oslo_config/cfg.py:3545}}
Aug 13 06:35:03.155155 np0000007166 nova-scheduler[93558]: DEBUG cotyledon.oslo_config_glue [-] oslo_limit.valid_interfaces = None {{(pid=93558) log_opt_values /opt/stack/data/venv/lib/python3.12/site-packages/oslo_config/cfg.py:3545}}
Aug 13 06:35:03.155313 np0000007166 nova-scheduler[93558]: DEBUG cotyledon.oslo_config_glue [-] oslo_limit.version = None {{(pid=93558) log_opt_values /opt/stack/data/venv/lib/python3.12/site-packages/oslo_config/cfg.py:3545}}
Aug 13 06:35:03.155313 np0000007166 nova-scheduler[93558]: DEBUG cotyledon.oslo_config_glue [-] oslo_reports.file_event_handler = None {{(pid=93558) log_opt_values /opt/stack/data/venv/lib/python3.12/site-packages/oslo_config/cfg.py:3545}}
Aug 13 06:35:03.155313 np0000007166 nova-scheduler[93558]: DEBUG cotyledon.oslo_config_glue [-] oslo_reports.file_event_handler_interval = 1 {{(pid=93558) log_opt_values /opt/stack/data/venv/lib/python3.12/site-packages/oslo_config/cfg.py:3545}}
Aug 13 06:35:03.155313 np0000007166 nova-scheduler[93558]: DEBUG cotyledon.oslo_config_glue [-] oslo_reports.log_dir = None {{(pid=93558) log_opt_values /opt/stack/data/venv/lib/python3.12/site-packages/oslo_config/cfg.py:3545}}
Aug 13 06:35:03.155313 np0000007166 nova-scheduler[93558]: DEBUG cotyledon.oslo_config_glue [-] ******************************************************************************** {{(pid=93558) log_opt_values /opt/stack/data/venv/lib/python3.12/site-packages/oslo_config/cfg.py:3552}}
Aug 13 06:35:03.155313 np0000007166 nova-scheduler[93558]: DEBUG cotyledon._service_worker [-] Run service ServiceWrapper(2) [93558] {{(pid=93558) wait_forever /opt/stack/data/venv/lib/python3.12/site-packages/cotyledon/_service_worker.py:218}}
Aug 13 06:35:03.155313 np0000007166 nova-scheduler[93558]: INFO nova.service [-] Starting scheduler node (version 33.1.0)
Aug 13 06:35:03.155485 np0000007166 nova-scheduler[93556]: INFO dbcounter [None req-8b35393f-3ac6-40db-9656-e6a420c6b68b None None] Registered counter for database nova_cell0
Aug 13 06:35:03.155511 np0000007166 nova-scheduler[93558]: INFO dbcounter [None req-46a02081-a888-4668-b61d-3a44459aa43f None None] Registered counter for database nova_cell0
Aug 13 06:35:03.162689 np0000007166 nova-scheduler[93554]: DEBUG oslo_db.sqlalchemy.engines [None req-0db63e52-73d8-4b39-86f8-5cc68de0db47 None None] MySQL server mode set to STRICT_TRANS_TABLES,STRICT_ALL_TABLES,NO_ZERO_IN_DATE,NO_ZERO_DATE,ERROR_FOR_DIVISION_BY_ZERO,TRADITIONAL,NO_ENGINE_SUBSTITUTION {{(pid=93554) _check_effective_sql_mode /opt/stack/data/venv/lib/python3.12/site-packages/oslo_db/sqlalchemy/engines.py:325}}
Aug 13 06:35:03.171787 np0000007166 nova-scheduler[93554]: DEBUG dbcounter [-] [93554] Writer thread running {{(pid=93554) stat_writer /opt/stack/data/venv/lib/python3.12/site-packages/dbcounter.py:102}}
Aug 13 06:35:03.180131 np0000007166 nova-scheduler[93556]: DEBUG oslo_db.sqlalchemy.engines [None req-8b35393f-3ac6-40db-9656-e6a420c6b68b None None] MySQL server mode set to STRICT_TRANS_TABLES,STRICT_ALL_TABLES,NO_ZERO_IN_DATE,NO_ZERO_DATE,ERROR_FOR_DIVISION_BY_ZERO,TRADITIONAL,NO_ENGINE_SUBSTITUTION {{(pid=93556) _check_effective_sql_mode /opt/stack/data/venv/lib/python3.12/site-packages/oslo_db/sqlalchemy/engines.py:325}}
Aug 13 06:35:03.183626 np0000007166 nova-scheduler[93558]: DEBUG oslo_db.sqlalchemy.engines [None req-46a02081-a888-4668-b61d-3a44459aa43f None None] MySQL server mode set to STRICT_TRANS_TABLES,STRICT_ALL_TABLES,NO_ZERO_IN_DATE,NO_ZERO_DATE,ERROR_FOR_DIVISION_BY_ZERO,TRADITIONAL,NO_ENGINE_SUBSTITUTION {{(pid=93558) _check_effective_sql_mode /opt/stack/data/venv/lib/python3.12/site-packages/oslo_db/sqlalchemy/engines.py:325}}
Aug 13 06:35:03.184509 np0000007166 nova-scheduler[93554]: DEBUG nova.service [None req-0db63e52-73d8-4b39-86f8-5cc68de0db47 None None] Creating RPC server for service: nova-scheduler on topic: scheduler {{(pid=93554) start /opt/stack/nova/nova/service.py:196}}
Aug 13 06:35:03.189006 np0000007166 nova-scheduler[93556]: DEBUG dbcounter [-] [93556] Writer thread running {{(pid=93556) stat_writer /opt/stack/data/venv/lib/python3.12/site-packages/dbcounter.py:102}}
Aug 13 06:35:03.191937 np0000007166 nova-scheduler[93556]: DEBUG nova.service [None req-8b35393f-3ac6-40db-9656-e6a420c6b68b None None] Creating RPC server for service: nova-scheduler on topic: scheduler {{(pid=93556) start /opt/stack/nova/nova/service.py:196}}
Aug 13 06:35:03.194700 np0000007166 nova-scheduler[93558]: DEBUG dbcounter [-] [93558] Writer thread running {{(pid=93558) stat_writer /opt/stack/data/venv/lib/python3.12/site-packages/dbcounter.py:102}}
Aug 13 06:35:03.198056 np0000007166 nova-scheduler[93558]: DEBUG nova.service [None req-46a02081-a888-4668-b61d-3a44459aa43f None None] Creating RPC server for service: nova-scheduler on topic: scheduler {{(pid=93558) start /opt/stack/nova/nova/service.py:196}}
Aug 13 06:35:03.216702 np0000007166 nova-scheduler[93554]: DEBUG nova.service [None req-0db63e52-73d8-4b39-86f8-5cc68de0db47 None None] Join ServiceGroup membership for this service scheduler {{(pid=93554) start /opt/stack/nova/nova/service.py:222}}
Aug 13 06:35:03.216863 np0000007166 nova-scheduler[93554]: DEBUG nova.servicegroup.drivers.db [None req-0db63e52-73d8-4b39-86f8-5cc68de0db47 None None] DB_Driver: join new ServiceGroup member np0000007166 to the scheduler group, service = {{(pid=93554) join /opt/stack/nova/nova/servicegroup/drivers/db.py:44}}
Aug 13 06:35:03.217039 np0000007166 nova-scheduler[93558]: DEBUG nova.service [None req-46a02081-a888-4668-b61d-3a44459aa43f None None] Join ServiceGroup membership for this service scheduler {{(pid=93558) start /opt/stack/nova/nova/service.py:222}}
Aug 13 06:35:03.217226 np0000007166 nova-scheduler[93558]: DEBUG nova.servicegroup.drivers.db [None req-46a02081-a888-4668-b61d-3a44459aa43f None None] DB_Driver: join new ServiceGroup member np0000007166 to the scheduler group, service = {{(pid=93558) join /opt/stack/nova/nova/servicegroup/drivers/db.py:44}}
Aug 13 06:35:03.219661 np0000007166 nova-scheduler[93556]: DEBUG nova.service [None req-8b35393f-3ac6-40db-9656-e6a420c6b68b None None] Join ServiceGroup membership for this service scheduler {{(pid=93556) start /opt/stack/nova/nova/service.py:222}}
Aug 13 06:35:03.219873 np0000007166 nova-scheduler[93556]: DEBUG nova.servicegroup.drivers.db [None req-8b35393f-3ac6-40db-9656-e6a420c6b68b None None] DB_Driver: join new ServiceGroup member np0000007166 to the scheduler group, service = {{(pid=93556) join /opt/stack/nova/nova/servicegroup/drivers/db.py:44}}
Aug 13 06:35:08.231007 np0000007166 nova-scheduler[93558]: DEBUG oslo.service.backend._threading.loopingcall [-] Fixed interval looping call 'nova.servicegroup.drivers.db.DbDriver._report_state' sleeping for 119.99 seconds {{(pid=93558) _run_loop /opt/stack/data/venv/lib/python3.12/site-packages/oslo_service/backend/_threading/loopingcall.py:125}}
Aug 13 06:35:08.231895 np0000007166 nova-scheduler[93554]: DEBUG oslo.service.backend._threading.loopingcall [-] Fixed interval looping call 'nova.servicegroup.drivers.db.DbDriver._report_state' sleeping for 119.99 seconds {{(pid=93554) _run_loop /opt/stack/data/venv/lib/python3.12/site-packages/oslo_service/backend/_threading/loopingcall.py:125}}
Aug 13 06:35:08.234221 np0000007166 nova-scheduler[93556]: DEBUG oslo.service.backend._threading.loopingcall [-] Fixed interval looping call 'nova.servicegroup.drivers.db.DbDriver._report_state' sleeping for 119.99 seconds {{(pid=93556) _run_loop /opt/stack/data/venv/lib/python3.12/site-packages/oslo_service/backend/_threading/loopingcall.py:125}}
Aug 13 06:35:11.796975 np0000007166 nova-scheduler[92206]: DEBUG dbcounter [-] [92206] Writing DB stats nova_api:SELECT=3 {{(pid=92206) stat_writer /opt/stack/data/venv/lib/python3.12/site-packages/dbcounter.py:115}}
Aug 13 06:35:11.934431 np0000007166 nova-scheduler[92206]: DEBUG dbcounter [-] [92206] Writing DB stats nova_cell1:SELECT=1 {{(pid=92206) stat_writer /opt/stack/data/venv/lib/python3.12/site-packages/dbcounter.py:115}}
Aug 13 06:35:11.945570 np0000007166 nova-scheduler[92206]: DEBUG dbcounter [-] [92206] Writing DB stats nova_cell0:SELECT=1 {{(pid=92206) stat_writer /opt/stack/data/venv/lib/python3.12/site-packages/dbcounter.py:115}}
Aug 13 06:35:16.218997 np0000007166 nova-scheduler[93554]: DEBUG oslo.service.backend._threading.loopingcall [None req-e152e3f0-4092-4943-806b-04dd408d6395 None None] Dynamic interval looping call 'nova.service.Service.periodic_tasks' sleeping for 60.00 seconds {{(pid=93554) _run_loop /opt/stack/data/venv/lib/python3.12/site-packages/oslo_service/backend/_threading/loopingcall.py:125}}
Aug 13 06:35:18.227616 np0000007166 nova-scheduler[93558]: DEBUG dbcounter [-] [93558] Writing DB stats nova_cell0:SELECT=3,nova_cell0:UPDATE=1 {{(pid=93558) stat_writer /opt/stack/data/venv/lib/python3.12/site-packages/dbcounter.py:115}}
Aug 13 06:35:18.230971 np0000007166 nova-scheduler[93554]: DEBUG dbcounter [-] [93554] Writing DB stats nova_cell0:SELECT=4,nova_cell0:INSERT=1,nova_cell0:UPDATE=1 {{(pid=93554) stat_writer /opt/stack/data/venv/lib/python3.12/site-packages/dbcounter.py:115}}
Aug 13 06:35:18.231336 np0000007166 nova-scheduler[93556]: DEBUG dbcounter [-] [93556] Writing DB stats nova_cell0:SELECT=3 {{(pid=93556) stat_writer /opt/stack/data/venv/lib/python3.12/site-packages/dbcounter.py:115}}
Aug 13 06:35:37.221983 np0000007166 nova-scheduler[93556]: DEBUG oslo.service.backend._threading.loopingcall [None req-06edc639-7d06-46eb-9321-90bbf7ac42a7 None None] Dynamic interval looping call 'nova.service.Service.periodic_tasks' sleeping for 60.00 seconds {{(pid=93556) _run_loop /opt/stack/data/venv/lib/python3.12/site-packages/oslo_service/backend/_threading/loopingcall.py:125}}
Aug 13 06:35:59.220029 np0000007166 nova-scheduler[93558]: DEBUG oslo.service.backend._threading.loopingcall [None req-df8de6db-1acd-433e-9777-eec3430097ca None None] Dynamic interval looping call 'nova.service.Service.periodic_tasks' sleeping for 60.00 seconds {{(pid=93558) _run_loop /opt/stack/data/venv/lib/python3.12/site-packages/oslo_service/backend/_threading/loopingcall.py:125}}
Aug 13 06:36:16.219480 np0000007166 nova-scheduler[93554]: DEBUG oslo.service.backend._threading.loopingcall [None req-e152e3f0-4092-4943-806b-04dd408d6395 None None] Dynamic interval looping call 'nova.service.Service.periodic_tasks' sleeping for 60.00 seconds {{(pid=93554) _run_loop /opt/stack/data/venv/lib/python3.12/site-packages/oslo_service/backend/_threading/loopingcall.py:125}}
Aug 13 06:36:37.222514 np0000007166 nova-scheduler[93556]: DEBUG oslo.service.backend._threading.loopingcall [None req-06edc639-7d06-46eb-9321-90bbf7ac42a7 None None] Dynamic interval looping call 'nova.service.Service.periodic_tasks' sleeping for 60.00 seconds {{(pid=93556) _run_loop /opt/stack/data/venv/lib/python3.12/site-packages/oslo_service/backend/_threading/loopingcall.py:125}}
Aug 13 06:36:59.220484 np0000007166 nova-scheduler[93558]: DEBUG oslo.service.backend._threading.loopingcall [None req-df8de6db-1acd-433e-9777-eec3430097ca None None] Dynamic interval looping call 'nova.service.Service.periodic_tasks' sleeping for 60.00 seconds {{(pid=93558) _run_loop /opt/stack/data/venv/lib/python3.12/site-packages/oslo_service/backend/_threading/loopingcall.py:125}}
Aug 13 06:37:08.227459 np0000007166 nova-scheduler[93558]: DEBUG oslo.service.backend._threading.loopingcall [-] Fixed interval looping call 'nova.servicegroup.drivers.db.DbDriver._report_state' sleeping for 119.99 seconds {{(pid=93558) _run_loop /opt/stack/data/venv/lib/python3.12/site-packages/oslo_service/backend/_threading/loopingcall.py:125}}
Aug 13 06:37:08.228525 np0000007166 nova-scheduler[93554]: DEBUG oslo.service.backend._threading.loopingcall [-] Fixed interval looping call 'nova.servicegroup.drivers.db.DbDriver._report_state' sleeping for 119.99 seconds {{(pid=93554) _run_loop /opt/stack/data/venv/lib/python3.12/site-packages/oslo_service/backend/_threading/loopingcall.py:125}}
Aug 13 06:37:08.229860 np0000007166 nova-scheduler[93556]: DEBUG oslo.service.backend._threading.loopingcall [-] Fixed interval looping call 'nova.servicegroup.drivers.db.DbDriver._report_state' sleeping for 119.99 seconds {{(pid=93556) _run_loop /opt/stack/data/venv/lib/python3.12/site-packages/oslo_service/backend/_threading/loopingcall.py:125}}
Aug 13 06:37:16.220001 np0000007166 nova-scheduler[93554]: DEBUG oslo.service.backend._threading.loopingcall [None req-e152e3f0-4092-4943-806b-04dd408d6395 None None] Dynamic interval looping call 'nova.service.Service.periodic_tasks' sleeping for 60.00 seconds {{(pid=93554) _run_loop /opt/stack/data/venv/lib/python3.12/site-packages/oslo_service/backend/_threading/loopingcall.py:125}}
Aug 13 06:37:18.224524 np0000007166 nova-scheduler[93558]: DEBUG dbcounter [-] [93558] Writing DB stats nova_cell0:SELECT=1,nova_cell0:UPDATE=1 {{(pid=93558) stat_writer /opt/stack/data/venv/lib/python3.12/site-packages/dbcounter.py:115}}
Aug 13 06:37:18.228189 np0000007166 nova-scheduler[93554]: DEBUG dbcounter [-] [93554] Writing DB stats nova_cell0:SELECT=1,nova_cell0:UPDATE=1 {{(pid=93554) stat_writer /opt/stack/data/venv/lib/python3.12/site-packages/dbcounter.py:115}}
Aug 13 06:37:18.228506 np0000007166 nova-scheduler[93556]: DEBUG dbcounter [-] [93556] Writing DB stats nova_cell0:SELECT=1 {{(pid=93556) stat_writer /opt/stack/data/venv/lib/python3.12/site-packages/dbcounter.py:115}}
Aug 13 06:37:29.345760 np0000007166 nova-scheduler[93554]: DEBUG nova.scheduler.manager [None req-99df242a-6d7e-4afe-a71b-6e1fa8dfd7ab tempest-ServerBootFromVolumeStableRescueTest-1430705657 tempest-ServerBootFromVolumeStableRescueTest-1430705657-project-member] Starting to schedule for instances: ['c6773b00-10fb-4d37-ac2b-a335606ba80f'] {{(pid=93554) select_destinations /opt/stack/nova/nova/scheduler/manager.py:209}}
Aug 13 06:37:29.346259 np0000007166 nova-scheduler[93554]: DEBUG nova.scheduler.request_filter [None req-99df242a-6d7e-4afe-a71b-6e1fa8dfd7ab tempest-ServerBootFromVolumeStableRescueTest-1430705657 tempest-ServerBootFromVolumeStableRescueTest-1430705657-project-member] compute_status_filter request filter added forbidden trait COMPUTE_STATUS_DISABLED {{(pid=93554) compute_status_filter /opt/stack/nova/nova/scheduler/request_filter.py:253}}
Aug 13 06:37:29.346398 np0000007166 nova-scheduler[93554]: DEBUG nova.scheduler.request_filter [None req-99df242a-6d7e-4afe-a71b-6e1fa8dfd7ab tempest-ServerBootFromVolumeStableRescueTest-1430705657 tempest-ServerBootFromVolumeStableRescueTest-1430705657-project-member] Request filter 'compute_status_filter' took 0.0 seconds {{(pid=93554) wrapper /opt/stack/nova/nova/scheduler/request_filter.py:46}}
Aug 13 06:37:29.346615 np0000007166 nova-scheduler[93554]: DEBUG nova.scheduler.request_filter [None req-99df242a-6d7e-4afe-a71b-6e1fa8dfd7ab tempest-ServerBootFromVolumeStableRescueTest-1430705657 tempest-ServerBootFromVolumeStableRescueTest-1430705657-project-member] Request filter 'accelerators_filter' took 0.0 seconds {{(pid=93554) wrapper /opt/stack/nova/nova/scheduler/request_filter.py:46}}
Aug 13 06:37:29.347148 np0000007166 nova-scheduler[93554]: DEBUG nova.scheduler.request_filter [None req-99df242a-6d7e-4afe-a71b-6e1fa8dfd7ab tempest-ServerBootFromVolumeStableRescueTest-1430705657 tempest-ServerBootFromVolumeStableRescueTest-1430705657-project-member] Request filter 'packed_virtqueue_filter' took 0.0 seconds {{(pid=93554) wrapper /opt/stack/nova/nova/scheduler/request_filter.py:46}}
Aug 13 06:37:29.347493 np0000007166 nova-scheduler[93554]: DEBUG nova.scheduler.request_filter [None req-99df242a-6d7e-4afe-a71b-6e1fa8dfd7ab tempest-ServerBootFromVolumeStableRescueTest-1430705657 tempest-ServerBootFromVolumeStableRescueTest-1430705657-project-member] Request filter 'remote_managed_ports_filter' took 0.0 seconds {{(pid=93554) wrapper /opt/stack/nova/nova/scheduler/request_filter.py:46}}
Aug 13 06:37:29.347637 np0000007166 nova-scheduler[93554]: DEBUG nova.scheduler.request_filter [None req-99df242a-6d7e-4afe-a71b-6e1fa8dfd7ab tempest-ServerBootFromVolumeStableRescueTest-1430705657 tempest-ServerBootFromVolumeStableRescueTest-1430705657-project-member] ephemeral_encryption_filter skipped {{(pid=93554) ephemeral_encryption_filter /opt/stack/nova/nova/scheduler/request_filter.py:426}}
Aug 13 06:37:29.347866 np0000007166 nova-scheduler[93554]: DEBUG nova.scheduler.request_filter [None req-99df242a-6d7e-4afe-a71b-6e1fa8dfd7ab tempest-ServerBootFromVolumeStableRescueTest-1430705657 tempest-ServerBootFromVolumeStableRescueTest-1430705657-project-member] virtio_sound_filter skipped {{(pid=93554) virtio_sound_filter /opt/stack/nova/nova/scheduler/request_filter.py:460}}
Aug 13 06:37:29.348026 np0000007166 nova-scheduler[93554]: DEBUG nova.scheduler.request_filter [None req-99df242a-6d7e-4afe-a71b-6e1fa8dfd7ab tempest-ServerBootFromVolumeStableRescueTest-1430705657 tempest-ServerBootFromVolumeStableRescueTest-1430705657-project-member] tpm_secret_security_filter skipped {{(pid=93554) tpm_secret_security_filter /opt/stack/nova/nova/scheduler/request_filter.py:477}}
Aug 13 06:37:29.813604 np0000007166 nova-scheduler[93554]: INFO nova.utils [None req-99df242a-6d7e-4afe-a71b-6e1fa8dfd7ab tempest-ServerBootFromVolumeStableRescueTest-1430705657 tempest-ServerBootFromVolumeStableRescueTest-1430705657-project-member] The cell worker thread pool ForkProcess-1.cell_worker is initialized
Aug 13 06:37:29.813914 np0000007166 nova-scheduler[93554]: DEBUG oslo_concurrency.lockutils [None req-99df242a-6d7e-4afe-a71b-6e1fa8dfd7ab tempest-ServerBootFromVolumeStableRescueTest-1430705657 tempest-ServerBootFromVolumeStableRescueTest-1430705657-project-member] Acquiring lock "ccd1bd62-6e88-47b4-ae64-731af89c7fbe" by "nova.context.set_target_cell..get_or_set_cached_cell_and_set_connections" {{(pid=93554) inner /opt/stack/data/venv/lib/python3.12/site-packages/oslo_concurrency/lockutils.py:512}}
Aug 13 06:37:29.814224 np0000007166 nova-scheduler[93554]: DEBUG oslo_concurrency.lockutils [None req-99df242a-6d7e-4afe-a71b-6e1fa8dfd7ab tempest-ServerBootFromVolumeStableRescueTest-1430705657 tempest-ServerBootFromVolumeStableRescueTest-1430705657-project-member] Lock "ccd1bd62-6e88-47b4-ae64-731af89c7fbe" acquired by "nova.context.set_target_cell..get_or_set_cached_cell_and_set_connections" :: waited 0.000s {{(pid=93554) inner /opt/stack/data/venv/lib/python3.12/site-packages/oslo_concurrency/lockutils.py:525}}
Aug 13 06:37:29.815411 np0000007166 nova-scheduler[93554]: DEBUG oslo_concurrency.lockutils [None req-99df242a-6d7e-4afe-a71b-6e1fa8dfd7ab tempest-ServerBootFromVolumeStableRescueTest-1430705657 tempest-ServerBootFromVolumeStableRescueTest-1430705657-project-member] Lock "ccd1bd62-6e88-47b4-ae64-731af89c7fbe" "released" by "nova.context.set_target_cell..get_or_set_cached_cell_and_set_connections" :: held 0.001s {{(pid=93554) inner /opt/stack/data/venv/lib/python3.12/site-packages/oslo_concurrency/lockutils.py:544}}
Aug 13 06:37:29.818972 np0000007166 nova-scheduler[93554]: INFO dbcounter [None req-99df242a-6d7e-4afe-a71b-6e1fa8dfd7ab tempest-ServerBootFromVolumeStableRescueTest-1430705657 tempest-ServerBootFromVolumeStableRescueTest-1430705657-project-member] Registered counter for database nova_cell1
Aug 13 06:37:29.847063 np0000007166 nova-scheduler[93554]: DEBUG oslo_db.sqlalchemy.engines [None req-99df242a-6d7e-4afe-a71b-6e1fa8dfd7ab tempest-ServerBootFromVolumeStableRescueTest-1430705657 tempest-ServerBootFromVolumeStableRescueTest-1430705657-project-member] MySQL server mode set to STRICT_TRANS_TABLES,STRICT_ALL_TABLES,NO_ZERO_IN_DATE,NO_ZERO_DATE,ERROR_FOR_DIVISION_BY_ZERO,TRADITIONAL,NO_ENGINE_SUBSTITUTION {{(pid=93554) _check_effective_sql_mode /opt/stack/data/venv/lib/python3.12/site-packages/oslo_db/sqlalchemy/engines.py:325}}
Aug 13 06:37:29.852426 np0000007166 nova-scheduler[93554]: DEBUG dbcounter [-] [93554] Writer thread running {{(pid=93554) stat_writer /opt/stack/data/venv/lib/python3.12/site-packages/dbcounter.py:102}}
Aug 13 06:37:29.862662 np0000007166 nova-scheduler[93554]: DEBUG oslo_db.sqlalchemy.engines [None req-99df242a-6d7e-4afe-a71b-6e1fa8dfd7ab tempest-ServerBootFromVolumeStableRescueTest-1430705657 tempest-ServerBootFromVolumeStableRescueTest-1430705657-project-member] Parent process 92206 forked (93554) with an open database connection, which is being discarded and recreated. {{(pid=93554) checkout /opt/stack/data/venv/lib/python3.12/site-packages/oslo_db/sqlalchemy/engines.py:402}}
Aug 13 06:37:29.897043 np0000007166 nova-scheduler[93554]: DEBUG dbcounter [-] [93554] Writer thread running {{(pid=93554) stat_writer /opt/stack/data/venv/lib/python3.12/site-packages/dbcounter.py:102}}
Aug 13 06:37:29.899248 np0000007166 nova-scheduler[93554]: DEBUG oslo_concurrency.lockutils [None req-99df242a-6d7e-4afe-a71b-6e1fa8dfd7ab tempest-ServerBootFromVolumeStableRescueTest-1430705657 tempest-ServerBootFromVolumeStableRescueTest-1430705657-project-member] Acquiring lock "ccd1bd62-6e88-47b4-ae64-731af89c7fbe" by "nova.context.set_target_cell..get_or_set_cached_cell_and_set_connections" {{(pid=93554) inner /opt/stack/data/venv/lib/python3.12/site-packages/oslo_concurrency/lockutils.py:512}}
Aug 13 06:37:29.899406 np0000007166 nova-scheduler[93554]: DEBUG oslo_concurrency.lockutils [None req-99df242a-6d7e-4afe-a71b-6e1fa8dfd7ab tempest-ServerBootFromVolumeStableRescueTest-1430705657 tempest-ServerBootFromVolumeStableRescueTest-1430705657-project-member] Lock "ccd1bd62-6e88-47b4-ae64-731af89c7fbe" acquired by "nova.context.set_target_cell..get_or_set_cached_cell_and_set_connections" :: waited 0.000s {{(pid=93554) inner /opt/stack/data/venv/lib/python3.12/site-packages/oslo_concurrency/lockutils.py:525}}
Aug 13 06:37:29.899607 np0000007166 nova-scheduler[93554]: DEBUG oslo_concurrency.lockutils [None req-99df242a-6d7e-4afe-a71b-6e1fa8dfd7ab tempest-ServerBootFromVolumeStableRescueTest-1430705657 tempest-ServerBootFromVolumeStableRescueTest-1430705657-project-member] Lock "ccd1bd62-6e88-47b4-ae64-731af89c7fbe" "released" by "nova.context.set_target_cell..get_or_set_cached_cell_and_set_connections" :: held 0.000s {{(pid=93554) inner /opt/stack/data/venv/lib/python3.12/site-packages/oslo_concurrency/lockutils.py:544}}
Aug 13 06:37:29.902161 np0000007166 nova-scheduler[93554]: DEBUG oslo_concurrency.lockutils [None req-99df242a-6d7e-4afe-a71b-6e1fa8dfd7ab tempest-ServerBootFromVolumeStableRescueTest-1430705657 tempest-ServerBootFromVolumeStableRescueTest-1430705657-project-member] Acquiring lock "np0000007166-np0000007166" by "nova.scheduler.host_manager.HostState.update.._locked_update" {{(pid=93554) inner /opt/stack/data/venv/lib/python3.12/site-packages/oslo_concurrency/lockutils.py:512}}
Aug 13 06:37:29.902288 np0000007166 nova-scheduler[93554]: DEBUG oslo_concurrency.lockutils [None req-99df242a-6d7e-4afe-a71b-6e1fa8dfd7ab tempest-ServerBootFromVolumeStableRescueTest-1430705657 tempest-ServerBootFromVolumeStableRescueTest-1430705657-project-member] Lock "np0000007166-np0000007166" acquired by "nova.scheduler.host_manager.HostState.update.._locked_update" :: waited 0.000s {{(pid=93554) inner /opt/stack/data/venv/lib/python3.12/site-packages/oslo_concurrency/lockutils.py:525}}
Aug 13 06:37:29.903134 np0000007166 nova-scheduler[93554]: DEBUG nova.scheduler.host_manager [None req-99df242a-6d7e-4afe-a71b-6e1fa8dfd7ab tempest-ServerBootFromVolumeStableRescueTest-1430705657 tempest-ServerBootFromVolumeStableRescueTest-1430705657-project-member] Update host state from compute node: ComputeNode(cpu_allocation_ratio=4.0,cpu_info='{"arch": "x86_64", "model": "EPYC-Milan", "vendor": "AMD", "topology": {"cells": 1, "sockets": 16, "cores": 1, "threads": 1}, "maxphysaddr": {"mode": "emulate", "bits": 40}, "features": ["mmxext", "vaes", "adx", "pat", "clflush", "pni", "movbe", "fxsr_opt", "clflushopt", "aes", "pku", "nx", "sse4.1", "xsaves", "lm", "stibp-always-on", "amd-ssbd", "xsaveopt", "misalignsse", "clwb", "cx8", "fxsr", "ssse3", "vmcb-clean", "spec-ctrl", "sse", "null-sel-clr-base", "xgetbv1", "syscall", "rdrand", "sse4.2", "clzero", "vgif", "rdseed", "skip-l1dfl-vmentry", "smap", "nrip-save", "bmi1", "sse4a", "cmp_legacy", "xsaveerptr", "hypervisor", "gds-no", "amd-psfd", "mce", "tsc", "rdctl-no", "pse", "tsc-scale", "cx16", "arch-capabilities", "pge", "rdpid", "vme", "cmov", "mtrr", "fma", "svm", "pse36", "x2apic", "v-vmsave-vmload", "mmx", "pause-filter", "abm", "pfthreshold", "mca", "flushbyasid", "avx", "osvw", "pcid", "wbnoinvd", "fpu", "lfence-always-serializing", "invpcid", "tsc-deadline", "fsgsbase", "erms", "lbrv", "pschange-mc-no", "msr", "vpclmulqdq", "ssbd", "pclmuldq", "f16c", "svme-addr-chk", "stibp", "ibpb", "rdtscp", "xsave", "sse2", "fsrm", "cr8legacy", "amd-stibp", "bmi2", "pdpe1gb", "umip", "avx2", "mds-no", "de", "npt", "topoext", "tsc_adjust", "virt-ssbd", "no-nested-data-bp", "apic", "perfctr_core", "popcnt", "sha-ni", "lahf_lm", "arat", "pae", "sep", "3dnowprefetch", "ibrs", "smep", "xsavec"]}',created_at=2026-08-13T06:35:23Z,current_workload=0,deleted=False,deleted_at=None,disk_allocation_ratio=1.0,disk_available_least=73,free_disk_gb=95,free_ram_mb=62765,host='np0000007166',host_ip=10.4.3.129,hypervisor_hostname='np0000007166',hypervisor_type='QEMU',hypervisor_version=8002002,id=1,local_gb=95,local_gb_used=0,mapped=1,memory_mb=63277,memory_mb_used=512,metrics='[]',numa_topology='{"nova_object.name": "NUMATopology", "nova_object.namespace": "nova", "nova_object.version": "1.2", "nova_object.data": {"cells": [{"nova_object.name": "NUMACell", "nova_object.namespace": "nova", "nova_object.version": "1.5", "nova_object.data": {"id": 0, "cpuset": [0, 1, 2, 3, 4, 5, 6, 7, 8, 9, 10, 11, 12, 13, 14, 15], "pcpuset": [0, 1, 2, 3, 4, 5, 6, 7, 8, 9, 10, 11, 12, 13, 14, 15], "memory": 63277, "cpu_usage": 0, "memory_usage": 0, "pinned_cpus": [], "siblings": [[6], [12], [2], [15], [5], [11], [8], [14], [4], [1], [7], [10], [0], [13], [3], [9]], "mempages": [{"nova_object.name": "NUMAPagesTopology", "nova_object.namespace": "nova", "nova_object.version": "1.1", "nova_object.data": {"size_kb": 4, "total": 16177928, "used": 0, "reserved": 0}, "nova_object.changes": ["reserved", "size_kb", "total", "used"]}, {"nova_object.name": "NUMAPagesTopology", "nova_object.namespace": "nova", "nova_object.version": "1.1", "nova_object.data": {"size_kb": 2048, "total": 41, "used": 0, "reserved": 0}, "nova_object.changes": ["reserved", "size_kb", "total", "used"]}, {"nova_object.name": "NUMAPagesTopology", "nova_object.namespace": "nova", "nova_object.version": "1.1", "nova_object.data": {"size_kb": 1048576, "total": 0, "used": 0, "reserved": 0}, "nova_object.changes": ["reserved", "size_kb", "total", "used"]}], "network_metadata": {"nova_object.name": "NetworkMetadata", "nova_object.namespace": "nova", "nova_object.version": "1.0", "nova_object.data": {"physnets": [], "tunneled": false}, "nova_object.changes": ["physnets", "tunneled"]}, "socket": null}, "nova_object.changes": ["siblings", "pinned_cpus", "network_metadata", "id", "cpu_usage", "memory_usage", "cpuset", "socket", "memory", "pcpuset", "mempages"]}]}, "nova_object.changes": ["cells"]}',pci_device_pools=PciDevicePoolList,ram_allocation_ratio=1.0,running_vms=0,service_id=2,stats={failed_builds='0',uptime=' 06:37:10 up 13 min, 2 users, load average: 1.46, 1.43, 0.80
Aug 13 06:37:29.903134 np0000007166 nova-scheduler[93554]: '},supported_hv_specs=[HVSpec,HVSpec,HVSpec,HVSpec,HVSpec,HVSpec,HVSpec,HVSpec,HVSpec,HVSpec,HVSpec,HVSpec,HVSpec,HVSpec,HVSpec,HVSpec,HVSpec,HVSpec,HVSpec,HVSpec,HVSpec,HVSpec,HVSpec,HVSpec,HVSpec],updated_at=2026-08-13T06:37:11Z,uuid=f8d90e67-d82c-4260-ac57-a912209d0fe1,vcpus=16,vcpus_used=0) {{(pid=93554) _locked_update /opt/stack/nova/nova/scheduler/host_manager.py:168}}
Aug 13 06:37:29.903772 np0000007166 nova-scheduler[93554]: DEBUG nova.scheduler.host_manager [None req-99df242a-6d7e-4afe-a71b-6e1fa8dfd7ab tempest-ServerBootFromVolumeStableRescueTest-1430705657 tempest-ServerBootFromVolumeStableRescueTest-1430705657-project-member] Update host state with aggregates: [] {{(pid=93554) _locked_update /opt/stack/nova/nova/scheduler/host_manager.py:171}}
Aug 13 06:37:29.903898 np0000007166 nova-scheduler[93554]: DEBUG nova.scheduler.host_manager [None req-99df242a-6d7e-4afe-a71b-6e1fa8dfd7ab tempest-ServerBootFromVolumeStableRescueTest-1430705657 tempest-ServerBootFromVolumeStableRescueTest-1430705657-project-member] Update host state with service dict: {'id': 2, 'uuid': '1c0c8e60-a98c-4c25-acf5-6a6e54acd0a2', 'host': 'np0000007166', 'binary': 'nova-compute', 'topic': 'compute', 'report_count': 2, 'disabled': False, 'disabled_reason': None, 'last_seen_up': datetime.datetime(2026, 8, 13, 6, 37, 29, tzinfo=datetime.timezone.utc), 'forced_down': False, 'version': 72, 'created_at': datetime.datetime(2026, 8, 13, 6, 35, 23, tzinfo=datetime.timezone.utc), 'updated_at': datetime.datetime(2026, 8, 13, 6, 37, 29, tzinfo=datetime.timezone.utc), 'deleted_at': None, 'deleted': False} {{(pid=93554) _locked_update /opt/stack/nova/nova/scheduler/host_manager.py:174}}
Aug 13 06:37:29.904019 np0000007166 nova-scheduler[93554]: DEBUG nova.scheduler.host_manager [None req-99df242a-6d7e-4afe-a71b-6e1fa8dfd7ab tempest-ServerBootFromVolumeStableRescueTest-1430705657 tempest-ServerBootFromVolumeStableRescueTest-1430705657-project-member] Update host state with instances: [] {{(pid=93554) _locked_update /opt/stack/nova/nova/scheduler/host_manager.py:177}}
Aug 13 06:37:29.904632 np0000007166 nova-scheduler[93554]: DEBUG oslo_concurrency.lockutils [None req-99df242a-6d7e-4afe-a71b-6e1fa8dfd7ab tempest-ServerBootFromVolumeStableRescueTest-1430705657 tempest-ServerBootFromVolumeStableRescueTest-1430705657-project-member] Lock "np0000007166-np0000007166" "released" by "nova.scheduler.host_manager.HostState.update.._locked_update" :: held 0.002s {{(pid=93554) inner /opt/stack/data/venv/lib/python3.12/site-packages/oslo_concurrency/lockutils.py:544}}
Aug 13 06:37:29.904632 np0000007166 nova-scheduler[93554]: DEBUG nova.filters [None req-99df242a-6d7e-4afe-a71b-6e1fa8dfd7ab tempest-ServerBootFromVolumeStableRescueTest-1430705657 tempest-ServerBootFromVolumeStableRescueTest-1430705657-project-member] Starting with 1 host(s) {{(pid=93554) get_filtered_objects /opt/stack/nova/nova/filters.py:70}}
Aug 13 06:37:29.904934 np0000007166 nova-scheduler[93554]: DEBUG nova.filters [None req-99df242a-6d7e-4afe-a71b-6e1fa8dfd7ab tempest-ServerBootFromVolumeStableRescueTest-1430705657 tempest-ServerBootFromVolumeStableRescueTest-1430705657-project-member] Filter ComputeFilter returned 1 host(s) {{(pid=93554) get_filtered_objects /opt/stack/nova/nova/filters.py:102}}
Aug 13 06:37:29.905036 np0000007166 nova-scheduler[93554]: DEBUG nova.filters [None req-99df242a-6d7e-4afe-a71b-6e1fa8dfd7ab tempest-ServerBootFromVolumeStableRescueTest-1430705657 tempest-ServerBootFromVolumeStableRescueTest-1430705657-project-member] Filter ComputeCapabilitiesFilter returned 1 host(s) {{(pid=93554) get_filtered_objects /opt/stack/nova/nova/filters.py:102}}
Aug 13 06:37:29.905225 np0000007166 nova-scheduler[93554]: DEBUG nova.filters [None req-99df242a-6d7e-4afe-a71b-6e1fa8dfd7ab tempest-ServerBootFromVolumeStableRescueTest-1430705657 tempest-ServerBootFromVolumeStableRescueTest-1430705657-project-member] Filter ImagePropertiesFilter returned 1 host(s) {{(pid=93554) get_filtered_objects /opt/stack/nova/nova/filters.py:102}}
Aug 13 06:37:29.906344 np0000007166 nova-scheduler[93554]: DEBUG nova.filters [None req-99df242a-6d7e-4afe-a71b-6e1fa8dfd7ab tempest-ServerBootFromVolumeStableRescueTest-1430705657 tempest-ServerBootFromVolumeStableRescueTest-1430705657-project-member] Filter ServerGroupAntiAffinityFilter returned 1 host(s) {{(pid=93554) get_filtered_objects /opt/stack/nova/nova/filters.py:102}}
Aug 13 06:37:29.906344 np0000007166 nova-scheduler[93554]: DEBUG nova.filters [None req-99df242a-6d7e-4afe-a71b-6e1fa8dfd7ab tempest-ServerBootFromVolumeStableRescueTest-1430705657 tempest-ServerBootFromVolumeStableRescueTest-1430705657-project-member] Filter ServerGroupAffinityFilter returned 1 host(s) {{(pid=93554) get_filtered_objects /opt/stack/nova/nova/filters.py:102}}
Aug 13 06:37:29.906344 np0000007166 nova-scheduler[93554]: DEBUG nova.filters [None req-99df242a-6d7e-4afe-a71b-6e1fa8dfd7ab tempest-ServerBootFromVolumeStableRescueTest-1430705657 tempest-ServerBootFromVolumeStableRescueTest-1430705657-project-member] Filter SameHostFilter returned 1 host(s) {{(pid=93554) get_filtered_objects /opt/stack/nova/nova/filters.py:102}}
Aug 13 06:37:29.906344 np0000007166 nova-scheduler[93554]: DEBUG nova.filters [None req-99df242a-6d7e-4afe-a71b-6e1fa8dfd7ab tempest-ServerBootFromVolumeStableRescueTest-1430705657 tempest-ServerBootFromVolumeStableRescueTest-1430705657-project-member] Filter DifferentHostFilter returned 1 host(s) {{(pid=93554) get_filtered_objects /opt/stack/nova/nova/filters.py:102}}
Aug 13 06:37:29.906344 np0000007166 nova-scheduler[93554]: DEBUG nova.scheduler.manager [None req-99df242a-6d7e-4afe-a71b-6e1fa8dfd7ab tempest-ServerBootFromVolumeStableRescueTest-1430705657 tempest-ServerBootFromVolumeStableRescueTest-1430705657-project-member] Filtered [(np0000007166, np0000007166) ram: 62765MB disk: 74752MB io_ops: 0 instances: 0, allocation_candidates: 1] {{(pid=93554) _get_sorted_hosts /opt/stack/nova/nova/scheduler/manager.py:742}}
Aug 13 06:37:29.906344 np0000007166 nova-scheduler[93554]: DEBUG nova.scheduler.manager [None req-99df242a-6d7e-4afe-a71b-6e1fa8dfd7ab tempest-ServerBootFromVolumeStableRescueTest-1430705657 tempest-ServerBootFromVolumeStableRescueTest-1430705657-project-member] Weighed [WeighedHost [host: (np0000007166, np0000007166) ram: 62765MB disk: 74752MB io_ops: 0 instances: 0, allocation_candidates: 1, weight: 0.0]] {{(pid=93554) _get_sorted_hosts /opt/stack/nova/nova/scheduler/manager.py:764}}
Aug 13 06:37:29.906344 np0000007166 nova-scheduler[93554]: DEBUG nova.scheduler.utils [None req-99df242a-6d7e-4afe-a71b-6e1fa8dfd7ab tempest-ServerBootFromVolumeStableRescueTest-1430705657 tempest-ServerBootFromVolumeStableRescueTest-1430705657-project-member] Attempting to claim resources in the placement API for instance c6773b00-10fb-4d37-ac2b-a335606ba80f {{(pid=93554) claim_resources /opt/stack/nova/nova/scheduler/utils.py:1345}}
Aug 13 06:37:30.049535 np0000007166 nova-scheduler[93554]: DEBUG nova.scheduler.manager [None req-99df242a-6d7e-4afe-a71b-6e1fa8dfd7ab tempest-ServerBootFromVolumeStableRescueTest-1430705657 tempest-ServerBootFromVolumeStableRescueTest-1430705657-project-member] [instance: c6773b00-10fb-4d37-ac2b-a335606ba80f] Selected host: (np0000007166, np0000007166) ram: 62765MB disk: 74752MB io_ops: 0 instances: 0, allocation_candidates: 1 {{(pid=93554) _consume_selected_host /opt/stack/nova/nova/scheduler/manager.py:624}}
Aug 13 06:37:30.049784 np0000007166 nova-scheduler[93554]: DEBUG oslo_concurrency.lockutils [None req-99df242a-6d7e-4afe-a71b-6e1fa8dfd7ab tempest-ServerBootFromVolumeStableRescueTest-1430705657 tempest-ServerBootFromVolumeStableRescueTest-1430705657-project-member] Acquiring lock "np0000007166-np0000007166" by "nova.scheduler.host_manager.HostState.consume_from_request.._locked" {{(pid=93554) inner /opt/stack/data/venv/lib/python3.12/site-packages/oslo_concurrency/lockutils.py:512}}
Aug 13 06:37:30.049985 np0000007166 nova-scheduler[93554]: DEBUG oslo_concurrency.lockutils [None req-99df242a-6d7e-4afe-a71b-6e1fa8dfd7ab tempest-ServerBootFromVolumeStableRescueTest-1430705657 tempest-ServerBootFromVolumeStableRescueTest-1430705657-project-member] Lock "np0000007166-np0000007166" acquired by "nova.scheduler.host_manager.HostState.consume_from_request.._locked" :: waited 0.000s {{(pid=93554) inner /opt/stack/data/venv/lib/python3.12/site-packages/oslo_concurrency/lockutils.py:525}}
Aug 13 06:37:30.050134 np0000007166 nova-scheduler[93554]: DEBUG oslo_concurrency.lockutils [None req-99df242a-6d7e-4afe-a71b-6e1fa8dfd7ab tempest-ServerBootFromVolumeStableRescueTest-1430705657 tempest-ServerBootFromVolumeStableRescueTest-1430705657-project-member] Lock "np0000007166-np0000007166" "released" by "nova.scheduler.host_manager.HostState.consume_from_request.._locked" :: held 0.000s {{(pid=93554) inner /opt/stack/data/venv/lib/python3.12/site-packages/oslo_concurrency/lockutils.py:544}}
Aug 13 06:37:31.979518 np0000007166 nova-scheduler[93558]: DEBUG nova.scheduler.manager [None req-c94356e0-a96b-4f63-870b-d56603c2ab33 tempest-ServerActionsTestOtherA-1752477586 tempest-ServerActionsTestOtherA-1752477586-project-member] Starting to schedule for instances: ['ce1a6ad3-4330-4523-87a1-f8770fd215d4'] {{(pid=93558) select_destinations /opt/stack/nova/nova/scheduler/manager.py:209}}
Aug 13 06:37:31.980793 np0000007166 nova-scheduler[93558]: DEBUG nova.scheduler.request_filter [None req-c94356e0-a96b-4f63-870b-d56603c2ab33 tempest-ServerActionsTestOtherA-1752477586 tempest-ServerActionsTestOtherA-1752477586-project-member] compute_status_filter request filter added forbidden trait COMPUTE_STATUS_DISABLED {{(pid=93558) compute_status_filter /opt/stack/nova/nova/scheduler/request_filter.py:253}}
Aug 13 06:37:31.981917 np0000007166 nova-scheduler[93558]: DEBUG nova.scheduler.request_filter [None req-c94356e0-a96b-4f63-870b-d56603c2ab33 tempest-ServerActionsTestOtherA-1752477586 tempest-ServerActionsTestOtherA-1752477586-project-member] Request filter 'compute_status_filter' took 0.0 seconds {{(pid=93558) wrapper /opt/stack/nova/nova/scheduler/request_filter.py:46}}
Aug 13 06:37:31.981917 np0000007166 nova-scheduler[93558]: DEBUG nova.scheduler.request_filter [None req-c94356e0-a96b-4f63-870b-d56603c2ab33 tempest-ServerActionsTestOtherA-1752477586 tempest-ServerActionsTestOtherA-1752477586-project-member] Request filter 'accelerators_filter' took 0.0 seconds {{(pid=93558) wrapper /opt/stack/nova/nova/scheduler/request_filter.py:46}}
Aug 13 06:37:31.981917 np0000007166 nova-scheduler[93558]: DEBUG nova.scheduler.request_filter [None req-c94356e0-a96b-4f63-870b-d56603c2ab33 tempest-ServerActionsTestOtherA-1752477586 tempest-ServerActionsTestOtherA-1752477586-project-member] Request filter 'packed_virtqueue_filter' took 0.0 seconds {{(pid=93558) wrapper /opt/stack/nova/nova/scheduler/request_filter.py:46}}
Aug 13 06:37:31.982108 np0000007166 nova-scheduler[93558]: DEBUG nova.scheduler.request_filter [None req-c94356e0-a96b-4f63-870b-d56603c2ab33 tempest-ServerActionsTestOtherA-1752477586 tempest-ServerActionsTestOtherA-1752477586-project-member] Request filter 'remote_managed_ports_filter' took 0.0 seconds {{(pid=93558) wrapper /opt/stack/nova/nova/scheduler/request_filter.py:46}}
