Jun 15 17:17:22.670350 np0000002873 devstack@g-api.service[102120]: DEBUG glance.api.middleware.version_negotiation [None req-64593213-29d3-4446-8abd-1a61f48e3b92 tempest-ServerBootFromVolumeStableRescueTest-746032024 tempest-ServerBootFromVolumeStableRescueTest-746032024-project-member] Using url versioning {{(pid=102120) process_request /opt/stack/glance/glance/api/middleware/version_negotiation.py:57}}
Jun 15 17:17:22.670350 np0000002873 devstack@g-api.service[102120]: DEBUG glance.api.middleware.version_negotiation [None req-64593213-29d3-4446-8abd-1a61f48e3b92 tempest-ServerBootFromVolumeStableRescueTest-746032024 tempest-ServerBootFromVolumeStableRescueTest-746032024-project-member] Matched version: v2 {{(pid=102120) process_request /opt/stack/glance/glance/api/middleware/version_negotiation.py:69}}
Jun 15 17:17:22.670430 np0000002873 devstack@g-api.service[102120]: DEBUG glance.api.middleware.version_negotiation [None req-64593213-29d3-4446-8abd-1a61f48e3b92 tempest-ServerBootFromVolumeStableRescueTest-746032024 tempest-ServerBootFromVolumeStableRescueTest-746032024-project-member] new path /v2/schemas/image {{(pid=102120) process_request /opt/stack/glance/glance/api/middleware/version_negotiation.py:70}}
Jun 15 17:17:22.672703 np0000002873 devstack@g-api.service[102120]: [pid: 102120|app: 0|req: 70/203] 127.0.0.1 () {44 vars in 1051 bytes} [Mon Jun 15 17:17:22 2026] GET /v2/schemas/image => generated 6083 bytes in 3 msecs (HTTP/1.1 200) 4 headers in 158 bytes (1 switches on core 0)
Jun 15 17:17:23.136112 np0000002873 devstack@g-api.service[102122]: DEBUG glance.api.middleware.version_negotiation [None req-edf5728f-6f06-401e-af7a-43287100f55c tempest-ServerBootFromVolumeStableRescueTest-746032024 tempest-ServerBootFromVolumeStableRescueTest-746032024-project-member] Determining version of request: GET /v2/images/a0255b33-a7e8-4e9f-9a3d-f14911ae9f92 Accept: */* {{(pid=102122) process_request /opt/stack/glance/glance/api/middleware/version_negotiation.py:44}}
Jun 15 17:17:23.136335 np0000002873 devstack@g-api.service[102122]: DEBUG glance.api.middleware.version_negotiation [None req-edf5728f-6f06-401e-af7a-43287100f55c tempest-ServerBootFromVolumeStableRescueTest-746032024 tempest-ServerBootFromVolumeStableRescueTest-746032024-project-member] Using url versioning {{(pid=102122) process_request /opt/stack/glance/glance/api/middleware/version_negotiation.py:57}}
Jun 15 17:17:23.136414 np0000002873 devstack@g-api.service[102122]: DEBUG glance.api.middleware.version_negotiation [None req-edf5728f-6f06-401e-af7a-43287100f55c tempest-ServerBootFromVolumeStableRescueTest-746032024 tempest-ServerBootFromVolumeStableRescueTest-746032024-project-member] Matched version: v2 {{(pid=102122) process_request /opt/stack/glance/glance/api/middleware/version_negotiation.py:69}}
Jun 15 17:17:23.136569 np0000002873 devstack@g-api.service[102122]: DEBUG glance.api.middleware.version_negotiation [None req-edf5728f-6f06-401e-af7a-43287100f55c tempest-ServerBootFromVolumeStableRescueTest-746032024 tempest-ServerBootFromVolumeStableRescueTest-746032024-project-member] new path /v2/images/a0255b33-a7e8-4e9f-9a3d-f14911ae9f92 {{(pid=102122) process_request /opt/stack/glance/glance/api/middleware/version_negotiation.py:70}}
Jun 15 17:17:23.146103 np0000002873 devstack@g-api.service[102122]: [pid: 102122|app: 0|req: 66/204] 127.0.0.1 () {44 vars in 1111 bytes} [Mon Jun 15 17:17:23 2026] GET /v2/images/a0255b33-a7e8-4e9f-9a3d-f14911ae9f92 => generated 1334 bytes in 10 msecs (HTTP/1.1 200) 4 headers in 158 bytes (1 switches on core 0)
Jun 15 17:17:23.181468 np0000002873 devstack@g-api.service[102121]: DEBUG glance.api.middleware.version_negotiation [None req-a41fcc33-eb77-48c5-987a-6ce96100e13f tempest-ServerStableDeviceRescueTest-811315128 tempest-ServerStableDeviceRescueTest-811315128-project-member] Determining version of request: GET /v2/schemas/image Accept: */* {{(pid=102121) process_request /opt/stack/glance/glance/api/middleware/version_negotiation.py:44}}
Jun 15 17:17:23.181840 np0000002873 devstack@g-api.service[102121]: DEBUG glance.api.middleware.version_negotiation [None req-a41fcc33-eb77-48c5-987a-6ce96100e13f tempest-ServerStableDeviceRescueTest-811315128 tempest-ServerStableDeviceRescueTest-811315128-project-member] Using url versioning {{(pid=102121) process_request /opt/stack/glance/glance/api/middleware/version_negotiation.py:57}}
Jun 15 17:17:23.181840 np0000002873 devstack@g-api.service[102121]: DEBUG glance.api.middleware.version_negotiation [None req-a41fcc33-eb77-48c5-987a-6ce96100e13f tempest-ServerStableDeviceRescueTest-811315128 tempest-ServerStableDeviceRescueTest-811315128-project-member] Matched version: v2 {{(pid=102121) process_request /opt/stack/glance/glance/api/middleware/version_negotiation.py:69}}
Jun 15 17:17:23.181840 np0000002873 devstack@g-api.service[102121]: DEBUG glance.api.middleware.version_negotiation [None req-a41fcc33-eb77-48c5-987a-6ce96100e13f tempest-ServerStableDeviceRescueTest-811315128 tempest-ServerStableDeviceRescueTest-811315128-project-member] new path /v2/schemas/image {{(pid=102121) process_request /opt/stack/glance/glance/api/middleware/version_negotiation.py:70}}
Jun 15 17:17:23.184161 np0000002873 devstack@g-api.service[102121]: [pid: 102121|app: 0|req: 69/205] 127.0.0.1 () {44 vars in 1051 bytes} [Mon Jun 15 17:17:23 2026] GET /v2/schemas/image => generated 6083 bytes in 3 msecs (HTTP/1.1 200) 4 headers in 158 bytes (1 switches on core 0)
Jun 15 17:17:23.229626 np0000002873 devstack@g-api.service[102120]: DEBUG glance.api.middleware.version_negotiation [None req-a41fcc33-eb77-48c5-987a-6ce96100e13f tempest-ServerStableDeviceRescueTest-811315128 tempest-ServerStableDeviceRescueTest-811315128-project-member] Determining version of request: GET /v2/schemas/image Accept: */* {{(pid=102120) process_request /opt/stack/glance/glance/api/middleware/version_negotiation.py:44}}
Jun 15 17:17:23.229796 np0000002873 devstack@g-api.service[102120]: DEBUG glance.api.middleware.version_negotiation [None req-a41fcc33-eb77-48c5-987a-6ce96100e13f tempest-ServerStableDeviceRescueTest-811315128 tempest-ServerStableDeviceRescueTest-811315128-project-member] Using url versioning {{(pid=102120) process_request /opt/stack/glance/glance/api/middleware/version_negotiation.py:57}}
Jun 15 17:17:23.229922 np0000002873 devstack@g-api.service[102120]: DEBUG glance.api.middleware.version_negotiation [None req-a41fcc33-eb77-48c5-987a-6ce96100e13f tempest-ServerStableDeviceRescueTest-811315128 tempest-ServerStableDeviceRescueTest-811315128-project-member] Matched version: v2 {{(pid=102120) process_request /opt/stack/glance/glance/api/middleware/version_negotiation.py:69}}
Jun 15 17:17:23.230048 np0000002873 devstack@g-api.service[102120]: DEBUG glance.api.middleware.version_negotiation [None req-a41fcc33-eb77-48c5-987a-6ce96100e13f tempest-ServerStableDeviceRescueTest-811315128 tempest-ServerStableDeviceRescueTest-811315128-project-member] new path /v2/schemas/image {{(pid=102120) process_request /opt/stack/glance/glance/api/middleware/version_negotiation.py:70}}
Jun 15 17:17:23.232348 np0000002873 devstack@g-api.service[102120]: [pid: 102120|app: 0|req: 71/206] 127.0.0.1 () {44 vars in 1051 bytes} [Mon Jun 15 17:17:23 2026] GET /v2/schemas/image => generated 6083 bytes in 3 msecs (HTTP/1.1 200) 4 headers in 158 bytes (1 switches on core 0)
Jun 15 17:17:23.288943 np0000002873 devstack@g-api.service[102122]: DEBUG glance.api.middleware.version_negotiation [None req-d6e31706-95c8-4c57-a4fe-229f5144b0b2 tempest-ServerStableDeviceRescueTest-811315128 tempest-ServerStableDeviceRescueTest-811315128-project-member] Determining version of request: PATCH /v2/images/a0255b33-a7e8-4e9f-9a3d-f14911ae9f92 Accept: */* {{(pid=102122) process_request /opt/stack/glance/glance/api/middleware/version_negotiation.py:44}}
Jun 15 17:17:23.288943 np0000002873 devstack@g-api.service[102122]: DEBUG glance.api.middleware.version_negotiation [None req-d6e31706-95c8-4c57-a4fe-229f5144b0b2 tempest-ServerStableDeviceRescueTest-811315128 tempest-ServerStableDeviceRescueTest-811315128-project-member] Using url versioning {{(pid=102122) process_request /opt/stack/glance/glance/api/middleware/version_negotiation.py:57}}
Jun 15 17:17:23.288943 np0000002873 devstack@g-api.service[102122]: DEBUG glance.api.middleware.version_negotiation [None req-d6e31706-95c8-4c57-a4fe-229f5144b0b2 tempest-ServerStableDeviceRescueTest-811315128 tempest-ServerStableDeviceRescueTest-811315128-project-member] Matched version: v2 {{(pid=102122) process_request /opt/stack/glance/glance/api/middleware/version_negotiation.py:69}}
Jun 15 17:17:23.288943 np0000002873 devstack@g-api.service[102122]: DEBUG glance.api.middleware.version_negotiation [None req-d6e31706-95c8-4c57-a4fe-229f5144b0b2 tempest-ServerStableDeviceRescueTest-811315128 tempest-ServerStableDeviceRescueTest-811315128-project-member] new path /v2/images/a0255b33-a7e8-4e9f-9a3d-f14911ae9f92 {{(pid=102122) process_request /opt/stack/glance/glance/api/middleware/version_negotiation.py:70}}
Jun 15 17:17:23.463443 np0000002873 devstack@g-api.service[102121]: DEBUG glance.api.middleware.version_negotiation [None req-d6e31706-95c8-4c57-a4fe-229f5144b0b2 tempest-ServerStableDeviceRescueTest-811315128 tempest-ServerStableDeviceRescueTest-811315128-project-member] Determining version of request: GET /v2/images/3b59eb94-0cad-4deb-9020-dac0f89101a9 Accept: application/json {{(pid=102121) process_request /opt/stack/glance/glance/api/middleware/version_negotiation.py:44}}
Jun 15 17:17:23.463443 np0000002873 devstack@g-api.service[102121]: DEBUG glance.api.middleware.version_negotiation [None req-d6e31706-95c8-4c57-a4fe-229f5144b0b2 tempest-ServerStableDeviceRescueTest-811315128 tempest-ServerStableDeviceRescueTest-811315128-project-member] Using url versioning {{(pid=102121) process_request /opt/stack/glance/glance/api/middleware/version_negotiation.py:57}}
Jun 15 17:17:23.463443 np0000002873 devstack@g-api.service[102121]: DEBUG glance.api.middleware.version_negotiation [None req-d6e31706-95c8-4c57-a4fe-229f5144b0b2 tempest-ServerStableDeviceRescueTest-811315128 tempest-ServerStableDeviceRescueTest-811315128-project-member] Matched version: v2 {{(pid=102121) process_request /opt/stack/glance/glance/api/middleware/version_negotiation.py:69}}
Jun 15 17:17:23.463443 np0000002873 devstack@g-api.service[102121]: DEBUG glance.api.middleware.version_negotiation [None req-d6e31706-95c8-4c57-a4fe-229f5144b0b2 tempest-ServerStableDeviceRescueTest-811315128 tempest-ServerStableDeviceRescueTest-811315128-project-member] new path /v2/images/3b59eb94-0cad-4deb-9020-dac0f89101a9 {{(pid=102121) process_request /opt/stack/glance/glance/api/middleware/version_negotiation.py:70}}
Jun 15 17:17:23.472352 np0000002873 devstack@g-api.service[102122]: [pid: 102122|app: 0|req: 67/207] 127.0.0.1 () {46 vars in 1154 bytes} [Mon Jun 15 17:17:23 2026] PATCH /v2/images/a0255b33-a7e8-4e9f-9a3d-f14911ae9f92 => generated 1445 bytes in 185 msecs (HTTP/1.1 200) 4 headers in 158 bytes (1 switches on core 0)
Jun 15 17:17:23.480577 np0000002873 devstack@g-api.service[102121]: [pid: 102121|app: 0|req: 70/208] 127.0.0.1 () {40 vars in 834 bytes} [Mon Jun 15 17:17:23 2026] GET /v2/images/3b59eb94-0cad-4deb-9020-dac0f89101a9 => generated 1358 bytes in 18 msecs (HTTP/1.1 200) 4 headers in 158 bytes (1 switches on core 0)
Jun 15 17:17:23.528470 np0000002873 devstack@g-api.service[102120]: DEBUG glance.api.middleware.version_negotiation [None req-d6e31706-95c8-4c57-a4fe-229f5144b0b2 tempest-ServerStableDeviceRescueTest-811315128 tempest-ServerStableDeviceRescueTest-811315128-project-member] Determining version of request: GET /v2/images/a0255b33-a7e8-4e9f-9a3d-f14911ae9f92 Accept: */* {{(pid=102120) process_request /opt/stack/glance/glance/api/middleware/version_negotiation.py:44}}
Jun 15 17:17:23.528654 np0000002873 devstack@g-api.service[102120]: DEBUG glance.api.middleware.version_negotiation [None req-d6e31706-95c8-4c57-a4fe-229f5144b0b2 tempest-ServerStableDeviceRescueTest-811315128 tempest-ServerStableDeviceRescueTest-811315128-project-member] Using url versioning {{(pid=102120) process_request /opt/stack/glance/glance/api/middleware/version_negotiation.py:57}}
Jun 15 17:17:23.528831 np0000002873 devstack@g-api.service[102120]: DEBUG glance.api.middleware.version_negotiation [None req-d6e31706-95c8-4c57-a4fe-229f5144b0b2 tempest-ServerStableDeviceRescueTest-811315128 tempest-ServerStableDeviceRescueTest-811315128-project-member] Matched version: v2 {{(pid=102120) process_request /opt/stack/glance/glance/api/middleware/version_negotiation.py:69}}
Jun 15 17:17:23.528954 np0000002873 devstack@g-api.service[102120]: DEBUG glance.api.middleware.version_negotiation [None req-d6e31706-95c8-4c57-a4fe-229f5144b0b2 tempest-ServerStableDeviceRescueTest-811315128 tempest-ServerStableDeviceRescueTest-811315128-project-member] new path /v2/images/a0255b33-a7e8-4e9f-9a3d-f14911ae9f92 {{(pid=102120) process_request /opt/stack/glance/glance/api/middleware/version_negotiation.py:70}}
Jun 15 17:17:23.540471 np0000002873 devstack@g-api.service[102120]: [pid: 102120|app: 0|req: 72/209] 127.0.0.1 () {44 vars in 1111 bytes} [Mon Jun 15 17:17:23 2026] GET /v2/images/a0255b33-a7e8-4e9f-9a3d-f14911ae9f92 => generated 1445 bytes in 12 msecs (HTTP/1.1 200) 4 headers in 158 bytes (1 switches on core 0)
Jun 15 17:17:23.593248 np0000002873 devstack@g-api.service[102122]: DEBUG glance.api.middleware.version_negotiation [None req-d6e31706-95c8-4c57-a4fe-229f5144b0b2 tempest-ServerStableDeviceRescueTest-811315128 tempest-ServerStableDeviceRescueTest-811315128-project-member] Determining version of request: PUT /v2/images/a0255b33-a7e8-4e9f-9a3d-f14911ae9f92/file Accept: */* {{(pid=102122) process_request /opt/stack/glance/glance/api/middleware/version_negotiation.py:44}}
Jun 15 17:17:23.593469 np0000002873 devstack@g-api.service[102122]: DEBUG glance.api.middleware.version_negotiation [None req-d6e31706-95c8-4c57-a4fe-229f5144b0b2 tempest-ServerStableDeviceRescueTest-811315128 tempest-ServerStableDeviceRescueTest-811315128-project-member] Using url versioning {{(pid=102122) process_request /opt/stack/glance/glance/api/middleware/version_negotiation.py:57}}
Jun 15 17:17:23.593587 np0000002873 devstack@g-api.service[102122]: DEBUG glance.api.middleware.version_negotiation [None req-d6e31706-95c8-4c57-a4fe-229f5144b0b2 tempest-ServerStableDeviceRescueTest-811315128 tempest-ServerStableDeviceRescueTest-811315128-project-member] Matched version: v2 {{(pid=102122) process_request /opt/stack/glance/glance/api/middleware/version_negotiation.py:69}}
Jun 15 17:17:23.593728 np0000002873 devstack@g-api.service[102122]: DEBUG glance.api.middleware.version_negotiation [None req-d6e31706-95c8-4c57-a4fe-229f5144b0b2 tempest-ServerStableDeviceRescueTest-811315128 tempest-ServerStableDeviceRescueTest-811315128-project-member] new path /v2/images/a0255b33-a7e8-4e9f-9a3d-f14911ae9f92/file {{(pid=102122) process_request /opt/stack/glance/glance/api/middleware/version_negotiation.py:70}}
Jun 15 17:17:23.743515 np0000002873 devstack@g-api.service[102121]: DEBUG glance.api.middleware.version_negotiation [None req-b33407ba-b773-4fb8-843a-de68b2c9f422 tempest-ServerBootFromVolumeStableRescueTest-746032024 tempest-ServerBootFromVolumeStableRescueTest-746032024-project-member] Determining version of request: GET /v2/images/a0255b33-a7e8-4e9f-9a3d-f14911ae9f92 Accept: */* {{(pid=102121) process_request /opt/stack/glance/glance/api/middleware/version_negotiation.py:44}}
Jun 15 17:17:23.743668 np0000002873 devstack@g-api.service[102121]: DEBUG glance.api.middleware.version_negotiation [None req-b33407ba-b773-4fb8-843a-de68b2c9f422 tempest-ServerBootFromVolumeStableRescueTest-746032024 tempest-ServerBootFromVolumeStableRescueTest-746032024-project-member] Using url versioning {{(pid=102121) process_request /opt/stack/glance/glance/api/middleware/version_negotiation.py:57}}
Jun 15 17:17:23.743841 np0000002873 devstack@g-api.service[102121]: DEBUG glance.api.middleware.version_negotiation [None req-b33407ba-b773-4fb8-843a-de68b2c9f422 tempest-ServerBootFromVolumeStableRescueTest-746032024 tempest-ServerBootFromVolumeStableRescueTest-746032024-project-member] Matched version: v2 {{(pid=102121) process_request /opt/stack/glance/glance/api/middleware/version_negotiation.py:69}}
Jun 15 17:17:23.743981 np0000002873 devstack@g-api.service[102121]: DEBUG glance.api.middleware.version_negotiation [None req-b33407ba-b773-4fb8-843a-de68b2c9f422 tempest-ServerBootFromVolumeStableRescueTest-746032024 tempest-ServerBootFromVolumeStableRescueTest-746032024-project-member] new path /v2/images/a0255b33-a7e8-4e9f-9a3d-f14911ae9f92 {{(pid=102121) process_request /opt/stack/glance/glance/api/middleware/version_negotiation.py:70}}
Jun 15 17:17:23.758759 np0000002873 devstack@g-api.service[102121]: [pid: 102121|app: 0|req: 71/210] 127.0.0.1 () {44 vars in 1111 bytes} [Mon Jun 15 17:17:23 2026] GET /v2/images/a0255b33-a7e8-4e9f-9a3d-f14911ae9f92 => generated 1445 bytes in 15 msecs (HTTP/1.1 200) 4 headers in 158 bytes (1 switches on core 0)
Jun 15 17:17:23.814614 np0000002873 devstack@g-api.service[102120]: DEBUG glance.api.middleware.version_negotiation [None req-d6e31706-95c8-4c57-a4fe-229f5144b0b2 tempest-ServerStableDeviceRescueTest-811315128 tempest-ServerStableDeviceRescueTest-811315128-project-member] Determining version of request: GET /v2/schemas/image Accept: */* {{(pid=102120) process_request /opt/stack/glance/glance/api/middleware/version_negotiation.py:44}}
Jun 15 17:17:23.815251 np0000002873 devstack@g-api.service[102120]: DEBUG glance.api.middleware.version_negotiation [None req-d6e31706-95c8-4c57-a4fe-229f5144b0b2 tempest-ServerStableDeviceRescueTest-811315128 tempest-ServerStableDeviceRescueTest-811315128-project-member] Using url versioning {{(pid=102120) process_request /opt/stack/glance/glance/api/middleware/version_negotiation.py:57}}
Jun 15 17:17:23.815251 np0000002873 devstack@g-api.service[102120]: DEBUG glance.api.middleware.version_negotiation [None req-d6e31706-95c8-4c57-a4fe-229f5144b0b2 tempest-ServerStableDeviceRescueTest-811315128 tempest-ServerStableDeviceRescueTest-811315128-project-member] Matched version: v2 {{(pid=102120) process_request /opt/stack/glance/glance/api/middleware/version_negotiation.py:69}}
Jun 15 17:17:23.815251 np0000002873 devstack@g-api.service[102120]: DEBUG glance.api.middleware.version_negotiation [None req-d6e31706-95c8-4c57-a4fe-229f5144b0b2 tempest-ServerStableDeviceRescueTest-811315128 tempest-ServerStableDeviceRescueTest-811315128-project-member] new path /v2/schemas/image {{(pid=102120) process_request /opt/stack/glance/glance/api/middleware/version_negotiation.py:70}}
Jun 15 17:17:23.817211 np0000002873 devstack@g-api.service[102120]: [pid: 102120|app: 0|req: 73/211] 127.0.0.1 () {44 vars in 1051 bytes} [Mon Jun 15 17:17:23 2026] GET /v2/schemas/image => generated 6083 bytes in 4 msecs (HTTP/1.1 200) 4 headers in 158 bytes (1 switches on core 0)
Jun 15 17:17:24.015363 np0000002873 devstack@g-api.service[102121]: DEBUG glance.api.middleware.version_negotiation [None req-6f25e543-0aa1-4fe7-a6bd-15d34a1d2efc tempest-ServerStableDeviceRescueTest-811315128 tempest-ServerStableDeviceRescueTest-811315128-project-member] Determining version of request: GET /v2/images/3b59eb94-0cad-4deb-9020-dac0f89101a9 Accept: */* {{(pid=102121) process_request /opt/stack/glance/glance/api/middleware/version_negotiation.py:44}}
Jun 15 17:17:24.015589 np0000002873 devstack@g-api.service[102121]: DEBUG glance.api.middleware.version_negotiation [None req-6f25e543-0aa1-4fe7-a6bd-15d34a1d2efc tempest-ServerStableDeviceRescueTest-811315128 tempest-ServerStableDeviceRescueTest-811315128-project-member] Using url versioning {{(pid=102121) process_request /opt/stack/glance/glance/api/middleware/version_negotiation.py:57}}
Jun 15 17:17:24.015774 np0000002873 devstack@g-api.service[102121]: DEBUG glance.api.middleware.version_negotiation [None req-6f25e543-0aa1-4fe7-a6bd-15d34a1d2efc tempest-ServerStableDeviceRescueTest-811315128 tempest-ServerStableDeviceRescueTest-811315128-project-member] Matched version: v2 {{(pid=102121) process_request /opt/stack/glance/glance/api/middleware/version_negotiation.py:69}}
Jun 15 17:17:24.015927 np0000002873 devstack@g-api.service[102121]: DEBUG glance.api.middleware.version_negotiation [None req-6f25e543-0aa1-4fe7-a6bd-15d34a1d2efc tempest-ServerStableDeviceRescueTest-811315128 tempest-ServerStableDeviceRescueTest-811315128-project-member] new path /v2/images/3b59eb94-0cad-4deb-9020-dac0f89101a9 {{(pid=102121) process_request /opt/stack/glance/glance/api/middleware/version_negotiation.py:70}}
Jun 15 17:17:24.027190 np0000002873 devstack@g-api.service[102121]: [pid: 102121|app: 0|req: 72/212] 127.0.0.1 () {44 vars in 1111 bytes} [Mon Jun 15 17:17:24 2026] GET /v2/images/3b59eb94-0cad-4deb-9020-dac0f89101a9 => generated 1358 bytes in 12 msecs (HTTP/1.1 200) 4 headers in 158 bytes (1 switches on core 0)
Jun 15 17:17:24.045983 np0000002873 devstack@g-api.service[102122]: INFO glance.api.v2.image_data [None req-d6e31706-95c8-4c57-a4fe-229f5144b0b2 tempest-ServerStableDeviceRescueTest-811315128 tempest-ServerStableDeviceRescueTest-811315128-project-member] Unable to create trust: no such option collect_timing in group [keystone_authtoken] Use the existing user token.
Jun 15 17:17:24.058818 np0000002873 devstack@g-api.service[102120]: DEBUG glance.api.middleware.version_negotiation [None req-6f25e543-0aa1-4fe7-a6bd-15d34a1d2efc tempest-ServerStableDeviceRescueTest-811315128 tempest-ServerStableDeviceRescueTest-811315128-project-member] Determining version of request: GET /v2/schemas/image Accept: */* {{(pid=102120) process_request /opt/stack/glance/glance/api/middleware/version_negotiation.py:44}}
Jun 15 17:17:24.058993 np0000002873 devstack@g-api.service[102120]: DEBUG glance.api.middleware.version_negotiation [None req-6f25e543-0aa1-4fe7-a6bd-15d34a1d2efc tempest-ServerStableDeviceRescueTest-811315128 tempest-ServerStableDeviceRescueTest-811315128-project-member] Using url versioning {{(pid=102120) process_request /opt/stack/glance/glance/api/middleware/version_negotiation.py:57}}
Jun 15 17:17:24.059166 np0000002873 devstack@g-api.service[102120]: DEBUG glance.api.middleware.version_negotiation [None req-6f25e543-0aa1-4fe7-a6bd-15d34a1d2efc tempest-ServerStableDeviceRescueTest-811315128 tempest-ServerStableDeviceRescueTest-811315128-project-member] Matched version: v2 {{(pid=102120) process_request /opt/stack/glance/glance/api/middleware/version_negotiation.py:69}}
Jun 15 17:17:24.059298 np0000002873 devstack@g-api.service[102120]: DEBUG glance.api.middleware.version_negotiation [None req-6f25e543-0aa1-4fe7-a6bd-15d34a1d2efc tempest-ServerStableDeviceRescueTest-811315128 tempest-ServerStableDeviceRescueTest-811315128-project-member] new path /v2/schemas/image {{(pid=102120) process_request /opt/stack/glance/glance/api/middleware/version_negotiation.py:70}}
Jun 15 17:17:24.061367 np0000002873 devstack@g-api.service[102120]: [pid: 102120|app: 0|req: 74/213] 127.0.0.1 () {44 vars in 1051 bytes} [Mon Jun 15 17:17:24 2026] GET /v2/schemas/image => generated 6083 bytes in 2 msecs (HTTP/1.1 200) 4 headers in 158 bytes (1 switches on core 0)
Jun 15 17:17:24.495431 np0000002873 devstack@g-api.service[102121]: DEBUG glance.api.middleware.version_negotiation [None req-64593213-29d3-4446-8abd-1a61f48e3b92 tempest-ServerBootFromVolumeStableRescueTest-746032024 tempest-ServerBootFromVolumeStableRescueTest-746032024-project-member] Determining version of request: GET /v2/images/3b59eb94-0cad-4deb-9020-dac0f89101a9 Accept: application/json {{(pid=102121) process_request /opt/stack/glance/glance/api/middleware/version_negotiation.py:44}}
Jun 15 17:17:24.495431 np0000002873 devstack@g-api.service[102121]: DEBUG glance.api.middleware.version_negotiation [None req-64593213-29d3-4446-8abd-1a61f48e3b92 tempest-ServerBootFromVolumeStableRescueTest-746032024 tempest-ServerBootFromVolumeStableRescueTest-746032024-project-member] Using url versioning {{(pid=102121) process_request /opt/stack/glance/glance/api/middleware/version_negotiation.py:57}}
Jun 15 17:17:24.496046 np0000002873 devstack@g-api.service[102121]: DEBUG glance.api.middleware.version_negotiation [None req-64593213-29d3-4446-8abd-1a61f48e3b92 tempest-ServerBootFromVolumeStableRescueTest-746032024 tempest-ServerBootFromVolumeStableRescueTest-746032024-project-member] Matched version: v2 {{(pid=102121) process_request /opt/stack/glance/glance/api/middleware/version_negotiation.py:69}}
Jun 15 17:17:24.496250 np0000002873 devstack@g-api.service[102121]: DEBUG glance.api.middleware.version_negotiation [None req-64593213-29d3-4446-8abd-1a61f48e3b92 tempest-ServerBootFromVolumeStableRescueTest-746032024 tempest-ServerBootFromVolumeStableRescueTest-746032024-project-member] new path /v2/images/3b59eb94-0cad-4deb-9020-dac0f89101a9 {{(pid=102121) process_request /opt/stack/glance/glance/api/middleware/version_negotiation.py:70}}
Jun 15 17:17:24.508935 np0000002873 devstack@g-api.service[102122]: DEBUG glance.location [None req-d6e31706-95c8-4c57-a4fe-229f5144b0b2 tempest-ServerStableDeviceRescueTest-811315128 tempest-ServerStableDeviceRescueTest-811315128-project-member] Enabling in-flight format inspection for qcow2 {{(pid=102122) set_data /opt/stack/glance/glance/location.py:616}}
Jun 15 17:17:24.509401 np0000002873 devstack@g-api.service[102122]: DEBUG glance_store.backend [None req-d6e31706-95c8-4c57-a4fe-229f5144b0b2 tempest-ServerStableDeviceRescueTest-811315128 tempest-ServerStableDeviceRescueTest-811315128-project-member] Attempting to import store swift {{(pid=102122) _load_store /opt/stack/data/venv/lib/python3.12/site-packages/glance_store/backend.py:215}}
Jun 15 17:17:24.510993 np0000002873 devstack@g-api.service[102122]: DEBUG glance_store.capabilities [None req-d6e31706-95c8-4c57-a4fe-229f5144b0b2 tempest-ServerStableDeviceRescueTest-811315128 tempest-ServerStableDeviceRescueTest-811315128-project-member] Store glance_store._drivers.swift.store.SingleTenantStore doesn't support updating dynamic storage capabilities. Please overwrite 'update_capabilities' method of the store to implement updating logics if needed. {{(pid=102122) update_capabilities /opt/stack/data/venv/lib/python3.12/site-packages/glance_store/capabilities.py:91}}
Jun 15 17:17:24.511159 np0000002873 devstack@g-api.service[102122]: DEBUG glance_store.driver [None req-d6e31706-95c8-4c57-a4fe-229f5144b0b2 tempest-ServerStableDeviceRescueTest-811315128 tempest-ServerStableDeviceRescueTest-811315128-project-member] Late loading location class glance_store._drivers.swift.store.StoreLocation {{(pid=102122) get_store_location_class /opt/stack/data/venv/lib/python3.12/site-packages/glance_store/driver.py:134}}
Jun 15 17:17:24.511318 np0000002873 devstack@g-api.service[102122]: DEBUG glance_store.location [None req-d6e31706-95c8-4c57-a4fe-229f5144b0b2 tempest-ServerStableDeviceRescueTest-811315128 tempest-ServerStableDeviceRescueTest-811315128-project-member] Registering scheme swift+https with {'store': , 'location_class': , 'store_entry': 'swift'} {{(pid=102122) register_scheme_map /opt/stack/data/venv/lib/python3.12/site-packages/glance_store/location.py:146}}
Jun 15 17:17:24.511444 np0000002873 devstack@g-api.service[102122]: DEBUG glance_store.location [None req-d6e31706-95c8-4c57-a4fe-229f5144b0b2 tempest-ServerStableDeviceRescueTest-811315128 tempest-ServerStableDeviceRescueTest-811315128-project-member] Registering scheme swift+https with {'store': , 'location_class': , 'store_entry': 'swift'} {{(pid=102122) register_scheme_map /opt/stack/data/venv/lib/python3.12/site-packages/glance_store/location.py:146}}
Jun 15 17:17:24.511444 np0000002873 devstack@g-api.service[102122]: DEBUG glance_store.location [None req-d6e31706-95c8-4c57-a4fe-229f5144b0b2 tempest-ServerStableDeviceRescueTest-811315128 tempest-ServerStableDeviceRescueTest-811315128-project-member] Registering scheme swift with {'store': , 'location_class': , 'store_entry': 'swift'} {{(pid=102122) register_scheme_map /opt/stack/data/venv/lib/python3.12/site-packages/glance_store/location.py:146}}
Jun 15 17:17:24.512352 np0000002873 devstack@g-api.service[102122]: DEBUG glance_store.location [None req-d6e31706-95c8-4c57-a4fe-229f5144b0b2 tempest-ServerStableDeviceRescueTest-811315128 tempest-ServerStableDeviceRescueTest-811315128-project-member] Registering scheme swift+https with {'store': , 'location_class': , 'store_entry': 'swift'} {{(pid=102122) register_scheme_map /opt/stack/data/venv/lib/python3.12/site-packages/glance_store/location.py:146}}
Jun 15 17:17:24.512352 np0000002873 devstack@g-api.service[102122]: DEBUG glance_store.location [None req-d6e31706-95c8-4c57-a4fe-229f5144b0b2 tempest-ServerStableDeviceRescueTest-811315128 tempest-ServerStableDeviceRescueTest-811315128-project-member] Registering scheme swift with {'store': , 'location_class': , 'store_entry': 'swift'} {{(pid=102122) register_scheme_map /opt/stack/data/venv/lib/python3.12/site-packages/glance_store/location.py:146}}
Jun 15 17:17:24.512352 np0000002873 devstack@g-api.service[102122]: DEBUG glance_store.location [None req-d6e31706-95c8-4c57-a4fe-229f5144b0b2 tempest-ServerStableDeviceRescueTest-811315128 tempest-ServerStableDeviceRescueTest-811315128-project-member] Registering scheme swift+http with {'store': , 'location_class': , 'store_entry': 'swift'} {{(pid=102122) register_scheme_map /opt/stack/data/venv/lib/python3.12/site-packages/glance_store/location.py:146}}
Jun 15 17:17:24.512352 np0000002873 devstack@g-api.service[102122]: DEBUG glance_store.location [None req-d6e31706-95c8-4c57-a4fe-229f5144b0b2 tempest-ServerStableDeviceRescueTest-811315128 tempest-ServerStableDeviceRescueTest-811315128-project-member] Registering scheme swift+https with {'store': , 'location_class': , 'store_entry': 'swift'} {{(pid=102122) register_scheme_map /opt/stack/data/venv/lib/python3.12/site-packages/glance_store/location.py:146}}
Jun 15 17:17:24.512352 np0000002873 devstack@g-api.service[102122]: DEBUG glance_store.location [None req-d6e31706-95c8-4c57-a4fe-229f5144b0b2 tempest-ServerStableDeviceRescueTest-811315128 tempest-ServerStableDeviceRescueTest-811315128-project-member] Registering scheme swift with {'store': , 'location_class': , 'store_entry': 'swift'} {{(pid=102122) register_scheme_map /opt/stack/data/venv/lib/python3.12/site-packages/glance_store/location.py:146}}
Jun 15 17:17:24.512352 np0000002873 devstack@g-api.service[102122]: DEBUG glance_store.location [None req-d6e31706-95c8-4c57-a4fe-229f5144b0b2 tempest-ServerStableDeviceRescueTest-811315128 tempest-ServerStableDeviceRescueTest-811315128-project-member] Registering scheme swift+http with {'store': , 'location_class': , 'store_entry': 'swift'} {{(pid=102122) register_scheme_map /opt/stack/data/venv/lib/python3.12/site-packages/glance_store/location.py:146}}
Jun 15 17:17:24.512352 np0000002873 devstack@g-api.service[102122]: DEBUG glance_store.location [None req-d6e31706-95c8-4c57-a4fe-229f5144b0b2 tempest-ServerStableDeviceRescueTest-811315128 tempest-ServerStableDeviceRescueTest-811315128-project-member] Registering scheme swift+config with {'store': , 'location_class': , 'store_entry': 'swift'} {{(pid=102122) register_scheme_map /opt/stack/data/venv/lib/python3.12/site-packages/glance_store/location.py:146}}
Jun 15 17:17:24.521479 np0000002873 devstack@g-api.service[102121]: [pid: 102121|app: 0|req: 73/214] 127.0.0.1 () {40 vars in 834 bytes} [Mon Jun 15 17:17:24 2026] GET /v2/images/3b59eb94-0cad-4deb-9020-dac0f89101a9 => generated 1358 bytes in 28 msecs (HTTP/1.1 200) 4 headers in 158 bytes (1 switches on core 0)
Jun 15 17:17:24.703240 np0000002873 devstack@g-api.service[102122]: DEBUG swiftclient [None req-d6e31706-95c8-4c57-a4fe-229f5144b0b2 tempest-ServerStableDeviceRescueTest-811315128 tempest-ServerStableDeviceRescueTest-811315128-project-member] REQ: curl -i https://10.4.3.51:8080/v1/AUTH_f331c05681fd49729665ee9867b389fb/glance -I -H "X-Auth-Token: gAAAAABqMDOk9pzq..." {{(pid=102122) http_log /opt/stack/data/venv/lib/python3.12/site-packages/swiftclient/client.py:160}}
Jun 15 17:17:24.703374 np0000002873 devstack@g-api.service[102122]: DEBUG swiftclient [None req-d6e31706-95c8-4c57-a4fe-229f5144b0b2 tempest-ServerStableDeviceRescueTest-811315128 tempest-ServerStableDeviceRescueTest-811315128-project-member] RESP STATUS: 204 No Content {{(pid=102122) http_log /opt/stack/data/venv/lib/python3.12/site-packages/swiftclient/client.py:161}}
Jun 15 17:17:24.703496 np0000002873 devstack@g-api.service[102122]: DEBUG swiftclient [None req-d6e31706-95c8-4c57-a4fe-229f5144b0b2 tempest-ServerStableDeviceRescueTest-811315128 tempest-ServerStableDeviceRescueTest-811315128-project-member] RESP HEADERS: {'Date': 'Mon, 15 Jun 2026 17:17:24 GMT', 'Server': 'Apache/2.4.58 (Ubuntu)', 'Content-Type': 'text/plain; charset=utf-8', 'X-Container-Object-Count': '5', 'X-Container-Bytes-Used': '87883776', 'X-Timestamp': '1781543467.96055', 'Last-Modified': 'Mon, 15 Jun 2026 17:11:08 GMT', 'Accept-Ranges': 'bytes', 'X-Storage-Policy': 'Policy-0', 'X-Container-Sharding': 'False', 'Vary': 'Accept', 'X-Trans-Id': 'tx544322f1c5a64c46990a8-006a3033a4', 'X-Openstack-Request-Id': 'tx544322f1c5a64c46990a8-006a3033a4', 'Connection': 'close'} {{(pid=102122) http_log /opt/stack/data/venv/lib/python3.12/site-packages/swiftclient/client.py:162}}
Jun 15 17:17:24.703623 np0000002873 devstack@g-api.service[102122]: DEBUG glance_store._drivers.swift.store [None req-d6e31706-95c8-4c57-a4fe-229f5144b0b2 tempest-ServerStableDeviceRescueTest-811315128 tempest-ServerStableDeviceRescueTest-811315128-project-member] Adding image object 'a0255b33-a7e8-4e9f-9a3d-f14911ae9f92' to Swift {{(pid=102122) add /opt/stack/data/venv/lib/python3.12/site-packages/glance_store/_drivers/swift/store.py:970}}
Jun 15 17:17:24.703695 np0000002873 devstack@g-api.service[102122]: DEBUG glance_store._drivers.swift.store [None req-d6e31706-95c8-4c57-a4fe-229f5144b0b2 tempest-ServerStableDeviceRescueTest-811315128 tempest-ServerStableDeviceRescueTest-811315128-project-member] Cannot determine image size because it is either not provided in the request or chunked-transfer encoding is used. Adding image as a segmented object to Swift. {{(pid=102122) add /opt/stack/data/venv/lib/python3.12/site-packages/glance_store/_drivers/swift/store.py:994}}
Jun 15 17:17:24.709019 np0000002873 devstack@g-api.service[102122]: DEBUG oslo_utils.imageutils.format_inspector [None req-d6e31706-95c8-4c57-a4fe-229f5144b0b2 tempest-ServerStableDeviceRescueTest-811315128 tempest-ServerStableDeviceRescueTest-811315128-project-member] Format inspector for vmdk does not match, excluding from consideration (Signature KDMV not found: b'QFI\xfb') {{(pid=102122) _process_chunk /opt/stack/data/venv/lib/python3.12/site-packages/oslo_utils/imageutils/format_inspector.py:1758}}
Jun 15 17:17:24.711576 np0000002873 devstack@g-api.service[102122]: DEBUG oslo_utils.imageutils.format_inspector [None req-d6e31706-95c8-4c57-a4fe-229f5144b0b2 tempest-ServerStableDeviceRescueTest-811315128 tempest-ServerStableDeviceRescueTest-811315128-project-member] Format inspector for vhdx does not match, excluding from consideration (Region signature not found at 30000) {{(pid=102122) _process_chunk /opt/stack/data/venv/lib/python3.12/site-packages/oslo_utils/imageutils/format_inspector.py:1758}}
Jun 15 17:17:24.898480 np0000002873 devstack@g-api.service[102120]: DEBUG glance.api.middleware.version_negotiation [None req-64593213-29d3-4446-8abd-1a61f48e3b92 tempest-ServerBootFromVolumeStableRescueTest-746032024 tempest-ServerBootFromVolumeStableRescueTest-746032024-project-member] Determining version of request: GET /v2/images/a0255b33-a7e8-4e9f-9a3d-f14911ae9f92 Accept: */* {{(pid=102120) process_request /opt/stack/glance/glance/api/middleware/version_negotiation.py:44}}
Jun 15 17:17:24.898841 np0000002873 devstack@g-api.service[102120]: DEBUG glance.api.middleware.version_negotiation [None req-64593213-29d3-4446-8abd-1a61f48e3b92 tempest-ServerBootFromVolumeStableRescueTest-746032024 tempest-ServerBootFromVolumeStableRescueTest-746032024-project-member] Using url versioning {{(pid=102120) process_request /opt/stack/glance/glance/api/middleware/version_negotiation.py:57}}
Jun 15 17:17:24.898841 np0000002873 devstack@g-api.service[102120]: DEBUG glance.api.middleware.version_negotiation [None req-64593213-29d3-4446-8abd-1a61f48e3b92 tempest-ServerBootFromVolumeStableRescueTest-746032024 tempest-ServerBootFromVolumeStableRescueTest-746032024-project-member] Matched version: v2 {{(pid=102120) process_request /opt/stack/glance/glance/api/middleware/version_negotiation.py:69}}
Jun 15 17:17:24.898841 np0000002873 devstack@g-api.service[102120]: DEBUG glance.api.middleware.version_negotiation [None req-64593213-29d3-4446-8abd-1a61f48e3b92 tempest-ServerBootFromVolumeStableRescueTest-746032024 tempest-ServerBootFromVolumeStableRescueTest-746032024-project-member] new path /v2/images/a0255b33-a7e8-4e9f-9a3d-f14911ae9f92 {{(pid=102120) process_request /opt/stack/glance/glance/api/middleware/version_negotiation.py:70}}
Jun 15 17:17:24.917167 np0000002873 devstack@g-api.service[102120]: [pid: 102120|app: 0|req: 75/215] 127.0.0.1 () {44 vars in 1111 bytes} [Mon Jun 15 17:17:24 2026] GET /v2/images/a0255b33-a7e8-4e9f-9a3d-f14911ae9f92 => generated 1445 bytes in 18 msecs (HTTP/1.1 200) 4 headers in 158 bytes (1 switches on core 0)
Jun 15 17:17:24.959797 np0000002873 devstack@g-api.service[102121]: DEBUG glance.api.middleware.version_negotiation [None req-58cac583-5e76-44c9-a77e-cd0b7649c10a tempest-ServerBootFromVolumeStableRescueTest-746032024 tempest-ServerBootFromVolumeStableRescueTest-746032024-project-member] Determining version of request: GET /v2/schemas/image Accept: */* {{(pid=102121) process_request /opt/stack/glance/glance/api/middleware/version_negotiation.py:44}}
Jun 15 17:17:24.960055 np0000002873 devstack@g-api.service[102121]: DEBUG glance.api.middleware.version_negotiation [None req-58cac583-5e76-44c9-a77e-cd0b7649c10a tempest-ServerBootFromVolumeStableRescueTest-746032024 tempest-ServerBootFromVolumeStableRescueTest-746032024-project-member] Using url versioning {{(pid=102121) process_request /opt/stack/glance/glance/api/middleware/version_negotiation.py:57}}
Jun 15 17:17:24.960259 np0000002873 devstack@g-api.service[102121]: DEBUG glance.api.middleware.version_negotiation [None req-58cac583-5e76-44c9-a77e-cd0b7649c10a tempest-ServerBootFromVolumeStableRescueTest-746032024 tempest-ServerBootFromVolumeStableRescueTest-746032024-project-member] Matched version: v2 {{(pid=102121) process_request /opt/stack/glance/glance/api/middleware/version_negotiation.py:69}}
Jun 15 17:17:24.960444 np0000002873 devstack@g-api.service[102121]: DEBUG glance.api.middleware.version_negotiation [None req-58cac583-5e76-44c9-a77e-cd0b7649c10a tempest-ServerBootFromVolumeStableRescueTest-746032024 tempest-ServerBootFromVolumeStableRescueTest-746032024-project-member] new path /v2/schemas/image {{(pid=102121) process_request /opt/stack/glance/glance/api/middleware/version_negotiation.py:70}}
Jun 15 17:17:24.963139 np0000002873 devstack@g-api.service[102121]: [pid: 102121|app: 0|req: 74/216] 127.0.0.1 () {44 vars in 1051 bytes} [Mon Jun 15 17:17:24 2026] GET /v2/schemas/image => generated 6083 bytes in 3 msecs (HTTP/1.1 200) 4 headers in 158 bytes (1 switches on core 0)
Jun 15 17:17:25.213690 np0000002873 devstack@g-api.service[102122]: DEBUG swiftclient [None req-d6e31706-95c8-4c57-a4fe-229f5144b0b2 tempest-ServerStableDeviceRescueTest-811315128 tempest-ServerStableDeviceRescueTest-811315128-project-member] REQ: curl -i https://10.4.3.51:8080/v1/AUTH_f331c05681fd49729665ee9867b389fb/glance/a0255b33-a7e8-4e9f-9a3d-f14911ae9f92-00001 -X PUT -H "X-Auth-Token: gAAAAABqMDOk9pzq..." {{(pid=102122) http_log /opt/stack/data/venv/lib/python3.12/site-packages/swiftclient/client.py:160}}
Jun 15 17:17:25.213807 np0000002873 devstack@g-api.service[102122]: DEBUG swiftclient [None req-d6e31706-95c8-4c57-a4fe-229f5144b0b2 tempest-ServerStableDeviceRescueTest-811315128 tempest-ServerStableDeviceRescueTest-811315128-project-member] RESP STATUS: 201 Created {{(pid=102122) http_log /opt/stack/data/venv/lib/python3.12/site-packages/swiftclient/client.py:161}}
Jun 15 17:17:25.213917 np0000002873 devstack@g-api.service[102122]: DEBUG swiftclient [None req-d6e31706-95c8-4c57-a4fe-229f5144b0b2 tempest-ServerStableDeviceRescueTest-811315128 tempest-ServerStableDeviceRescueTest-811315128-project-member] RESP HEADERS: {'Date': 'Mon, 15 Jun 2026 17:17:25 GMT', 'Server': 'Apache/2.4.58 (Ubuntu)', 'Content-Type': 'text/html; charset=UTF-8', 'Content-Length': '0', 'Etag': '15840614be570864ffc8a04272f5df9b', 'Last-Modified': 'Mon, 15 Jun 2026 17:17:25 GMT', 'X-Trans-Id': 'txa197cf2fe3a749a3b12f8-006a3033a4', 'X-Openstack-Request-Id': 'txa197cf2fe3a749a3b12f8-006a3033a4', 'Connection': 'close'} {{(pid=102122) http_log /opt/stack/data/venv/lib/python3.12/site-packages/swiftclient/client.py:162}}
Jun 15 17:17:25.214019 np0000002873 devstack@g-api.service[102122]: DEBUG glance_store._drivers.swift.store [None req-d6e31706-95c8-4c57-a4fe-229f5144b0b2 tempest-ServerStableDeviceRescueTest-811315128 tempest-ServerStableDeviceRescueTest-811315128-project-member] Wrote chunk a0255b33-a7e8-4e9f-9a3d-f14911ae9f92-00001 (1/?) of length 53608448 to Swift returning MD5 of content: 15840614be570864ffc8a04272f5df9b {{(pid=102122) add /opt/stack/data/venv/lib/python3.12/site-packages/glance_store/_drivers/swift/store.py:1059}}
Jun 15 17:17:25.214297 np0000002873 devstack@g-api.service[102122]: DEBUG glance_store._drivers.swift.store [None req-d6e31706-95c8-4c57-a4fe-229f5144b0b2 tempest-ServerStableDeviceRescueTest-811315128 tempest-ServerStableDeviceRescueTest-811315128-project-member] Not writing zero-length chunk. {{(pid=102122) add /opt/stack/data/venv/lib/python3.12/site-packages/glance_store/_drivers/swift/store.py:1028}}
Jun 15 17:17:25.235595 np0000002873 devstack@g-api.service[102122]: DEBUG swiftclient [None req-d6e31706-95c8-4c57-a4fe-229f5144b0b2 tempest-ServerStableDeviceRescueTest-811315128 tempest-ServerStableDeviceRescueTest-811315128-project-member] REQ: curl -i https://10.4.3.51:8080/v1/AUTH_f331c05681fd49729665ee9867b389fb/glance/a0255b33-a7e8-4e9f-9a3d-f14911ae9f92 -X PUT -H "X-Object-Manifest: glance/a0255b33-a7e8-4e9f-9a3d-f14911ae9f92-" -H "X-Auth-Token: gAAAAABqMDOk9pzq..." -H "Content-Length: 0" {{(pid=102122) http_log /opt/stack/data/venv/lib/python3.12/site-packages/swiftclient/client.py:160}}
Jun 15 17:17:25.235836 np0000002873 devstack@g-api.service[102122]: DEBUG swiftclient [None req-d6e31706-95c8-4c57-a4fe-229f5144b0b2 tempest-ServerStableDeviceRescueTest-811315128 tempest-ServerStableDeviceRescueTest-811315128-project-member] RESP STATUS: 201 Created {{(pid=102122) http_log /opt/stack/data/venv/lib/python3.12/site-packages/swiftclient/client.py:161}}
Jun 15 17:17:25.236162 np0000002873 devstack@g-api.service[102122]: DEBUG swiftclient [None req-d6e31706-95c8-4c57-a4fe-229f5144b0b2 tempest-ServerStableDeviceRescueTest-811315128 tempest-ServerStableDeviceRescueTest-811315128-project-member] RESP HEADERS: {'Date': 'Mon, 15 Jun 2026 17:17:25 GMT', 'Server': 'Apache/2.4.58 (Ubuntu)', 'Content-Type': 'text/html; charset=UTF-8', 'Content-Length': '0', 'Etag': 'd41d8cd98f00b204e9800998ecf8427e', 'Last-Modified': 'Mon, 15 Jun 2026 17:17:26 GMT', 'X-Trans-Id': 'tx2c48467073f14f03833c6-006a3033a5', 'X-Openstack-Request-Id': 'tx2c48467073f14f03833c6-006a3033a5', 'Connection': 'close'} {{(pid=102122) http_log /opt/stack/data/venv/lib/python3.12/site-packages/swiftclient/client.py:162}}
Jun 15 17:17:25.236638 np0000002873 devstack@g-api.service[102122]: INFO glance.location [None req-d6e31706-95c8-4c57-a4fe-229f5144b0b2 tempest-ServerStableDeviceRescueTest-811315128 tempest-ServerStableDeviceRescueTest-811315128-project-member] Image format matched and virtual size computed: 1073741824
Jun 15 17:17:25.275297 np0000002873 devstack@g-api.service[102122]: DEBUG glance_store.backend [None req-d6e31706-95c8-4c57-a4fe-229f5144b0b2 tempest-ServerStableDeviceRescueTest-811315128 tempest-ServerStableDeviceRescueTest-811315128-project-member] Attempting to import store swift {{(pid=102122) _load_store /opt/stack/data/venv/lib/python3.12/site-packages/glance_store/backend.py:215}}
Jun 15 17:17:25.276683 np0000002873 devstack@g-api.service[102122]: DEBUG glance_store.capabilities [None req-d6e31706-95c8-4c57-a4fe-229f5144b0b2 tempest-ServerStableDeviceRescueTest-811315128 tempest-ServerStableDeviceRescueTest-811315128-project-member] Store glance_store._drivers.swift.store.SingleTenantStore doesn't support updating dynamic storage capabilities. Please overwrite 'update_capabilities' method of the store to implement updating logics if needed. {{(pid=102122) update_capabilities /opt/stack/data/venv/lib/python3.12/site-packages/glance_store/capabilities.py:91}}
Jun 15 17:17:25.276813 np0000002873 devstack@g-api.service[102122]: DEBUG glance_store.driver [None req-d6e31706-95c8-4c57-a4fe-229f5144b0b2 tempest-ServerStableDeviceRescueTest-811315128 tempest-ServerStableDeviceRescueTest-811315128-project-member] Late loading location class glance_store._drivers.swift.store.StoreLocation {{(pid=102122) get_store_location_class /opt/stack/data/venv/lib/python3.12/site-packages/glance_store/driver.py:134}}
Jun 15 17:17:25.276911 np0000002873 devstack@g-api.service[102122]: DEBUG glance_store.location [None req-d6e31706-95c8-4c57-a4fe-229f5144b0b2 tempest-ServerStableDeviceRescueTest-811315128 tempest-ServerStableDeviceRescueTest-811315128-project-member] Registering scheme swift+https with {'store': , 'location_class': , 'store_entry': 'swift'} {{(pid=102122) register_scheme_map /opt/stack/data/venv/lib/python3.12/site-packages/glance_store/location.py:146}}
Jun 15 17:17:25.277072 np0000002873 devstack@g-api.service[102122]: DEBUG glance_store.location [None req-d6e31706-95c8-4c57-a4fe-229f5144b0b2 tempest-ServerStableDeviceRescueTest-811315128 tempest-ServerStableDeviceRescueTest-811315128-project-member] Registering scheme swift+https with {'store': , 'location_class': , 'store_entry': 'swift'} {{(pid=102122) register_scheme_map /opt/stack/data/venv/lib/python3.12/site-packages/glance_store/location.py:146}}
Jun 15 17:17:25.277072 np0000002873 devstack@g-api.service[102122]: DEBUG glance_store.location [None req-d6e31706-95c8-4c57-a4fe-229f5144b0b2 tempest-ServerStableDeviceRescueTest-811315128 tempest-ServerStableDeviceRescueTest-811315128-project-member] Registering scheme swift with {'store': , 'location_class': , 'store_entry': 'swift'} {{(pid=102122) register_scheme_map /opt/stack/data/venv/lib/python3.12/site-packages/glance_store/location.py:146}}
Jun 15 17:17:25.277205 np0000002873 devstack@g-api.service[102122]: DEBUG glance_store.location [None req-d6e31706-95c8-4c57-a4fe-229f5144b0b2 tempest-ServerStableDeviceRescueTest-811315128 tempest-ServerStableDeviceRescueTest-811315128-project-member] Registering scheme swift+https with {'store': , 'location_class': , 'store_entry': 'swift'} {{(pid=102122) register_scheme_map /opt/stack/data/venv/lib/python3.12/site-packages/glance_store/location.py:146}}
Jun 15 17:17:25.277205 np0000002873 devstack@g-api.service[102122]: DEBUG glance_store.location [None req-d6e31706-95c8-4c57-a4fe-229f5144b0b2 tempest-ServerStableDeviceRescueTest-811315128 tempest-ServerStableDeviceRescueTest-811315128-project-member] Registering scheme swift with {'store': , 'location_class': , 'store_entry': 'swift'} {{(pid=102122) register_scheme_map /opt/stack/data/venv/lib/python3.12/site-packages/glance_store/location.py:146}}
Jun 15 17:17:25.277301 np0000002873 devstack@g-api.service[102122]: DEBUG glance_store.location [None req-d6e31706-95c8-4c57-a4fe-229f5144b0b2 tempest-ServerStableDeviceRescueTest-811315128 tempest-ServerStableDeviceRescueTest-811315128-project-member] Registering scheme swift+http with {'store': , 'location_class': , 'store_entry': 'swift'} {{(pid=102122) register_scheme_map /opt/stack/data/venv/lib/python3.12/site-packages/glance_store/location.py:146}}
Jun 15 17:17:25.277301 np0000002873 devstack@g-api.service[102122]: DEBUG glance_store.location [None req-d6e31706-95c8-4c57-a4fe-229f5144b0b2 tempest-ServerStableDeviceRescueTest-811315128 tempest-ServerStableDeviceRescueTest-811315128-project-member] Registering scheme swift+https with {'store': , 'location_class': , 'store_entry': 'swift'} {{(pid=102122) register_scheme_map /opt/stack/data/venv/lib/python3.12/site-packages/glance_store/location.py:146}}
Jun 15 17:17:25.277400 np0000002873 devstack@g-api.service[102122]: DEBUG glance_store.location [None req-d6e31706-95c8-4c57-a4fe-229f5144b0b2 tempest-ServerStableDeviceRescueTest-811315128 tempest-ServerStableDeviceRescueTest-811315128-project-member] Registering scheme swift with {'store': , 'location_class': , 'store_entry': 'swift'} {{(pid=102122) register_scheme_map /opt/stack/data/venv/lib/python3.12/site-packages/glance_store/location.py:146}}
Jun 15 17:17:25.277458 np0000002873 devstack@g-api.service[102122]: DEBUG glance_store.location [None req-d6e31706-95c8-4c57-a4fe-229f5144b0b2 tempest-ServerStableDeviceRescueTest-811315128 tempest-ServerStableDeviceRescueTest-811315128-project-member] Registering scheme swift+http with {'store': , 'location_class': , 'store_entry': 'swift'} {{(pid=102122) register_scheme_map /opt/stack/data/venv/lib/python3.12/site-packages/glance_store/location.py:146}}
