Jun 15 17:10:37.717461 np0000002873 systemd[1]: Starting devstack@n-api-meta.service - Devstack devstack@n-api-meta.service...
Jun 15 17:10:37.723592 np0000002873 devstack@n-api-meta.service[95202]: [uWSGI] getting INI configuration from /etc/nova/nova-metadata-uwsgi.ini
Jun 15 17:10:37.729654 np0000002873 devstack@n-api-meta.service[95202]: *** Starting uWSGI 2.0.24-debian (64bit) on [Mon Jun 15 17:10:37 2026] ***
Jun 15 17:10:37.729654 np0000002873 devstack@n-api-meta.service[95202]: compiled with version: 13.2.0 on 17 April 2024 16:23:48
Jun 15 17:10:37.729654 np0000002873 devstack@n-api-meta.service[95202]: os: Linux-6.8.0-100-generic #100-Ubuntu SMP PREEMPT_DYNAMIC Tue Jan 13 16:40:06 UTC 2026
Jun 15 17:10:37.729654 np0000002873 devstack@n-api-meta.service[95202]: nodename: np0000002873
Jun 15 17:10:37.729654 np0000002873 devstack@n-api-meta.service[95202]: machine: x86_64
Jun 15 17:10:37.729654 np0000002873 devstack@n-api-meta.service[95202]: clock source: unix
Jun 15 17:10:37.729654 np0000002873 devstack@n-api-meta.service[95202]: pcre jit disabled
Jun 15 17:10:37.729654 np0000002873 devstack@n-api-meta.service[95202]: detected number of CPU cores: 12
Jun 15 17:10:37.729654 np0000002873 devstack@n-api-meta.service[95202]: current working directory: /
Jun 15 17:10:37.729654 np0000002873 devstack@n-api-meta.service[95202]: detected binary path: /usr/bin/uwsgi-core
Jun 15 17:10:37.729654 np0000002873 devstack@n-api-meta.service[95202]: your processes number limit is 95969
Jun 15 17:10:37.729654 np0000002873 devstack@n-api-meta.service[95202]: your memory page size is 4096 bytes
Jun 15 17:10:37.729654 np0000002873 devstack@n-api-meta.service[95202]: detected max file descriptor number: 2048
Jun 15 17:10:37.729654 np0000002873 devstack@n-api-meta.service[95202]: lock engine: pthread robust mutexes
Jun 15 17:10:37.730155 np0000002873 devstack@n-api-meta.service[95202]: thunder lock: enabled
Jun 15 17:10:37.730155 np0000002873 devstack@n-api-meta.service[95202]: uWSGI http bound on 0.0.0.0:8775 fd 5
Jun 15 17:10:37.730155 np0000002873 devstack@n-api-meta.service[95202]: uwsgi socket 0 bound to TCP address 127.0.0.1:45707 (port auto-assigned) fd 4
Jun 15 17:10:37.730155 np0000002873 devstack@n-api-meta.service[95202]: Python version: 3.12.3 (main, Mar 23 2026, 19:04:32) [GCC 13.3.0]
Jun 15 17:10:37.730155 np0000002873 devstack@n-api-meta.service[95202]: PEP 405 virtualenv detected: /opt/stack/data/venv
Jun 15 17:10:37.730155 np0000002873 devstack@n-api-meta.service[95202]: Set PythonHome to /opt/stack/data/venv
Jun 15 17:10:37.765165 np0000002873 devstack@n-api-meta.service[95202]: Python main interpreter initialized at 0x760978aa3668
Jun 15 17:10:37.765165 np0000002873 devstack@n-api-meta.service[95202]: python threads support enabled
Jun 15 17:10:37.765165 np0000002873 devstack@n-api-meta.service[95202]: your server socket listen backlog is limited to 100 connections
Jun 15 17:10:37.765165 np0000002873 devstack@n-api-meta.service[95202]: your mercy for graceful operations on workers is 80 seconds
Jun 15 17:10:37.765599 np0000002873 devstack@n-api-meta.service[95202]: mapped 537436 bytes (524 KB) for 3 cores
Jun 15 17:10:37.765714 np0000002873 devstack@n-api-meta.service[95202]: *** Operational MODE: preforking ***
Jun 15 17:10:37.765887 np0000002873 devstack@n-api-meta.service[95202]: *** uWSGI is running in multiple interpreter mode ***
Jun 15 17:10:37.765887 np0000002873 devstack@n-api-meta.service[95202]: spawned uWSGI master process (pid: 95202)
Jun 15 17:10:37.766068 np0000002873 systemd[1]: Started devstack@n-api-meta.service - Devstack devstack@n-api-meta.service.
Jun 15 17:10:37.766744 np0000002873 devstack@n-api-meta.service[95202]: spawned uWSGI worker 1 (pid: 95205, cores: 1)
Jun 15 17:10:37.767123 np0000002873 devstack@n-api-meta.service[95202]: spawned uWSGI worker 2 (pid: 95206, cores: 1)
Jun 15 17:10:37.767571 np0000002873 devstack@n-api-meta.service[95202]: spawned uWSGI worker 3 (pid: 95207, cores: 1)
Jun 15 17:10:37.768222 np0000002873 devstack@n-api-meta.service[95202]: spawned uWSGI http 1 (pid: 95208)
Jun 15 17:10:37.768222 np0000002873 devstack@n-api-meta.service[95202]: running "unix_signal:15 gracefully_kill_them_all" (master-start)...
Jun 15 17:10:39.363579 np0000002873 devstack@n-api-meta.service[95207]: INFO dbcounter [None req-e21c8905-e642-487a-b717-b649e5a6e65b None None] Registered counter for database nova_api
Jun 15 17:10:39.403883 np0000002873 devstack@n-api-meta.service[95207]: DEBUG oslo_db.sqlalchemy.engines [None req-e21c8905-e642-487a-b717-b649e5a6e65b None None] MySQL server mode set to STRICT_TRANS_TABLES,STRICT_ALL_TABLES,NO_ZERO_IN_DATE,NO_ZERO_DATE,ERROR_FOR_DIVISION_BY_ZERO,TRADITIONAL,NO_ENGINE_SUBSTITUTION {{(pid=95207) _check_effective_sql_mode /opt/stack/data/venv/lib/python3.12/site-packages/oslo_db/sqlalchemy/engines.py:325}}
Jun 15 17:10:39.415499 np0000002873 devstack@n-api-meta.service[95205]: INFO dbcounter [None req-b5ae63f9-8378-47fe-b21a-43f9a6a97538 None None] Registered counter for database nova_api
Jun 15 17:10:39.416053 np0000002873 devstack@n-api-meta.service[95206]: INFO dbcounter [None req-496dc023-d904-4ee9-8e14-0dcdea378501 None None] Registered counter for database nova_api
Jun 15 17:10:39.434568 np0000002873 devstack@n-api-meta.service[95207]: DEBUG dbcounter [-] [95207] Writer thread running {{(pid=95207) stat_writer /opt/stack/data/venv/lib/python3.12/site-packages/dbcounter.py:102}}
Jun 15 17:10:39.437475 np0000002873 devstack@n-api-meta.service[95207]: DEBUG nova.context [None req-e21c8905-e642-487a-b717-b649e5a6e65b None None] Found 2 cells: 00000000-0000-0000-0000-000000000000(cell0),4838022e-7bb9-4cfb-9b91-768c4ac31232(cell1) {{(pid=95207) load_cells /opt/stack/nova/nova/context.py:509}}
Jun 15 17:10:39.437707 np0000002873 devstack@n-api-meta.service[95207]: INFO nova.utils [None req-e21c8905-e642-487a-b717-b649e5a6e65b None None] The cell worker thread pool MainProcess.cell_worker is initialized
Jun 15 17:10:39.439472 np0000002873 devstack@n-api-meta.service[95207]: DEBUG oslo_concurrency.lockutils [None req-e21c8905-e642-487a-b717-b649e5a6e65b None None] Acquiring lock "00000000-0000-0000-0000-000000000000" by "nova.context.set_target_cell..get_or_set_cached_cell_and_set_connections" {{(pid=95207) inner /opt/stack/data/venv/lib/python3.12/site-packages/oslo_concurrency/lockutils.py:511}}
Jun 15 17:10:39.439619 np0000002873 devstack@n-api-meta.service[95207]: DEBUG oslo_concurrency.lockutils [None req-e21c8905-e642-487a-b717-b649e5a6e65b None None] Lock "00000000-0000-0000-0000-000000000000" acquired by "nova.context.set_target_cell..get_or_set_cached_cell_and_set_connections" :: waited 0.000s {{(pid=95207) inner /opt/stack/data/venv/lib/python3.12/site-packages/oslo_concurrency/lockutils.py:524}}
Jun 15 17:10:39.440103 np0000002873 devstack@n-api-meta.service[95207]: DEBUG oslo_concurrency.lockutils [None req-e21c8905-e642-487a-b717-b649e5a6e65b None None] Lock "00000000-0000-0000-0000-000000000000" "released" by "nova.context.set_target_cell..get_or_set_cached_cell_and_set_connections" :: held 0.000s {{(pid=95207) inner /opt/stack/data/venv/lib/python3.12/site-packages/oslo_concurrency/lockutils.py:543}}
Jun 15 17:10:39.440654 np0000002873 devstack@n-api-meta.service[95207]: DEBUG oslo_concurrency.lockutils [None req-e21c8905-e642-487a-b717-b649e5a6e65b None None] Acquiring lock "4838022e-7bb9-4cfb-9b91-768c4ac31232" by "nova.context.set_target_cell..get_or_set_cached_cell_and_set_connections" {{(pid=95207) inner /opt/stack/data/venv/lib/python3.12/site-packages/oslo_concurrency/lockutils.py:511}}
Jun 15 17:10:39.441939 np0000002873 devstack@n-api-meta.service[95207]: INFO dbcounter [None req-e21c8905-e642-487a-b717-b649e5a6e65b None None] Registered counter for database nova_cell0
Jun 15 17:10:39.442910 np0000002873 devstack@n-api-meta.service[95207]: DEBUG oslo_concurrency.lockutils [None req-e21c8905-e642-487a-b717-b649e5a6e65b None None] Lock "4838022e-7bb9-4cfb-9b91-768c4ac31232" acquired by "nova.context.set_target_cell..get_or_set_cached_cell_and_set_connections" :: waited 0.001s {{(pid=95207) inner /opt/stack/data/venv/lib/python3.12/site-packages/oslo_concurrency/lockutils.py:524}}
Jun 15 17:10:39.444111 np0000002873 devstack@n-api-meta.service[95207]: DEBUG oslo_concurrency.lockutils [None req-e21c8905-e642-487a-b717-b649e5a6e65b None None] Lock "4838022e-7bb9-4cfb-9b91-768c4ac31232" "released" by "nova.context.set_target_cell..get_or_set_cached_cell_and_set_connections" :: held 0.002s {{(pid=95207) inner /opt/stack/data/venv/lib/python3.12/site-packages/oslo_concurrency/lockutils.py:543}}
Jun 15 17:10:39.448046 np0000002873 devstack@n-api-meta.service[95207]: INFO dbcounter [None req-e21c8905-e642-487a-b717-b649e5a6e65b None None] Registered counter for database nova_cell1
Jun 15 17:10:39.461612 np0000002873 devstack@n-api-meta.service[95205]: DEBUG oslo_db.sqlalchemy.engines [None req-b5ae63f9-8378-47fe-b21a-43f9a6a97538 None None] MySQL server mode set to STRICT_TRANS_TABLES,STRICT_ALL_TABLES,NO_ZERO_IN_DATE,NO_ZERO_DATE,ERROR_FOR_DIVISION_BY_ZERO,TRADITIONAL,NO_ENGINE_SUBSTITUTION {{(pid=95205) _check_effective_sql_mode /opt/stack/data/venv/lib/python3.12/site-packages/oslo_db/sqlalchemy/engines.py:325}}
Jun 15 17:10:39.464927 np0000002873 devstack@n-api-meta.service[95206]: DEBUG oslo_db.sqlalchemy.engines [None req-496dc023-d904-4ee9-8e14-0dcdea378501 None None] MySQL server mode set to STRICT_TRANS_TABLES,STRICT_ALL_TABLES,NO_ZERO_IN_DATE,NO_ZERO_DATE,ERROR_FOR_DIVISION_BY_ZERO,TRADITIONAL,NO_ENGINE_SUBSTITUTION {{(pid=95206) _check_effective_sql_mode /opt/stack/data/venv/lib/python3.12/site-packages/oslo_db/sqlalchemy/engines.py:325}}
Jun 15 17:10:39.492082 np0000002873 devstack@n-api-meta.service[95205]: DEBUG dbcounter [-] [95205] Writer thread running {{(pid=95205) stat_writer /opt/stack/data/venv/lib/python3.12/site-packages/dbcounter.py:102}}
Jun 15 17:10:39.493676 np0000002873 devstack@n-api-meta.service[95207]: DEBUG oslo_db.sqlalchemy.engines [None req-e21c8905-e642-487a-b717-b649e5a6e65b None None] MySQL server mode set to STRICT_TRANS_TABLES,STRICT_ALL_TABLES,NO_ZERO_IN_DATE,NO_ZERO_DATE,ERROR_FOR_DIVISION_BY_ZERO,TRADITIONAL,NO_ENGINE_SUBSTITUTION {{(pid=95207) _check_effective_sql_mode /opt/stack/data/venv/lib/python3.12/site-packages/oslo_db/sqlalchemy/engines.py:325}}
Jun 15 17:10:39.494222 np0000002873 devstack@n-api-meta.service[95205]: DEBUG nova.context [None req-b5ae63f9-8378-47fe-b21a-43f9a6a97538 None None] Found 2 cells: 00000000-0000-0000-0000-000000000000(cell0),4838022e-7bb9-4cfb-9b91-768c4ac31232(cell1) {{(pid=95205) load_cells /opt/stack/nova/nova/context.py:509}}
Jun 15 17:10:39.494616 np0000002873 devstack@n-api-meta.service[95205]: INFO nova.utils [None req-b5ae63f9-8378-47fe-b21a-43f9a6a97538 None None] The cell worker thread pool MainProcess.cell_worker is initialized
Jun 15 17:10:39.496049 np0000002873 devstack@n-api-meta.service[95205]: DEBUG oslo_concurrency.lockutils [None req-b5ae63f9-8378-47fe-b21a-43f9a6a97538 None None] Acquiring lock "00000000-0000-0000-0000-000000000000" by "nova.context.set_target_cell..get_or_set_cached_cell_and_set_connections" {{(pid=95205) inner /opt/stack/data/venv/lib/python3.12/site-packages/oslo_concurrency/lockutils.py:511}}
Jun 15 17:10:39.496225 np0000002873 devstack@n-api-meta.service[95205]: DEBUG oslo_concurrency.lockutils [None req-b5ae63f9-8378-47fe-b21a-43f9a6a97538 None None] Lock "00000000-0000-0000-0000-000000000000" acquired by "nova.context.set_target_cell..get_or_set_cached_cell_and_set_connections" :: waited 0.000s {{(pid=95205) inner /opt/stack/data/venv/lib/python3.12/site-packages/oslo_concurrency/lockutils.py:524}}
Jun 15 17:10:39.496555 np0000002873 devstack@n-api-meta.service[95205]: DEBUG oslo_concurrency.lockutils [None req-b5ae63f9-8378-47fe-b21a-43f9a6a97538 None None] Lock "00000000-0000-0000-0000-000000000000" "released" by "nova.context.set_target_cell..get_or_set_cached_cell_and_set_connections" :: held 0.000s {{(pid=95205) inner /opt/stack/data/venv/lib/python3.12/site-packages/oslo_concurrency/lockutils.py:543}}
Jun 15 17:10:39.497160 np0000002873 devstack@n-api-meta.service[95205]: DEBUG oslo_concurrency.lockutils [None req-b5ae63f9-8378-47fe-b21a-43f9a6a97538 None None] Acquiring lock "4838022e-7bb9-4cfb-9b91-768c4ac31232" by "nova.context.set_target_cell..get_or_set_cached_cell_and_set_connections" {{(pid=95205) inner /opt/stack/data/venv/lib/python3.12/site-packages/oslo_concurrency/lockutils.py:511}}
Jun 15 17:10:39.498767 np0000002873 devstack@n-api-meta.service[95205]: DEBUG oslo_concurrency.lockutils [None req-b5ae63f9-8378-47fe-b21a-43f9a6a97538 None None] Lock "4838022e-7bb9-4cfb-9b91-768c4ac31232" acquired by "nova.context.set_target_cell..get_or_set_cached_cell_and_set_connections" :: waited 0.000s {{(pid=95205) inner /opt/stack/data/venv/lib/python3.12/site-packages/oslo_concurrency/lockutils.py:524}}
Jun 15 17:10:39.498839 np0000002873 devstack@n-api-meta.service[95206]: DEBUG dbcounter [-] [95206] Writer thread running {{(pid=95206) stat_writer /opt/stack/data/venv/lib/python3.12/site-packages/dbcounter.py:102}}
Jun 15 17:10:39.498911 np0000002873 devstack@n-api-meta.service[95205]: DEBUG oslo_concurrency.lockutils [None req-b5ae63f9-8378-47fe-b21a-43f9a6a97538 None None] Lock "4838022e-7bb9-4cfb-9b91-768c4ac31232" "released" by "nova.context.set_target_cell..get_or_set_cached_cell_and_set_connections" :: held 0.001s {{(pid=95205) inner /opt/stack/data/venv/lib/python3.12/site-packages/oslo_concurrency/lockutils.py:543}}
Jun 15 17:10:39.499834 np0000002873 devstack@n-api-meta.service[95205]: INFO dbcounter [None req-b5ae63f9-8378-47fe-b21a-43f9a6a97538 None None] Registered counter for database nova_cell0
Jun 15 17:10:39.500260 np0000002873 devstack@n-api-meta.service[95206]: DEBUG nova.context [None req-496dc023-d904-4ee9-8e14-0dcdea378501 None None] Found 2 cells: 00000000-0000-0000-0000-000000000000(cell0),4838022e-7bb9-4cfb-9b91-768c4ac31232(cell1) {{(pid=95206) load_cells /opt/stack/nova/nova/context.py:509}}
Jun 15 17:10:39.500524 np0000002873 devstack@n-api-meta.service[95206]: INFO nova.utils [None req-496dc023-d904-4ee9-8e14-0dcdea378501 None None] The cell worker thread pool MainProcess.cell_worker is initialized
Jun 15 17:10:39.502266 np0000002873 devstack@n-api-meta.service[95206]: DEBUG oslo_concurrency.lockutils [None req-496dc023-d904-4ee9-8e14-0dcdea378501 None None] Acquiring lock "00000000-0000-0000-0000-000000000000" by "nova.context.set_target_cell..get_or_set_cached_cell_and_set_connections" {{(pid=95206) inner /opt/stack/data/venv/lib/python3.12/site-packages/oslo_concurrency/lockutils.py:511}}
Jun 15 17:10:39.502435 np0000002873 devstack@n-api-meta.service[95206]: DEBUG oslo_concurrency.lockutils [None req-496dc023-d904-4ee9-8e14-0dcdea378501 None None] Lock "00000000-0000-0000-0000-000000000000" acquired by "nova.context.set_target_cell..get_or_set_cached_cell_and_set_connections" :: waited 0.000s {{(pid=95206) inner /opt/stack/data/venv/lib/python3.12/site-packages/oslo_concurrency/lockutils.py:524}}
Jun 15 17:10:39.502847 np0000002873 devstack@n-api-meta.service[95206]: DEBUG oslo_concurrency.lockutils [None req-496dc023-d904-4ee9-8e14-0dcdea378501 None None] Lock "00000000-0000-0000-0000-000000000000" "released" by "nova.context.set_target_cell..get_or_set_cached_cell_and_set_connections" :: held 0.000s {{(pid=95206) inner /opt/stack/data/venv/lib/python3.12/site-packages/oslo_concurrency/lockutils.py:543}}
Jun 15 17:10:39.502971 np0000002873 devstack@n-api-meta.service[95205]: INFO dbcounter [None req-b5ae63f9-8378-47fe-b21a-43f9a6a97538 None None] Registered counter for database nova_cell1
Jun 15 17:10:39.503527 np0000002873 devstack@n-api-meta.service[95206]: DEBUG oslo_concurrency.lockutils [None req-496dc023-d904-4ee9-8e14-0dcdea378501 None None] Acquiring lock "4838022e-7bb9-4cfb-9b91-768c4ac31232" by "nova.context.set_target_cell..get_or_set_cached_cell_and_set_connections" {{(pid=95206) inner /opt/stack/data/venv/lib/python3.12/site-packages/oslo_concurrency/lockutils.py:511}}
Jun 15 17:10:39.503673 np0000002873 devstack@n-api-meta.service[95206]: DEBUG oslo_concurrency.lockutils [None req-496dc023-d904-4ee9-8e14-0dcdea378501 None None] Lock "4838022e-7bb9-4cfb-9b91-768c4ac31232" acquired by "nova.context.set_target_cell..get_or_set_cached_cell_and_set_connections" :: waited 0.000s {{(pid=95206) inner /opt/stack/data/venv/lib/python3.12/site-packages/oslo_concurrency/lockutils.py:524}}
Jun 15 17:10:39.504546 np0000002873 devstack@n-api-meta.service[95206]: DEBUG oslo_concurrency.lockutils [None req-496dc023-d904-4ee9-8e14-0dcdea378501 None None] Lock "4838022e-7bb9-4cfb-9b91-768c4ac31232" "released" by "nova.context.set_target_cell..get_or_set_cached_cell_and_set_connections" :: held 0.001s {{(pid=95206) inner /opt/stack/data/venv/lib/python3.12/site-packages/oslo_concurrency/lockutils.py:543}}
Jun 15 17:10:39.505974 np0000002873 devstack@n-api-meta.service[95206]: INFO dbcounter [None req-496dc023-d904-4ee9-8e14-0dcdea378501 None None] Registered counter for database nova_cell0
Jun 15 17:10:39.509055 np0000002873 devstack@n-api-meta.service[95206]: INFO dbcounter [None req-496dc023-d904-4ee9-8e14-0dcdea378501 None None] Registered counter for database nova_cell1
Jun 15 17:10:39.546040 np0000002873 devstack@n-api-meta.service[95206]: DEBUG oslo_db.sqlalchemy.engines [None req-496dc023-d904-4ee9-8e14-0dcdea378501 None None] MySQL server mode set to STRICT_TRANS_TABLES,STRICT_ALL_TABLES,NO_ZERO_IN_DATE,NO_ZERO_DATE,ERROR_FOR_DIVISION_BY_ZERO,TRADITIONAL,NO_ENGINE_SUBSTITUTION {{(pid=95206) _check_effective_sql_mode /opt/stack/data/venv/lib/python3.12/site-packages/oslo_db/sqlalchemy/engines.py:325}}
Jun 15 17:10:39.553922 np0000002873 devstack@n-api-meta.service[95205]: DEBUG oslo_db.sqlalchemy.engines [None req-b5ae63f9-8378-47fe-b21a-43f9a6a97538 None None] MySQL server mode set to STRICT_TRANS_TABLES,STRICT_ALL_TABLES,NO_ZERO_IN_DATE,NO_ZERO_DATE,ERROR_FOR_DIVISION_BY_ZERO,TRADITIONAL,NO_ENGINE_SUBSTITUTION {{(pid=95205) _check_effective_sql_mode /opt/stack/data/venv/lib/python3.12/site-packages/oslo_db/sqlalchemy/engines.py:325}}
Jun 15 17:10:39.562633 np0000002873 devstack@n-api-meta.service[95207]: DEBUG oslo_db.sqlalchemy.engines [None req-e21c8905-e642-487a-b717-b649e5a6e65b None None] MySQL server mode set to STRICT_TRANS_TABLES,STRICT_ALL_TABLES,NO_ZERO_IN_DATE,NO_ZERO_DATE,ERROR_FOR_DIVISION_BY_ZERO,TRADITIONAL,NO_ENGINE_SUBSTITUTION {{(pid=95207) _check_effective_sql_mode /opt/stack/data/venv/lib/python3.12/site-packages/oslo_db/sqlalchemy/engines.py:325}}
Jun 15 17:10:39.598059 np0000002873 devstack@n-api-meta.service[95207]: DEBUG dbcounter [-] [95207] Writer thread running {{(pid=95207) stat_writer /opt/stack/data/venv/lib/python3.12/site-packages/dbcounter.py:102}}
Jun 15 17:10:39.599801 np0000002873 devstack@n-api-meta.service[95207]: DEBUG dbcounter [-] [95207] Writer thread running {{(pid=95207) stat_writer /opt/stack/data/venv/lib/python3.12/site-packages/dbcounter.py:102}}
Jun 15 17:10:39.603069 np0000002873 devstack@n-api-meta.service[95207]: INFO dbcounter [None req-e21c8905-e642-487a-b717-b649e5a6e65b None None] Registered counter for database nova_cell0
Jun 15 17:10:39.634633 np0000002873 devstack@n-api-meta.service[95205]: DEBUG dbcounter [-] [95205] Writer thread running {{(pid=95205) stat_writer /opt/stack/data/venv/lib/python3.12/site-packages/dbcounter.py:102}}
Jun 15 17:10:39.638551 np0000002873 devstack@n-api-meta.service[95205]: DEBUG oslo_db.sqlalchemy.engines [None req-b5ae63f9-8378-47fe-b21a-43f9a6a97538 None None] MySQL server mode set to STRICT_TRANS_TABLES,STRICT_ALL_TABLES,NO_ZERO_IN_DATE,NO_ZERO_DATE,ERROR_FOR_DIVISION_BY_ZERO,TRADITIONAL,NO_ENGINE_SUBSTITUTION {{(pid=95205) _check_effective_sql_mode /opt/stack/data/venv/lib/python3.12/site-packages/oslo_db/sqlalchemy/engines.py:325}}
Jun 15 17:10:39.640071 np0000002873 devstack@n-api-meta.service[95207]: DEBUG oslo_db.sqlalchemy.engines [None req-e21c8905-e642-487a-b717-b649e5a6e65b None None] MySQL server mode set to STRICT_TRANS_TABLES,STRICT_ALL_TABLES,NO_ZERO_IN_DATE,NO_ZERO_DATE,ERROR_FOR_DIVISION_BY_ZERO,TRADITIONAL,NO_ENGINE_SUBSTITUTION {{(pid=95207) _check_effective_sql_mode /opt/stack/data/venv/lib/python3.12/site-packages/oslo_db/sqlalchemy/engines.py:325}}
Jun 15 17:10:39.640781 np0000002873 devstack@n-api-meta.service[95206]: DEBUG dbcounter [-] [95206] Writer thread running {{(pid=95206) stat_writer /opt/stack/data/venv/lib/python3.12/site-packages/dbcounter.py:102}}
Jun 15 17:10:39.644979 np0000002873 devstack@n-api-meta.service[95205]: DEBUG dbcounter [-] [95205] Writer thread running {{(pid=95205) stat_writer /opt/stack/data/venv/lib/python3.12/site-packages/dbcounter.py:102}}
Jun 15 17:10:39.646824 np0000002873 devstack@n-api-meta.service[95206]: DEBUG oslo_db.sqlalchemy.engines [None req-496dc023-d904-4ee9-8e14-0dcdea378501 None None] MySQL server mode set to STRICT_TRANS_TABLES,STRICT_ALL_TABLES,NO_ZERO_IN_DATE,NO_ZERO_DATE,ERROR_FOR_DIVISION_BY_ZERO,TRADITIONAL,NO_ENGINE_SUBSTITUTION {{(pid=95206) _check_effective_sql_mode /opt/stack/data/venv/lib/python3.12/site-packages/oslo_db/sqlalchemy/engines.py:325}}
Jun 15 17:10:39.647098 np0000002873 devstack@n-api-meta.service[95207]: DEBUG dbcounter [-] [95207] Writer thread running {{(pid=95207) stat_writer /opt/stack/data/venv/lib/python3.12/site-packages/dbcounter.py:102}}
Jun 15 17:10:39.649741 np0000002873 devstack@n-api-meta.service[95205]: INFO dbcounter [None req-b5ae63f9-8378-47fe-b21a-43f9a6a97538 None None] Registered counter for database nova_cell0
Jun 15 17:10:39.656282 np0000002873 devstack@n-api-meta.service[95206]: DEBUG dbcounter [-] [95206] Writer thread running {{(pid=95206) stat_writer /opt/stack/data/venv/lib/python3.12/site-packages/dbcounter.py:102}}
Jun 15 17:10:39.660397 np0000002873 devstack@n-api-meta.service[95206]: INFO dbcounter [None req-496dc023-d904-4ee9-8e14-0dcdea378501 None None] Registered counter for database nova_cell0
Jun 15 17:10:39.680686 np0000002873 devstack@n-api-meta.service[95205]: DEBUG oslo_db.sqlalchemy.engines [None req-b5ae63f9-8378-47fe-b21a-43f9a6a97538 None None] MySQL server mode set to STRICT_TRANS_TABLES,STRICT_ALL_TABLES,NO_ZERO_IN_DATE,NO_ZERO_DATE,ERROR_FOR_DIVISION_BY_ZERO,TRADITIONAL,NO_ENGINE_SUBSTITUTION {{(pid=95205) _check_effective_sql_mode /opt/stack/data/venv/lib/python3.12/site-packages/oslo_db/sqlalchemy/engines.py:325}}
Jun 15 17:10:39.684868 np0000002873 devstack@n-api-meta.service[95207]: WARNING nova.api.metadata.handler [None req-e21c8905-e642-487a-b717-b649e5a6e65b None None] metadata_proxy_shared_secret is not configured, the metadata information returned by the proxy cannot be trusted
Jun 15 17:10:39.686208 np0000002873 devstack@n-api-meta.service[95205]: DEBUG dbcounter [-] [95205] Writer thread running {{(pid=95205) stat_writer /opt/stack/data/venv/lib/python3.12/site-packages/dbcounter.py:102}}
Jun 15 17:10:39.687930 np0000002873 devstack@n-api-meta.service[95207]: DEBUG nova.api.openstack.wsgi_app [None req-e21c8905-e642-487a-b717-b649e5a6e65b None None] ******************************************************************************** {{(pid=95207) log_opt_values /opt/stack/data/venv/lib/python3.12/site-packages/oslo_config/cfg.py:3226}}
Jun 15 17:10:39.687930 np0000002873 devstack@n-api-meta.service[95207]: DEBUG nova.api.openstack.wsgi_app [None req-e21c8905-e642-487a-b717-b649e5a6e65b None None] Configuration options gathered from: {{(pid=95207) log_opt_values /opt/stack/data/venv/lib/python3.12/site-packages/oslo_config/cfg.py:3227}}
Jun 15 17:10:39.687930 np0000002873 devstack@n-api-meta.service[95207]: DEBUG nova.api.openstack.wsgi_app [None req-e21c8905-e642-487a-b717-b649e5a6e65b None None] command line args: [] {{(pid=95207) log_opt_values /opt/stack/data/venv/lib/python3.12/site-packages/oslo_config/cfg.py:3228}}
Jun 15 17:10:39.687930 np0000002873 devstack@n-api-meta.service[95207]: DEBUG nova.api.openstack.wsgi_app [None req-e21c8905-e642-487a-b717-b649e5a6e65b None None] config files: ['/etc/nova/api-paste.ini', '/etc/nova/nova.conf'] {{(pid=95207) log_opt_values /opt/stack/data/venv/lib/python3.12/site-packages/oslo_config/cfg.py:3229}}
Jun 15 17:10:39.687930 np0000002873 devstack@n-api-meta.service[95207]: DEBUG nova.api.openstack.wsgi_app [None req-e21c8905-e642-487a-b717-b649e5a6e65b None None] ================================================================================ {{(pid=95207) log_opt_values /opt/stack/data/venv/lib/python3.12/site-packages/oslo_config/cfg.py:3234}}
Jun 15 17:10:39.687930 np0000002873 devstack@n-api-meta.service[95207]: DEBUG nova.api.openstack.wsgi_app [None req-e21c8905-e642-487a-b717-b649e5a6e65b None None] allow_resize_to_same_host = True {{(pid=95207) log_opt_values /opt/stack/data/venv/lib/python3.12/site-packages/oslo_config/cfg.py:3242}}
Jun 15 17:10:39.687930 np0000002873 devstack@n-api-meta.service[95207]: DEBUG nova.api.openstack.wsgi_app [None req-e21c8905-e642-487a-b717-b649e5a6e65b None None] arq_binding_timeout = 300 {{(pid=95207) log_opt_values /opt/stack/data/venv/lib/python3.12/site-packages/oslo_config/cfg.py:3242}}
Jun 15 17:10:39.688209 np0000002873 devstack@n-api-meta.service[95207]: DEBUG nova.api.openstack.wsgi_app [None req-e21c8905-e642-487a-b717-b649e5a6e65b None None] block_device_allocate_retries = 60 {{(pid=95207) log_opt_values /opt/stack/data/venv/lib/python3.12/site-packages/oslo_config/cfg.py:3242}}
Jun 15 17:10:39.688209 np0000002873 devstack@n-api-meta.service[95207]: DEBUG nova.api.openstack.wsgi_app [None req-e21c8905-e642-487a-b717-b649e5a6e65b None None] block_device_allocate_retries_interval = 3 {{(pid=95207) log_opt_values /opt/stack/data/venv/lib/python3.12/site-packages/oslo_config/cfg.py:3242}}
Jun 15 17:10:39.688209 np0000002873 devstack@n-api-meta.service[95207]: DEBUG nova.api.openstack.wsgi_app [None req-e21c8905-e642-487a-b717-b649e5a6e65b None None] cell_worker_thread_pool_size = 5 {{(pid=95207) log_opt_values /opt/stack/data/venv/lib/python3.12/site-packages/oslo_config/cfg.py:3242}}
Jun 15 17:10:39.688348 np0000002873 devstack@n-api-meta.service[95207]: DEBUG nova.api.openstack.wsgi_app [None req-e21c8905-e642-487a-b717-b649e5a6e65b None None] cert = self.pem {{(pid=95207) log_opt_values /opt/stack/data/venv/lib/python3.12/site-packages/oslo_config/cfg.py:3242}}
Jun 15 17:10:39.688470 np0000002873 devstack@n-api-meta.service[95207]: DEBUG nova.api.openstack.wsgi_app [None req-e21c8905-e642-487a-b717-b649e5a6e65b None None] compute_driver = libvirt.LibvirtDriver {{(pid=95207) log_opt_values /opt/stack/data/venv/lib/python3.12/site-packages/oslo_config/cfg.py:3242}}
Jun 15 17:10:39.688589 np0000002873 devstack@n-api-meta.service[95207]: DEBUG nova.api.openstack.wsgi_app [None req-e21c8905-e642-487a-b717-b649e5a6e65b None None] compute_monitors = [] {{(pid=95207) log_opt_values /opt/stack/data/venv/lib/python3.12/site-packages/oslo_config/cfg.py:3242}}
Jun 15 17:10:39.688700 np0000002873 devstack@n-api-meta.service[95207]: DEBUG nova.api.openstack.wsgi_app [None req-e21c8905-e642-487a-b717-b649e5a6e65b None None] config_dir = [] {{(pid=95207) log_opt_values /opt/stack/data/venv/lib/python3.12/site-packages/oslo_config/cfg.py:3242}}
Jun 15 17:10:39.688847 np0000002873 devstack@n-api-meta.service[95207]: DEBUG nova.api.openstack.wsgi_app [None req-e21c8905-e642-487a-b717-b649e5a6e65b None None] config_drive_format = iso9660 {{(pid=95207) log_opt_values /opt/stack/data/venv/lib/python3.12/site-packages/oslo_config/cfg.py:3242}}
Jun 15 17:10:39.688944 np0000002873 devstack@n-api-meta.service[95207]: DEBUG nova.api.openstack.wsgi_app [None req-e21c8905-e642-487a-b717-b649e5a6e65b None None] config_file = ['/etc/nova/api-paste.ini', '/etc/nova/nova.conf'] {{(pid=95207) log_opt_values /opt/stack/data/venv/lib/python3.12/site-packages/oslo_config/cfg.py:3242}}
Jun 15 17:10:39.689108 np0000002873 devstack@n-api-meta.service[95207]: DEBUG nova.api.openstack.wsgi_app [None req-e21c8905-e642-487a-b717-b649e5a6e65b None None] config_source = [] {{(pid=95207) log_opt_values /opt/stack/data/venv/lib/python3.12/site-packages/oslo_config/cfg.py:3242}}
Jun 15 17:10:39.689249 np0000002873 devstack@n-api-meta.service[95207]: DEBUG nova.api.openstack.wsgi_app [None req-e21c8905-e642-487a-b717-b649e5a6e65b None None] console_host = np0000002873 {{(pid=95207) log_opt_values /opt/stack/data/venv/lib/python3.12/site-packages/oslo_config/cfg.py:3242}}
Jun 15 17:10:39.690560 np0000002873 devstack@n-api-meta.service[95207]: DEBUG nova.api.openstack.wsgi_app [None req-e21c8905-e642-487a-b717-b649e5a6e65b None None] control_exchange = nova {{(pid=95207) log_opt_values /opt/stack/data/venv/lib/python3.12/site-packages/oslo_config/cfg.py:3242}}
Jun 15 17:10:39.690560 np0000002873 devstack@n-api-meta.service[95207]: DEBUG nova.api.openstack.wsgi_app [None req-e21c8905-e642-487a-b717-b649e5a6e65b None None] cpu_allocation_ratio = None {{(pid=95207) log_opt_values /opt/stack/data/venv/lib/python3.12/site-packages/oslo_config/cfg.py:3242}}
Jun 15 17:10:39.690560 np0000002873 devstack@n-api-meta.service[95207]: DEBUG nova.api.openstack.wsgi_app [None req-e21c8905-e642-487a-b717-b649e5a6e65b None None] daemon = False {{(pid=95207) log_opt_values /opt/stack/data/venv/lib/python3.12/site-packages/oslo_config/cfg.py:3242}}
Jun 15 17:10:39.690560 np0000002873 devstack@n-api-meta.service[95207]: DEBUG nova.api.openstack.wsgi_app [None req-e21c8905-e642-487a-b717-b649e5a6e65b None None] debug = True {{(pid=95207) log_opt_values /opt/stack/data/venv/lib/python3.12/site-packages/oslo_config/cfg.py:3242}}
Jun 15 17:10:39.690560 np0000002873 devstack@n-api-meta.service[95207]: DEBUG nova.api.openstack.wsgi_app [None req-e21c8905-e642-487a-b717-b649e5a6e65b None None] default_access_ip_network_name = None {{(pid=95207) log_opt_values /opt/stack/data/venv/lib/python3.12/site-packages/oslo_config/cfg.py:3242}}
Jun 15 17:10:39.690560 np0000002873 devstack@n-api-meta.service[95207]: DEBUG nova.api.openstack.wsgi_app [None req-e21c8905-e642-487a-b717-b649e5a6e65b None None] default_availability_zone = nova {{(pid=95207) log_opt_values /opt/stack/data/venv/lib/python3.12/site-packages/oslo_config/cfg.py:3242}}
Jun 15 17:10:39.690560 np0000002873 devstack@n-api-meta.service[95207]: DEBUG nova.api.openstack.wsgi_app [None req-e21c8905-e642-487a-b717-b649e5a6e65b None None] default_ephemeral_format = ext4 {{(pid=95207) log_opt_values /opt/stack/data/venv/lib/python3.12/site-packages/oslo_config/cfg.py:3242}}
Jun 15 17:10:39.690829 np0000002873 devstack@n-api-meta.service[95207]: DEBUG nova.api.openstack.wsgi_app [None req-e21c8905-e642-487a-b717-b649e5a6e65b None None] default_green_pool_size = 1000 {{(pid=95207) log_opt_values /opt/stack/data/venv/lib/python3.12/site-packages/oslo_config/cfg.py:3242}}
Jun 15 17:10:39.690829 np0000002873 devstack@n-api-meta.service[95207]: DEBUG nova.api.openstack.wsgi_app [None req-e21c8905-e642-487a-b717-b649e5a6e65b None None] default_log_levels = ['amqp=WARN', 'boto=WARN', 'sqlalchemy=WARN', 'suds=INFO', 'oslo.messaging=INFO', 'oslo_messaging=INFO', 'iso8601=WARN', 'requests.packages.urllib3.connectionpool=WARN', 'urllib3.connectionpool=WARN', 'websocket=WARN', 'requests.packages.urllib3.util.retry=WARN', 'urllib3.util.retry=WARN', 'keystonemiddleware=WARN', 'routes.middleware=WARN', 'stevedore=WARN', 'taskflow=WARN', 'keystoneauth=WARN', 'oslo.cache=INFO', 'oslo_policy=INFO', 'dogpile.core.dogpile=INFO', 'glanceclient=WARN', 'oslo.privsep.daemon=INFO'] {{(pid=95207) log_opt_values /opt/stack/data/venv/lib/python3.12/site-packages/oslo_config/cfg.py:3242}}
Jun 15 17:10:39.690829 np0000002873 devstack@n-api-meta.service[95207]: DEBUG nova.api.openstack.wsgi_app [None req-e21c8905-e642-487a-b717-b649e5a6e65b None None] default_schedule_zone = None {{(pid=95207) log_opt_values /opt/stack/data/venv/lib/python3.12/site-packages/oslo_config/cfg.py:3242}}
Jun 15 17:10:39.690829 np0000002873 devstack@n-api-meta.service[95207]: DEBUG nova.api.openstack.wsgi_app [None req-e21c8905-e642-487a-b717-b649e5a6e65b None None] default_thread_pool_size = 10 {{(pid=95207) log_opt_values /opt/stack/data/venv/lib/python3.12/site-packages/oslo_config/cfg.py:3242}}
Jun 15 17:10:39.690829 np0000002873 devstack@n-api-meta.service[95207]: DEBUG nova.api.openstack.wsgi_app [None req-e21c8905-e642-487a-b717-b649e5a6e65b None None] disk_allocation_ratio = None {{(pid=95207) log_opt_values /opt/stack/data/venv/lib/python3.12/site-packages/oslo_config/cfg.py:3242}}
Jun 15 17:10:39.691052 np0000002873 devstack@n-api-meta.service[95207]: DEBUG nova.api.openstack.wsgi_app [None req-e21c8905-e642-487a-b717-b649e5a6e65b None None] enable_new_services = True {{(pid=95207) log_opt_values /opt/stack/data/venv/lib/python3.12/site-packages/oslo_config/cfg.py:3242}}
Jun 15 17:10:39.691052 np0000002873 devstack@n-api-meta.service[95207]: DEBUG nova.api.openstack.wsgi_app [None req-e21c8905-e642-487a-b717-b649e5a6e65b None None] flat_injected = False {{(pid=95207) log_opt_values /opt/stack/data/venv/lib/python3.12/site-packages/oslo_config/cfg.py:3242}}
Jun 15 17:10:39.691052 np0000002873 devstack@n-api-meta.service[95207]: DEBUG nova.api.openstack.wsgi_app [None req-e21c8905-e642-487a-b717-b649e5a6e65b None None] force_config_drive = True {{(pid=95207) log_opt_values /opt/stack/data/venv/lib/python3.12/site-packages/oslo_config/cfg.py:3242}}
Jun 15 17:10:39.691214 np0000002873 devstack@n-api-meta.service[95207]: DEBUG nova.api.openstack.wsgi_app [None req-e21c8905-e642-487a-b717-b649e5a6e65b None None] force_raw_images = True {{(pid=95207) log_opt_values /opt/stack/data/venv/lib/python3.12/site-packages/oslo_config/cfg.py:3242}}
Jun 15 17:10:39.691302 np0000002873 devstack@n-api-meta.service[95207]: DEBUG nova.api.openstack.wsgi_app [None req-e21c8905-e642-487a-b717-b649e5a6e65b None None] graceful_shutdown_timeout = 5 {{(pid=95207) log_opt_values /opt/stack/data/venv/lib/python3.12/site-packages/oslo_config/cfg.py:3242}}
Jun 15 17:10:39.691414 np0000002873 devstack@n-api-meta.service[95207]: DEBUG nova.api.openstack.wsgi_app [None req-e21c8905-e642-487a-b717-b649e5a6e65b None None] heal_instance_info_cache_interval = -1 {{(pid=95207) log_opt_values /opt/stack/data/venv/lib/python3.12/site-packages/oslo_config/cfg.py:3242}}
Jun 15 17:10:39.691595 np0000002873 devstack@n-api-meta.service[95207]: DEBUG nova.api.openstack.wsgi_app [None req-e21c8905-e642-487a-b717-b649e5a6e65b None None] host = np0000002873 {{(pid=95207) log_opt_values /opt/stack/data/venv/lib/python3.12/site-packages/oslo_config/cfg.py:3242}}
Jun 15 17:10:39.691711 np0000002873 devstack@n-api-meta.service[95207]: DEBUG nova.api.openstack.wsgi_app [None req-e21c8905-e642-487a-b717-b649e5a6e65b None None] initial_cpu_allocation_ratio = 4.0 {{(pid=95207) log_opt_values /opt/stack/data/venv/lib/python3.12/site-packages/oslo_config/cfg.py:3242}}
Jun 15 17:10:39.691827 np0000002873 devstack@n-api-meta.service[95207]: DEBUG nova.api.openstack.wsgi_app [None req-e21c8905-e642-487a-b717-b649e5a6e65b None None] initial_disk_allocation_ratio = 1.0 {{(pid=95207) log_opt_values /opt/stack/data/venv/lib/python3.12/site-packages/oslo_config/cfg.py:3242}}
Jun 15 17:10:39.691956 np0000002873 devstack@n-api-meta.service[95207]: DEBUG nova.api.openstack.wsgi_app [None req-e21c8905-e642-487a-b717-b649e5a6e65b None None] initial_ram_allocation_ratio = 1.0 {{(pid=95207) log_opt_values /opt/stack/data/venv/lib/python3.12/site-packages/oslo_config/cfg.py:3242}}
Jun 15 17:10:39.692157 np0000002873 devstack@n-api-meta.service[95207]: DEBUG nova.api.openstack.wsgi_app [None req-e21c8905-e642-487a-b717-b649e5a6e65b None None] injected_network_template = /opt/stack/nova/nova/virt/interfaces.template {{(pid=95207) log_opt_values /opt/stack/data/venv/lib/python3.12/site-packages/oslo_config/cfg.py:3242}}
Jun 15 17:10:39.692270 np0000002873 devstack@n-api-meta.service[95207]: DEBUG nova.api.openstack.wsgi_app [None req-e21c8905-e642-487a-b717-b649e5a6e65b None None] instance_build_timeout = 0 {{(pid=95207) log_opt_values /opt/stack/data/venv/lib/python3.12/site-packages/oslo_config/cfg.py:3242}}
Jun 15 17:10:39.692387 np0000002873 devstack@n-api-meta.service[95207]: DEBUG nova.api.openstack.wsgi_app [None req-e21c8905-e642-487a-b717-b649e5a6e65b None None] instance_delete_interval = 300 {{(pid=95207) log_opt_values /opt/stack/data/venv/lib/python3.12/site-packages/oslo_config/cfg.py:3242}}
Jun 15 17:10:39.692503 np0000002873 devstack@n-api-meta.service[95207]: DEBUG nova.api.openstack.wsgi_app [None req-e21c8905-e642-487a-b717-b649e5a6e65b None None] instance_format = [instance: %(uuid)s] {{(pid=95207) log_opt_values /opt/stack/data/venv/lib/python3.12/site-packages/oslo_config/cfg.py:3242}}
Jun 15 17:10:39.692620 np0000002873 devstack@n-api-meta.service[95207]: DEBUG nova.api.openstack.wsgi_app [None req-e21c8905-e642-487a-b717-b649e5a6e65b None None] instance_name_template = instance-%08x {{(pid=95207) log_opt_values /opt/stack/data/venv/lib/python3.12/site-packages/oslo_config/cfg.py:3242}}
Jun 15 17:10:39.692731 np0000002873 devstack@n-api-meta.service[95207]: DEBUG nova.api.openstack.wsgi_app [None req-e21c8905-e642-487a-b717-b649e5a6e65b None None] instance_usage_audit = False {{(pid=95207) log_opt_values /opt/stack/data/venv/lib/python3.12/site-packages/oslo_config/cfg.py:3242}}
Jun 15 17:10:39.692851 np0000002873 devstack@n-api-meta.service[95207]: DEBUG nova.api.openstack.wsgi_app [None req-e21c8905-e642-487a-b717-b649e5a6e65b None None] instance_usage_audit_period = month {{(pid=95207) log_opt_values /opt/stack/data/venv/lib/python3.12/site-packages/oslo_config/cfg.py:3242}}
Jun 15 17:10:39.692987 np0000002873 devstack@n-api-meta.service[95207]: DEBUG nova.api.openstack.wsgi_app [None req-e21c8905-e642-487a-b717-b649e5a6e65b None None] instance_uuid_format = [instance: %(uuid)s] {{(pid=95207) log_opt_values /opt/stack/data/venv/lib/python3.12/site-packages/oslo_config/cfg.py:3242}}
Jun 15 17:10:39.693136 np0000002873 devstack@n-api-meta.service[95207]: DEBUG nova.api.openstack.wsgi_app [None req-e21c8905-e642-487a-b717-b649e5a6e65b None None] instances_path = /opt/stack/data/nova/instances {{(pid=95207) log_opt_values /opt/stack/data/venv/lib/python3.12/site-packages/oslo_config/cfg.py:3242}}
Jun 15 17:10:39.693268 np0000002873 devstack@n-api-meta.service[95207]: DEBUG nova.api.openstack.wsgi_app [None req-e21c8905-e642-487a-b717-b649e5a6e65b None None] internal_service_availability_zone = internal {{(pid=95207) log_opt_values /opt/stack/data/venv/lib/python3.12/site-packages/oslo_config/cfg.py:3242}}
Jun 15 17:10:39.693380 np0000002873 devstack@n-api-meta.service[95207]: DEBUG nova.api.openstack.wsgi_app [None req-e21c8905-e642-487a-b717-b649e5a6e65b None None] key = None {{(pid=95207) log_opt_values /opt/stack/data/venv/lib/python3.12/site-packages/oslo_config/cfg.py:3242}}
Jun 15 17:10:39.693490 np0000002873 devstack@n-api-meta.service[95207]: DEBUG nova.api.openstack.wsgi_app [None req-e21c8905-e642-487a-b717-b649e5a6e65b None None] live_migration_retry_count = 30 {{(pid=95207) log_opt_values /opt/stack/data/venv/lib/python3.12/site-packages/oslo_config/cfg.py:3242}}
Jun 15 17:10:39.693606 np0000002873 devstack@n-api-meta.service[95207]: DEBUG nova.api.openstack.wsgi_app [None req-e21c8905-e642-487a-b717-b649e5a6e65b None None] log_color = False {{(pid=95207) log_opt_values /opt/stack/data/venv/lib/python3.12/site-packages/oslo_config/cfg.py:3242}}
Jun 15 17:10:39.693722 np0000002873 devstack@n-api-meta.service[95207]: DEBUG nova.api.openstack.wsgi_app [None req-e21c8905-e642-487a-b717-b649e5a6e65b None None] log_config_append = None {{(pid=95207) log_opt_values /opt/stack/data/venv/lib/python3.12/site-packages/oslo_config/cfg.py:3242}}
Jun 15 17:10:39.693839 np0000002873 devstack@n-api-meta.service[95207]: DEBUG nova.api.openstack.wsgi_app [None req-e21c8905-e642-487a-b717-b649e5a6e65b None None] log_date_format = %Y-%m-%d %H:%M:%S {{(pid=95207) log_opt_values /opt/stack/data/venv/lib/python3.12/site-packages/oslo_config/cfg.py:3242}}
Jun 15 17:10:39.693968 np0000002873 devstack@n-api-meta.service[95207]: DEBUG nova.api.openstack.wsgi_app [None req-e21c8905-e642-487a-b717-b649e5a6e65b None None] log_dir = None {{(pid=95207) log_opt_values /opt/stack/data/venv/lib/python3.12/site-packages/oslo_config/cfg.py:3242}}
Jun 15 17:10:39.694110 np0000002873 devstack@n-api-meta.service[95207]: DEBUG nova.api.openstack.wsgi_app [None req-e21c8905-e642-487a-b717-b649e5a6e65b None None] log_file = None {{(pid=95207) log_opt_values /opt/stack/data/venv/lib/python3.12/site-packages/oslo_config/cfg.py:3242}}
Jun 15 17:10:39.694216 np0000002873 devstack@n-api-meta.service[95207]: DEBUG nova.api.openstack.wsgi_app [None req-e21c8905-e642-487a-b717-b649e5a6e65b None None] log_options = True {{(pid=95207) log_opt_values /opt/stack/data/venv/lib/python3.12/site-packages/oslo_config/cfg.py:3242}}
Jun 15 17:10:39.694328 np0000002873 devstack@n-api-meta.service[95207]: DEBUG nova.api.openstack.wsgi_app [None req-e21c8905-e642-487a-b717-b649e5a6e65b None None] log_rotate_interval = 1 {{(pid=95207) log_opt_values /opt/stack/data/venv/lib/python3.12/site-packages/oslo_config/cfg.py:3242}}
Jun 15 17:10:39.694448 np0000002873 devstack@n-api-meta.service[95207]: DEBUG nova.api.openstack.wsgi_app [None req-e21c8905-e642-487a-b717-b649e5a6e65b None None] log_rotate_interval_type = days {{(pid=95207) log_opt_values /opt/stack/data/venv/lib/python3.12/site-packages/oslo_config/cfg.py:3242}}
Jun 15 17:10:39.694566 np0000002873 devstack@n-api-meta.service[95207]: DEBUG nova.api.openstack.wsgi_app [None req-e21c8905-e642-487a-b717-b649e5a6e65b None None] log_rotation_type = none {{(pid=95207) log_opt_values /opt/stack/data/venv/lib/python3.12/site-packages/oslo_config/cfg.py:3242}}
Jun 15 17:10:39.694663 np0000002873 devstack@n-api-meta.service[95207]: DEBUG nova.api.openstack.wsgi_app [None req-e21c8905-e642-487a-b717-b649e5a6e65b None None] logging_context_format_string = %(color)s%(levelname)s %(name)s [%(global_request_id)s %(request_id)s %(project_name)s %(user_name)s%(color)s] %(instance)s%(color)s%(message)s {{(pid=95207) log_opt_values /opt/stack/data/venv/lib/python3.12/site-packages/oslo_config/cfg.py:3242}}
Jun 15 17:10:39.694755 np0000002873 devstack@n-api-meta.service[95207]: DEBUG nova.api.openstack.wsgi_app [None req-e21c8905-e642-487a-b717-b649e5a6e65b None None] logging_debug_format_suffix = {{(pid=%(process)d) %(funcName)s %(pathname)s:%(lineno)d}} {{(pid=95207) log_opt_values /opt/stack/data/venv/lib/python3.12/site-packages/oslo_config/cfg.py:3242}}
Jun 15 17:10:39.694872 np0000002873 devstack@n-api-meta.service[95207]: DEBUG nova.api.openstack.wsgi_app [None req-e21c8905-e642-487a-b717-b649e5a6e65b None None] logging_default_format_string = %(color)s%(levelname)s %(name)s [-%(color)s] %(instance)s%(color)s%(message)s {{(pid=95207) log_opt_values /opt/stack/data/venv/lib/python3.12/site-packages/oslo_config/cfg.py:3242}}
Jun 15 17:10:39.695004 np0000002873 devstack@n-api-meta.service[95207]: DEBUG nova.api.openstack.wsgi_app [None req-e21c8905-e642-487a-b717-b649e5a6e65b None None] logging_exception_prefix = ERROR %(name)s %(instance)s {{(pid=95207) log_opt_values /opt/stack/data/venv/lib/python3.12/site-packages/oslo_config/cfg.py:3242}}
Jun 15 17:10:39.695147 np0000002873 devstack@n-api-meta.service[95207]: DEBUG nova.api.openstack.wsgi_app [None req-e21c8905-e642-487a-b717-b649e5a6e65b None None] logging_user_identity_format = %(user)s %(project)s %(domain)s %(system_scope)s %(user_domain)s %(project_domain)s {{(pid=95207) log_opt_values /opt/stack/data/venv/lib/python3.12/site-packages/oslo_config/cfg.py:3242}}
Jun 15 17:10:39.695274 np0000002873 devstack@n-api-meta.service[95207]: DEBUG nova.api.openstack.wsgi_app [None req-e21c8905-e642-487a-b717-b649e5a6e65b None None] long_rpc_timeout = 1800 {{(pid=95207) log_opt_values /opt/stack/data/venv/lib/python3.12/site-packages/oslo_config/cfg.py:3242}}
Jun 15 17:10:39.695388 np0000002873 devstack@n-api-meta.service[95207]: DEBUG nova.api.openstack.wsgi_app [None req-e21c8905-e642-487a-b717-b649e5a6e65b None None] manager_shutdown_timeout = 160 {{(pid=95207) log_opt_values /opt/stack/data/venv/lib/python3.12/site-packages/oslo_config/cfg.py:3242}}
Jun 15 17:10:39.695510 np0000002873 devstack@n-api-meta.service[95207]: DEBUG nova.api.openstack.wsgi_app [None req-e21c8905-e642-487a-b717-b649e5a6e65b None None] max_concurrent_builds = 10 {{(pid=95207) log_opt_values /opt/stack/data/venv/lib/python3.12/site-packages/oslo_config/cfg.py:3242}}
Jun 15 17:10:39.695602 np0000002873 devstack@n-api-meta.service[95207]: DEBUG nova.api.openstack.wsgi_app [None req-e21c8905-e642-487a-b717-b649e5a6e65b None None] max_concurrent_live_migrations = 1 {{(pid=95207) log_opt_values /opt/stack/data/venv/lib/python3.12/site-packages/oslo_config/cfg.py:3242}}
Jun 15 17:10:39.695712 np0000002873 devstack@n-api-meta.service[95207]: DEBUG nova.api.openstack.wsgi_app [None req-e21c8905-e642-487a-b717-b649e5a6e65b None None] max_concurrent_snapshots = 5 {{(pid=95207) log_opt_values /opt/stack/data/venv/lib/python3.12/site-packages/oslo_config/cfg.py:3242}}
Jun 15 17:10:39.695759 np0000002873 devstack@n-api-meta.service[95206]: DEBUG oslo_db.sqlalchemy.engines [None req-496dc023-d904-4ee9-8e14-0dcdea378501 None None] MySQL server mode set to STRICT_TRANS_TABLES,STRICT_ALL_TABLES,NO_ZERO_IN_DATE,NO_ZERO_DATE,ERROR_FOR_DIVISION_BY_ZERO,TRADITIONAL,NO_ENGINE_SUBSTITUTION {{(pid=95206) _check_effective_sql_mode /opt/stack/data/venv/lib/python3.12/site-packages/oslo_db/sqlalchemy/engines.py:325}}
Jun 15 17:10:39.695874 np0000002873 devstack@n-api-meta.service[95207]: DEBUG nova.api.openstack.wsgi_app [None req-e21c8905-e642-487a-b717-b649e5a6e65b None None] max_local_block_devices = 3 {{(pid=95207) log_opt_values /opt/stack/data/venv/lib/python3.12/site-packages/oslo_config/cfg.py:3242}}
Jun 15 17:10:39.695919 np0000002873 devstack@n-api-meta.service[95207]: DEBUG nova.api.openstack.wsgi_app [None req-e21c8905-e642-487a-b717-b649e5a6e65b None None] max_logfile_count = 30 {{(pid=95207) log_opt_values /opt/stack/data/venv/lib/python3.12/site-packages/oslo_config/cfg.py:3242}}
Jun 15 17:10:39.696068 np0000002873 devstack@n-api-meta.service[95207]: DEBUG nova.api.openstack.wsgi_app [None req-e21c8905-e642-487a-b717-b649e5a6e65b None None] max_logfile_size_mb = 200 {{(pid=95207) log_opt_values /opt/stack/data/venv/lib/python3.12/site-packages/oslo_config/cfg.py:3242}}
Jun 15 17:10:39.696193 np0000002873 devstack@n-api-meta.service[95207]: DEBUG nova.api.openstack.wsgi_app [None req-e21c8905-e642-487a-b717-b649e5a6e65b None None] maximum_instance_delete_attempts = 5 {{(pid=95207) log_opt_values /opt/stack/data/venv/lib/python3.12/site-packages/oslo_config/cfg.py:3242}}
Jun 15 17:10:39.696304 np0000002873 devstack@n-api-meta.service[95207]: DEBUG nova.api.openstack.wsgi_app [None req-e21c8905-e642-487a-b717-b649e5a6e65b None None] migrate_max_retries = -1 {{(pid=95207) log_opt_values /opt/stack/data/venv/lib/python3.12/site-packages/oslo_config/cfg.py:3242}}
Jun 15 17:10:39.696421 np0000002873 devstack@n-api-meta.service[95207]: DEBUG nova.api.openstack.wsgi_app [None req-e21c8905-e642-487a-b717-b649e5a6e65b None None] mkisofs_cmd = genisoimage {{(pid=95207) log_opt_values /opt/stack/data/venv/lib/python3.12/site-packages/oslo_config/cfg.py:3242}}
Jun 15 17:10:39.696571 np0000002873 devstack@n-api-meta.service[95207]: DEBUG nova.api.openstack.wsgi_app [None req-e21c8905-e642-487a-b717-b649e5a6e65b None None] my_block_storage_ip = 10.4.3.51 {{(pid=95207) log_opt_values /opt/stack/data/venv/lib/python3.12/site-packages/oslo_config/cfg.py:3242}}
Jun 15 17:10:39.696663 np0000002873 devstack@n-api-meta.service[95207]: DEBUG nova.api.openstack.wsgi_app [None req-e21c8905-e642-487a-b717-b649e5a6e65b None None] my_ip = 10.4.3.51 {{(pid=95207) log_opt_values /opt/stack/data/venv/lib/python3.12/site-packages/oslo_config/cfg.py:3242}}
Jun 15 17:10:39.696823 np0000002873 devstack@n-api-meta.service[95207]: DEBUG nova.api.openstack.wsgi_app [None req-e21c8905-e642-487a-b717-b649e5a6e65b None None] my_shared_fs_storage_ip = 10.4.3.51 {{(pid=95207) log_opt_values /opt/stack/data/venv/lib/python3.12/site-packages/oslo_config/cfg.py:3242}}
Jun 15 17:10:39.696934 np0000002873 devstack@n-api-meta.service[95207]: DEBUG nova.api.openstack.wsgi_app [None req-e21c8905-e642-487a-b717-b649e5a6e65b None None] network_allocate_retries = 0 {{(pid=95207) log_opt_values /opt/stack/data/venv/lib/python3.12/site-packages/oslo_config/cfg.py:3242}}
Jun 15 17:10:39.697120 np0000002873 devstack@n-api-meta.service[95207]: DEBUG nova.api.openstack.wsgi_app [None req-e21c8905-e642-487a-b717-b649e5a6e65b None None] non_inheritable_image_properties = ['cache_in_nova', 'bittorrent'] {{(pid=95207) log_opt_values /opt/stack/data/venv/lib/python3.12/site-packages/oslo_config/cfg.py:3242}}
Jun 15 17:10:39.697280 np0000002873 devstack@n-api-meta.service[95207]: DEBUG nova.api.openstack.wsgi_app [None req-e21c8905-e642-487a-b717-b649e5a6e65b None None] osapi_compute_unique_server_name_scope = {{(pid=95207) log_opt_values /opt/stack/data/venv/lib/python3.12/site-packages/oslo_config/cfg.py:3242}}
Jun 15 17:10:39.697396 np0000002873 devstack@n-api-meta.service[95207]: DEBUG nova.api.openstack.wsgi_app [None req-e21c8905-e642-487a-b717-b649e5a6e65b None None] password_length = 12 {{(pid=95207) log_opt_values /opt/stack/data/venv/lib/python3.12/site-packages/oslo_config/cfg.py:3242}}
Jun 15 17:10:39.697506 np0000002873 devstack@n-api-meta.service[95207]: DEBUG nova.api.openstack.wsgi_app [None req-e21c8905-e642-487a-b717-b649e5a6e65b None None] periodic_enable = True {{(pid=95207) log_opt_values /opt/stack/data/venv/lib/python3.12/site-packages/oslo_config/cfg.py:3242}}
