Jun 30 10:29:24.078035 np0000003968 nova-scheduler[96298]: DEBUG cotyledon.oslo_config_glue [-] profiler.filter_error_trace = False {{(pid=96298) log_opt_values /opt/stack/data/venv/lib/python3.12/site-packages/oslo_config/cfg.py:3253}}
Jun 30 10:29:24.078035 np0000003968 nova-scheduler[96298]: DEBUG cotyledon.oslo_config_glue [-] profiler.hmac_keys = **** {{(pid=96298) log_opt_values /opt/stack/data/venv/lib/python3.12/site-packages/oslo_config/cfg.py:3253}}
Jun 30 10:29:24.078253 np0000003968 nova-scheduler[96298]: DEBUG cotyledon.oslo_config_glue [-] profiler.sentinel_service_name = mymaster {{(pid=96298) log_opt_values /opt/stack/data/venv/lib/python3.12/site-packages/oslo_config/cfg.py:3253}}
Jun 30 10:29:24.078253 np0000003968 nova-scheduler[96298]: DEBUG cotyledon.oslo_config_glue [-] profiler.socket_timeout = 0.1 {{(pid=96298) log_opt_values /opt/stack/data/venv/lib/python3.12/site-packages/oslo_config/cfg.py:3253}}
Jun 30 10:29:24.078253 np0000003968 nova-scheduler[96298]: DEBUG cotyledon.oslo_config_glue [-] profiler.trace_requests = False {{(pid=96298) log_opt_values /opt/stack/data/venv/lib/python3.12/site-packages/oslo_config/cfg.py:3253}}
Jun 30 10:29:24.078253 np0000003968 nova-scheduler[96298]: DEBUG cotyledon.oslo_config_glue [-] profiler.trace_sqlalchemy = False {{(pid=96298) log_opt_values /opt/stack/data/venv/lib/python3.12/site-packages/oslo_config/cfg.py:3253}}
Jun 30 10:29:24.078253 np0000003968 nova-scheduler[96298]: DEBUG cotyledon.oslo_config_glue [-] profiler_jaeger.process_tags = {} {{(pid=96298) log_opt_values /opt/stack/data/venv/lib/python3.12/site-packages/oslo_config/cfg.py:3253}}
Jun 30 10:29:24.078253 np0000003968 nova-scheduler[96298]: DEBUG cotyledon.oslo_config_glue [-] profiler_jaeger.service_name_prefix = None {{(pid=96298) log_opt_values /opt/stack/data/venv/lib/python3.12/site-packages/oslo_config/cfg.py:3253}}
Jun 30 10:29:24.078253 np0000003968 nova-scheduler[96298]: DEBUG cotyledon.oslo_config_glue [-] profiler_otlp.service_name_prefix = None {{(pid=96298) log_opt_values /opt/stack/data/venv/lib/python3.12/site-packages/oslo_config/cfg.py:3253}}
Jun 30 10:29:24.078253 np0000003968 nova-scheduler[96298]: DEBUG cotyledon.oslo_config_glue [-] oslo_messaging_rabbit.amqp_auto_delete = False {{(pid=96298) log_opt_values /opt/stack/data/venv/lib/python3.12/site-packages/oslo_config/cfg.py:3253}}
Jun 30 10:29:24.078253 np0000003968 nova-scheduler[96298]: DEBUG cotyledon.oslo_config_glue [-] oslo_messaging_rabbit.amqp_durable_queues = False {{(pid=96298) log_opt_values /opt/stack/data/venv/lib/python3.12/site-packages/oslo_config/cfg.py:3253}}
Jun 30 10:29:24.078483 np0000003968 nova-scheduler[96298]: DEBUG cotyledon.oslo_config_glue [-] oslo_messaging_rabbit.conn_pool_min_size = 2 {{(pid=96298) log_opt_values /opt/stack/data/venv/lib/python3.12/site-packages/oslo_config/cfg.py:3253}}
Jun 30 10:29:24.078483 np0000003968 nova-scheduler[96298]: DEBUG cotyledon.oslo_config_glue [-] oslo_messaging_rabbit.conn_pool_ttl = 1200 {{(pid=96298) log_opt_values /opt/stack/data/venv/lib/python3.12/site-packages/oslo_config/cfg.py:3253}}
Jun 30 10:29:24.078483 np0000003968 nova-scheduler[96298]: DEBUG cotyledon.oslo_config_glue [-] oslo_messaging_rabbit.direct_mandatory_flag = True {{(pid=96298) log_opt_values /opt/stack/data/venv/lib/python3.12/site-packages/oslo_config/cfg.py:3253}}
Jun 30 10:29:24.078483 np0000003968 nova-scheduler[96298]: DEBUG cotyledon.oslo_config_glue [-] oslo_messaging_rabbit.enable_cancel_on_failover = False {{(pid=96298) log_opt_values /opt/stack/data/venv/lib/python3.12/site-packages/oslo_config/cfg.py:3253}}
Jun 30 10:29:24.078483 np0000003968 nova-scheduler[96298]: DEBUG cotyledon.oslo_config_glue [-] oslo_messaging_rabbit.heartbeat_rate = 3 {{(pid=96298) log_opt_values /opt/stack/data/venv/lib/python3.12/site-packages/oslo_config/cfg.py:3253}}
Jun 30 10:29:24.078483 np0000003968 nova-scheduler[96298]: DEBUG cotyledon.oslo_config_glue [-] oslo_messaging_rabbit.heartbeat_timeout_threshold = 60 {{(pid=96298) log_opt_values /opt/stack/data/venv/lib/python3.12/site-packages/oslo_config/cfg.py:3253}}
Jun 30 10:29:24.078483 np0000003968 nova-scheduler[96298]: DEBUG cotyledon.oslo_config_glue [-] oslo_messaging_rabbit.hostname = np0000003968 {{(pid=96298) log_opt_values /opt/stack/data/venv/lib/python3.12/site-packages/oslo_config/cfg.py:3253}}
Jun 30 10:29:24.078483 np0000003968 nova-scheduler[96298]: DEBUG cotyledon.oslo_config_glue [-] oslo_messaging_rabbit.kombu_compression = None {{(pid=96298) log_opt_values /opt/stack/data/venv/lib/python3.12/site-packages/oslo_config/cfg.py:3253}}
Jun 30 10:29:24.078483 np0000003968 nova-scheduler[96298]: DEBUG cotyledon.oslo_config_glue [-] oslo_messaging_rabbit.kombu_failover_strategy = round-robin {{(pid=96298) log_opt_values /opt/stack/data/venv/lib/python3.12/site-packages/oslo_config/cfg.py:3253}}
Jun 30 10:29:24.078691 np0000003968 nova-scheduler[96298]: DEBUG cotyledon.oslo_config_glue [-] oslo_messaging_rabbit.kombu_missing_consumer_retry_timeout = 60 {{(pid=96298) log_opt_values /opt/stack/data/venv/lib/python3.12/site-packages/oslo_config/cfg.py:3253}}
Jun 30 10:29:24.078691 np0000003968 nova-scheduler[96298]: DEBUG cotyledon.oslo_config_glue [-] oslo_messaging_rabbit.kombu_reconnect_delay = 1.0 {{(pid=96298) log_opt_values /opt/stack/data/venv/lib/python3.12/site-packages/oslo_config/cfg.py:3253}}
Jun 30 10:29:24.078691 np0000003968 nova-scheduler[96298]: DEBUG cotyledon.oslo_config_glue [-] oslo_messaging_rabbit.kombu_reconnect_splay = 0.0 {{(pid=96298) log_opt_values /opt/stack/data/venv/lib/python3.12/site-packages/oslo_config/cfg.py:3253}}
Jun 30 10:29:24.078691 np0000003968 nova-scheduler[96298]: DEBUG cotyledon.oslo_config_glue [-] oslo_messaging_rabbit.processname = nova-scheduler {{(pid=96298) log_opt_values /opt/stack/data/venv/lib/python3.12/site-packages/oslo_config/cfg.py:3253}}
Jun 30 10:29:24.078691 np0000003968 nova-scheduler[96298]: DEBUG cotyledon.oslo_config_glue [-] oslo_messaging_rabbit.rabbit_ha_queues = False {{(pid=96298) log_opt_values /opt/stack/data/venv/lib/python3.12/site-packages/oslo_config/cfg.py:3253}}
Jun 30 10:29:24.078691 np0000003968 nova-scheduler[96298]: DEBUG cotyledon.oslo_config_glue [-] oslo_messaging_rabbit.rabbit_interval_max = 30 {{(pid=96298) log_opt_values /opt/stack/data/venv/lib/python3.12/site-packages/oslo_config/cfg.py:3253}}
Jun 30 10:29:24.078691 np0000003968 nova-scheduler[96298]: DEBUG cotyledon.oslo_config_glue [-] oslo_messaging_rabbit.rabbit_login_method = AMQPLAIN {{(pid=96298) log_opt_values /opt/stack/data/venv/lib/python3.12/site-packages/oslo_config/cfg.py:3253}}
Jun 30 10:29:24.078691 np0000003968 nova-scheduler[96298]: DEBUG cotyledon.oslo_config_glue [-] oslo_messaging_rabbit.rabbit_qos_prefetch_count = 0 {{(pid=96298) log_opt_values /opt/stack/data/venv/lib/python3.12/site-packages/oslo_config/cfg.py:3253}}
Jun 30 10:29:24.078691 np0000003968 nova-scheduler[96298]: DEBUG cotyledon.oslo_config_glue [-] oslo_messaging_rabbit.rabbit_quorum_delivery_limit = 0 {{(pid=96298) log_opt_values /opt/stack/data/venv/lib/python3.12/site-packages/oslo_config/cfg.py:3253}}
Jun 30 10:29:24.078916 np0000003968 nova-scheduler[96298]: DEBUG cotyledon.oslo_config_glue [-] oslo_messaging_rabbit.rabbit_quorum_max_memory_bytes = 0 {{(pid=96298) log_opt_values /opt/stack/data/venv/lib/python3.12/site-packages/oslo_config/cfg.py:3253}}
Jun 30 10:29:24.078916 np0000003968 nova-scheduler[96298]: DEBUG cotyledon.oslo_config_glue [-] oslo_messaging_rabbit.rabbit_quorum_max_memory_length = 0 {{(pid=96298) log_opt_values /opt/stack/data/venv/lib/python3.12/site-packages/oslo_config/cfg.py:3253}}
Jun 30 10:29:24.078916 np0000003968 nova-scheduler[96298]: DEBUG cotyledon.oslo_config_glue [-] oslo_messaging_rabbit.rabbit_quorum_queue = False {{(pid=96298) log_opt_values /opt/stack/data/venv/lib/python3.12/site-packages/oslo_config/cfg.py:3253}}
Jun 30 10:29:24.078916 np0000003968 nova-scheduler[96298]: DEBUG cotyledon.oslo_config_glue [-] oslo_messaging_rabbit.rabbit_retry_backoff = 2 {{(pid=96298) log_opt_values /opt/stack/data/venv/lib/python3.12/site-packages/oslo_config/cfg.py:3253}}
Jun 30 10:29:24.078916 np0000003968 nova-scheduler[96298]: DEBUG cotyledon.oslo_config_glue [-] oslo_messaging_rabbit.rabbit_retry_interval = 1 {{(pid=96298) log_opt_values /opt/stack/data/venv/lib/python3.12/site-packages/oslo_config/cfg.py:3253}}
Jun 30 10:29:24.078916 np0000003968 nova-scheduler[96298]: DEBUG cotyledon.oslo_config_glue [-] oslo_messaging_rabbit.rabbit_stream_fanout = False {{(pid=96298) log_opt_values /opt/stack/data/venv/lib/python3.12/site-packages/oslo_config/cfg.py:3253}}
Jun 30 10:29:24.078916 np0000003968 nova-scheduler[96298]: DEBUG cotyledon.oslo_config_glue [-] oslo_messaging_rabbit.rabbit_transient_queues_ttl = 1800 {{(pid=96298) log_opt_values /opt/stack/data/venv/lib/python3.12/site-packages/oslo_config/cfg.py:3253}}
Jun 30 10:29:24.078916 np0000003968 nova-scheduler[96298]: DEBUG cotyledon.oslo_config_glue [-] oslo_messaging_rabbit.rabbit_transient_quorum_queue = False {{(pid=96298) log_opt_values /opt/stack/data/venv/lib/python3.12/site-packages/oslo_config/cfg.py:3253}}
Jun 30 10:29:24.079101 np0000003968 nova-scheduler[96298]: DEBUG cotyledon.oslo_config_glue [-] oslo_messaging_rabbit.rpc_conn_pool_size = 30 {{(pid=96298) log_opt_values /opt/stack/data/venv/lib/python3.12/site-packages/oslo_config/cfg.py:3253}}
Jun 30 10:29:24.079101 np0000003968 nova-scheduler[96298]: DEBUG cotyledon.oslo_config_glue [-] oslo_messaging_rabbit.ssl = False {{(pid=96298) log_opt_values /opt/stack/data/venv/lib/python3.12/site-packages/oslo_config/cfg.py:3253}}
Jun 30 10:29:24.079101 np0000003968 nova-scheduler[96298]: DEBUG cotyledon.oslo_config_glue [-] oslo_messaging_rabbit.ssl_ca_file = {{(pid=96298) log_opt_values /opt/stack/data/venv/lib/python3.12/site-packages/oslo_config/cfg.py:3253}}
Jun 30 10:29:24.079101 np0000003968 nova-scheduler[96298]: DEBUG cotyledon.oslo_config_glue [-] oslo_messaging_rabbit.ssl_cert_file = {{(pid=96298) log_opt_values /opt/stack/data/venv/lib/python3.12/site-packages/oslo_config/cfg.py:3253}}
Jun 30 10:29:24.079101 np0000003968 nova-scheduler[96298]: DEBUG cotyledon.oslo_config_glue [-] oslo_messaging_rabbit.ssl_enforce_fips_mode = False {{(pid=96298) log_opt_values /opt/stack/data/venv/lib/python3.12/site-packages/oslo_config/cfg.py:3253}}
Jun 30 10:29:24.079101 np0000003968 nova-scheduler[96298]: DEBUG cotyledon.oslo_config_glue [-] oslo_messaging_rabbit.ssl_enforce_hostname_verification = True {{(pid=96298) log_opt_values /opt/stack/data/venv/lib/python3.12/site-packages/oslo_config/cfg.py:3253}}
Jun 30 10:29:24.079101 np0000003968 nova-scheduler[96298]: DEBUG cotyledon.oslo_config_glue [-] oslo_messaging_rabbit.ssl_key_file = {{(pid=96298) log_opt_values /opt/stack/data/venv/lib/python3.12/site-packages/oslo_config/cfg.py:3253}}
Jun 30 10:29:24.079101 np0000003968 nova-scheduler[96298]: DEBUG cotyledon.oslo_config_glue [-] oslo_messaging_rabbit.ssl_version = {{(pid=96298) log_opt_values /opt/stack/data/venv/lib/python3.12/site-packages/oslo_config/cfg.py:3253}}
Jun 30 10:29:24.079101 np0000003968 nova-scheduler[96298]: DEBUG cotyledon.oslo_config_glue [-] oslo_messaging_rabbit.use_queue_manager = False {{(pid=96298) log_opt_values /opt/stack/data/venv/lib/python3.12/site-packages/oslo_config/cfg.py:3253}}
Jun 30 10:29:24.079336 np0000003968 nova-scheduler[96298]: DEBUG cotyledon.oslo_config_glue [-] oslo_messaging_notifications.driver = ['messagingv2'] {{(pid=96298) log_opt_values /opt/stack/data/venv/lib/python3.12/site-packages/oslo_config/cfg.py:3253}}
Jun 30 10:29:24.079336 np0000003968 nova-scheduler[96298]: DEBUG cotyledon.oslo_config_glue [-] oslo_messaging_notifications.retry = -1 {{(pid=96298) log_opt_values /opt/stack/data/venv/lib/python3.12/site-packages/oslo_config/cfg.py:3253}}
Jun 30 10:29:24.079336 np0000003968 nova-scheduler[96298]: DEBUG cotyledon.oslo_config_glue [-] oslo_messaging_notifications.topics = ['notifications'] {{(pid=96298) log_opt_values /opt/stack/data/venv/lib/python3.12/site-packages/oslo_config/cfg.py:3253}}
Jun 30 10:29:24.079336 np0000003968 nova-scheduler[96298]: DEBUG cotyledon.oslo_config_glue [-] oslo_messaging_notifications.transport_url = **** {{(pid=96298) log_opt_values /opt/stack/data/venv/lib/python3.12/site-packages/oslo_config/cfg.py:3253}}
Jun 30 10:29:24.079336 np0000003968 nova-scheduler[96298]: DEBUG cotyledon.oslo_config_glue [-] oslo_limit.auth_section = None {{(pid=96298) log_opt_values /opt/stack/data/venv/lib/python3.12/site-packages/oslo_config/cfg.py:3253}}
Jun 30 10:29:24.079336 np0000003968 nova-scheduler[96298]: DEBUG cotyledon.oslo_config_glue [-] oslo_limit.auth_type = None {{(pid=96298) log_opt_values /opt/stack/data/venv/lib/python3.12/site-packages/oslo_config/cfg.py:3253}}
Jun 30 10:29:24.079336 np0000003968 nova-scheduler[96298]: DEBUG cotyledon.oslo_config_glue [-] oslo_limit.cafile = None {{(pid=96298) log_opt_values /opt/stack/data/venv/lib/python3.12/site-packages/oslo_config/cfg.py:3253}}
Jun 30 10:29:24.079336 np0000003968 nova-scheduler[96298]: DEBUG cotyledon.oslo_config_glue [-] oslo_limit.certfile = None {{(pid=96298) log_opt_values /opt/stack/data/venv/lib/python3.12/site-packages/oslo_config/cfg.py:3253}}
Jun 30 10:29:24.079336 np0000003968 nova-scheduler[96298]: DEBUG cotyledon.oslo_config_glue [-] oslo_limit.collect_timing = False {{(pid=96298) log_opt_values /opt/stack/data/venv/lib/python3.12/site-packages/oslo_config/cfg.py:3253}}
Jun 30 10:29:24.079551 np0000003968 nova-scheduler[96298]: DEBUG cotyledon.oslo_config_glue [-] oslo_limit.connect_retries = None {{(pid=96298) log_opt_values /opt/stack/data/venv/lib/python3.12/site-packages/oslo_config/cfg.py:3253}}
Jun 30 10:29:24.079551 np0000003968 nova-scheduler[96298]: DEBUG cotyledon.oslo_config_glue [-] oslo_limit.connect_retry_delay = None {{(pid=96298) log_opt_values /opt/stack/data/venv/lib/python3.12/site-packages/oslo_config/cfg.py:3253}}
Jun 30 10:29:24.079551 np0000003968 nova-scheduler[96298]: DEBUG cotyledon.oslo_config_glue [-] oslo_limit.endpoint_id = None {{(pid=96298) log_opt_values /opt/stack/data/venv/lib/python3.12/site-packages/oslo_config/cfg.py:3253}}
Jun 30 10:29:24.079551 np0000003968 nova-scheduler[96298]: DEBUG cotyledon.oslo_config_glue [-] oslo_limit.endpoint_interface = public {{(pid=96298) log_opt_values /opt/stack/data/venv/lib/python3.12/site-packages/oslo_config/cfg.py:3253}}
Jun 30 10:29:24.079551 np0000003968 nova-scheduler[96298]: DEBUG cotyledon.oslo_config_glue [-] oslo_limit.endpoint_override = None {{(pid=96298) log_opt_values /opt/stack/data/venv/lib/python3.12/site-packages/oslo_config/cfg.py:3253}}
Jun 30 10:29:24.079551 np0000003968 nova-scheduler[96298]: DEBUG cotyledon.oslo_config_glue [-] oslo_limit.endpoint_region_name = None {{(pid=96298) log_opt_values /opt/stack/data/venv/lib/python3.12/site-packages/oslo_config/cfg.py:3253}}
Jun 30 10:29:24.079551 np0000003968 nova-scheduler[96298]: DEBUG cotyledon.oslo_config_glue [-] oslo_limit.endpoint_service_name = None {{(pid=96298) log_opt_values /opt/stack/data/venv/lib/python3.12/site-packages/oslo_config/cfg.py:3253}}
Jun 30 10:29:24.079551 np0000003968 nova-scheduler[96298]: DEBUG cotyledon.oslo_config_glue [-] oslo_limit.endpoint_service_type = None {{(pid=96298) log_opt_values /opt/stack/data/venv/lib/python3.12/site-packages/oslo_config/cfg.py:3253}}
Jun 30 10:29:24.079551 np0000003968 nova-scheduler[96298]: DEBUG cotyledon.oslo_config_glue [-] oslo_limit.insecure = False {{(pid=96298) log_opt_values /opt/stack/data/venv/lib/python3.12/site-packages/oslo_config/cfg.py:3253}}
Jun 30 10:29:24.079764 np0000003968 nova-scheduler[96298]: DEBUG cotyledon.oslo_config_glue [-] oslo_limit.keyfile = None {{(pid=96298) log_opt_values /opt/stack/data/venv/lib/python3.12/site-packages/oslo_config/cfg.py:3253}}
Jun 30 10:29:24.079764 np0000003968 nova-scheduler[96298]: DEBUG cotyledon.oslo_config_glue [-] oslo_limit.max_version = None {{(pid=96298) log_opt_values /opt/stack/data/venv/lib/python3.12/site-packages/oslo_config/cfg.py:3253}}
Jun 30 10:29:24.079764 np0000003968 nova-scheduler[96298]: DEBUG cotyledon.oslo_config_glue [-] oslo_limit.min_version = None {{(pid=96298) log_opt_values /opt/stack/data/venv/lib/python3.12/site-packages/oslo_config/cfg.py:3253}}
Jun 30 10:29:24.079764 np0000003968 nova-scheduler[96298]: DEBUG cotyledon.oslo_config_glue [-] oslo_limit.region_name = None {{(pid=96298) log_opt_values /opt/stack/data/venv/lib/python3.12/site-packages/oslo_config/cfg.py:3253}}
Jun 30 10:29:24.079764 np0000003968 nova-scheduler[96298]: DEBUG cotyledon.oslo_config_glue [-] oslo_limit.retriable_status_codes = None {{(pid=96298) log_opt_values /opt/stack/data/venv/lib/python3.12/site-packages/oslo_config/cfg.py:3253}}
Jun 30 10:29:24.079764 np0000003968 nova-scheduler[96298]: DEBUG cotyledon.oslo_config_glue [-] oslo_limit.service_name = None {{(pid=96298) log_opt_values /opt/stack/data/venv/lib/python3.12/site-packages/oslo_config/cfg.py:3253}}
Jun 30 10:29:24.079764 np0000003968 nova-scheduler[96298]: DEBUG cotyledon.oslo_config_glue [-] oslo_limit.service_type = None {{(pid=96298) log_opt_values /opt/stack/data/venv/lib/python3.12/site-packages/oslo_config/cfg.py:3253}}
Jun 30 10:29:24.079764 np0000003968 nova-scheduler[96298]: DEBUG cotyledon.oslo_config_glue [-] oslo_limit.split_loggers = False {{(pid=96298) log_opt_values /opt/stack/data/venv/lib/python3.12/site-packages/oslo_config/cfg.py:3253}}
Jun 30 10:29:24.079764 np0000003968 nova-scheduler[96298]: DEBUG cotyledon.oslo_config_glue [-] oslo_limit.status_code_retries = None {{(pid=96298) log_opt_values /opt/stack/data/venv/lib/python3.12/site-packages/oslo_config/cfg.py:3253}}
Jun 30 10:29:24.079954 np0000003968 nova-scheduler[96298]: DEBUG cotyledon.oslo_config_glue [-] oslo_limit.status_code_retry_delay = None {{(pid=96298) log_opt_values /opt/stack/data/venv/lib/python3.12/site-packages/oslo_config/cfg.py:3253}}
Jun 30 10:29:24.079954 np0000003968 nova-scheduler[96298]: DEBUG cotyledon.oslo_config_glue [-] oslo_limit.timeout = None {{(pid=96298) log_opt_values /opt/stack/data/venv/lib/python3.12/site-packages/oslo_config/cfg.py:3253}}
Jun 30 10:29:24.079954 np0000003968 nova-scheduler[96298]: DEBUG cotyledon.oslo_config_glue [-] oslo_limit.valid_interfaces = None {{(pid=96298) log_opt_values /opt/stack/data/venv/lib/python3.12/site-packages/oslo_config/cfg.py:3253}}
Jun 30 10:29:24.079954 np0000003968 nova-scheduler[96298]: DEBUG cotyledon.oslo_config_glue [-] oslo_limit.version = None {{(pid=96298) log_opt_values /opt/stack/data/venv/lib/python3.12/site-packages/oslo_config/cfg.py:3253}}
Jun 30 10:29:24.079954 np0000003968 nova-scheduler[96298]: DEBUG cotyledon.oslo_config_glue [-] oslo_reports.file_event_handler = None {{(pid=96298) log_opt_values /opt/stack/data/venv/lib/python3.12/site-packages/oslo_config/cfg.py:3253}}
Jun 30 10:29:24.079954 np0000003968 nova-scheduler[96298]: DEBUG cotyledon.oslo_config_glue [-] oslo_reports.file_event_handler_interval = 1 {{(pid=96298) log_opt_values /opt/stack/data/venv/lib/python3.12/site-packages/oslo_config/cfg.py:3253}}
Jun 30 10:29:24.079954 np0000003968 nova-scheduler[96298]: DEBUG cotyledon.oslo_config_glue [-] oslo_reports.log_dir = None {{(pid=96298) log_opt_values /opt/stack/data/venv/lib/python3.12/site-packages/oslo_config/cfg.py:3253}}
Jun 30 10:29:24.079954 np0000003968 nova-scheduler[96298]: DEBUG cotyledon.oslo_config_glue [-] ******************************************************************************** {{(pid=96298) log_opt_values /opt/stack/data/venv/lib/python3.12/site-packages/oslo_config/cfg.py:3260}}
Jun 30 10:29:24.079954 np0000003968 nova-scheduler[96298]: DEBUG cotyledon._service_worker [-] Run service ServiceWrapper(3) [96298] {{(pid=96298) wait_forever /opt/stack/data/venv/lib/python3.12/site-packages/cotyledon/_service_worker.py:218}}
Jun 30 10:29:24.080158 np0000003968 nova-scheduler[96298]: INFO nova.service [-] Starting scheduler node (version 33.1.0)
Jun 30 10:29:24.080182 np0000003968 nova-scheduler[96294]: DEBUG oslo_db.sqlalchemy.engines [None req-b52e1b1e-3896-46e1-85a3-663330514d1c None None] MySQL server mode set to STRICT_TRANS_TABLES,STRICT_ALL_TABLES,NO_ZERO_IN_DATE,NO_ZERO_DATE,ERROR_FOR_DIVISION_BY_ZERO,TRADITIONAL,NO_ENGINE_SUBSTITUTION {{(pid=96294) _check_effective_sql_mode /opt/stack/data/venv/lib/python3.12/site-packages/oslo_db/sqlalchemy/engines.py:325}}
Jun 30 10:29:24.080212 np0000003968 nova-scheduler[96298]: INFO dbcounter [None req-28c108f3-0530-4313-ae83-91d4a45c5454 None None] Registered counter for database nova_cell0
Jun 30 10:29:24.080241 np0000003968 nova-scheduler[96294]: DEBUG dbcounter [-] [96294] Writer thread running {{(pid=96294) stat_writer /opt/stack/data/venv/lib/python3.12/site-packages/dbcounter.py:102}}
Jun 30 10:29:24.080268 np0000003968 nova-scheduler[96292]: DEBUG oslo_db.sqlalchemy.engines [None req-d2d78f25-f827-41cf-b92e-7e6871806899 None None] MySQL server mode set to STRICT_TRANS_TABLES,STRICT_ALL_TABLES,NO_ZERO_IN_DATE,NO_ZERO_DATE,ERROR_FOR_DIVISION_BY_ZERO,TRADITIONAL,NO_ENGINE_SUBSTITUTION {{(pid=96292) _check_effective_sql_mode /opt/stack/data/venv/lib/python3.12/site-packages/oslo_db/sqlalchemy/engines.py:325}}
Jun 30 10:29:24.084855 np0000003968 nova-scheduler[96292]: DEBUG dbcounter [-] [96292] Writer thread running {{(pid=96292) stat_writer /opt/stack/data/venv/lib/python3.12/site-packages/dbcounter.py:102}}
Jun 30 10:29:24.088305 np0000003968 nova-scheduler[96294]: DEBUG nova.service [None req-b52e1b1e-3896-46e1-85a3-663330514d1c None None] Creating RPC server for service: nova-scheduler on topic: scheduler {{(pid=96294) start /opt/stack/nova/nova/service.py:196}}
Jun 30 10:29:24.097079 np0000003968 nova-scheduler[96296]: DEBUG oslo_db.sqlalchemy.engines [None req-d8800cea-00cd-4029-9353-34136acefbf3 None None] MySQL server mode set to STRICT_TRANS_TABLES,STRICT_ALL_TABLES,NO_ZERO_IN_DATE,NO_ZERO_DATE,ERROR_FOR_DIVISION_BY_ZERO,TRADITIONAL,NO_ENGINE_SUBSTITUTION {{(pid=96296) _check_effective_sql_mode /opt/stack/data/venv/lib/python3.12/site-packages/oslo_db/sqlalchemy/engines.py:325}}
Jun 30 10:29:24.104190 np0000003968 nova-scheduler[96292]: DEBUG nova.service [None req-d2d78f25-f827-41cf-b92e-7e6871806899 None None] Creating RPC server for service: nova-scheduler on topic: scheduler {{(pid=96292) start /opt/stack/nova/nova/service.py:196}}
Jun 30 10:29:24.105163 np0000003968 nova-scheduler[96298]: DEBUG oslo_db.sqlalchemy.engines [None req-28c108f3-0530-4313-ae83-91d4a45c5454 None None] MySQL server mode set to STRICT_TRANS_TABLES,STRICT_ALL_TABLES,NO_ZERO_IN_DATE,NO_ZERO_DATE,ERROR_FOR_DIVISION_BY_ZERO,TRADITIONAL,NO_ENGINE_SUBSTITUTION {{(pid=96298) _check_effective_sql_mode /opt/stack/data/venv/lib/python3.12/site-packages/oslo_db/sqlalchemy/engines.py:325}}
Jun 30 10:29:24.107262 np0000003968 nova-scheduler[96296]: DEBUG dbcounter [-] [96296] Writer thread running {{(pid=96296) stat_writer /opt/stack/data/venv/lib/python3.12/site-packages/dbcounter.py:102}}
Jun 30 10:29:24.115227 np0000003968 nova-scheduler[96296]: DEBUG nova.service [None req-d8800cea-00cd-4029-9353-34136acefbf3 None None] Creating RPC server for service: nova-scheduler on topic: scheduler {{(pid=96296) start /opt/stack/nova/nova/service.py:196}}
Jun 30 10:29:24.117705 np0000003968 nova-scheduler[96298]: DEBUG dbcounter [-] [96298] Writer thread running {{(pid=96298) stat_writer /opt/stack/data/venv/lib/python3.12/site-packages/dbcounter.py:102}}
Jun 30 10:29:24.121387 np0000003968 nova-scheduler[96298]: DEBUG nova.service [None req-28c108f3-0530-4313-ae83-91d4a45c5454 None None] Creating RPC server for service: nova-scheduler on topic: scheduler {{(pid=96298) start /opt/stack/nova/nova/service.py:196}}
Jun 30 10:29:24.129788 np0000003968 nova-scheduler[96292]: DEBUG nova.service [None req-d2d78f25-f827-41cf-b92e-7e6871806899 None None] Join ServiceGroup membership for this service scheduler {{(pid=96292) start /opt/stack/nova/nova/service.py:222}}
Jun 30 10:29:24.130067 np0000003968 nova-scheduler[96292]: DEBUG nova.servicegroup.drivers.db [None req-d2d78f25-f827-41cf-b92e-7e6871806899 None None] DB_Driver: join new ServiceGroup member np0000003968 to the scheduler group, service = {{(pid=96292) join /opt/stack/nova/nova/servicegroup/drivers/db.py:44}}
Jun 30 10:29:24.135305 np0000003968 nova-scheduler[96296]: DEBUG nova.service [None req-d8800cea-00cd-4029-9353-34136acefbf3 None None] Join ServiceGroup membership for this service scheduler {{(pid=96296) start /opt/stack/nova/nova/service.py:222}}
Jun 30 10:29:24.135554 np0000003968 nova-scheduler[96296]: DEBUG nova.servicegroup.drivers.db [None req-d8800cea-00cd-4029-9353-34136acefbf3 None None] DB_Driver: join new ServiceGroup member np0000003968 to the scheduler group, service = {{(pid=96296) join /opt/stack/nova/nova/servicegroup/drivers/db.py:44}}
Jun 30 10:29:24.139779 np0000003968 nova-scheduler[96294]: DEBUG nova.service [None req-b52e1b1e-3896-46e1-85a3-663330514d1c None None] Join ServiceGroup membership for this service scheduler {{(pid=96294) start /opt/stack/nova/nova/service.py:222}}
Jun 30 10:29:24.139983 np0000003968 nova-scheduler[96294]: DEBUG nova.servicegroup.drivers.db [None req-b52e1b1e-3896-46e1-85a3-663330514d1c None None] DB_Driver: join new ServiceGroup member np0000003968 to the scheduler group, service = {{(pid=96294) join /opt/stack/nova/nova/servicegroup/drivers/db.py:44}}
Jun 30 10:29:24.140860 np0000003968 nova-scheduler[96298]: DEBUG nova.service [None req-28c108f3-0530-4313-ae83-91d4a45c5454 None None] Join ServiceGroup membership for this service scheduler {{(pid=96298) start /opt/stack/nova/nova/service.py:222}}
Jun 30 10:29:24.141050 np0000003968 nova-scheduler[96298]: DEBUG nova.servicegroup.drivers.db [None req-28c108f3-0530-4313-ae83-91d4a45c5454 None None] DB_Driver: join new ServiceGroup member np0000003968 to the scheduler group, service = {{(pid=96298) join /opt/stack/nova/nova/servicegroup/drivers/db.py:44}}
Jun 30 10:29:29.140970 np0000003968 nova-scheduler[96292]: DEBUG oslo.service.backend._threading.loopingcall [-] Fixed interval looping call 'nova.servicegroup.drivers.db.DbDriver._report_state' sleeping for 119.99 seconds {{(pid=96292) _run_loop /opt/stack/data/venv/lib/python3.12/site-packages/oslo_service/backend/_threading/loopingcall.py:125}}
Jun 30 10:29:29.145504 np0000003968 nova-scheduler[96296]: DEBUG oslo.service.backend._threading.loopingcall [-] Fixed interval looping call 'nova.servicegroup.drivers.db.DbDriver._report_state' sleeping for 119.99 seconds {{(pid=96296) _run_loop /opt/stack/data/venv/lib/python3.12/site-packages/oslo_service/backend/_threading/loopingcall.py:125}}
Jun 30 10:29:29.147844 np0000003968 nova-scheduler[96294]: DEBUG oslo.service.backend._threading.loopingcall [-] Fixed interval looping call 'nova.servicegroup.drivers.db.DbDriver._report_state' sleeping for 119.99 seconds {{(pid=96294) _run_loop /opt/stack/data/venv/lib/python3.12/site-packages/oslo_service/backend/_threading/loopingcall.py:125}}
Jun 30 10:29:29.153360 np0000003968 nova-scheduler[96298]: DEBUG oslo.service.backend._threading.loopingcall [-] Fixed interval looping call 'nova.servicegroup.drivers.db.DbDriver._report_state' sleeping for 119.99 seconds {{(pid=96298) _run_loop /opt/stack/data/venv/lib/python3.12/site-packages/oslo_service/backend/_threading/loopingcall.py:125}}
Jun 30 10:29:32.660072 np0000003968 nova-scheduler[95097]: DEBUG dbcounter [-] [95097] Writing DB stats nova_api:SELECT=3 {{(pid=95097) stat_writer /opt/stack/data/venv/lib/python3.12/site-packages/dbcounter.py:115}}
Jun 30 10:29:32.821814 np0000003968 nova-scheduler[95097]: DEBUG dbcounter [-] [95097] Writing DB stats nova_cell1:SELECT=1 {{(pid=95097) stat_writer /opt/stack/data/venv/lib/python3.12/site-packages/dbcounter.py:115}}
Jun 30 10:29:32.825035 np0000003968 nova-scheduler[95097]: DEBUG dbcounter [-] [95097] Writing DB stats nova_cell0:SELECT=1 {{(pid=95097) stat_writer /opt/stack/data/venv/lib/python3.12/site-packages/dbcounter.py:115}}
Jun 30 10:29:34.142074 np0000003968 nova-scheduler[96294]: DEBUG oslo.service.backend._threading.loopingcall [None req-7abdebab-140c-4ea8-8c7c-4c699a7f66c9 None None] Dynamic interval looping call 'nova.service.Service.periodic_tasks' sleeping for 60.00 seconds {{(pid=96294) _run_loop /opt/stack/data/venv/lib/python3.12/site-packages/oslo_service/backend/_threading/loopingcall.py:125}}
Jun 30 10:29:39.137389 np0000003968 nova-scheduler[96292]: DEBUG dbcounter [-] [96292] Writing DB stats nova_cell0:SELECT=4,nova_cell0:INSERT=1,nova_cell0:UPDATE=1 {{(pid=96292) stat_writer /opt/stack/data/venv/lib/python3.12/site-packages/dbcounter.py:115}}
Jun 30 10:29:39.142482 np0000003968 nova-scheduler[96296]: DEBUG dbcounter [-] [96296] Writing DB stats nova_cell0:SELECT=3 {{(pid=96296) stat_writer /opt/stack/data/venv/lib/python3.12/site-packages/dbcounter.py:115}}
Jun 30 10:29:39.145700 np0000003968 nova-scheduler[96294]: DEBUG dbcounter [-] [96294] Writing DB stats nova_cell0:SELECT=4,nova_cell0:INSERT=1 {{(pid=96294) stat_writer /opt/stack/data/venv/lib/python3.12/site-packages/dbcounter.py:115}}
Jun 30 10:29:39.149759 np0000003968 nova-scheduler[96298]: DEBUG dbcounter [-] [96298] Writing DB stats nova_cell0:SELECT=3 {{(pid=96298) stat_writer /opt/stack/data/venv/lib/python3.12/site-packages/dbcounter.py:115}}
Jun 30 10:29:52.137455 np0000003968 nova-scheduler[96296]: DEBUG oslo.service.backend._threading.loopingcall [None req-82c290d7-8b83-4876-a125-7610b245f878 None None] Dynamic interval looping call 'nova.service.Service.periodic_tasks' sleeping for 60.00 seconds {{(pid=96296) _run_loop /opt/stack/data/venv/lib/python3.12/site-packages/oslo_service/backend/_threading/loopingcall.py:125}}
Jun 30 10:29:56.142957 np0000003968 nova-scheduler[96298]: DEBUG oslo.service.backend._threading.loopingcall [None req-4afc2c4f-0edb-4375-8ec1-a71e30af25f2 None None] Dynamic interval looping call 'nova.service.Service.periodic_tasks' sleeping for 60.00 seconds {{(pid=96298) _run_loop /opt/stack/data/venv/lib/python3.12/site-packages/oslo_service/backend/_threading/loopingcall.py:125}}
Jun 30 10:30:11.132245 np0000003968 nova-scheduler[96292]: DEBUG oslo.service.backend._threading.loopingcall [None req-2c014ecb-5cea-42fd-8920-cd65a981b063 None None] Dynamic interval looping call 'nova.service.Service.periodic_tasks' sleeping for 60.00 seconds {{(pid=96292) _run_loop /opt/stack/data/venv/lib/python3.12/site-packages/oslo_service/backend/_threading/loopingcall.py:125}}
Jun 30 10:30:34.142621 np0000003968 nova-scheduler[96294]: DEBUG oslo.service.backend._threading.loopingcall [None req-7abdebab-140c-4ea8-8c7c-4c699a7f66c9 None None] Dynamic interval looping call 'nova.service.Service.periodic_tasks' sleeping for 60.00 seconds {{(pid=96294) _run_loop /opt/stack/data/venv/lib/python3.12/site-packages/oslo_service/backend/_threading/loopingcall.py:125}}
Jun 30 10:30:52.138047 np0000003968 nova-scheduler[96296]: DEBUG oslo.service.backend._threading.loopingcall [None req-82c290d7-8b83-4876-a125-7610b245f878 None None] Dynamic interval looping call 'nova.service.Service.periodic_tasks' sleeping for 60.00 seconds {{(pid=96296) _run_loop /opt/stack/data/venv/lib/python3.12/site-packages/oslo_service/backend/_threading/loopingcall.py:125}}
Jun 30 10:30:56.143456 np0000003968 nova-scheduler[96298]: DEBUG oslo.service.backend._threading.loopingcall [None req-4afc2c4f-0edb-4375-8ec1-a71e30af25f2 None None] Dynamic interval looping call 'nova.service.Service.periodic_tasks' sleeping for 60.00 seconds {{(pid=96298) _run_loop /opt/stack/data/venv/lib/python3.12/site-packages/oslo_service/backend/_threading/loopingcall.py:125}}
Jun 30 10:31:11.132757 np0000003968 nova-scheduler[96292]: DEBUG oslo.service.backend._threading.loopingcall [None req-2c014ecb-5cea-42fd-8920-cd65a981b063 None None] Dynamic interval looping call 'nova.service.Service.periodic_tasks' sleeping for 60.00 seconds {{(pid=96292) _run_loop /opt/stack/data/venv/lib/python3.12/site-packages/oslo_service/backend/_threading/loopingcall.py:125}}
Jun 30 10:31:29.142466 np0000003968 nova-scheduler[96292]: DEBUG oslo.service.backend._threading.loopingcall [-] Fixed interval looping call 'nova.servicegroup.drivers.db.DbDriver._report_state' sleeping for 119.99 seconds {{(pid=96292) _run_loop /opt/stack/data/venv/lib/python3.12/site-packages/oslo_service/backend/_threading/loopingcall.py:125}}
Jun 30 10:31:29.144311 np0000003968 nova-scheduler[96296]: DEBUG oslo.service.backend._threading.loopingcall [-] Fixed interval looping call 'nova.servicegroup.drivers.db.DbDriver._report_state' sleeping for 119.99 seconds {{(pid=96296) _run_loop /opt/stack/data/venv/lib/python3.12/site-packages/oslo_service/backend/_threading/loopingcall.py:125}}
Jun 30 10:31:29.144674 np0000003968 nova-scheduler[96294]: DEBUG oslo.service.backend._threading.loopingcall [-] Fixed interval looping call 'nova.servicegroup.drivers.db.DbDriver._report_state' sleeping for 119.99 seconds {{(pid=96294) _run_loop /opt/stack/data/venv/lib/python3.12/site-packages/oslo_service/backend/_threading/loopingcall.py:125}}
Jun 30 10:31:29.148198 np0000003968 nova-scheduler[96298]: DEBUG oslo.service.backend._threading.loopingcall [-] Fixed interval looping call 'nova.servicegroup.drivers.db.DbDriver._report_state' sleeping for 120.00 seconds {{(pid=96298) _run_loop /opt/stack/data/venv/lib/python3.12/site-packages/oslo_service/backend/_threading/loopingcall.py:125}}
Jun 30 10:31:34.143055 np0000003968 nova-scheduler[96294]: DEBUG oslo.service.backend._threading.loopingcall [None req-7abdebab-140c-4ea8-8c7c-4c699a7f66c9 None None] Dynamic interval looping call 'nova.service.Service.periodic_tasks' sleeping for 60.00 seconds {{(pid=96294) _run_loop /opt/stack/data/venv/lib/python3.12/site-packages/oslo_service/backend/_threading/loopingcall.py:125}}
Jun 30 10:31:39.135040 np0000003968 nova-scheduler[96292]: DEBUG dbcounter [-] [96292] Writing DB stats nova_cell0:SELECT=1,nova_cell0:UPDATE=1 {{(pid=96292) stat_writer /opt/stack/data/venv/lib/python3.12/site-packages/dbcounter.py:115}}
Jun 30 10:31:39.140757 np0000003968 nova-scheduler[96296]: DEBUG dbcounter [-] [96296] Writing DB stats nova_cell0:SELECT=1,nova_cell0:UPDATE=1 {{(pid=96296) stat_writer /opt/stack/data/venv/lib/python3.12/site-packages/dbcounter.py:115}}
Jun 30 10:31:39.142990 np0000003968 nova-scheduler[96294]: DEBUG dbcounter [-] [96294] Writing DB stats nova_cell0:SELECT=1,nova_cell0:UPDATE=1 {{(pid=96294) stat_writer /opt/stack/data/venv/lib/python3.12/site-packages/dbcounter.py:115}}
Jun 30 10:31:39.145548 np0000003968 nova-scheduler[96298]: DEBUG dbcounter [-] [96298] Writing DB stats nova_cell0:SELECT=1 {{(pid=96298) stat_writer /opt/stack/data/venv/lib/python3.12/site-packages/dbcounter.py:115}}
Jun 30 10:31:49.403203 np0000003968 nova-scheduler[96292]: DEBUG nova.scheduler.manager [None req-609569af-c308-4b0d-b8d3-590a10c410dd tempest-ServersNegativeTestJSON-1475252829 tempest-ServersNegativeTestJSON-1475252829-project-member] Starting to schedule for instances: ['e267598e-cf7e-4eae-83e3-10720efbbfde'] {{(pid=96292) select_destinations /opt/stack/nova/nova/scheduler/manager.py:209}}
Jun 30 10:31:49.403769 np0000003968 nova-scheduler[96292]: DEBUG nova.scheduler.request_filter [None req-609569af-c308-4b0d-b8d3-590a10c410dd tempest-ServersNegativeTestJSON-1475252829 tempest-ServersNegativeTestJSON-1475252829-project-member] compute_status_filter request filter added forbidden trait COMPUTE_STATUS_DISABLED {{(pid=96292) compute_status_filter /opt/stack/nova/nova/scheduler/request_filter.py:253}}
Jun 30 10:31:49.403942 np0000003968 nova-scheduler[96292]: DEBUG nova.scheduler.request_filter [None req-609569af-c308-4b0d-b8d3-590a10c410dd tempest-ServersNegativeTestJSON-1475252829 tempest-ServersNegativeTestJSON-1475252829-project-member] Request filter 'compute_status_filter' took 0.0 seconds {{(pid=96292) wrapper /opt/stack/nova/nova/scheduler/request_filter.py:46}}
Jun 30 10:31:49.404375 np0000003968 nova-scheduler[96292]: DEBUG nova.scheduler.request_filter [None req-609569af-c308-4b0d-b8d3-590a10c410dd tempest-ServersNegativeTestJSON-1475252829 tempest-ServersNegativeTestJSON-1475252829-project-member] Request filter 'accelerators_filter' took 0.0 seconds {{(pid=96292) wrapper /opt/stack/nova/nova/scheduler/request_filter.py:46}}
Jun 30 10:31:49.405458 np0000003968 nova-scheduler[96292]: DEBUG nova.scheduler.request_filter [None req-609569af-c308-4b0d-b8d3-590a10c410dd tempest-ServersNegativeTestJSON-1475252829 tempest-ServersNegativeTestJSON-1475252829-project-member] Request filter 'packed_virtqueue_filter' took 0.0 seconds {{(pid=96292) wrapper /opt/stack/nova/nova/scheduler/request_filter.py:46}}
Jun 30 10:31:49.405861 np0000003968 nova-scheduler[96292]: DEBUG nova.scheduler.request_filter [None req-609569af-c308-4b0d-b8d3-590a10c410dd tempest-ServersNegativeTestJSON-1475252829 tempest-ServersNegativeTestJSON-1475252829-project-member] Request filter 'remote_managed_ports_filter' took 0.0 seconds {{(pid=96292) wrapper /opt/stack/nova/nova/scheduler/request_filter.py:46}}
Jun 30 10:31:49.406046 np0000003968 nova-scheduler[96292]: DEBUG nova.scheduler.request_filter [None req-609569af-c308-4b0d-b8d3-590a10c410dd tempest-ServersNegativeTestJSON-1475252829 tempest-ServersNegativeTestJSON-1475252829-project-member] ephemeral_encryption_filter skipped {{(pid=96292) ephemeral_encryption_filter /opt/stack/nova/nova/scheduler/request_filter.py:426}}
Jun 30 10:31:49.406333 np0000003968 nova-scheduler[96292]: DEBUG nova.scheduler.request_filter [None req-609569af-c308-4b0d-b8d3-590a10c410dd tempest-ServersNegativeTestJSON-1475252829 tempest-ServersNegativeTestJSON-1475252829-project-member] virtio_sound_filter skipped {{(pid=96292) virtio_sound_filter /opt/stack/nova/nova/scheduler/request_filter.py:460}}
Jun 30 10:31:49.406517 np0000003968 nova-scheduler[96292]: DEBUG nova.scheduler.request_filter [None req-609569af-c308-4b0d-b8d3-590a10c410dd tempest-ServersNegativeTestJSON-1475252829 tempest-ServersNegativeTestJSON-1475252829-project-member] tpm_secret_security_filter skipped {{(pid=96292) tpm_secret_security_filter /opt/stack/nova/nova/scheduler/request_filter.py:477}}
Jun 30 10:31:49.871207 np0000003968 nova-scheduler[96296]: DEBUG nova.scheduler.manager [None req-abe5abd7-8d1d-4485-a702-9ee1e3ab938a tempest-AttachVolumeTestJSON-904945664 tempest-AttachVolumeTestJSON-904945664-project-member] Starting to schedule for instances: ['24a1842f-5fe2-4927-bbf9-50bae2c5b7ea'] {{(pid=96296) select_destinations /opt/stack/nova/nova/scheduler/manager.py:209}}
Jun 30 10:31:49.871839 np0000003968 nova-scheduler[96296]: DEBUG nova.scheduler.request_filter [None req-abe5abd7-8d1d-4485-a702-9ee1e3ab938a tempest-AttachVolumeTestJSON-904945664 tempest-AttachVolumeTestJSON-904945664-project-member] compute_status_filter request filter added forbidden trait COMPUTE_STATUS_DISABLED {{(pid=96296) compute_status_filter /opt/stack/nova/nova/scheduler/request_filter.py:253}}
Jun 30 10:31:49.871963 np0000003968 nova-scheduler[96296]: DEBUG nova.scheduler.request_filter [None req-abe5abd7-8d1d-4485-a702-9ee1e3ab938a tempest-AttachVolumeTestJSON-904945664 tempest-AttachVolumeTestJSON-904945664-project-member] Request filter 'compute_status_filter' took 0.0 seconds {{(pid=96296) wrapper /opt/stack/nova/nova/scheduler/request_filter.py:46}}
Jun 30 10:31:49.872181 np0000003968 nova-scheduler[96296]: DEBUG nova.scheduler.request_filter [None req-abe5abd7-8d1d-4485-a702-9ee1e3ab938a tempest-AttachVolumeTestJSON-904945664 tempest-AttachVolumeTestJSON-904945664-project-member] Request filter 'accelerators_filter' took 0.0 seconds {{(pid=96296) wrapper /opt/stack/nova/nova/scheduler/request_filter.py:46}}
Jun 30 10:31:49.872403 np0000003968 nova-scheduler[96296]: DEBUG nova.scheduler.request_filter [None req-abe5abd7-8d1d-4485-a702-9ee1e3ab938a tempest-AttachVolumeTestJSON-904945664 tempest-AttachVolumeTestJSON-904945664-project-member] Request filter 'packed_virtqueue_filter' took 0.0 seconds {{(pid=96296) wrapper /opt/stack/nova/nova/scheduler/request_filter.py:46}}
Jun 30 10:31:49.872636 np0000003968 nova-scheduler[96296]: DEBUG nova.scheduler.request_filter [None req-abe5abd7-8d1d-4485-a702-9ee1e3ab938a tempest-AttachVolumeTestJSON-904945664 tempest-AttachVolumeTestJSON-904945664-project-member] Request filter 'remote_managed_ports_filter' took 0.0 seconds {{(pid=96296) wrapper /opt/stack/nova/nova/scheduler/request_filter.py:46}}
Jun 30 10:31:49.872762 np0000003968 nova-scheduler[96296]: DEBUG nova.scheduler.request_filter [None req-abe5abd7-8d1d-4485-a702-9ee1e3ab938a tempest-AttachVolumeTestJSON-904945664 tempest-AttachVolumeTestJSON-904945664-project-member] ephemeral_encryption_filter skipped {{(pid=96296) ephemeral_encryption_filter /opt/stack/nova/nova/scheduler/request_filter.py:426}}
Jun 30 10:31:49.872956 np0000003968 nova-scheduler[96296]: DEBUG nova.scheduler.request_filter [None req-abe5abd7-8d1d-4485-a702-9ee1e3ab938a tempest-AttachVolumeTestJSON-904945664 tempest-AttachVolumeTestJSON-904945664-project-member] virtio_sound_filter skipped {{(pid=96296) virtio_sound_filter /opt/stack/nova/nova/scheduler/request_filter.py:460}}
Jun 30 10:31:49.873102 np0000003968 nova-scheduler[96296]: DEBUG nova.scheduler.request_filter [None req-abe5abd7-8d1d-4485-a702-9ee1e3ab938a tempest-AttachVolumeTestJSON-904945664 tempest-AttachVolumeTestJSON-904945664-project-member] tpm_secret_security_filter skipped {{(pid=96296) tpm_secret_security_filter /opt/stack/nova/nova/scheduler/request_filter.py:477}}
Jun 30 10:31:49.959056 np0000003968 nova-scheduler[96292]: INFO nova.utils [None req-609569af-c308-4b0d-b8d3-590a10c410dd tempest-ServersNegativeTestJSON-1475252829 tempest-ServersNegativeTestJSON-1475252829-project-member] The cell worker thread pool ForkProcess-1.cell_worker is initialized
Jun 30 10:31:49.959458 np0000003968 nova-scheduler[96292]: DEBUG oslo_concurrency.lockutils [None req-609569af-c308-4b0d-b8d3-590a10c410dd tempest-ServersNegativeTestJSON-1475252829 tempest-ServersNegativeTestJSON-1475252829-project-member] Acquiring lock "a4a7914a-2ec9-4ec3-8ecb-a8fe1e8446f6" by "nova.context.set_target_cell..get_or_set_cached_cell_and_set_connections" {{(pid=96292) inner /opt/stack/data/venv/lib/python3.12/site-packages/oslo_concurrency/lockutils.py:511}}
Jun 30 10:31:49.959848 np0000003968 nova-scheduler[96292]: DEBUG oslo_concurrency.lockutils [None req-609569af-c308-4b0d-b8d3-590a10c410dd tempest-ServersNegativeTestJSON-1475252829 tempest-ServersNegativeTestJSON-1475252829-project-member] Lock "a4a7914a-2ec9-4ec3-8ecb-a8fe1e8446f6" acquired by "nova.context.set_target_cell..get_or_set_cached_cell_and_set_connections" :: waited 0.000s {{(pid=96292) inner /opt/stack/data/venv/lib/python3.12/site-packages/oslo_concurrency/lockutils.py:524}}
Jun 30 10:31:49.961767 np0000003968 nova-scheduler[96292]: DEBUG oslo_concurrency.lockutils [None req-609569af-c308-4b0d-b8d3-590a10c410dd tempest-ServersNegativeTestJSON-1475252829 tempest-ServersNegativeTestJSON-1475252829-project-member] Lock "a4a7914a-2ec9-4ec3-8ecb-a8fe1e8446f6" "released" by "nova.context.set_target_cell..get_or_set_cached_cell_and_set_connections" :: held 0.002s {{(pid=96292) inner /opt/stack/data/venv/lib/python3.12/site-packages/oslo_concurrency/lockutils.py:543}}
Jun 30 10:31:49.964504 np0000003968 nova-scheduler[96292]: INFO dbcounter [None req-609569af-c308-4b0d-b8d3-590a10c410dd tempest-ServersNegativeTestJSON-1475252829 tempest-ServersNegativeTestJSON-1475252829-project-member] Registered counter for database nova_cell1
Jun 30 10:31:49.995947 np0000003968 nova-scheduler[96296]: INFO nova.utils [None req-abe5abd7-8d1d-4485-a702-9ee1e3ab938a tempest-AttachVolumeTestJSON-904945664 tempest-AttachVolumeTestJSON-904945664-project-member] The cell worker thread pool ForkProcess-3.cell_worker is initialized
Jun 30 10:31:49.996411 np0000003968 nova-scheduler[96296]: DEBUG oslo_concurrency.lockutils [None req-abe5abd7-8d1d-4485-a702-9ee1e3ab938a tempest-AttachVolumeTestJSON-904945664 tempest-AttachVolumeTestJSON-904945664-project-member] Acquiring lock "a4a7914a-2ec9-4ec3-8ecb-a8fe1e8446f6" by "nova.context.set_target_cell..get_or_set_cached_cell_and_set_connections" {{(pid=96296) inner /opt/stack/data/venv/lib/python3.12/site-packages/oslo_concurrency/lockutils.py:511}}
Jun 30 10:31:49.996882 np0000003968 nova-scheduler[96296]: DEBUG oslo_concurrency.lockutils [None req-abe5abd7-8d1d-4485-a702-9ee1e3ab938a tempest-AttachVolumeTestJSON-904945664 tempest-AttachVolumeTestJSON-904945664-project-member] Lock "a4a7914a-2ec9-4ec3-8ecb-a8fe1e8446f6" acquired by "nova.context.set_target_cell..get_or_set_cached_cell_and_set_connections" :: waited 0.000s {{(pid=96296) inner /opt/stack/data/venv/lib/python3.12/site-packages/oslo_concurrency/lockutils.py:524}}
Jun 30 10:31:49.999672 np0000003968 nova-scheduler[96296]: DEBUG oslo_concurrency.lockutils [None req-abe5abd7-8d1d-4485-a702-9ee1e3ab938a tempest-AttachVolumeTestJSON-904945664 tempest-AttachVolumeTestJSON-904945664-project-member] Lock "a4a7914a-2ec9-4ec3-8ecb-a8fe1e8446f6" "released" by "nova.context.set_target_cell..get_or_set_cached_cell_and_set_connections" :: held 0.002s {{(pid=96296) inner /opt/stack/data/venv/lib/python3.12/site-packages/oslo_concurrency/lockutils.py:543}}
Jun 30 10:31:50.001345 np0000003968 nova-scheduler[96296]: INFO dbcounter [None req-abe5abd7-8d1d-4485-a702-9ee1e3ab938a tempest-AttachVolumeTestJSON-904945664 tempest-AttachVolumeTestJSON-904945664-project-member] Registered counter for database nova_cell1
Jun 30 10:31:50.004703 np0000003968 nova-scheduler[96292]: DEBUG oslo_db.sqlalchemy.engines [None req-609569af-c308-4b0d-b8d3-590a10c410dd tempest-ServersNegativeTestJSON-1475252829 tempest-ServersNegativeTestJSON-1475252829-project-member] MySQL server mode set to STRICT_TRANS_TABLES,STRICT_ALL_TABLES,NO_ZERO_IN_DATE,NO_ZERO_DATE,ERROR_FOR_DIVISION_BY_ZERO,TRADITIONAL,NO_ENGINE_SUBSTITUTION {{(pid=96292) _check_effective_sql_mode /opt/stack/data/venv/lib/python3.12/site-packages/oslo_db/sqlalchemy/engines.py:325}}
Jun 30 10:31:50.009921 np0000003968 nova-scheduler[96292]: DEBUG dbcounter [-] [96292] Writer thread running {{(pid=96292) stat_writer /opt/stack/data/venv/lib/python3.12/site-packages/dbcounter.py:102}}
Jun 30 10:31:50.025251 np0000003968 nova-scheduler[96292]: DEBUG oslo_db.sqlalchemy.engines [None req-609569af-c308-4b0d-b8d3-590a10c410dd tempest-ServersNegativeTestJSON-1475252829 tempest-ServersNegativeTestJSON-1475252829-project-member] Parent process 95097 forked (96292) with an open database connection, which is being discarded and recreated. {{(pid=96292) checkout /opt/stack/data/venv/lib/python3.12/site-packages/oslo_db/sqlalchemy/engines.py:402}}
Jun 30 10:31:50.056941 np0000003968 nova-scheduler[96296]: DEBUG oslo_db.sqlalchemy.engines [None req-abe5abd7-8d1d-4485-a702-9ee1e3ab938a tempest-AttachVolumeTestJSON-904945664 tempest-AttachVolumeTestJSON-904945664-project-member] MySQL server mode set to STRICT_TRANS_TABLES,STRICT_ALL_TABLES,NO_ZERO_IN_DATE,NO_ZERO_DATE,ERROR_FOR_DIVISION_BY_ZERO,TRADITIONAL,NO_ENGINE_SUBSTITUTION {{(pid=96296) _check_effective_sql_mode /opt/stack/data/venv/lib/python3.12/site-packages/oslo_db/sqlalchemy/engines.py:325}}
Jun 30 10:31:50.066225 np0000003968 nova-scheduler[96296]: DEBUG dbcounter [-] [96296] Writer thread running {{(pid=96296) stat_writer /opt/stack/data/venv/lib/python3.12/site-packages/dbcounter.py:102}}
Jun 30 10:31:50.082101 np0000003968 nova-scheduler[96292]: DEBUG dbcounter [-] [96292] Writer thread running {{(pid=96292) stat_writer /opt/stack/data/venv/lib/python3.12/site-packages/dbcounter.py:102}}
Jun 30 10:31:50.097654 np0000003968 nova-scheduler[96292]: DEBUG oslo_concurrency.lockutils [None req-609569af-c308-4b0d-b8d3-590a10c410dd tempest-ServersNegativeTestJSON-1475252829 tempest-ServersNegativeTestJSON-1475252829-project-member] Acquiring lock "a4a7914a-2ec9-4ec3-8ecb-a8fe1e8446f6" by "nova.context.set_target_cell..get_or_set_cached_cell_and_set_connections" {{(pid=96292) inner /opt/stack/data/venv/lib/python3.12/site-packages/oslo_concurrency/lockutils.py:511}}
Jun 30 10:31:50.097946 np0000003968 nova-scheduler[96292]: DEBUG oslo_concurrency.lockutils [None req-609569af-c308-4b0d-b8d3-590a10c410dd tempest-ServersNegativeTestJSON-1475252829 tempest-ServersNegativeTestJSON-1475252829-project-member] Lock "a4a7914a-2ec9-4ec3-8ecb-a8fe1e8446f6" acquired by "nova.context.set_target_cell..get_or_set_cached_cell_and_set_connections" :: waited 0.000s {{(pid=96292) inner /opt/stack/data/venv/lib/python3.12/site-packages/oslo_concurrency/lockutils.py:524}}
Jun 30 10:31:50.098050 np0000003968 nova-scheduler[96292]: DEBUG oslo_concurrency.lockutils [None req-609569af-c308-4b0d-b8d3-590a10c410dd tempest-ServersNegativeTestJSON-1475252829 tempest-ServersNegativeTestJSON-1475252829-project-member] Lock "a4a7914a-2ec9-4ec3-8ecb-a8fe1e8446f6" "released" by "nova.context.set_target_cell..get_or_set_cached_cell_and_set_connections" :: held 0.000s {{(pid=96292) inner /opt/stack/data/venv/lib/python3.12/site-packages/oslo_concurrency/lockutils.py:543}}
Jun 30 10:31:50.102395 np0000003968 nova-scheduler[96292]: DEBUG oslo_concurrency.lockutils [None req-609569af-c308-4b0d-b8d3-590a10c410dd tempest-ServersNegativeTestJSON-1475252829 tempest-ServersNegativeTestJSON-1475252829-project-member] Acquiring lock "np0000003968-np0000003968" by "nova.scheduler.host_manager.HostState.update.._locked_update" {{(pid=96292) inner /opt/stack/data/venv/lib/python3.12/site-packages/oslo_concurrency/lockutils.py:511}}
