Jun 30 10:29:29.318850 np0000003968 nova-conductor[98766]: DEBUG cotyledon.oslo_config_glue [-] profiler.es_scroll_time = 2m {{(pid=98766) log_opt_values /opt/stack/data/venv/lib/python3.12/site-packages/oslo_config/cfg.py:3253}}
Jun 30 10:29:29.318850 np0000003968 nova-conductor[98766]: DEBUG cotyledon.oslo_config_glue [-] profiler.filter_error_trace = False {{(pid=98766) log_opt_values /opt/stack/data/venv/lib/python3.12/site-packages/oslo_config/cfg.py:3253}}
Jun 30 10:29:29.318850 np0000003968 nova-conductor[98766]: DEBUG cotyledon.oslo_config_glue [-] profiler.hmac_keys = **** {{(pid=98766) log_opt_values /opt/stack/data/venv/lib/python3.12/site-packages/oslo_config/cfg.py:3253}}
Jun 30 10:29:29.318850 np0000003968 nova-conductor[98766]: DEBUG cotyledon.oslo_config_glue [-] profiler.sentinel_service_name = mymaster {{(pid=98766) log_opt_values /opt/stack/data/venv/lib/python3.12/site-packages/oslo_config/cfg.py:3253}}
Jun 30 10:29:29.318850 np0000003968 nova-conductor[98766]: DEBUG cotyledon.oslo_config_glue [-] profiler.socket_timeout = 0.1 {{(pid=98766) log_opt_values /opt/stack/data/venv/lib/python3.12/site-packages/oslo_config/cfg.py:3253}}
Jun 30 10:29:29.318850 np0000003968 nova-conductor[98766]: DEBUG cotyledon.oslo_config_glue [-] profiler.trace_requests = False {{(pid=98766) log_opt_values /opt/stack/data/venv/lib/python3.12/site-packages/oslo_config/cfg.py:3253}}
Jun 30 10:29:29.318850 np0000003968 nova-conductor[98766]: DEBUG cotyledon.oslo_config_glue [-] profiler.trace_sqlalchemy = False {{(pid=98766) log_opt_values /opt/stack/data/venv/lib/python3.12/site-packages/oslo_config/cfg.py:3253}}
Jun 30 10:29:29.318850 np0000003968 nova-conductor[98766]: DEBUG cotyledon.oslo_config_glue [-] profiler_jaeger.process_tags = {} {{(pid=98766) log_opt_values /opt/stack/data/venv/lib/python3.12/site-packages/oslo_config/cfg.py:3253}}
Jun 30 10:29:29.318850 np0000003968 nova-conductor[98766]: DEBUG cotyledon.oslo_config_glue [-] profiler_jaeger.service_name_prefix = None {{(pid=98766) log_opt_values /opt/stack/data/venv/lib/python3.12/site-packages/oslo_config/cfg.py:3253}}
Jun 30 10:29:29.319029 np0000003968 nova-conductor[98766]: DEBUG cotyledon.oslo_config_glue [-] profiler_otlp.service_name_prefix = None {{(pid=98766) log_opt_values /opt/stack/data/venv/lib/python3.12/site-packages/oslo_config/cfg.py:3253}}
Jun 30 10:29:29.319029 np0000003968 nova-conductor[98766]: DEBUG cotyledon.oslo_config_glue [-] oslo_messaging_rabbit.amqp_auto_delete = False {{(pid=98766) log_opt_values /opt/stack/data/venv/lib/python3.12/site-packages/oslo_config/cfg.py:3253}}
Jun 30 10:29:29.319029 np0000003968 nova-conductor[98766]: DEBUG cotyledon.oslo_config_glue [-] oslo_messaging_rabbit.amqp_durable_queues = False {{(pid=98766) log_opt_values /opt/stack/data/venv/lib/python3.12/site-packages/oslo_config/cfg.py:3253}}
Jun 30 10:29:29.319029 np0000003968 nova-conductor[98766]: DEBUG cotyledon.oslo_config_glue [-] oslo_messaging_rabbit.conn_pool_min_size = 2 {{(pid=98766) log_opt_values /opt/stack/data/venv/lib/python3.12/site-packages/oslo_config/cfg.py:3253}}
Jun 30 10:29:29.319029 np0000003968 nova-conductor[98766]: DEBUG cotyledon.oslo_config_glue [-] oslo_messaging_rabbit.conn_pool_ttl = 1200 {{(pid=98766) log_opt_values /opt/stack/data/venv/lib/python3.12/site-packages/oslo_config/cfg.py:3253}}
Jun 30 10:29:29.319029 np0000003968 nova-conductor[98766]: DEBUG cotyledon.oslo_config_glue [-] oslo_messaging_rabbit.direct_mandatory_flag = True {{(pid=98766) log_opt_values /opt/stack/data/venv/lib/python3.12/site-packages/oslo_config/cfg.py:3253}}
Jun 30 10:29:29.319029 np0000003968 nova-conductor[98766]: DEBUG cotyledon.oslo_config_glue [-] oslo_messaging_rabbit.enable_cancel_on_failover = False {{(pid=98766) log_opt_values /opt/stack/data/venv/lib/python3.12/site-packages/oslo_config/cfg.py:3253}}
Jun 30 10:29:29.319029 np0000003968 nova-conductor[98766]: DEBUG cotyledon.oslo_config_glue [-] oslo_messaging_rabbit.heartbeat_rate = 3 {{(pid=98766) log_opt_values /opt/stack/data/venv/lib/python3.12/site-packages/oslo_config/cfg.py:3253}}
Jun 30 10:29:29.319029 np0000003968 nova-conductor[98766]: DEBUG cotyledon.oslo_config_glue [-] oslo_messaging_rabbit.heartbeat_timeout_threshold = 60 {{(pid=98766) log_opt_values /opt/stack/data/venv/lib/python3.12/site-packages/oslo_config/cfg.py:3253}}
Jun 30 10:29:29.319219 np0000003968 nova-conductor[98766]: DEBUG cotyledon.oslo_config_glue [-] oslo_messaging_rabbit.hostname = np0000003968 {{(pid=98766) log_opt_values /opt/stack/data/venv/lib/python3.12/site-packages/oslo_config/cfg.py:3253}}
Jun 30 10:29:29.319219 np0000003968 nova-conductor[98766]: DEBUG cotyledon.oslo_config_glue [-] oslo_messaging_rabbit.kombu_compression = None {{(pid=98766) log_opt_values /opt/stack/data/venv/lib/python3.12/site-packages/oslo_config/cfg.py:3253}}
Jun 30 10:29:29.319219 np0000003968 nova-conductor[98766]: DEBUG cotyledon.oslo_config_glue [-] oslo_messaging_rabbit.kombu_failover_strategy = round-robin {{(pid=98766) log_opt_values /opt/stack/data/venv/lib/python3.12/site-packages/oslo_config/cfg.py:3253}}
Jun 30 10:29:29.319219 np0000003968 nova-conductor[98766]: DEBUG cotyledon.oslo_config_glue [-] oslo_messaging_rabbit.kombu_missing_consumer_retry_timeout = 60 {{(pid=98766) log_opt_values /opt/stack/data/venv/lib/python3.12/site-packages/oslo_config/cfg.py:3253}}
Jun 30 10:29:29.319219 np0000003968 nova-conductor[98766]: DEBUG cotyledon.oslo_config_glue [-] oslo_messaging_rabbit.kombu_reconnect_delay = 1.0 {{(pid=98766) log_opt_values /opt/stack/data/venv/lib/python3.12/site-packages/oslo_config/cfg.py:3253}}
Jun 30 10:29:29.319219 np0000003968 nova-conductor[98766]: DEBUG cotyledon.oslo_config_glue [-] oslo_messaging_rabbit.kombu_reconnect_splay = 0.0 {{(pid=98766) log_opt_values /opt/stack/data/venv/lib/python3.12/site-packages/oslo_config/cfg.py:3253}}
Jun 30 10:29:29.319219 np0000003968 nova-conductor[98766]: DEBUG cotyledon.oslo_config_glue [-] oslo_messaging_rabbit.processname = nova-conductor {{(pid=98766) log_opt_values /opt/stack/data/venv/lib/python3.12/site-packages/oslo_config/cfg.py:3253}}
Jun 30 10:29:29.319219 np0000003968 nova-conductor[98766]: DEBUG cotyledon.oslo_config_glue [-] oslo_messaging_rabbit.rabbit_ha_queues = False {{(pid=98766) log_opt_values /opt/stack/data/venv/lib/python3.12/site-packages/oslo_config/cfg.py:3253}}
Jun 30 10:29:29.319219 np0000003968 nova-conductor[98766]: DEBUG cotyledon.oslo_config_glue [-] oslo_messaging_rabbit.rabbit_interval_max = 30 {{(pid=98766) log_opt_values /opt/stack/data/venv/lib/python3.12/site-packages/oslo_config/cfg.py:3253}}
Jun 30 10:29:29.319407 np0000003968 nova-conductor[98766]: DEBUG cotyledon.oslo_config_glue [-] oslo_messaging_rabbit.rabbit_login_method = AMQPLAIN {{(pid=98766) log_opt_values /opt/stack/data/venv/lib/python3.12/site-packages/oslo_config/cfg.py:3253}}
Jun 30 10:29:29.319407 np0000003968 nova-conductor[98766]: DEBUG cotyledon.oslo_config_glue [-] oslo_messaging_rabbit.rabbit_qos_prefetch_count = 0 {{(pid=98766) log_opt_values /opt/stack/data/venv/lib/python3.12/site-packages/oslo_config/cfg.py:3253}}
Jun 30 10:29:29.319407 np0000003968 nova-conductor[98766]: DEBUG cotyledon.oslo_config_glue [-] oslo_messaging_rabbit.rabbit_quorum_delivery_limit = 0 {{(pid=98766) log_opt_values /opt/stack/data/venv/lib/python3.12/site-packages/oslo_config/cfg.py:3253}}
Jun 30 10:29:29.319407 np0000003968 nova-conductor[98766]: DEBUG cotyledon.oslo_config_glue [-] oslo_messaging_rabbit.rabbit_quorum_max_memory_bytes = 0 {{(pid=98766) log_opt_values /opt/stack/data/venv/lib/python3.12/site-packages/oslo_config/cfg.py:3253}}
Jun 30 10:29:29.319407 np0000003968 nova-conductor[98766]: DEBUG cotyledon.oslo_config_glue [-] oslo_messaging_rabbit.rabbit_quorum_max_memory_length = 0 {{(pid=98766) log_opt_values /opt/stack/data/venv/lib/python3.12/site-packages/oslo_config/cfg.py:3253}}
Jun 30 10:29:29.319407 np0000003968 nova-conductor[98766]: DEBUG cotyledon.oslo_config_glue [-] oslo_messaging_rabbit.rabbit_quorum_queue = False {{(pid=98766) log_opt_values /opt/stack/data/venv/lib/python3.12/site-packages/oslo_config/cfg.py:3253}}
Jun 30 10:29:29.319407 np0000003968 nova-conductor[98766]: DEBUG cotyledon.oslo_config_glue [-] oslo_messaging_rabbit.rabbit_retry_backoff = 2 {{(pid=98766) log_opt_values /opt/stack/data/venv/lib/python3.12/site-packages/oslo_config/cfg.py:3253}}
Jun 30 10:29:29.319407 np0000003968 nova-conductor[98766]: DEBUG cotyledon.oslo_config_glue [-] oslo_messaging_rabbit.rabbit_retry_interval = 1 {{(pid=98766) log_opt_values /opt/stack/data/venv/lib/python3.12/site-packages/oslo_config/cfg.py:3253}}
Jun 30 10:29:29.319407 np0000003968 nova-conductor[98766]: DEBUG cotyledon.oslo_config_glue [-] oslo_messaging_rabbit.rabbit_stream_fanout = False {{(pid=98766) log_opt_values /opt/stack/data/venv/lib/python3.12/site-packages/oslo_config/cfg.py:3253}}
Jun 30 10:29:29.319575 np0000003968 nova-conductor[98766]: DEBUG cotyledon.oslo_config_glue [-] oslo_messaging_rabbit.rabbit_transient_queues_ttl = 1800 {{(pid=98766) log_opt_values /opt/stack/data/venv/lib/python3.12/site-packages/oslo_config/cfg.py:3253}}
Jun 30 10:29:29.319575 np0000003968 nova-conductor[98766]: DEBUG cotyledon.oslo_config_glue [-] oslo_messaging_rabbit.rabbit_transient_quorum_queue = False {{(pid=98766) log_opt_values /opt/stack/data/venv/lib/python3.12/site-packages/oslo_config/cfg.py:3253}}
Jun 30 10:29:29.319575 np0000003968 nova-conductor[98766]: DEBUG cotyledon.oslo_config_glue [-] oslo_messaging_rabbit.rpc_conn_pool_size = 30 {{(pid=98766) log_opt_values /opt/stack/data/venv/lib/python3.12/site-packages/oslo_config/cfg.py:3253}}
Jun 30 10:29:29.319575 np0000003968 nova-conductor[98766]: DEBUG cotyledon.oslo_config_glue [-] oslo_messaging_rabbit.ssl = False {{(pid=98766) log_opt_values /opt/stack/data/venv/lib/python3.12/site-packages/oslo_config/cfg.py:3253}}
Jun 30 10:29:29.319575 np0000003968 nova-conductor[98766]: DEBUG cotyledon.oslo_config_glue [-] oslo_messaging_rabbit.ssl_ca_file = {{(pid=98766) log_opt_values /opt/stack/data/venv/lib/python3.12/site-packages/oslo_config/cfg.py:3253}}
Jun 30 10:29:29.319575 np0000003968 nova-conductor[98766]: DEBUG cotyledon.oslo_config_glue [-] oslo_messaging_rabbit.ssl_cert_file = {{(pid=98766) log_opt_values /opt/stack/data/venv/lib/python3.12/site-packages/oslo_config/cfg.py:3253}}
Jun 30 10:29:29.319575 np0000003968 nova-conductor[98766]: DEBUG cotyledon.oslo_config_glue [-] oslo_messaging_rabbit.ssl_enforce_fips_mode = False {{(pid=98766) log_opt_values /opt/stack/data/venv/lib/python3.12/site-packages/oslo_config/cfg.py:3253}}
Jun 30 10:29:29.319575 np0000003968 nova-conductor[98766]: DEBUG cotyledon.oslo_config_glue [-] oslo_messaging_rabbit.ssl_enforce_hostname_verification = True {{(pid=98766) log_opt_values /opt/stack/data/venv/lib/python3.12/site-packages/oslo_config/cfg.py:3253}}
Jun 30 10:29:29.319575 np0000003968 nova-conductor[98766]: DEBUG cotyledon.oslo_config_glue [-] oslo_messaging_rabbit.ssl_key_file = {{(pid=98766) log_opt_values /opt/stack/data/venv/lib/python3.12/site-packages/oslo_config/cfg.py:3253}}
Jun 30 10:29:29.319738 np0000003968 nova-conductor[98766]: DEBUG cotyledon.oslo_config_glue [-] oslo_messaging_rabbit.ssl_version = {{(pid=98766) log_opt_values /opt/stack/data/venv/lib/python3.12/site-packages/oslo_config/cfg.py:3253}}
Jun 30 10:29:29.319738 np0000003968 nova-conductor[98766]: DEBUG cotyledon.oslo_config_glue [-] oslo_messaging_rabbit.use_queue_manager = False {{(pid=98766) log_opt_values /opt/stack/data/venv/lib/python3.12/site-packages/oslo_config/cfg.py:3253}}
Jun 30 10:29:29.319738 np0000003968 nova-conductor[98766]: DEBUG cotyledon.oslo_config_glue [-] oslo_messaging_notifications.driver = ['messagingv2'] {{(pid=98766) log_opt_values /opt/stack/data/venv/lib/python3.12/site-packages/oslo_config/cfg.py:3253}}
Jun 30 10:29:29.319738 np0000003968 nova-conductor[98766]: DEBUG cotyledon.oslo_config_glue [-] oslo_messaging_notifications.retry = -1 {{(pid=98766) log_opt_values /opt/stack/data/venv/lib/python3.12/site-packages/oslo_config/cfg.py:3253}}
Jun 30 10:29:29.319738 np0000003968 nova-conductor[98766]: DEBUG cotyledon.oslo_config_glue [-] oslo_messaging_notifications.topics = ['notifications'] {{(pid=98766) log_opt_values /opt/stack/data/venv/lib/python3.12/site-packages/oslo_config/cfg.py:3253}}
Jun 30 10:29:29.319738 np0000003968 nova-conductor[98766]: DEBUG cotyledon.oslo_config_glue [-] oslo_messaging_notifications.transport_url = **** {{(pid=98766) log_opt_values /opt/stack/data/venv/lib/python3.12/site-packages/oslo_config/cfg.py:3253}}
Jun 30 10:29:29.319738 np0000003968 nova-conductor[98766]: DEBUG cotyledon.oslo_config_glue [-] oslo_limit.auth_section = None {{(pid=98766) log_opt_values /opt/stack/data/venv/lib/python3.12/site-packages/oslo_config/cfg.py:3253}}
Jun 30 10:29:29.319738 np0000003968 nova-conductor[98766]: DEBUG cotyledon.oslo_config_glue [-] oslo_limit.auth_type = None {{(pid=98766) log_opt_values /opt/stack/data/venv/lib/python3.12/site-packages/oslo_config/cfg.py:3253}}
Jun 30 10:29:29.319738 np0000003968 nova-conductor[98766]: DEBUG cotyledon.oslo_config_glue [-] oslo_limit.cafile = None {{(pid=98766) log_opt_values /opt/stack/data/venv/lib/python3.12/site-packages/oslo_config/cfg.py:3253}}
Jun 30 10:29:29.319909 np0000003968 nova-conductor[98766]: DEBUG cotyledon.oslo_config_glue [-] oslo_limit.certfile = None {{(pid=98766) log_opt_values /opt/stack/data/venv/lib/python3.12/site-packages/oslo_config/cfg.py:3253}}
Jun 30 10:29:29.319909 np0000003968 nova-conductor[98766]: DEBUG cotyledon.oslo_config_glue [-] oslo_limit.collect_timing = False {{(pid=98766) log_opt_values /opt/stack/data/venv/lib/python3.12/site-packages/oslo_config/cfg.py:3253}}
Jun 30 10:29:29.319909 np0000003968 nova-conductor[98766]: DEBUG cotyledon.oslo_config_glue [-] oslo_limit.connect_retries = None {{(pid=98766) log_opt_values /opt/stack/data/venv/lib/python3.12/site-packages/oslo_config/cfg.py:3253}}
Jun 30 10:29:29.319909 np0000003968 nova-conductor[98766]: DEBUG cotyledon.oslo_config_glue [-] oslo_limit.connect_retry_delay = None {{(pid=98766) log_opt_values /opt/stack/data/venv/lib/python3.12/site-packages/oslo_config/cfg.py:3253}}
Jun 30 10:29:29.319909 np0000003968 nova-conductor[98766]: DEBUG cotyledon.oslo_config_glue [-] oslo_limit.endpoint_id = None {{(pid=98766) log_opt_values /opt/stack/data/venv/lib/python3.12/site-packages/oslo_config/cfg.py:3253}}
Jun 30 10:29:29.319909 np0000003968 nova-conductor[98766]: DEBUG cotyledon.oslo_config_glue [-] oslo_limit.endpoint_interface = public {{(pid=98766) log_opt_values /opt/stack/data/venv/lib/python3.12/site-packages/oslo_config/cfg.py:3253}}
Jun 30 10:29:29.319909 np0000003968 nova-conductor[98766]: DEBUG cotyledon.oslo_config_glue [-] oslo_limit.endpoint_override = None {{(pid=98766) log_opt_values /opt/stack/data/venv/lib/python3.12/site-packages/oslo_config/cfg.py:3253}}
Jun 30 10:29:29.319909 np0000003968 nova-conductor[98766]: DEBUG cotyledon.oslo_config_glue [-] oslo_limit.endpoint_region_name = None {{(pid=98766) log_opt_values /opt/stack/data/venv/lib/python3.12/site-packages/oslo_config/cfg.py:3253}}
Jun 30 10:29:29.319909 np0000003968 nova-conductor[98766]: DEBUG cotyledon.oslo_config_glue [-] oslo_limit.endpoint_service_name = None {{(pid=98766) log_opt_values /opt/stack/data/venv/lib/python3.12/site-packages/oslo_config/cfg.py:3253}}
Jun 30 10:29:29.320071 np0000003968 nova-conductor[98766]: DEBUG cotyledon.oslo_config_glue [-] oslo_limit.endpoint_service_type = None {{(pid=98766) log_opt_values /opt/stack/data/venv/lib/python3.12/site-packages/oslo_config/cfg.py:3253}}
Jun 30 10:29:29.320071 np0000003968 nova-conductor[98766]: DEBUG cotyledon.oslo_config_glue [-] oslo_limit.insecure = False {{(pid=98766) log_opt_values /opt/stack/data/venv/lib/python3.12/site-packages/oslo_config/cfg.py:3253}}
Jun 30 10:29:29.320071 np0000003968 nova-conductor[98766]: DEBUG cotyledon.oslo_config_glue [-] oslo_limit.keyfile = None {{(pid=98766) log_opt_values /opt/stack/data/venv/lib/python3.12/site-packages/oslo_config/cfg.py:3253}}
Jun 30 10:29:29.320071 np0000003968 nova-conductor[98766]: DEBUG cotyledon.oslo_config_glue [-] oslo_limit.max_version = None {{(pid=98766) log_opt_values /opt/stack/data/venv/lib/python3.12/site-packages/oslo_config/cfg.py:3253}}
Jun 30 10:29:29.320071 np0000003968 nova-conductor[98766]: DEBUG cotyledon.oslo_config_glue [-] oslo_limit.min_version = None {{(pid=98766) log_opt_values /opt/stack/data/venv/lib/python3.12/site-packages/oslo_config/cfg.py:3253}}
Jun 30 10:29:29.320071 np0000003968 nova-conductor[98766]: DEBUG cotyledon.oslo_config_glue [-] oslo_limit.region_name = None {{(pid=98766) log_opt_values /opt/stack/data/venv/lib/python3.12/site-packages/oslo_config/cfg.py:3253}}
Jun 30 10:29:29.320071 np0000003968 nova-conductor[98766]: DEBUG cotyledon.oslo_config_glue [-] oslo_limit.retriable_status_codes = None {{(pid=98766) log_opt_values /opt/stack/data/venv/lib/python3.12/site-packages/oslo_config/cfg.py:3253}}
Jun 30 10:29:29.320071 np0000003968 nova-conductor[98766]: DEBUG cotyledon.oslo_config_glue [-] oslo_limit.service_name = None {{(pid=98766) log_opt_values /opt/stack/data/venv/lib/python3.12/site-packages/oslo_config/cfg.py:3253}}
Jun 30 10:29:29.320071 np0000003968 nova-conductor[98766]: DEBUG cotyledon.oslo_config_glue [-] oslo_limit.service_type = None {{(pid=98766) log_opt_values /opt/stack/data/venv/lib/python3.12/site-packages/oslo_config/cfg.py:3253}}
Jun 30 10:29:29.320255 np0000003968 nova-conductor[98766]: DEBUG cotyledon.oslo_config_glue [-] oslo_limit.split_loggers = False {{(pid=98766) log_opt_values /opt/stack/data/venv/lib/python3.12/site-packages/oslo_config/cfg.py:3253}}
Jun 30 10:29:29.320255 np0000003968 nova-conductor[98766]: DEBUG cotyledon.oslo_config_glue [-] oslo_limit.status_code_retries = None {{(pid=98766) log_opt_values /opt/stack/data/venv/lib/python3.12/site-packages/oslo_config/cfg.py:3253}}
Jun 30 10:29:29.320255 np0000003968 nova-conductor[98766]: DEBUG cotyledon.oslo_config_glue [-] oslo_limit.status_code_retry_delay = None {{(pid=98766) log_opt_values /opt/stack/data/venv/lib/python3.12/site-packages/oslo_config/cfg.py:3253}}
Jun 30 10:29:29.320255 np0000003968 nova-conductor[98766]: DEBUG cotyledon.oslo_config_glue [-] oslo_limit.timeout = None {{(pid=98766) log_opt_values /opt/stack/data/venv/lib/python3.12/site-packages/oslo_config/cfg.py:3253}}
Jun 30 10:29:29.320255 np0000003968 nova-conductor[98766]: DEBUG cotyledon.oslo_config_glue [-] oslo_limit.valid_interfaces = None {{(pid=98766) log_opt_values /opt/stack/data/venv/lib/python3.12/site-packages/oslo_config/cfg.py:3253}}
Jun 30 10:29:29.320255 np0000003968 nova-conductor[98766]: DEBUG cotyledon.oslo_config_glue [-] oslo_limit.version = None {{(pid=98766) log_opt_values /opt/stack/data/venv/lib/python3.12/site-packages/oslo_config/cfg.py:3253}}
Jun 30 10:29:29.320255 np0000003968 nova-conductor[98766]: DEBUG cotyledon.oslo_config_glue [-] oslo_reports.file_event_handler = None {{(pid=98766) log_opt_values /opt/stack/data/venv/lib/python3.12/site-packages/oslo_config/cfg.py:3253}}
Jun 30 10:29:29.320255 np0000003968 nova-conductor[98766]: DEBUG cotyledon.oslo_config_glue [-] oslo_reports.file_event_handler_interval = 1 {{(pid=98766) log_opt_values /opt/stack/data/venv/lib/python3.12/site-packages/oslo_config/cfg.py:3253}}
Jun 30 10:29:29.320255 np0000003968 nova-conductor[98766]: DEBUG cotyledon.oslo_config_glue [-] oslo_reports.log_dir = None {{(pid=98766) log_opt_values /opt/stack/data/venv/lib/python3.12/site-packages/oslo_config/cfg.py:3253}}
Jun 30 10:29:29.320438 np0000003968 nova-conductor[98766]: DEBUG cotyledon.oslo_config_glue [-] ******************************************************************************** {{(pid=98766) log_opt_values /opt/stack/data/venv/lib/python3.12/site-packages/oslo_config/cfg.py:3260}}
Jun 30 10:29:29.320438 np0000003968 nova-conductor[98766]: DEBUG cotyledon._service_worker [-] Run service ServiceWrapper(3) [98766] {{(pid=98766) wait_forever /opt/stack/data/venv/lib/python3.12/site-packages/cotyledon/_service_worker.py:218}}
Jun 30 10:29:29.320438 np0000003968 nova-conductor[98766]: INFO nova.service [-] Starting conductor node (version 33.1.0)
Jun 30 10:29:29.320438 np0000003968 nova-conductor[98766]: INFO dbcounter [None req-f9a19e50-de08-4de6-9aed-6d54dbba718e None None] Registered counter for database nova_cell0
Jun 30 10:29:29.326465 np0000003968 nova-conductor[98755]: DEBUG oslo_db.sqlalchemy.engines [None req-ced71110-8e12-49b8-a356-e00fb22bb6ef None None] MySQL server mode set to STRICT_TRANS_TABLES,STRICT_ALL_TABLES,NO_ZERO_IN_DATE,NO_ZERO_DATE,ERROR_FOR_DIVISION_BY_ZERO,TRADITIONAL,NO_ENGINE_SUBSTITUTION {{(pid=98755) _check_effective_sql_mode /opt/stack/data/venv/lib/python3.12/site-packages/oslo_db/sqlalchemy/engines.py:325}}
Jun 30 10:29:29.332500 np0000003968 nova-conductor[98749]: DEBUG oslo_db.sqlalchemy.engines [None req-a9c6beff-bbf5-44a0-aad3-f0cfb6daa83d None None] MySQL server mode set to STRICT_TRANS_TABLES,STRICT_ALL_TABLES,NO_ZERO_IN_DATE,NO_ZERO_DATE,ERROR_FOR_DIVISION_BY_ZERO,TRADITIONAL,NO_ENGINE_SUBSTITUTION {{(pid=98749) _check_effective_sql_mode /opt/stack/data/venv/lib/python3.12/site-packages/oslo_db/sqlalchemy/engines.py:325}}
Jun 30 10:29:29.336780 np0000003968 nova-conductor[98755]: DEBUG dbcounter [-] [98755] Writer thread running {{(pid=98755) stat_writer /opt/stack/data/venv/lib/python3.12/site-packages/dbcounter.py:102}}
Jun 30 10:29:29.340368 np0000003968 nova-conductor[98762]: DEBUG oslo_db.sqlalchemy.engines [None req-b2bf80ca-7fdb-4d89-b09e-b7b32cbba4b3 None None] MySQL server mode set to STRICT_TRANS_TABLES,STRICT_ALL_TABLES,NO_ZERO_IN_DATE,NO_ZERO_DATE,ERROR_FOR_DIVISION_BY_ZERO,TRADITIONAL,NO_ENGINE_SUBSTITUTION {{(pid=98762) _check_effective_sql_mode /opt/stack/data/venv/lib/python3.12/site-packages/oslo_db/sqlalchemy/engines.py:325}}
Jun 30 10:29:29.343836 np0000003968 nova-conductor[98749]: DEBUG dbcounter [-] [98749] Writer thread running {{(pid=98749) stat_writer /opt/stack/data/venv/lib/python3.12/site-packages/dbcounter.py:102}}
Jun 30 10:29:29.350676 np0000003968 nova-conductor[98762]: DEBUG dbcounter [-] [98762] Writer thread running {{(pid=98762) stat_writer /opt/stack/data/venv/lib/python3.12/site-packages/dbcounter.py:102}}
Jun 30 10:29:29.352782 np0000003968 nova-conductor[98755]: DEBUG nova.service [None req-ced71110-8e12-49b8-a356-e00fb22bb6ef None None] Creating RPC server for service: nova-conductor on topic: conductor {{(pid=98755) start /opt/stack/nova/nova/service.py:196}}
Jun 30 10:29:29.360043 np0000003968 nova-conductor[98749]: DEBUG nova.service [None req-a9c6beff-bbf5-44a0-aad3-f0cfb6daa83d None None] Creating RPC server for service: nova-conductor on topic: conductor {{(pid=98749) start /opt/stack/nova/nova/service.py:196}}
Jun 30 10:29:29.368319 np0000003968 nova-conductor[98766]: DEBUG oslo_db.sqlalchemy.engines [None req-f9a19e50-de08-4de6-9aed-6d54dbba718e None None] MySQL server mode set to STRICT_TRANS_TABLES,STRICT_ALL_TABLES,NO_ZERO_IN_DATE,NO_ZERO_DATE,ERROR_FOR_DIVISION_BY_ZERO,TRADITIONAL,NO_ENGINE_SUBSTITUTION {{(pid=98766) _check_effective_sql_mode /opt/stack/data/venv/lib/python3.12/site-packages/oslo_db/sqlalchemy/engines.py:325}}
Jun 30 10:29:29.373439 np0000003968 nova-conductor[98762]: DEBUG nova.service [None req-b2bf80ca-7fdb-4d89-b09e-b7b32cbba4b3 None None] Creating RPC server for service: nova-conductor on topic: conductor {{(pid=98762) start /opt/stack/nova/nova/service.py:196}}
Jun 30 10:29:29.379008 np0000003968 nova-conductor[98766]: DEBUG dbcounter [-] [98766] Writer thread running {{(pid=98766) stat_writer /opt/stack/data/venv/lib/python3.12/site-packages/dbcounter.py:102}}
Jun 30 10:29:29.380824 np0000003968 nova-conductor[98749]: DEBUG nova.service [None req-a9c6beff-bbf5-44a0-aad3-f0cfb6daa83d None None] Join ServiceGroup membership for this service conductor {{(pid=98749) start /opt/stack/nova/nova/service.py:222}}
Jun 30 10:29:29.381292 np0000003968 nova-conductor[98749]: DEBUG nova.servicegroup.drivers.db [None req-a9c6beff-bbf5-44a0-aad3-f0cfb6daa83d None None] DB_Driver: join new ServiceGroup member np0000003968 to the conductor group, service = {{(pid=98749) join /opt/stack/nova/nova/servicegroup/drivers/db.py:44}}
Jun 30 10:29:29.381609 np0000003968 nova-conductor[98766]: DEBUG nova.service [None req-f9a19e50-de08-4de6-9aed-6d54dbba718e None None] Creating RPC server for service: nova-conductor on topic: conductor {{(pid=98766) start /opt/stack/nova/nova/service.py:196}}
Jun 30 10:29:29.386665 np0000003968 nova-conductor[98755]: DEBUG nova.service [None req-ced71110-8e12-49b8-a356-e00fb22bb6ef None None] Join ServiceGroup membership for this service conductor {{(pid=98755) start /opt/stack/nova/nova/service.py:222}}
Jun 30 10:29:29.386890 np0000003968 nova-conductor[98755]: DEBUG nova.servicegroup.drivers.db [None req-ced71110-8e12-49b8-a356-e00fb22bb6ef None None] DB_Driver: join new ServiceGroup member np0000003968 to the conductor group, service = {{(pid=98755) join /opt/stack/nova/nova/servicegroup/drivers/db.py:44}}
Jun 30 10:29:29.390910 np0000003968 nova-conductor[98762]: DEBUG nova.service [None req-b2bf80ca-7fdb-4d89-b09e-b7b32cbba4b3 None None] Join ServiceGroup membership for this service conductor {{(pid=98762) start /opt/stack/nova/nova/service.py:222}}
Jun 30 10:29:29.391136 np0000003968 nova-conductor[98762]: DEBUG nova.servicegroup.drivers.db [None req-b2bf80ca-7fdb-4d89-b09e-b7b32cbba4b3 None None] DB_Driver: join new ServiceGroup member np0000003968 to the conductor group, service = {{(pid=98762) join /opt/stack/nova/nova/servicegroup/drivers/db.py:44}}
Jun 30 10:29:29.396898 np0000003968 nova-conductor[98766]: DEBUG nova.service [None req-f9a19e50-de08-4de6-9aed-6d54dbba718e None None] Join ServiceGroup membership for this service conductor {{(pid=98766) start /opt/stack/nova/nova/service.py:222}}
Jun 30 10:29:29.397046 np0000003968 nova-conductor[98766]: DEBUG nova.servicegroup.drivers.db [None req-f9a19e50-de08-4de6-9aed-6d54dbba718e None None] DB_Driver: join new ServiceGroup member np0000003968 to the conductor group, service = {{(pid=98766) join /opt/stack/nova/nova/servicegroup/drivers/db.py:44}}
Jun 30 10:29:34.398058 np0000003968 nova-conductor[98749]: DEBUG oslo.service.backend._threading.loopingcall [-] Fixed interval looping call 'nova.servicegroup.drivers.db.DbDriver._report_state' sleeping for 119.98 seconds {{(pid=98749) _run_loop /opt/stack/data/venv/lib/python3.12/site-packages/oslo_service/backend/_threading/loopingcall.py:125}}
Jun 30 10:29:34.399547 np0000003968 nova-conductor[98762]: DEBUG oslo.service.backend._threading.loopingcall [-] Fixed interval looping call 'nova.servicegroup.drivers.db.DbDriver._report_state' sleeping for 119.99 seconds {{(pid=98762) _run_loop /opt/stack/data/venv/lib/python3.12/site-packages/oslo_service/backend/_threading/loopingcall.py:125}}
Jun 30 10:29:34.400600 np0000003968 nova-conductor[98755]: DEBUG oslo.service.backend._threading.loopingcall [-] Fixed interval looping call 'nova.servicegroup.drivers.db.DbDriver._report_state' sleeping for 119.99 seconds {{(pid=98755) _run_loop /opt/stack/data/venv/lib/python3.12/site-packages/oslo_service/backend/_threading/loopingcall.py:125}}
Jun 30 10:29:34.408130 np0000003968 nova-conductor[98766]: DEBUG oslo.service.backend._threading.loopingcall [-] Fixed interval looping call 'nova.servicegroup.drivers.db.DbDriver._report_state' sleeping for 119.99 seconds {{(pid=98766) _run_loop /opt/stack/data/venv/lib/python3.12/site-packages/oslo_service/backend/_threading/loopingcall.py:125}}
Jun 30 10:29:37.949168 np0000003968 nova-conductor[97240]: DEBUG dbcounter [-] [97240] Writing DB stats nova_api:SELECT=1 {{(pid=97240) stat_writer /opt/stack/data/venv/lib/python3.12/site-packages/dbcounter.py:115}}
Jun 30 10:29:38.064384 np0000003968 nova-conductor[97240]: DEBUG dbcounter [-] [97240] Writing DB stats nova_cell0:SELECT=1 {{(pid=97240) stat_writer /opt/stack/data/venv/lib/python3.12/site-packages/dbcounter.py:115}}
Jun 30 10:29:38.068087 np0000003968 nova-conductor[97240]: DEBUG dbcounter [-] [97240] Writing DB stats nova_cell1:SELECT=1 {{(pid=97240) stat_writer /opt/stack/data/venv/lib/python3.12/site-packages/dbcounter.py:115}}
Jun 30 10:29:39.400751 np0000003968 nova-conductor[98766]: DEBUG oslo.service.backend._threading.loopingcall [None req-bfba6b20-c643-4e98-9de4-58633a41f70e None None] Dynamic interval looping call 'nova.service.Service.periodic_tasks' sleeping for 60.00 seconds {{(pid=98766) _run_loop /opt/stack/data/venv/lib/python3.12/site-packages/oslo_service/backend/_threading/loopingcall.py:125}}
Jun 30 10:29:43.388978 np0000003968 nova-conductor[98755]: DEBUG oslo.service.backend._threading.loopingcall [None req-46c34d76-895b-4e49-b105-43095abbc677 None None] Dynamic interval looping call 'nova.service.Service.periodic_tasks' sleeping for 60.00 seconds {{(pid=98755) _run_loop /opt/stack/data/venv/lib/python3.12/site-packages/oslo_service/backend/_threading/loopingcall.py:125}}
Jun 30 10:29:44.390744 np0000003968 nova-conductor[98749]: DEBUG dbcounter [-] [98749] Writing DB stats nova_cell0:SELECT=5,nova_cell0:INSERT=1,nova_cell0:UPDATE=1 {{(pid=98749) stat_writer /opt/stack/data/venv/lib/python3.12/site-packages/dbcounter.py:115}}
Jun 30 10:29:44.398047 np0000003968 nova-conductor[98762]: DEBUG dbcounter [-] [98762] Writing DB stats nova_cell0:SELECT=4,nova_cell0:INSERT=1,nova_cell0:UPDATE=1 {{(pid=98762) stat_writer /opt/stack/data/venv/lib/python3.12/site-packages/dbcounter.py:115}}
Jun 30 10:29:44.399061 np0000003968 nova-conductor[98755]: DEBUG dbcounter [-] [98755] Writing DB stats nova_cell0:SELECT=4,nova_cell0:INSERT=1,nova_cell0:UPDATE=1 {{(pid=98755) stat_writer /opt/stack/data/venv/lib/python3.12/site-packages/dbcounter.py:115}}
Jun 30 10:29:44.407309 np0000003968 nova-conductor[98766]: DEBUG dbcounter [-] [98766] Writing DB stats nova_cell0:SELECT=3 {{(pid=98766) stat_writer /opt/stack/data/venv/lib/python3.12/site-packages/dbcounter.py:115}}
Jun 30 10:29:46.383445 np0000003968 nova-conductor[98749]: DEBUG oslo.service.backend._threading.loopingcall [None req-36bff959-5ce4-4b1a-9669-140c3becbec0 None None] Dynamic interval looping call 'nova.service.Service.periodic_tasks' sleeping for 60.00 seconds {{(pid=98749) _run_loop /opt/stack/data/venv/lib/python3.12/site-packages/oslo_service/backend/_threading/loopingcall.py:125}}
Jun 30 10:29:47.393814 np0000003968 nova-conductor[98762]: DEBUG oslo.service.backend._threading.loopingcall [None req-75cffdd6-c8f3-49c5-ae04-a22e4e732258 None None] Dynamic interval looping call 'nova.service.Service.periodic_tasks' sleeping for 60.00 seconds {{(pid=98762) _run_loop /opt/stack/data/venv/lib/python3.12/site-packages/oslo_service/backend/_threading/loopingcall.py:125}}
Jun 30 10:30:39.401282 np0000003968 nova-conductor[98766]: DEBUG oslo.service.backend._threading.loopingcall [None req-bfba6b20-c643-4e98-9de4-58633a41f70e None None] Dynamic interval looping call 'nova.service.Service.periodic_tasks' sleeping for 60.00 seconds {{(pid=98766) _run_loop /opt/stack/data/venv/lib/python3.12/site-packages/oslo_service/backend/_threading/loopingcall.py:125}}
Jun 30 10:30:43.389601 np0000003968 nova-conductor[98755]: DEBUG oslo.service.backend._threading.loopingcall [None req-46c34d76-895b-4e49-b105-43095abbc677 None None] Dynamic interval looping call 'nova.service.Service.periodic_tasks' sleeping for 60.00 seconds {{(pid=98755) _run_loop /opt/stack/data/venv/lib/python3.12/site-packages/oslo_service/backend/_threading/loopingcall.py:125}}
Jun 30 10:30:46.384045 np0000003968 nova-conductor[98749]: DEBUG oslo.service.backend._threading.loopingcall [None req-36bff959-5ce4-4b1a-9669-140c3becbec0 None None] Dynamic interval looping call 'nova.service.Service.periodic_tasks' sleeping for 60.00 seconds {{(pid=98749) _run_loop /opt/stack/data/venv/lib/python3.12/site-packages/oslo_service/backend/_threading/loopingcall.py:125}}
Jun 30 10:30:47.394336 np0000003968 nova-conductor[98762]: DEBUG oslo.service.backend._threading.loopingcall [None req-75cffdd6-c8f3-49c5-ae04-a22e4e732258 None None] Dynamic interval looping call 'nova.service.Service.periodic_tasks' sleeping for 60.00 seconds {{(pid=98762) _run_loop /opt/stack/data/venv/lib/python3.12/site-packages/oslo_service/backend/_threading/loopingcall.py:125}}
Jun 30 10:31:34.387591 np0000003968 nova-conductor[98749]: DEBUG oslo.service.backend._threading.loopingcall [-] Fixed interval looping call 'nova.servicegroup.drivers.db.DbDriver._report_state' sleeping for 119.99 seconds {{(pid=98749) _run_loop /opt/stack/data/venv/lib/python3.12/site-packages/oslo_service/backend/_threading/loopingcall.py:125}}
Jun 30 10:31:34.393672 np0000003968 nova-conductor[98762]: DEBUG oslo.service.backend._threading.loopingcall [-] Fixed interval looping call 'nova.servicegroup.drivers.db.DbDriver._report_state' sleeping for 120.00 seconds {{(pid=98762) _run_loop /opt/stack/data/venv/lib/python3.12/site-packages/oslo_service/backend/_threading/loopingcall.py:125}}
Jun 30 10:31:34.395373 np0000003968 nova-conductor[98755]: DEBUG oslo.service.backend._threading.loopingcall [-] Fixed interval looping call 'nova.servicegroup.drivers.db.DbDriver._report_state' sleeping for 120.00 seconds {{(pid=98755) _run_loop /opt/stack/data/venv/lib/python3.12/site-packages/oslo_service/backend/_threading/loopingcall.py:125}}
Jun 30 10:31:34.403785 np0000003968 nova-conductor[98766]: DEBUG oslo.service.backend._threading.loopingcall [-] Fixed interval looping call 'nova.servicegroup.drivers.db.DbDriver._report_state' sleeping for 119.99 seconds {{(pid=98766) _run_loop /opt/stack/data/venv/lib/python3.12/site-packages/oslo_service/backend/_threading/loopingcall.py:125}}
Jun 30 10:31:39.401739 np0000003968 nova-conductor[98766]: DEBUG oslo.service.backend._threading.loopingcall [None req-bfba6b20-c643-4e98-9de4-58633a41f70e None None] Dynamic interval looping call 'nova.service.Service.periodic_tasks' sleeping for 60.00 seconds {{(pid=98766) _run_loop /opt/stack/data/venv/lib/python3.12/site-packages/oslo_service/backend/_threading/loopingcall.py:125}}
Jun 30 10:31:43.389999 np0000003968 nova-conductor[98755]: DEBUG oslo.service.backend._threading.loopingcall [None req-46c34d76-895b-4e49-b105-43095abbc677 None None] Dynamic interval looping call 'nova.service.Service.periodic_tasks' sleeping for 60.00 seconds {{(pid=98755) _run_loop /opt/stack/data/venv/lib/python3.12/site-packages/oslo_service/backend/_threading/loopingcall.py:125}}
Jun 30 10:31:44.381932 np0000003968 nova-conductor[98749]: DEBUG dbcounter [-] [98749] Writing DB stats nova_cell0:SELECT=1,nova_cell0:UPDATE=1 {{(pid=98749) stat_writer /opt/stack/data/venv/lib/python3.12/site-packages/dbcounter.py:115}}
Jun 30 10:31:44.393090 np0000003968 nova-conductor[98762]: DEBUG dbcounter [-] [98762] Writing DB stats nova_cell0:SELECT=1 {{(pid=98762) stat_writer /opt/stack/data/venv/lib/python3.12/site-packages/dbcounter.py:115}}
Jun 30 10:31:44.396065 np0000003968 nova-conductor[98755]: DEBUG dbcounter [-] [98755] Writing DB stats nova_cell0:SELECT=1 {{(pid=98755) stat_writer /opt/stack/data/venv/lib/python3.12/site-packages/dbcounter.py:115}}
Jun 30 10:31:44.401867 np0000003968 nova-conductor[98766]: DEBUG dbcounter [-] [98766] Writing DB stats nova_cell0:SELECT=1 {{(pid=98766) stat_writer /opt/stack/data/venv/lib/python3.12/site-packages/dbcounter.py:115}}
Jun 30 10:31:46.384603 np0000003968 nova-conductor[98749]: DEBUG oslo.service.backend._threading.loopingcall [None req-36bff959-5ce4-4b1a-9669-140c3becbec0 None None] Dynamic interval looping call 'nova.service.Service.periodic_tasks' sleeping for 60.00 seconds {{(pid=98749) _run_loop /opt/stack/data/venv/lib/python3.12/site-packages/oslo_service/backend/_threading/loopingcall.py:125}}
Jun 30 10:31:47.394792 np0000003968 nova-conductor[98762]: DEBUG oslo.service.backend._threading.loopingcall [None req-75cffdd6-c8f3-49c5-ae04-a22e4e732258 None None] Dynamic interval looping call 'nova.service.Service.periodic_tasks' sleeping for 60.00 seconds {{(pid=98762) _run_loop /opt/stack/data/venv/lib/python3.12/site-packages/oslo_service/backend/_threading/loopingcall.py:125}}
Jun 30 10:31:49.288631 np0000003968 nova-conductor[98749]: DEBUG oslo_db.sqlalchemy.engines [None req-609569af-c308-4b0d-b8d3-590a10c410dd tempest-ServersNegativeTestJSON-1475252829 tempest-ServersNegativeTestJSON-1475252829-project-member] Parent process 97240 forked (98749) with an open database connection, which is being discarded and recreated. {{(pid=98749) checkout /opt/stack/data/venv/lib/python3.12/site-packages/oslo_db/sqlalchemy/engines.py:402}}
Jun 30 10:31:49.347815 np0000003968 nova-conductor[98749]: DEBUG dbcounter [-] [98749] Writer thread running {{(pid=98749) stat_writer /opt/stack/data/venv/lib/python3.12/site-packages/dbcounter.py:102}}
Jun 30 10:31:49.836067 np0000003968 nova-conductor[98755]: DEBUG dbcounter [-] [98755] Writer thread running {{(pid=98755) stat_writer /opt/stack/data/venv/lib/python3.12/site-packages/dbcounter.py:102}}
Jun 30 10:31:50.367411 np0000003968 nova-conductor[98755]: DEBUG nova.conductor.manager [None req-abe5abd7-8d1d-4485-a702-9ee1e3ab938a tempest-AttachVolumeTestJSON-904945664 tempest-AttachVolumeTestJSON-904945664-project-member] Took 0.53 seconds to select destinations for 1 instance(s). {{(pid=98755) _schedule_instances /opt/stack/nova/nova/conductor/manager.py:968}}
Jun 30 10:31:50.429648 np0000003968 nova-conductor[98755]: DEBUG oslo_concurrency.lockutils [None req-abe5abd7-8d1d-4485-a702-9ee1e3ab938a tempest-AttachVolumeTestJSON-904945664 tempest-AttachVolumeTestJSON-904945664-project-member] Acquiring lock "a4a7914a-2ec9-4ec3-8ecb-a8fe1e8446f6" by "nova.context.set_target_cell..get_or_set_cached_cell_and_set_connections" {{(pid=98755) inner /opt/stack/data/venv/lib/python3.12/site-packages/oslo_concurrency/lockutils.py:511}}
Jun 30 10:31:50.429867 np0000003968 nova-conductor[98755]: DEBUG oslo_concurrency.lockutils [None req-abe5abd7-8d1d-4485-a702-9ee1e3ab938a tempest-AttachVolumeTestJSON-904945664 tempest-AttachVolumeTestJSON-904945664-project-member] Lock "a4a7914a-2ec9-4ec3-8ecb-a8fe1e8446f6" acquired by "nova.context.set_target_cell..get_or_set_cached_cell_and_set_connections" :: waited 0.000s {{(pid=98755) inner /opt/stack/data/venv/lib/python3.12/site-packages/oslo_concurrency/lockutils.py:524}}
Jun 30 10:31:50.431474 np0000003968 nova-conductor[98755]: DEBUG oslo_concurrency.lockutils [None req-abe5abd7-8d1d-4485-a702-9ee1e3ab938a tempest-AttachVolumeTestJSON-904945664 tempest-AttachVolumeTestJSON-904945664-project-member] Lock "a4a7914a-2ec9-4ec3-8ecb-a8fe1e8446f6" "released" by "nova.context.set_target_cell..get_or_set_cached_cell_and_set_connections" :: held 0.002s {{(pid=98755) inner /opt/stack/data/venv/lib/python3.12/site-packages/oslo_concurrency/lockutils.py:543}}
Jun 30 10:31:50.435341 np0000003968 nova-conductor[98755]: INFO dbcounter [None req-abe5abd7-8d1d-4485-a702-9ee1e3ab938a tempest-AttachVolumeTestJSON-904945664 tempest-AttachVolumeTestJSON-904945664-project-member] Registered counter for database nova_cell1
Jun 30 10:31:50.486248 np0000003968 nova-conductor[98755]: DEBUG oslo_db.sqlalchemy.engines [None req-abe5abd7-8d1d-4485-a702-9ee1e3ab938a tempest-AttachVolumeTestJSON-904945664 tempest-AttachVolumeTestJSON-904945664-project-member] MySQL server mode set to STRICT_TRANS_TABLES,STRICT_ALL_TABLES,NO_ZERO_IN_DATE,NO_ZERO_DATE,ERROR_FOR_DIVISION_BY_ZERO,TRADITIONAL,NO_ENGINE_SUBSTITUTION {{(pid=98755) _check_effective_sql_mode /opt/stack/data/venv/lib/python3.12/site-packages/oslo_db/sqlalchemy/engines.py:325}}
Jun 30 10:31:50.494051 np0000003968 nova-conductor[98755]: DEBUG dbcounter [-] [98755] Writer thread running {{(pid=98755) stat_writer /opt/stack/data/venv/lib/python3.12/site-packages/dbcounter.py:102}}
Jun 30 10:31:50.574243 np0000003968 nova-conductor[98755]: INFO nova.utils [None req-abe5abd7-8d1d-4485-a702-9ee1e3ab938a tempest-AttachVolumeTestJSON-904945664 tempest-AttachVolumeTestJSON-904945664-project-member] The cell worker thread pool ForkProcess-2.cell_worker is initialized
Jun 30 10:31:50.574485 np0000003968 nova-conductor[98755]: DEBUG oslo_concurrency.lockutils [None req-abe5abd7-8d1d-4485-a702-9ee1e3ab938a tempest-AttachVolumeTestJSON-904945664 tempest-AttachVolumeTestJSON-904945664-project-member] Acquiring lock "00000000-0000-0000-0000-000000000000" by "nova.context.set_target_cell..get_or_set_cached_cell_and_set_connections" {{(pid=98755) inner /opt/stack/data/venv/lib/python3.12/site-packages/oslo_concurrency/lockutils.py:511}}
Jun 30 10:31:50.574624 np0000003968 nova-conductor[98755]: DEBUG oslo_concurrency.lockutils [None req-abe5abd7-8d1d-4485-a702-9ee1e3ab938a tempest-AttachVolumeTestJSON-904945664 tempest-AttachVolumeTestJSON-904945664-project-member] Lock "00000000-0000-0000-0000-000000000000" acquired by "nova.context.set_target_cell..get_or_set_cached_cell_and_set_connections" :: waited 0.000s {{(pid=98755) inner /opt/stack/data/venv/lib/python3.12/site-packages/oslo_concurrency/lockutils.py:524}}
Jun 30 10:31:50.574933 np0000003968 nova-conductor[98755]: DEBUG oslo_concurrency.lockutils [None req-abe5abd7-8d1d-4485-a702-9ee1e3ab938a tempest-AttachVolumeTestJSON-904945664 tempest-AttachVolumeTestJSON-904945664-project-member] Lock "00000000-0000-0000-0000-000000000000" "released" by "nova.context.set_target_cell..get_or_set_cached_cell_and_set_connections" :: held 0.000s {{(pid=98755) inner /opt/stack/data/venv/lib/python3.12/site-packages/oslo_concurrency/lockutils.py:543}}
Jun 30 10:31:50.576391 np0000003968 nova-conductor[98755]: DEBUG oslo_concurrency.lockutils [None req-abe5abd7-8d1d-4485-a702-9ee1e3ab938a tempest-AttachVolumeTestJSON-904945664 tempest-AttachVolumeTestJSON-904945664-project-member] Acquiring lock "a4a7914a-2ec9-4ec3-8ecb-a8fe1e8446f6" by "nova.context.set_target_cell..get_or_set_cached_cell_and_set_connections" {{(pid=98755) inner /opt/stack/data/venv/lib/python3.12/site-packages/oslo_concurrency/lockutils.py:511}}
Jun 30 10:31:50.576698 np0000003968 nova-conductor[98755]: DEBUG oslo_concurrency.lockutils [None req-abe5abd7-8d1d-4485-a702-9ee1e3ab938a tempest-AttachVolumeTestJSON-904945664 tempest-AttachVolumeTestJSON-904945664-project-member] Lock "a4a7914a-2ec9-4ec3-8ecb-a8fe1e8446f6" acquired by "nova.context.set_target_cell..get_or_set_cached_cell_and_set_connections" :: waited 0.001s {{(pid=98755) inner /opt/stack/data/venv/lib/python3.12/site-packages/oslo_concurrency/lockutils.py:524}}
Jun 30 10:31:50.576831 np0000003968 nova-conductor[98755]: DEBUG oslo_concurrency.lockutils [None req-abe5abd7-8d1d-4485-a702-9ee1e3ab938a tempest-AttachVolumeTestJSON-904945664 tempest-AttachVolumeTestJSON-904945664-project-member] Lock "a4a7914a-2ec9-4ec3-8ecb-a8fe1e8446f6" "released" by "nova.context.set_target_cell..get_or_set_cached_cell_and_set_connections" :: held 0.000s {{(pid=98755) inner /opt/stack/data/venv/lib/python3.12/site-packages/oslo_concurrency/lockutils.py:543}}
Jun 30 10:31:50.578335 np0000003968 nova-conductor[98755]: INFO dbcounter [None req-abe5abd7-8d1d-4485-a702-9ee1e3ab938a tempest-AttachVolumeTestJSON-904945664 tempest-AttachVolumeTestJSON-904945664-project-member] Registered counter for database nova_cell0
Jun 30 10:31:50.621922 np0000003968 nova-conductor[98755]: DEBUG oslo_db.sqlalchemy.engines [None req-abe5abd7-8d1d-4485-a702-9ee1e3ab938a tempest-AttachVolumeTestJSON-904945664 tempest-AttachVolumeTestJSON-904945664-project-member] MySQL server mode set to STRICT_TRANS_TABLES,STRICT_ALL_TABLES,NO_ZERO_IN_DATE,NO_ZERO_DATE,ERROR_FOR_DIVISION_BY_ZERO,TRADITIONAL,NO_ENGINE_SUBSTITUTION {{(pid=98755) _check_effective_sql_mode /opt/stack/data/venv/lib/python3.12/site-packages/oslo_db/sqlalchemy/engines.py:325}}
Jun 30 10:31:50.626781 np0000003968 nova-conductor[98755]: DEBUG dbcounter [-] [98755] Writer thread running {{(pid=98755) stat_writer /opt/stack/data/venv/lib/python3.12/site-packages/dbcounter.py:102}}
Jun 30 10:31:50.635517 np0000003968 nova-conductor[98755]: DEBUG nova.quota [None req-abe5abd7-8d1d-4485-a702-9ee1e3ab938a tempest-AttachVolumeTestJSON-904945664 tempest-AttachVolumeTestJSON-904945664-project-member] Getting quotas for project c2c85557a4374d4a8acdfc6c811d93b9. Resources: {'cores', 'instances', 'ram'} {{(pid=98755) _get_quotas /opt/stack/nova/nova/quota.py:389}}
Jun 30 10:31:50.638470 np0000003968 nova-conductor[98755]: DEBUG nova.quota [None req-abe5abd7-8d1d-4485-a702-9ee1e3ab938a tempest-AttachVolumeTestJSON-904945664 tempest-AttachVolumeTestJSON-904945664-project-member] Getting quotas for user fda249d1b6a44ef6b42015972759b641 and project c2c85557a4374d4a8acdfc6c811d93b9. Resources: {'cores', 'instances', 'ram'} {{(pid=98755) _get_quotas /opt/stack/nova/nova/quota.py:379}}
Jun 30 10:31:50.643474 np0000003968 nova-conductor[98755]: DEBUG nova.conductor.manager [None req-abe5abd7-8d1d-4485-a702-9ee1e3ab938a tempest-AttachVolumeTestJSON-904945664 tempest-AttachVolumeTestJSON-904945664-project-member] [instance: 24a1842f-5fe2-4927-bbf9-50bae2c5b7ea] Selected host: np0000003968; Selected node: np0000003968; Alternates: [] {{(pid=98755) schedule_and_build_instances /opt/stack/nova/nova/conductor/manager.py:1784}}
Jun 30 10:31:50.643883 np0000003968 nova-conductor[98755]: DEBUG oslo_concurrency.lockutils [None req-abe5abd7-8d1d-4485-a702-9ee1e3ab938a tempest-AttachVolumeTestJSON-904945664 tempest-AttachVolumeTestJSON-904945664-project-member] Acquiring lock "a4a7914a-2ec9-4ec3-8ecb-a8fe1e8446f6" by "nova.context.set_target_cell..get_or_set_cached_cell_and_set_connections" {{(pid=98755) inner /opt/stack/data/venv/lib/python3.12/site-packages/oslo_concurrency/lockutils.py:511}}
Jun 30 10:31:50.644032 np0000003968 nova-conductor[98755]: DEBUG oslo_concurrency.lockutils [None req-abe5abd7-8d1d-4485-a702-9ee1e3ab938a tempest-AttachVolumeTestJSON-904945664 tempest-AttachVolumeTestJSON-904945664-project-member] Lock "a4a7914a-2ec9-4ec3-8ecb-a8fe1e8446f6" acquired by "nova.context.set_target_cell..get_or_set_cached_cell_and_set_connections" :: waited 0.000s {{(pid=98755) inner /opt/stack/data/venv/lib/python3.12/site-packages/oslo_concurrency/lockutils.py:524}}
Jun 30 10:31:50.644084 np0000003968 nova-conductor[98755]: DEBUG oslo_concurrency.lockutils [None req-abe5abd7-8d1d-4485-a702-9ee1e3ab938a tempest-AttachVolumeTestJSON-904945664 tempest-AttachVolumeTestJSON-904945664-project-member] Lock "a4a7914a-2ec9-4ec3-8ecb-a8fe1e8446f6" "released" by "nova.context.set_target_cell..get_or_set_cached_cell_and_set_connections" :: held 0.000s {{(pid=98755) inner /opt/stack/data/venv/lib/python3.12/site-packages/oslo_concurrency/lockutils.py:543}}
Jun 30 10:31:50.656614 np0000003968 nova-conductor[98755]: DEBUG nova.conductor.manager [None req-abe5abd7-8d1d-4485-a702-9ee1e3ab938a tempest-AttachVolumeTestJSON-904945664 tempest-AttachVolumeTestJSON-904945664-project-member] [instance: 24a1842f-5fe2-4927-bbf9-50bae2c5b7ea] block_device_mapping [BlockDeviceMapping(attachment_id=,boot_index=0,connection_info=None,created_at=,delete_on_termination=True,deleted=,deleted_at=,destination_type='local',device_name=None,device_type='disk',disk_bus=None,encrypted=False,encryption_format=None,encryption_options=None,encryption_secret_uuid=None,guest_format=None,id=,image_id='aa4fe83c-eb05-4a4c-a676-72535bab1bb7',instance=,instance_uuid=,no_device=False,snapshot_id=None,source_type='image',tag=None,updated_at=,uuid=,volume_id=None,volume_size=None,volume_type=None)] {{(pid=98755) _create_block_device_mapping /opt/stack/nova/nova/conductor/manager.py:1529}}
Jun 30 10:31:50.657917 np0000003968 nova-conductor[98755]: DEBUG oslo_concurrency.lockutils [None req-abe5abd7-8d1d-4485-a702-9ee1e3ab938a tempest-AttachVolumeTestJSON-904945664 tempest-AttachVolumeTestJSON-904945664-project-member] Acquiring lock "a4a7914a-2ec9-4ec3-8ecb-a8fe1e8446f6" by "nova.context.set_target_cell..get_or_set_cached_cell_and_set_connections" {{(pid=98755) inner /opt/stack/data/venv/lib/python3.12/site-packages/oslo_concurrency/lockutils.py:511}}
Jun 30 10:31:50.658074 np0000003968 nova-conductor[98755]: DEBUG oslo_concurrency.lockutils [None req-abe5abd7-8d1d-4485-a702-9ee1e3ab938a tempest-AttachVolumeTestJSON-904945664 tempest-AttachVolumeTestJSON-904945664-project-member] Lock "a4a7914a-2ec9-4ec3-8ecb-a8fe1e8446f6" acquired by "nova.context.set_target_cell..get_or_set_cached_cell_and_set_connections" :: waited 0.000s {{(pid=98755) inner /opt/stack/data/venv/lib/python3.12/site-packages/oslo_concurrency/lockutils.py:524}}
Jun 30 10:31:50.658260 np0000003968 nova-conductor[98755]: DEBUG oslo_concurrency.lockutils [None req-abe5abd7-8d1d-4485-a702-9ee1e3ab938a tempest-AttachVolumeTestJSON-904945664 tempest-AttachVolumeTestJSON-904945664-project-member] Lock "a4a7914a-2ec9-4ec3-8ecb-a8fe1e8446f6" "released" by "nova.context.set_target_cell..get_or_set_cached_cell_and_set_connections" :: held 0.000s {{(pid=98755) inner /opt/stack/data/venv/lib/python3.12/site-packages/oslo_concurrency/lockutils.py:543}}
Jun 30 10:31:50.703010 np0000003968 nova-conductor[98755]: DEBUG oslo_concurrency.lockutils [None req-abe5abd7-8d1d-4485-a702-9ee1e3ab938a tempest-AttachVolumeTestJSON-904945664 tempest-AttachVolumeTestJSON-904945664-project-member] Acquiring lock "a4a7914a-2ec9-4ec3-8ecb-a8fe1e8446f6" by "nova.context.set_target_cell..get_or_set_cached_cell_and_set_connections" {{(pid=98755) inner /opt/stack/data/venv/lib/python3.12/site-packages/oslo_concurrency/lockutils.py:511}}
