Jun 30 10:28:59.302634 np0000003968 devstack@neutron-api.service[90450]: DEBUG oslo_concurrency.processutils [None req-80fabd94-6bd8-4d46-988f-501a9331ec4d None None] CMD "ovsdb-client transact ssl:10.4.3.202:6641 --timeout 180 -p /opt/stack/data/CA/int-ca/private/devstack-cert.key -c /opt/stack/data/CA/int-ca/devstack-cert.crt -C /opt/stack/data/CA/int-ca/ca-chain.pem ["OVN_Northbound", {"op": "wait", "timeout": 0, "table": "Port_Group", "where": [["name", "==", "pvlan_pg_drop"]], "until": "==", "rows": []}, {"op": "insert", "table": "ACL", "row": {"action": "drop", "direction": "to-lport", "match": "outport == @pvlan_pg_drop && ip", "priority": 1010}, "uuid-name": "pvlandroptoport"}, {"op": "insert", "table": "ACL", "row": {"action": "drop", "direction": "from-lport", "match": "inport == @pvlan_pg_drop && ip", "priority": 1010}, "uuid-name": "pvlandropfromport"}, {"op": "insert", "table": "Port_Group", "row": {"name": "pvlan_pg_drop", "acls": ["set", [["named-uuid", "pvlandroptoport"], ["named-uuid", "pvlandropfromport"]]]}}]" returned: 0 in 0.021s {{(pid=90450) execute /opt/stack/data/venv/lib/python3.12/site-packages/oslo_concurrency/processutils.py:468}}
Jun 30 10:28:59.304495 np0000003968 devstack@neutron-api.service[90450]: WSGI app 0 (mountpoint='') ready in 7 seconds on interpreter 0x7e1e134a3668 pid: 90450 (default app)
Jun 30 10:29:00.083637 np0000003968 devstack@neutron-api.service[90450]: DEBUG neutron.plugins.ml2.drivers.ovn.mech_driver.ovsdb.ovsdb_monitor [-] Hash Ring: Node 285da9b08a7659b59f2fe4df755b9efd (host: np0000003968) handling event "update" for row 2e2f6567-80f1-4e4a-94b3-e400b4367ca5 (table: Connection) {{(pid=90450) notify /opt/stack/neutron/neutron/plugins/ml2/drivers/ovn/mech_driver/ovsdb/ovsdb_monitor.py:1015}}
Jun 30 10:29:00.085995 np0000003968 devstack@neutron-api.service[90449]: DEBUG neutron.common.ovn.hash_ring_manager [-] Allow caching, nodes 4>=4 {{(pid=90449) _wait_startup_before_caching /opt/stack/neutron/neutron/common/ovn/hash_ring_manager.py:71}}
Jun 30 10:29:00.085995 np0000003968 devstack@neutron-api.service[90449]: DEBUG neutron.plugins.ml2.drivers.ovn.mech_driver.ovsdb.ovsdb_monitor [-] Hash Ring: Node dc53b1504a465e2688f443a1b5a49c90 (host: np0000003968) handling event "update" for row 2e2f6567-80f1-4e4a-94b3-e400b4367ca5 (table: Connection) {{(pid=90449) notify /opt/stack/neutron/neutron/plugins/ml2/drivers/ovn/mech_driver/ovsdb/ovsdb_monitor.py:1015}}
Jun 30 10:29:00.087571 np0000003968 devstack@neutron-api.service[90451]: DEBUG neutron.common.ovn.hash_ring_manager [-] Allow caching, nodes 4>=4 {{(pid=90451) _wait_startup_before_caching /opt/stack/neutron/neutron/common/ovn/hash_ring_manager.py:71}}
Jun 30 10:29:02.582887 np0000003968 devstack@neutron-api.service[90449]: DEBUG neutron.plugins.ml2.drivers.ovn.mech_driver.ovsdb.ovsdb_monitor [-] Hash Ring: Node dc53b1504a465e2688f443a1b5a49c90 (host: np0000003968) handling event "update" for row 2e2f6567-80f1-4e4a-94b3-e400b4367ca5 (table: Connection) {{(pid=90449) notify /opt/stack/neutron/neutron/plugins/ml2/drivers/ovn/mech_driver/ovsdb/ovsdb_monitor.py:1015}}
Jun 30 10:29:02.583580 np0000003968 devstack@neutron-api.service[90450]: DEBUG neutron.plugins.ml2.drivers.ovn.mech_driver.ovsdb.ovsdb_monitor [-] Hash Ring: Node 285da9b08a7659b59f2fe4df755b9efd (host: np0000003968) handling event "update" for row 2e2f6567-80f1-4e4a-94b3-e400b4367ca5 (table: Connection) {{(pid=90450) notify /opt/stack/neutron/neutron/plugins/ml2/drivers/ovn/mech_driver/ovsdb/ovsdb_monitor.py:1015}}
Jun 30 10:29:02.999293 np0000003968 devstack@neutron-api.service[90449]: DEBUG neutron.api.wsgi [None req-9d339e04-68e6-441e-a4e3-98a846f73f6a admin admin] Missing Content-Type {{(pid=90449) get_content_type /opt/stack/neutron/neutron/api/wsgi.py:80}}
Jun 30 10:29:02.999830 np0000003968 devstack@neutron-api.service[90449]: DEBUG neutron.api.wsgi [None req-9d339e04-68e6-441e-a4e3-98a846f73f6a admin admin] https://10.4.3.202/networking/v2.0/extensions returned with HTTP 200 {{(pid=90449) __call__ /opt/stack/neutron/neutron/api/wsgi.py:540}}
Jun 30 10:29:03.000282 np0000003968 devstack@neutron-api.service[90449]: [pid: 90449|app: 0|req: 2/2] 10.4.3.202 () {64 vars in 1292 bytes} [Tue Jun 30 10:29:02 2026] GET /networking/v2.0/extensions => generated 16171 bytes in 595 msecs (HTTP/1.1 200) 4 headers in 159 bytes (1 switches on core 0)
Jun 30 10:29:03.401087 np0000003968 devstack@neutron-api.service[90451]: DEBUG neutron.api.v2.base [None req-e863d1e9-ab51-4e6d-9ba4-e343585e48f0 admin admin] Request body: {'subnetpool': {'is_default': True, 'prefixes': ['10.1.0.0/20'], 'name': 'shared-default-subnetpool-v4', 'shared': True, 'default_prefixlen': 26}} {{(pid=90451) prepare_request_body /opt/stack/neutron/neutron/api/v2/base.py:727}}
Jun 30 10:29:03.591952 np0000003968 devstack@neutron-api.service[90451]: DEBUG neutron.policy [None req-e863d1e9-ab51-4e6d-9ba4-e343585e48f0 admin admin] Loaded default policies from ['neutron'] under neutron.policies entry points {{(pid=90451) register_rules /opt/stack/neutron/neutron/policy.py:65}}
Jun 30 10:29:03.714880 np0000003968 devstack@neutron-api.service[90451]: DEBUG neutron_lib.callbacks.manager [None req-e863d1e9-ab51-4e6d-9ba4-e343585e48f0 admin admin] Publish callbacks ['neutron.objects.securitygroup.RbacNeutronDbObjectMixin.validate_rbac_policy_change-2573140062373', 'neutron.objects.address_group.RbacNeutronDbObjectMixin.validate_rbac_policy_change-2573140022634', 'neutron.objects.network.RbacNeutronDbObjectMixin.validate_rbac_policy_change-2573138851977', 'neutron.objects.qos.policy.RbacNeutronDbObjectMixin.validate_rbac_policy_change-2573138851288', 'neutron.objects.subnetpool.RbacNeutronDbObjectMixin.validate_rbac_policy_change-2573138810218', 'neutron.objects.address_scope.RbacNeutronDbObjectMixin.validate_rbac_policy_change-2573138813194', 'neutron.plugins.ml2.plugin.External_net_db_mixin._process_ext_policy_create-135482', 'neutron.plugins.ml2.plugin.NeutronDbPluginV2.validate_network_rbac_policy_change-869678'] for rbac-policy (None), before_create {{(pid=90451) _notify_loop /opt/stack/data/venv/lib/python3.12/site-packages/neutron_lib/callbacks/manager.py:184}}
Jun 30 10:29:03.750231 np0000003968 devstack@neutron-api.service[90451]: DEBUG neutron_lib.callbacks.manager [None req-e863d1e9-ab51-4e6d-9ba4-e343585e48f0 admin admin] Publish callbacks [] for subnetpool (None), before_response {{(pid=90451) _notify_loop /opt/stack/data/venv/lib/python3.12/site-packages/neutron_lib/callbacks/manager.py:184}}
Jun 30 10:29:03.750679 np0000003968 devstack@neutron-api.service[90451]: [pid: 90451|app: 0|req: 1/3] 10.4.3.202 () {68 vars in 1336 bytes} [Tue Jun 30 10:29:03 2026] POST /networking/v2.0/subnetpools => generated 533 bytes in 440 msecs (HTTP/1.1 201) 4 headers in 162 bytes (1 switches on core 0)
Jun 30 10:29:04.052026 np0000003968 devstack@neutron-api.service[90448]: DEBUG neutron.api.v2.base [None req-4ec27e60-6f80-476f-a7cf-97511208aa9c admin admin] Request body: {'subnetpool': {'is_default': True, 'prefixes': ['fdb7:3650:8c09::/56'], 'name': 'shared-default-subnetpool-v6', 'shared': True, 'default_prefixlen': 64}} {{(pid=90448) prepare_request_body /opt/stack/neutron/neutron/api/v2/base.py:727}}
Jun 30 10:29:04.223484 np0000003968 devstack@neutron-api.service[90448]: DEBUG neutron.policy [None req-4ec27e60-6f80-476f-a7cf-97511208aa9c admin admin] Loaded default policies from ['neutron'] under neutron.policies entry points {{(pid=90448) register_rules /opt/stack/neutron/neutron/policy.py:65}}
Jun 30 10:29:04.424040 np0000003968 devstack@neutron-api.service[90448]: DEBUG neutron_lib.callbacks.manager [None req-4ec27e60-6f80-476f-a7cf-97511208aa9c admin admin] Publish callbacks ['neutron.objects.securitygroup.RbacNeutronDbObjectMixin.validate_rbac_policy_change-2573140024761', 'neutron.objects.address_group.RbacNeutronDbObjectMixin.validate_rbac_policy_change-2573138868865', 'neutron.objects.network.RbacNeutronDbObjectMixin.validate_rbac_policy_change-2573138883117', 'neutron.objects.qos.policy.RbacNeutronDbObjectMixin.validate_rbac_policy_change-2573138886432', 'neutron.objects.subnetpool.RbacNeutronDbObjectMixin.validate_rbac_policy_change-2573138911122', 'neutron.objects.address_scope.RbacNeutronDbObjectMixin.validate_rbac_policy_change-2573138905970', 'neutron.plugins.ml2.plugin.External_net_db_mixin._process_ext_policy_create-999133', 'neutron.plugins.ml2.plugin.NeutronDbPluginV2.validate_network_rbac_policy_change-4849'] for rbac-policy (None), before_create {{(pid=90448) _notify_loop /opt/stack/data/venv/lib/python3.12/site-packages/neutron_lib/callbacks/manager.py:184}}
Jun 30 10:29:04.474374 np0000003968 devstack@neutron-api.service[90448]: DEBUG neutron_lib.callbacks.manager [None req-4ec27e60-6f80-476f-a7cf-97511208aa9c admin admin] Publish callbacks [] for subnetpool (None), before_response {{(pid=90448) _notify_loop /opt/stack/data/venv/lib/python3.12/site-packages/neutron_lib/callbacks/manager.py:184}}
Jun 30 10:29:04.474961 np0000003968 devstack@neutron-api.service[90448]: [pid: 90448|app: 0|req: 1/4] 10.4.3.202 () {68 vars in 1336 bytes} [Tue Jun 30 10:29:03 2026] POST /networking/v2.0/subnetpools => generated 543 bytes in 515 msecs (HTTP/1.1 201) 4 headers in 162 bytes (1 switches on core 0)
Jun 30 10:29:04.812250 np0000003968 devstack@neutron-api.service[90450]: DEBUG neutron.api.v2.base [None req-1dca175a-3b3f-4cc5-8dd2-582fdade218a admin admin] Request body: {'network': {'name': 'private', 'admin_state_up': True}} {{(pid=90450) prepare_request_body /opt/stack/neutron/neutron/api/v2/base.py:727}}
Jun 30 10:29:04.840775 np0000003968 devstack@neutron-api.service[90450]: DEBUG neutron.pecan_wsgi.hooks.quota_enforcement [None req-1dca175a-3b3f-4cc5-8dd2-582fdade218a admin admin] Made reservation on behalf of 3d273e1e53cd43b49cdf41b5fb923a60 for: {'network': 1} {{(pid=90450) before /opt/stack/neutron/neutron/pecan_wsgi/hooks/quota_enforcement.py:66}}
Jun 30 10:29:05.009526 np0000003968 devstack@neutron-api.service[90450]: DEBUG neutron.policy [None req-1dca175a-3b3f-4cc5-8dd2-582fdade218a admin admin] Loaded default policies from ['neutron'] under neutron.policies entry points {{(pid=90450) register_rules /opt/stack/neutron/neutron/policy.py:65}}
Jun 30 10:29:05.094960 np0000003968 devstack@neutron-api.service[90450]: DEBUG neutron_lib.callbacks.manager [None req-1dca175a-3b3f-4cc5-8dd2-582fdade218a admin admin] Publish callbacks ['neutron.plugins.ml2.plugin.SecurityGroupDbMixin._ensure_default_security_group_handler-8565'] for network (None), before_create {{(pid=90450) _notify_loop /opt/stack/data/venv/lib/python3.12/site-packages/neutron_lib/callbacks/manager.py:184}}
Jun 30 10:29:05.115726 np0000003968 devstack@neutron-api.service[90450]: DEBUG neutron_lib.callbacks.manager [None req-1dca175a-3b3f-4cc5-8dd2-582fdade218a admin admin] Publish callbacks [] for security_group (None), before_create {{(pid=90450) _notify_loop /opt/stack/data/venv/lib/python3.12/site-packages/neutron_lib/callbacks/manager.py:184}}
Jun 30 10:29:05.206638 np0000003968 devstack@neutron-api.service[90450]: DEBUG neutron_lib.callbacks.manager [None req-1dca175a-3b3f-4cc5-8dd2-582fdade218a admin admin] Publish callbacks ['neutron.plugins.ml2.drivers.ovn.mech_driver.mech_driver.OVNMechanismDriver._create_security_group_precommit-356064'] for security_group (12cd2f59-1b2d-43ae-8d78-8123d24e9552), precommit_create {{(pid=90450) _notify_loop /opt/stack/data/venv/lib/python3.12/site-packages/neutron_lib/callbacks/manager.py:184}}
Jun 30 10:29:05.206798 np0000003968 devstack@neutron-api.service[90450]: DEBUG neutron.db.ovn_revision_numbers_db [None req-1dca175a-3b3f-4cc5-8dd2-582fdade218a admin admin] create_initial_revision uuid=12cd2f59-1b2d-43ae-8d78-8123d24e9552, type=security_groups, rev=-1 {{(pid=90450) create_initial_revision /opt/stack/neutron/neutron/db/ovn_revision_numbers_db.py:98}}
Jun 30 10:29:05.209636 np0000003968 devstack@neutron-api.service[90450]: DEBUG neutron.db.ovn_revision_numbers_db [None req-1dca175a-3b3f-4cc5-8dd2-582fdade218a admin admin] create_initial_revision uuid=3d5e1eae-bb30-4b70-bf2c-988528585211, type=security_group_rules, rev=-1 {{(pid=90450) create_initial_revision /opt/stack/neutron/neutron/db/ovn_revision_numbers_db.py:98}}
Jun 30 10:29:05.210828 np0000003968 devstack@neutron-api.service[90450]: DEBUG neutron.db.ovn_revision_numbers_db [None req-1dca175a-3b3f-4cc5-8dd2-582fdade218a admin admin] create_initial_revision uuid=5736cb3a-a097-4554-9d07-a57dd0a1302a, type=security_group_rules, rev=-1 {{(pid=90450) create_initial_revision /opt/stack/neutron/neutron/db/ovn_revision_numbers_db.py:98}}
Jun 30 10:29:05.211825 np0000003968 devstack@neutron-api.service[90450]: DEBUG neutron.db.ovn_revision_numbers_db [None req-1dca175a-3b3f-4cc5-8dd2-582fdade218a admin admin] create_initial_revision uuid=9ce876d4-a6eb-4030-b700-b7f33843b439, type=security_group_rules, rev=-1 {{(pid=90450) create_initial_revision /opt/stack/neutron/neutron/db/ovn_revision_numbers_db.py:98}}
Jun 30 10:29:05.212698 np0000003968 devstack@neutron-api.service[90450]: DEBUG neutron.db.ovn_revision_numbers_db [None req-1dca175a-3b3f-4cc5-8dd2-582fdade218a admin admin] create_initial_revision uuid=e6d08f92-2b64-4531-9ecd-82cedac74ac7, type=security_group_rules, rev=-1 {{(pid=90450) create_initial_revision /opt/stack/neutron/neutron/db/ovn_revision_numbers_db.py:98}}
Jun 30 10:29:05.215896 np0000003968 devstack@neutron-api.service[90450]: DEBUG neutron_lib.callbacks.manager [None req-1dca175a-3b3f-4cc5-8dd2-582fdade218a admin admin] Publish callbacks ['neutron.plugins.ml2.drivers.ovn.mech_driver.mech_driver.OVNMechanismDriver._create_security_group-356118', 'neutron.plugins.ml2.ovo_rpc._ObjectChangeHandler.handle_event-6948364'] for security_group (12cd2f59-1b2d-43ae-8d78-8123d24e9552), after_create {{(pid=90450) _notify_loop /opt/stack/data/venv/lib/python3.12/site-packages/neutron_lib/callbacks/manager.py:184}}
Jun 30 10:29:05.216094 np0000003968 devstack@neutron-api.service[90450]: INFO neutron.plugins.ml2.drivers.ovn.mech_driver.ovsdb.extensions.qos [None req-1dca175a-3b3f-4cc5-8dd2-582fdade218a admin admin] Starting OVNClientQosExtension
Jun 30 10:29:05.216246 np0000003968 devstack@neutron-api.service[90450]: INFO neutron.plugins.ml2.drivers.ovn.mech_driver.ovsdb.extensions.placement [None req-1dca175a-3b3f-4cc5-8dd2-582fdade218a admin admin] Starting OVNClientPlacementExtension
Jun 30 10:29:05.217254 np0000003968 devstack@neutron-api.service[90450]: DEBUG ovsdbapp.backend.ovs_idl.transaction [-] Running txn n=1 command(idx=0): PgAddCommand(_result=None, name=pg_12cd2f59_1b2d_43ae_8d78_8123d24e9552, may_exist=False, columns={'acls': [], 'external_ids': {'neutron:security_group_id': '12cd2f59-1b2d-43ae-8d78-8123d24e9552'}}) {{(pid=90450) do_commit /opt/stack/data/venv/lib/python3.12/site-packages/ovsdbapp/backend/ovs_idl/transaction.py:89}}
Jun 30 10:29:05.218519 np0000003968 devstack@neutron-api.service[90450]: DEBUG ovsdbapp.backend.ovs_idl.transaction [-] Running txn n=1 command(idx=1): PgAclAddCommand(_result=None, entity=pg_12cd2f59_1b2d_43ae_8d78_8123d24e9552, direction=to-lport, priority=1002, match=outport == @pg_12cd2f59_1b2d_43ae_8d78_8123d24e9552 && ip6 && ip6.src == $pg_12cd2f59_1b2d_43ae_8d78_8123d24e9552_ip6, action=allow-related, log=False, may_exist=True, severity=[], name=[], meter=[], external_ids={'neutron:security_group_rule_id': '3d5e1eae-bb30-4b70-bf2c-988528585211'}) {{(pid=90450) do_commit /opt/stack/data/venv/lib/python3.12/site-packages/ovsdbapp/backend/ovs_idl/transaction.py:89}}
Jun 30 10:29:05.218922 np0000003968 devstack@neutron-api.service[90450]: DEBUG ovsdbapp.backend.ovs_idl.transaction [-] Running txn n=1 command(idx=2): PgAclAddCommand(_result=None, entity=pg_12cd2f59_1b2d_43ae_8d78_8123d24e9552, direction=to-lport, priority=1002, match=outport == @pg_12cd2f59_1b2d_43ae_8d78_8123d24e9552 && ip4 && ip4.src == $pg_12cd2f59_1b2d_43ae_8d78_8123d24e9552_ip4, action=allow-related, log=False, may_exist=True, severity=[], name=[], meter=[], external_ids={'neutron:security_group_rule_id': '5736cb3a-a097-4554-9d07-a57dd0a1302a'}) {{(pid=90450) do_commit /opt/stack/data/venv/lib/python3.12/site-packages/ovsdbapp/backend/ovs_idl/transaction.py:89}}
Jun 30 10:29:05.219235 np0000003968 devstack@neutron-api.service[90450]: DEBUG ovsdbapp.backend.ovs_idl.transaction [-] Running txn n=1 command(idx=3): PgAclAddCommand(_result=None, entity=pg_12cd2f59_1b2d_43ae_8d78_8123d24e9552, direction=from-lport, priority=1002, match=inport == @pg_12cd2f59_1b2d_43ae_8d78_8123d24e9552 && ip6, action=allow-related, log=False, may_exist=True, severity=[], name=[], meter=[], external_ids={'neutron:security_group_rule_id': '9ce876d4-a6eb-4030-b700-b7f33843b439'}) {{(pid=90450) do_commit /opt/stack/data/venv/lib/python3.12/site-packages/ovsdbapp/backend/ovs_idl/transaction.py:89}}
Jun 30 10:29:05.219495 np0000003968 devstack@neutron-api.service[90450]: DEBUG ovsdbapp.backend.ovs_idl.transaction [-] Running txn n=1 command(idx=4): PgAclAddCommand(_result=None, entity=pg_12cd2f59_1b2d_43ae_8d78_8123d24e9552, direction=from-lport, priority=1002, match=inport == @pg_12cd2f59_1b2d_43ae_8d78_8123d24e9552 && ip4, action=allow-related, log=False, may_exist=True, severity=[], name=[], meter=[], external_ids={'neutron:security_group_rule_id': 'e6d08f92-2b64-4531-9ecd-82cedac74ac7'}) {{(pid=90450) do_commit /opt/stack/data/venv/lib/python3.12/site-packages/ovsdbapp/backend/ovs_idl/transaction.py:89}}
Jun 30 10:29:05.226782 np0000003968 devstack@neutron-api.service[90450]: DEBUG neutron.plugins.ml2.drivers.ovn.mech_driver.ovsdb.ovsdb_monitor [-] Hash Ring: Node 285da9b08a7659b59f2fe4df755b9efd (host: np0000003968) handling event "create" for row 21c5ad12-7a10-4f89-80b0-b9e374800ad8 (table: ACL) {{(pid=90450) notify /opt/stack/neutron/neutron/plugins/ml2/drivers/ovn/mech_driver/ovsdb/ovsdb_monitor.py:1015}}
Jun 30 10:29:05.226782 np0000003968 devstack@neutron-api.service[90450]: DEBUG neutron.plugins.ml2.drivers.ovn.mech_driver.ovsdb.ovsdb_monitor [-] Hash Ring: Node 285da9b08a7659b59f2fe4df755b9efd (host: np0000003968) handling event "create" for row f10290ed-dd02-4aed-a701-f90fa18d5481 (table: ACL) {{(pid=90450) notify /opt/stack/neutron/neutron/plugins/ml2/drivers/ovn/mech_driver/ovsdb/ovsdb_monitor.py:1015}}
Jun 30 10:29:05.228467 np0000003968 devstack@neutron-api.service[90449]: DEBUG neutron.plugins.ml2.drivers.ovn.mech_driver.ovsdb.ovsdb_monitor [-] Hash Ring: Node dc53b1504a465e2688f443a1b5a49c90 (host: np0000003968) handling event "create" for row 03d09df8-abef-4892-ad5c-a621758c72aa (table: ACL) {{(pid=90449) notify /opt/stack/neutron/neutron/plugins/ml2/drivers/ovn/mech_driver/ovsdb/ovsdb_monitor.py:1015}}
Jun 30 10:29:05.228467 np0000003968 devstack@neutron-api.service[90449]: DEBUG neutron.plugins.ml2.drivers.ovn.mech_driver.ovsdb.ovsdb_monitor [-] Hash Ring: Node dc53b1504a465e2688f443a1b5a49c90 (host: np0000003968) handling event "create" for row 21c5ad12-7a10-4f89-80b0-b9e374800ad8 (table: ACL) {{(pid=90449) notify /opt/stack/neutron/neutron/plugins/ml2/drivers/ovn/mech_driver/ovsdb/ovsdb_monitor.py:1015}}
Jun 30 10:29:05.228467 np0000003968 devstack@neutron-api.service[90449]: DEBUG neutron.plugins.ml2.drivers.ovn.mech_driver.ovsdb.ovsdb_monitor [-] Hash Ring: Node dc53b1504a465e2688f443a1b5a49c90 (host: np0000003968) handling event "create" for row 8527b13d-bb95-44a0-8744-fa35d2c8a474 (table: ACL) {{(pid=90449) notify /opt/stack/neutron/neutron/plugins/ml2/drivers/ovn/mech_driver/ovsdb/ovsdb_monitor.py:1015}}
Jun 30 10:29:05.228467 np0000003968 devstack@neutron-api.service[90449]: DEBUG neutron.plugins.ml2.drivers.ovn.mech_driver.ovsdb.ovsdb_monitor [-] Hash Ring: Node dc53b1504a465e2688f443a1b5a49c90 (host: np0000003968) handling event "create" for row f10290ed-dd02-4aed-a701-f90fa18d5481 (table: ACL) {{(pid=90449) notify /opt/stack/neutron/neutron/plugins/ml2/drivers/ovn/mech_driver/ovsdb/ovsdb_monitor.py:1015}}
Jun 30 10:29:05.228467 np0000003968 devstack@neutron-api.service[90449]: DEBUG neutron.plugins.ml2.drivers.ovn.mech_driver.ovsdb.ovsdb_monitor [-] Hash Ring: Node dc53b1504a465e2688f443a1b5a49c90 (host: np0000003968) handling event "create" for row 2edfed45-0f58-48a8-9def-418f1aad0df1 (table: Port_Group) {{(pid=90449) notify /opt/stack/neutron/neutron/plugins/ml2/drivers/ovn/mech_driver/ovsdb/ovsdb_monitor.py:1015}}
Jun 30 10:29:05.253363 np0000003968 devstack@neutron-api.service[90450]: INFO neutron.db.ovn_revision_numbers_db [None req-1dca175a-3b3f-4cc5-8dd2-582fdade218a admin admin] Successfully bumped revision number for resource 12cd2f59-1b2d-43ae-8d78-8123d24e9552 (type: security_groups) to 1
Jun 30 10:29:05.266898 np0000003968 devstack@neutron-api.service[90450]: INFO neutron.db.ovn_revision_numbers_db [None req-1dca175a-3b3f-4cc5-8dd2-582fdade218a admin admin] Successfully bumped revision number for resource 3d5e1eae-bb30-4b70-bf2c-988528585211 (type: security_group_rules) to 0
Jun 30 10:29:05.277278 np0000003968 devstack@neutron-api.service[90450]: INFO neutron.db.ovn_revision_numbers_db [None req-1dca175a-3b3f-4cc5-8dd2-582fdade218a admin admin] Successfully bumped revision number for resource 5736cb3a-a097-4554-9d07-a57dd0a1302a (type: security_group_rules) to 0
Jun 30 10:29:05.286985 np0000003968 devstack@neutron-api.service[90450]: INFO neutron.db.ovn_revision_numbers_db [None req-1dca175a-3b3f-4cc5-8dd2-582fdade218a admin admin] Successfully bumped revision number for resource 9ce876d4-a6eb-4030-b700-b7f33843b439 (type: security_group_rules) to 0
Jun 30 10:29:05.298331 np0000003968 devstack@neutron-api.service[90450]: INFO neutron.db.ovn_revision_numbers_db [None req-1dca175a-3b3f-4cc5-8dd2-582fdade218a admin admin] Successfully bumped revision number for resource e6d08f92-2b64-4531-9ecd-82cedac74ac7 (type: security_group_rules) to 0
Jun 30 10:29:05.320367 np0000003968 devstack@neutron-api.service[90450]: DEBUG neutron.api.rpc.handlers.resources_rpc [None req-1dca175a-3b3f-4cc5-8dd2-582fdade218a admin admin] Pushing event updated for resources: {'SecurityGroup': ['ID=12cd2f59-1b2d-43ae-8d78-8123d24e9552,revision_number=1']} {{(pid=90450) push /opt/stack/neutron/neutron/api/rpc/handlers/resources_rpc.py:237}}
Jun 30 10:29:05.327534 np0000003968 devstack@neutron-api.service[90450]: DEBUG ovsdbapp.backend.ovs_idl.transaction [-] Running txn n=1 command(idx=0): CheckLivenessCommand(_result=None) {{(pid=90450) do_commit /opt/stack/data/venv/lib/python3.12/site-packages/ovsdbapp/backend/ovs_idl/transaction.py:89}}
Jun 30 10:29:05.331236 np0000003968 devstack@neutron-api.service[90449]: DEBUG neutron.plugins.ml2.drivers.ovn.mech_driver.ovsdb.ovsdb_monitor [-] Hash Ring: Node dc53b1504a465e2688f443a1b5a49c90 (host: np0000003968) handling event "update" for row 22afd85a-54eb-43cc-960c-ec8a39add0df (table: NB_Global) {{(pid=90449) notify /opt/stack/neutron/neutron/plugins/ml2/drivers/ovn/mech_driver/ovsdb/ovsdb_monitor.py:1015}}
Jun 30 10:29:05.332425 np0000003968 devstack@neutron-api.service[90449]: DEBUG neutron.plugins.ml2.drivers.ovn.mech_driver.ovsdb.ovsdb_monitor [-] Hash Ring: Node dc53b1504a465e2688f443a1b5a49c90 (host: np0000003968) handling event "update" for row 22afd85a-54eb-43cc-960c-ec8a39add0df (table: NB_Global) {{(pid=90449) notify /opt/stack/neutron/neutron/plugins/ml2/drivers/ovn/mech_driver/ovsdb/ovsdb_monitor.py:1015}}
Jun 30 10:29:05.332602 np0000003968 devstack@neutron-api.service[90450]: DEBUG neutron.api.rpc.callbacks.version_manager [None req-1dca175a-3b3f-4cc5-8dd2-582fdade218a admin admin] Tracked resource versions report:
Jun 30 10:29:05.332602 np0000003968 devstack@neutron-api.service[90450]: pushed versions:
Jun 30 10:29:05.332602 np0000003968 devstack@neutron-api.service[90450]: { 'AddressGroup': {'1.2'},
Jun 30 10:29:05.332602 np0000003968 devstack@neutron-api.service[90450]: 'Agent': {'1.1'},
Jun 30 10:29:05.332602 np0000003968 devstack@neutron-api.service[90450]: 'ConntrackHelper': {'1.0'},
Jun 30 10:29:05.332602 np0000003968 devstack@neutron-api.service[90450]: 'LocalIPAssociation': {'1.0'},
Jun 30 10:29:05.332602 np0000003968 devstack@neutron-api.service[90450]: 'Log': {'1.0'},
Jun 30 10:29:05.332602 np0000003968 devstack@neutron-api.service[90450]: 'NDPProxy': {'1.0'},
Jun 30 10:29:05.332602 np0000003968 devstack@neutron-api.service[90450]: 'Network': {'1.3'},
Jun 30 10:29:05.332602 np0000003968 devstack@neutron-api.service[90450]: 'Port': {'1.11'},
Jun 30 10:29:05.332602 np0000003968 devstack@neutron-api.service[90450]: 'PortForwarding': {'1.3'},
Jun 30 10:29:05.332602 np0000003968 devstack@neutron-api.service[90450]: 'QosPolicy': {'1.10'},
Jun 30 10:29:05.332602 np0000003968 devstack@neutron-api.service[90450]: 'SecurityGroup': {'1.6'},
Jun 30 10:29:05.332602 np0000003968 devstack@neutron-api.service[90450]: 'SecurityGroupRule': {'1.3'},
Jun 30 10:29:05.332602 np0000003968 devstack@neutron-api.service[90450]: 'SubPort': {'1.0'},
Jun 30 10:29:05.332602 np0000003968 devstack@neutron-api.service[90450]: 'Subnet': {'1.2'},
Jun 30 10:29:05.332602 np0000003968 devstack@neutron-api.service[90450]: 'Trunk': {'1.1'}}
Jun 30 10:29:05.332602 np0000003968 devstack@neutron-api.service[90450]: consumer versions:
Jun 30 10:29:05.332602 np0000003968 devstack@neutron-api.service[90450]: {}
Jun 30 10:29:05.332602 np0000003968 devstack@neutron-api.service[90450]: {{(pid=90450) report /opt/stack/neutron/neutron/api/rpc/callbacks/version_manager.py:183}}
Jun 30 10:29:05.335705 np0000003968 devstack@neutron-api.service[90449]: DEBUG neutron.plugins.ml2.drivers.ovn.mech_driver.ovsdb.ovsdb_monitor [-] ChassisAgentWriteEvent : Matched Chassis_Private, update, None None {{(pid=90449) matches /opt/stack/neutron/neutron/plugins/ml2/drivers/ovn/mech_driver/ovsdb/ovsdb_monitor.py:64}}
Jun 30 10:29:05.336330 np0000003968 devstack@neutron-api.service[90451]: DEBUG neutron.plugins.ml2.drivers.ovn.mech_driver.ovsdb.ovsdb_monitor [-] ChassisAgentWriteEvent : Matched Chassis_Private, update, None None {{(pid=90451) matches /opt/stack/neutron/neutron/plugins/ml2/drivers/ovn/mech_driver/ovsdb/ovsdb_monitor.py:64}}
Jun 30 10:29:05.337131 np0000003968 devstack@neutron-api.service[90449]: DEBUG neutron.plugins.ml2.drivers.ovn.mech_driver.ovsdb.ovsdb_monitor [-] Hash Ring: Node dc53b1504a465e2688f443a1b5a49c90 (host: np0000003968) handling event "update" for row 22afd85a-54eb-43cc-960c-ec8a39add0df (table: NB_Global) {{(pid=90449) notify /opt/stack/neutron/neutron/plugins/ml2/drivers/ovn/mech_driver/ovsdb/ovsdb_monitor.py:1015}}
Jun 30 10:29:05.337385 np0000003968 devstack@neutron-api.service[90448]: DEBUG neutron.plugins.ml2.drivers.ovn.mech_driver.ovsdb.ovsdb_monitor [-] ChassisAgentWriteEvent : Matched Chassis_Private, update, None None {{(pid=90448) matches /opt/stack/neutron/neutron/plugins/ml2/drivers/ovn/mech_driver/ovsdb/ovsdb_monitor.py:64}}
Jun 30 10:29:05.338196 np0000003968 devstack@neutron-api.service[90450]: DEBUG neutron.plugins.ml2.drivers.ovn.mech_driver.ovsdb.ovsdb_monitor [-] ChassisAgentWriteEvent : Matched Chassis_Private, update, None None {{(pid=90450) matches /opt/stack/neutron/neutron/plugins/ml2/drivers/ovn/mech_driver/ovsdb/ovsdb_monitor.py:64}}
Jun 30 10:29:05.338196 np0000003968 devstack@neutron-api.service[90450]: DEBUG neutron.plugins.ml2.drivers.ovn.mech_driver.ovsdb.ovsdb_monitor [-] Hash Ring: Node 285da9b08a7659b59f2fe4df755b9efd (host: np0000003968) handling event "update" for row 5cb6a529-f5fa-49fc-9a29-82a6fbbfdf80 (table: Chassis_Private) {{(pid=90450) notify /opt/stack/neutron/neutron/plugins/ml2/drivers/ovn/mech_driver/ovsdb/ovsdb_monitor.py:1015}}
Jun 30 10:29:05.339835 np0000003968 devstack@neutron-api.service[90449]: DEBUG neutron.plugins.ml2.drivers.ovn.mech_driver.ovsdb.ovsdb_monitor [-] Hash Ring: Node dc53b1504a465e2688f443a1b5a49c90 (host: np0000003968) handling event "update" for row 22afd85a-54eb-43cc-960c-ec8a39add0df (table: NB_Global) {{(pid=90449) notify /opt/stack/neutron/neutron/plugins/ml2/drivers/ovn/mech_driver/ovsdb/ovsdb_monitor.py:1015}}
Jun 30 10:29:05.340308 np0000003968 devstack@neutron-api.service[90451]: DEBUG neutron.plugins.ml2.drivers.ovn.mech_driver.ovsdb.ovsdb_monitor [-] ChassisOVNAgentWriteEvent : Matched Chassis_Private, update, None None {{(pid=90451) matches /opt/stack/neutron/neutron/plugins/ml2/drivers/ovn/mech_driver/ovsdb/ovsdb_monitor.py:64}}
Jun 30 10:29:05.340728 np0000003968 devstack@neutron-api.service[90448]: DEBUG neutron.plugins.ml2.drivers.ovn.mech_driver.ovsdb.ovsdb_monitor [-] ChassisOVNAgentWriteEvent : Matched Chassis_Private, update, None None {{(pid=90448) matches /opt/stack/neutron/neutron/plugins/ml2/drivers/ovn/mech_driver/ovsdb/ovsdb_monitor.py:64}}
Jun 30 10:29:05.341427 np0000003968 devstack@neutron-api.service[90450]: DEBUG neutron.plugins.ml2.drivers.ovn.mech_driver.ovsdb.ovsdb_monitor [-] ChassisOVNAgentWriteEvent : Matched Chassis_Private, update, None None {{(pid=90450) matches /opt/stack/neutron/neutron/plugins/ml2/drivers/ovn/mech_driver/ovsdb/ovsdb_monitor.py:64}}
Jun 30 10:29:05.342500 np0000003968 devstack@neutron-api.service[90450]: DEBUG neutron.plugins.ml2.drivers.ovn.mech_driver.ovsdb.ovsdb_monitor [-] Hash Ring: Node 285da9b08a7659b59f2fe4df755b9efd (host: np0000003968) handling event "update" for row 5cb6a529-f5fa-49fc-9a29-82a6fbbfdf80 (table: Chassis_Private) {{(pid=90450) notify /opt/stack/neutron/neutron/plugins/ml2/drivers/ovn/mech_driver/ovsdb/ovsdb_monitor.py:1015}}
Jun 30 10:29:05.342911 np0000003968 devstack@neutron-api.service[90449]: DEBUG neutron.common.ovn.hash_ring_manager [-] Allow caching, nodes 4>=4 {{(pid=90449) _wait_startup_before_caching /opt/stack/neutron/neutron/common/ovn/hash_ring_manager.py:71}}
Jun 30 10:29:05.342911 np0000003968 devstack@neutron-api.service[90449]: DEBUG neutron.plugins.ml2.drivers.ovn.mech_driver.ovsdb.ovsdb_monitor [-] Hash Ring: Node dc53b1504a465e2688f443a1b5a49c90 (host: np0000003968) handling event "update" for row 5cb6a529-f5fa-49fc-9a29-82a6fbbfdf80 (table: Chassis_Private) {{(pid=90449) notify /opt/stack/neutron/neutron/plugins/ml2/drivers/ovn/mech_driver/ovsdb/ovsdb_monitor.py:1015}}
Jun 30 10:29:05.343569 np0000003968 devstack@neutron-api.service[90449]: DEBUG neutron.plugins.ml2.drivers.ovn.mech_driver.ovsdb.ovsdb_monitor [-] ChassisOVNAgentWriteEvent : Matched Chassis_Private, update, None None {{(pid=90449) matches /opt/stack/neutron/neutron/plugins/ml2/drivers/ovn/mech_driver/ovsdb/ovsdb_monitor.py:64}}
Jun 30 10:29:05.344196 np0000003968 devstack@neutron-api.service[90449]: DEBUG neutron.plugins.ml2.drivers.ovn.mech_driver.ovsdb.ovsdb_monitor [-] Hash Ring: Node dc53b1504a465e2688f443a1b5a49c90 (host: np0000003968) handling event "update" for row 5cb6a529-f5fa-49fc-9a29-82a6fbbfdf80 (table: Chassis_Private) {{(pid=90449) notify /opt/stack/neutron/neutron/plugins/ml2/drivers/ovn/mech_driver/ovsdb/ovsdb_monitor.py:1015}}
Jun 30 10:29:05.383650 np0000003968 devstack@neutron-api.service[90450]: DEBUG neutron.plugins.ml2.drivers.helpers [None req-1dca175a-3b3f-4cc5-8dd2-582fdade218a admin admin] geneve segment allocate from pool success with {'geneve_vni': 60156} {{(pid=90450) allocate_partially_specified_segment /opt/stack/neutron/neutron/plugins/ml2/drivers/helpers.py:142}}
Jun 30 10:29:05.393082 np0000003968 devstack@neutron-api.service[90450]: DEBUG neutron_lib.callbacks.manager [None req-1dca175a-3b3f-4cc5-8dd2-582fdade218a admin admin] Publish callbacks ['neutron.services.segments.db._add_segment_host_mapping_for_segment-8666720194944', 'neutron.plugins.ml2.plugin.Ml2Plugin._handle_segment_change-771041'] for segment (771b20d8-4108-46d7-a6aa-4a53fcb3c42c), precommit_create {{(pid=90450) _notify_loop /opt/stack/data/venv/lib/python3.12/site-packages/neutron_lib/callbacks/manager.py:184}}
Jun 30 10:29:05.393245 np0000003968 devstack@neutron-api.service[90450]: INFO neutron.db.segments_db [None req-1dca175a-3b3f-4cc5-8dd2-582fdade218a admin admin] Added segment 771b20d8-4108-46d7-a6aa-4a53fcb3c42c of type geneve for network 1879af5e-6e53-4911-8e55-88410ca3aeeb
Jun 30 10:29:05.432878 np0000003968 devstack@neutron-api.service[90450]: DEBUG neutron_lib.callbacks.manager [None req-1dca175a-3b3f-4cc5-8dd2-582fdade218a admin admin] Publish callbacks ['neutron.services.auto_allocate.db._ensure_external_network_default_value_callback-8666718928166'] for network (1879af5e-6e53-4911-8e55-88410ca3aeeb), precommit_create {{(pid=90450) _notify_loop /opt/stack/data/venv/lib/python3.12/site-packages/neutron_lib/callbacks/manager.py:184}}
Jun 30 10:29:05.449619 np0000003968 devstack@neutron-api.service[90450]: DEBUG neutron.plugins.ml2.drivers.ovn.mech_driver.mech_driver [None req-1dca175a-3b3f-4cc5-8dd2-582fdade218a admin admin] Validating network segment with type geneve, segmentation ID 60156, physical network None {{(pid=90450) _validate_network_segments /opt/stack/neutron/neutron/plugins/ml2/drivers/ovn/mech_driver/mech_driver.py:646}}
Jun 30 10:29:05.449756 np0000003968 devstack@neutron-api.service[90450]: DEBUG neutron.db.ovn_revision_numbers_db [None req-1dca175a-3b3f-4cc5-8dd2-582fdade218a admin admin] create_initial_revision uuid=1879af5e-6e53-4911-8e55-88410ca3aeeb, type=networks, rev=-1 {{(pid=90450) create_initial_revision /opt/stack/neutron/neutron/db/ovn_revision_numbers_db.py:98}}
Jun 30 10:29:05.464066 np0000003968 devstack@neutron-api.service[90450]: DEBUG neutron_lib.callbacks.manager [None req-1dca175a-3b3f-4cc5-8dd2-582fdade218a admin admin] Publish callbacks ['neutron.plugins.ml2.ovo_rpc._ObjectChangeHandler.handle_event-6948361'] for network (1879af5e-6e53-4911-8e55-88410ca3aeeb), after_create {{(pid=90450) _notify_loop /opt/stack/data/venv/lib/python3.12/site-packages/neutron_lib/callbacks/manager.py:184}}
Jun 30 10:29:05.520373 np0000003968 devstack@neutron-api.service[90450]: DEBUG neutron.api.rpc.handlers.resources_rpc [None req-1dca175a-3b3f-4cc5-8dd2-582fdade218a admin admin] Pushing event updated for resources: {'Network': ['ID=1879af5e-6e53-4911-8e55-88410ca3aeeb,revision_number=1']} {{(pid=90450) push /opt/stack/neutron/neutron/api/rpc/handlers/resources_rpc.py:237}}
Jun 30 10:29:05.528238 np0000003968 devstack@neutron-api.service[90450]: DEBUG ovsdbapp.backend.ovs_idl.transaction [-] Running txn n=1 command(idx=0): AddNetworkCommand(_result=None, network_uuid=1879af5e-6e53-4911-8e55-88410ca3aeeb, may_exist=True, columns={'external_ids': {'neutron:network_name': 'private', 'neutron:mtu': '1372', 'neutron:revision_number': '1', 'neutron:availability_zone_hints': '', 'neutron:provnet-network-type': 'geneve'}, 'other_config': {'mcast_snoop': 'false', 'mcast_flood_unregistered': 'false', 'vlan-passthru': 'false'}}) {{(pid=90450) do_commit /opt/stack/data/venv/lib/python3.12/site-packages/ovsdbapp/backend/ovs_idl/transaction.py:89}}
Jun 30 10:29:05.528614 np0000003968 devstack@neutron-api.service[90450]: DEBUG neutron.common.ovn.utils [-] OVS persist_uuid supported=True {{(pid=90450) ovs_persist_uuid_supported /opt/stack/neutron/neutron/common/ovn/utils.py:1544}}
Jun 30 10:29:05.531661 np0000003968 devstack@neutron-api.service[90449]: DEBUG neutron.plugins.ml2.drivers.ovn.mech_driver.ovsdb.ovsdb_monitor [-] Hash Ring: Node dc53b1504a465e2688f443a1b5a49c90 (host: np0000003968) handling event "create" for row 1879af5e-6e53-4911-8e55-88410ca3aeeb (table: Logical_Switch) {{(pid=90449) notify /opt/stack/neutron/neutron/plugins/ml2/drivers/ovn/mech_driver/ovsdb/ovsdb_monitor.py:1015}}
Jun 30 10:29:05.532355 np0000003968 devstack@neutron-api.service[90448]: DEBUG neutron.plugins.ml2.drivers.ovn.mech_driver.ovsdb.ovsdb_monitor [-] Hash Ring: Node 03ad710b2bdd5e9bb685aa43aa3714ef (host: np0000003968) handling event "create" for row 1879af5e-6e53-4911-8e55-88410ca3aeeb (table: Logical_Switch) {{(pid=90448) notify /opt/stack/neutron/neutron/plugins/ml2/drivers/ovn/mech_driver/ovsdb/ovsdb_monitor.py:1015}}
Jun 30 10:29:05.536093 np0000003968 devstack@neutron-api.service[90449]: DEBUG neutron.plugins.ml2.drivers.ovn.mech_driver.ovsdb.ovsdb_monitor [-] Hash Ring: Node dc53b1504a465e2688f443a1b5a49c90 (host: np0000003968) handling event "create" for row 66b8d421-9b58-4280-a606-fc254ebecc13 (table: Datapath_Binding) {{(pid=90449) notify /opt/stack/neutron/neutron/plugins/ml2/drivers/ovn/mech_driver/ovsdb/ovsdb_monitor.py:1015}}
Jun 30 10:29:05.537901 np0000003968 devstack@neutron-api.service[90451]: DEBUG neutron.plugins.ml2.drivers.ovn.mech_driver.ovsdb.ovsdb_monitor [-] Hash Ring: Node 5b4932cf33215c12859fad9bda3bdcae (host: np0000003968) handling event "create" for row 66b8d421-9b58-4280-a606-fc254ebecc13 (table: Datapath_Binding) {{(pid=90451) notify /opt/stack/neutron/neutron/plugins/ml2/drivers/ovn/mech_driver/ovsdb/ovsdb_monitor.py:1015}}
Jun 30 10:29:05.558119 np0000003968 devstack@neutron-api.service[90450]: INFO neutron.db.ovn_revision_numbers_db [None req-1dca175a-3b3f-4cc5-8dd2-582fdade218a admin admin] Successfully bumped revision number for resource 1879af5e-6e53-4911-8e55-88410ca3aeeb (type: networks) to 1
Jun 30 10:29:05.613748 np0000003968 devstack@neutron-api.service[90450]: DEBUG neutron_lib.callbacks.manager [None req-1dca175a-3b3f-4cc5-8dd2-582fdade218a admin admin] Publish callbacks ['neutron.plugins.ml2.plugin.SecurityGroupDbMixin._ensure_default_security_group_handler-8565'] for port (None), before_create {{(pid=90450) _notify_loop /opt/stack/data/venv/lib/python3.12/site-packages/neutron_lib/callbacks/manager.py:184}}
Jun 30 10:29:05.930901 np0000003968 devstack@neutron-api.service[90450]: DEBUG neutron_lib.callbacks.manager [None req-1dca175a-3b3f-4cc5-8dd2-582fdade218a admin admin] Publish callbacks ['neutron.plugins.ml2.drivers.ovn.mech_driver.mech_driver.OVNMechanismDriver._validate_allowed_address_pairs-356200'] for allowed_address_pair (a9244093-31ec-4689-aa35-79f5a33b42b1), before_create {{(pid=90450) _notify_loop /opt/stack/data/venv/lib/python3.12/site-packages/neutron_lib/callbacks/manager.py:184}}
Jun 30 10:29:05.931361 np0000003968 devstack@neutron-api.service[90450]: DEBUG neutron_lib.callbacks.manager [None req-1dca175a-3b3f-4cc5-8dd2-582fdade218a admin admin] Publish callbacks [] for port (a9244093-31ec-4689-aa35-79f5a33b42b1), precommit_create {{(pid=90450) _notify_loop /opt/stack/data/venv/lib/python3.12/site-packages/neutron_lib/callbacks/manager.py:184}}
Jun 30 10:29:05.931533 np0000003968 devstack@neutron-api.service[90450]: DEBUG neutron.plugins.ml2.drivers.ovn.mech_driver.mech_driver [None req-1dca175a-3b3f-4cc5-8dd2-582fdade218a admin admin] No provisioning block for port a9244093-31ec-4689-aa35-79f5a33b42b1 since it does not have a host {{(pid=90450) _is_port_provisioning_required /opt/stack/neutron/neutron/plugins/ml2/drivers/ovn/mech_driver/mech_driver.py:899}}
Jun 30 10:29:05.931639 np0000003968 devstack@neutron-api.service[90450]: DEBUG neutron.db.ovn_revision_numbers_db [None req-1dca175a-3b3f-4cc5-8dd2-582fdade218a admin admin] create_initial_revision uuid=a9244093-31ec-4689-aa35-79f5a33b42b1, type=ports, rev=-1 {{(pid=90450) create_initial_revision /opt/stack/neutron/neutron/db/ovn_revision_numbers_db.py:98}}
Jun 30 10:29:05.995947 np0000003968 devstack@neutron-api.service[90450]: DEBUG neutron_lib.callbacks.manager [None req-1dca175a-3b3f-4cc5-8dd2-582fdade218a admin admin] Publish callbacks ['neutron.plugins.ml2.ovo_rpc._ObjectChangeHandler.handle_event-6948408'] for port (a9244093-31ec-4689-aa35-79f5a33b42b1), after_create {{(pid=90450) _notify_loop /opt/stack/data/venv/lib/python3.12/site-packages/neutron_lib/callbacks/manager.py:184}}
Jun 30 10:29:06.056516 np0000003968 devstack@neutron-api.service[90450]: DEBUG neutron.api.rpc.handlers.resources_rpc [None req-1dca175a-3b3f-4cc5-8dd2-582fdade218a admin admin] Pushing event updated for resources: {'Port': ['ID=a9244093-31ec-4689-aa35-79f5a33b42b1,revision_number=1']} {{(pid=90450) push /opt/stack/neutron/neutron/api/rpc/handlers/resources_rpc.py:237}}
Jun 30 10:29:06.087936 np0000003968 devstack@neutron-api.service[90450]: DEBUG neutron.plugins.ml2.drivers.ovn.mech_driver.ovsdb.commands [None req-1dca175a-3b3f-4cc5-8dd2-582fdade218a admin admin] Converting tag [] to a tag_request {{(pid=90450) _tag_column_to_tag_request /opt/stack/neutron/neutron/plugins/ml2/drivers/ovn/mech_driver/ovsdb/commands.py:205}}
Jun 30 10:29:06.088670 np0000003968 devstack@neutron-api.service[90450]: DEBUG ovsdbapp.backend.ovs_idl.transaction [-] Running txn n=1 command(idx=0): AddLSwitchPortCommand(_result=None, lport=a9244093-31ec-4689-aa35-79f5a33b42b1, lswitch=neutron-1879af5e-6e53-4911-8e55-88410ca3aeeb, may_exist=True, network_uuid=1879af5e-6e53-4911-8e55-88410ca3aeeb, columns={'addresses': ['fa:16:3e:70:5a:4b'], 'external_ids': {'neutron:port_name': '', 'neutron:device_id': 'ovnmeta-1879af5e-6e53-4911-8e55-88410ca3aeeb', 'neutron:project_id': '3d273e1e53cd43b49cdf41b5fb923a60', 'neutron:cidrs': '', 'neutron:device_owner': 'network:distributed', 'neutron:subnet_pool_addr_scope4': '', 'neutron:subnet_pool_addr_scope6': '', 'neutron:network_name': 'neutron-1879af5e-6e53-4911-8e55-88410ca3aeeb', 'neutron:security_group_ids': '', 'neutron:revision_number': '1', 'neutron:vnic_type': 'normal', 'neutron:port_capabilities': '', 'neutron:mtu': '1372'}, 'parent_name': [], 'enabled': True, 'options': {}, 'type': 'localport', 'port_security': [], 'dhcpv4_options': [], 'dhcpv6_options': [], 'tag_request': []}) {{(pid=90450) do_commit /opt/stack/data/venv/lib/python3.12/site-packages/ovsdbapp/backend/ovs_idl/transaction.py:89}}
Jun 30 10:29:06.089074 np0000003968 devstack@neutron-api.service[90450]: DEBUG ovsdbapp.backend.ovs_idl.transaction [-] Running txn n=1 command(idx=1): QoSDelCommand(_result=None, switch=neutron-1879af5e-6e53-4911-8e55-88410ca3aeeb, conditions=[('direction', '=', 'to-lport'), ('priority', '=', 2002), ('match', '=', 'outport == "a9244093-31ec-4689-aa35-79f5a33b42b1"')], if_exists=True) {{(pid=90450) do_commit /opt/stack/data/venv/lib/python3.12/site-packages/ovsdbapp/backend/ovs_idl/transaction.py:89}}
Jun 30 10:29:06.089240 np0000003968 devstack@neutron-api.service[90450]: DEBUG ovsdbapp.backend.ovs_idl.transaction [-] Running txn n=1 command(idx=2): QoSDelCommand(_result=None, switch=neutron-1879af5e-6e53-4911-8e55-88410ca3aeeb, conditions=[('direction', '=', 'from-lport'), ('priority', '=', 2002), ('match', '=', 'inport == "a9244093-31ec-4689-aa35-79f5a33b42b1"')], if_exists=True) {{(pid=90450) do_commit /opt/stack/data/venv/lib/python3.12/site-packages/ovsdbapp/backend/ovs_idl/transaction.py:89}}
Jun 30 10:29:06.094432 np0000003968 devstack@neutron-api.service[90449]: DEBUG neutron.plugins.ml2.drivers.ovn.mech_driver.ovsdb.ovsdb_monitor [-] Hash Ring: Node dc53b1504a465e2688f443a1b5a49c90 (host: np0000003968) handling event "create" for row 690fe9d1-30dd-4a85-b3d2-75272fa4efd5 (table: Port_Binding) {{(pid=90449) notify /opt/stack/neutron/neutron/plugins/ml2/drivers/ovn/mech_driver/ovsdb/ovsdb_monitor.py:1015}}
Jun 30 10:29:06.095765 np0000003968 devstack@neutron-api.service[90449]: DEBUG neutron.plugins.ml2.drivers.ovn.mech_driver.ovsdb.ovsdb_monitor [-] Hash Ring: Node dc53b1504a465e2688f443a1b5a49c90 (host: np0000003968) handling event "update" for row 1879af5e-6e53-4911-8e55-88410ca3aeeb (table: Logical_Switch) {{(pid=90449) notify /opt/stack/neutron/neutron/plugins/ml2/drivers/ovn/mech_driver/ovsdb/ovsdb_monitor.py:1015}}
Jun 30 10:29:06.095898 np0000003968 devstack@neutron-api.service[90449]: DEBUG neutron.plugins.ml2.drivers.ovn.mech_driver.ovsdb.ovsdb_monitor [-] Hash Ring: Node dc53b1504a465e2688f443a1b5a49c90 (host: np0000003968) handling event "create" for row 752fd40c-a7f4-434a-a028-6b4b11462825 (table: Logical_Switch_Port) {{(pid=90449) notify /opt/stack/neutron/neutron/plugins/ml2/drivers/ovn/mech_driver/ovsdb/ovsdb_monitor.py:1015}}
Jun 30 10:29:06.096409 np0000003968 devstack@neutron-api.service[90448]: DEBUG neutron.plugins.ml2.drivers.ovn.mech_driver.ovsdb.ovsdb_monitor [-] Hash Ring: Node 03ad710b2bdd5e9bb685aa43aa3714ef (host: np0000003968) handling event "create" for row 690fe9d1-30dd-4a85-b3d2-75272fa4efd5 (table: Port_Binding) {{(pid=90448) notify /opt/stack/neutron/neutron/plugins/ml2/drivers/ovn/mech_driver/ovsdb/ovsdb_monitor.py:1015}}
Jun 30 10:29:06.096854 np0000003968 devstack@neutron-api.service[90449]: DEBUG ovsdbapp.backend.ovs_idl.event [-] Matched CREATE: LogicalSwitchPortCreateEvent(events=('create',), table='Logical_Switch_Port', conditions=[], old_conditions=None), priority=20 to row=Logical_Switch_Port(uuid=752fd40c-a7f4-434a-a028-6b4b11462825, addresses=['fa:16:3e:70:5a:4b'], dhcpv4_options=[], dhcpv6_options=[], dynamic_addresses=[], enabled=True, external_ids={'neutron:cidrs': '', 'neutron:device_id': 'ovnmeta-1879af5e-6e53-4911-8e55-88410ca3aeeb', 'neutron:device_owner': 'network:distributed', 'neutron:mtu': '1372', 'neutron:network_name': 'neutron-1879af5e-6e53-4911-8e55-88410ca3aeeb', 'neutron:port_capabilities': '', 'neutron:port_name': '', 'neutron:project_id': '3d273e1e53cd43b49cdf41b5fb923a60', 'neutron:revision_number': '1', 'neutron:security_group_ids': '', 'neutron:subnet_pool_addr_scope4': '', 'neutron:subnet_pool_addr_scope6': '', 'neutron:vnic_type': 'normal'}, ha_chassis_group=[], mirror_rules=[], name='a9244093-31ec-4689-aa35-79f5a33b42b1', options={}, parent_name=[], port_security=[], tag=[], tag_request=[], type='localport', up=[]) old= {{(pid=90449) matches /opt/stack/data/venv/lib/python3.12/site-packages/ovsdbapp/backend/ovs_idl/event.py:55}}
Jun 30 10:29:06.097233 np0000003968 devstack@neutron-api.service[90448]: DEBUG neutron.plugins.ml2.drivers.ovn.mech_driver.ovsdb.ovsdb_monitor [-] Hash Ring: Node 03ad710b2bdd5e9bb685aa43aa3714ef (host: np0000003968) handling event "update" for row 1879af5e-6e53-4911-8e55-88410ca3aeeb (table: Logical_Switch) {{(pid=90448) notify /opt/stack/neutron/neutron/plugins/ml2/drivers/ovn/mech_driver/ovsdb/ovsdb_monitor.py:1015}}
Jun 30 10:29:06.097617 np0000003968 devstack@neutron-api.service[90449]: INFO neutron.plugins.ml2.drivers.ovn.mech_driver.mech_driver [-] OVN reports status down for port: a9244093-31ec-4689-aa35-79f5a33b42b1
Jun 30 10:29:06.098099 np0000003968 devstack@neutron-api.service[90449]: DEBUG neutron.plugins.ml2.drivers.ovn.mech_driver.ovsdb.ovsdb_monitor [-] Hash Ring: Node dc53b1504a465e2688f443a1b5a49c90 (host: np0000003968) handling event "update" for row 752fd40c-a7f4-434a-a028-6b4b11462825 (table: Logical_Switch_Port) {{(pid=90449) notify /opt/stack/neutron/neutron/plugins/ml2/drivers/ovn/mech_driver/ovsdb/ovsdb_monitor.py:1015}}
Jun 30 10:29:06.136301 np0000003968 devstack@neutron-api.service[90450]: INFO neutron.db.ovn_revision_numbers_db [None req-1dca175a-3b3f-4cc5-8dd2-582fdade218a admin admin] Successfully bumped revision number for resource a9244093-31ec-4689-aa35-79f5a33b42b1 (type: ports) to 1
Jun 30 10:29:06.143571 np0000003968 devstack@neutron-api.service[90450]: DEBUG neutron.pecan_wsgi.hooks.policy_enforcement [None req-1dca175a-3b3f-4cc5-8dd2-582fdade218a admin admin] Attributes excluded by policy engine: ['standard_attr_id'] {{(pid=90450) _exclude_attributes_by_policy /opt/stack/neutron/neutron/pecan_wsgi/hooks/policy_enforcement.py:259}}
Jun 30 10:29:06.143943 np0000003968 devstack@neutron-api.service[90450]: DEBUG neutron_lib.callbacks.manager [None req-1dca175a-3b3f-4cc5-8dd2-582fdade218a admin admin] Publish callbacks [] for network (None), before_response {{(pid=90450) _notify_loop /opt/stack/data/venv/lib/python3.12/site-packages/neutron_lib/callbacks/manager.py:184}}
Jun 30 10:29:06.155009 np0000003968 devstack@neutron-api.service[90449]: DEBUG neutron.db.provisioning_blocks [None req-a8e24640-539d-4527-85ca-64b41d981149 None None] Transition to ACTIVE for port object a9244093-31ec-4689-aa35-79f5a33b42b1 will not be triggered until provisioned by entity L2. {{(pid=90449) add_provisioning_component /opt/stack/neutron/neutron/db/provisioning_blocks.py:74}}
Jun 30 10:29:06.158253 np0000003968 devstack@neutron-api.service[90450]: [pid: 90450|app: 0|req: 1/5] 10.4.3.202 () {68 vars in 1326 bytes} [Tue Jun 30 10:29:04 2026] POST /networking/v2.0/networks => generated 681 bytes in 1439 msecs (HTTP/1.1 201) 4 headers in 162 bytes (1 switches on core 0)
Jun 30 10:29:06.192037 np0000003968 devstack@neutron-api.service[90449]: DEBUG neutron.plugins.ml2.plugin [None req-a8e24640-539d-4527-85ca-64b41d981149 None None] Current status of the port a9244093-31ec-4689-aa35-79f5a33b42b1 is: DOWN; New status is: DOWN {{(pid=90449) _update_individual_port_db_status /opt/stack/neutron/neutron/plugins/ml2/plugin.py:2473}}
Jun 30 10:29:06.193673 np0000003968 devstack@neutron-api.service[90449]: DEBUG ovsdbapp.backend.ovs_idl.transaction [-] Running txn n=1 command(idx=0): DbRemoveCommand(_result=None, table=Logical_Switch_Port, record=a9244093-31ec-4689-aa35-79f5a33b42b1, column=external_ids, values=('neutron:host_id',), keyvalues={}, if_exists=True) {{(pid=90449) do_commit /opt/stack/data/venv/lib/python3.12/site-packages/ovsdbapp/backend/ovs_idl/transaction.py:89}}
Jun 30 10:29:06.621281 np0000003968 devstack@neutron-api.service[90449]: DEBUG neutron.policy [None req-61d57655-6dd8-4f4d-b979-f9931f1a4555 admin admin] Loaded default policies from ['neutron'] under neutron.policies entry points {{(pid=90449) register_rules /opt/stack/neutron/neutron/policy.py:65}}
Jun 30 10:29:06.707277 np0000003968 devstack@neutron-api.service[90449]: DEBUG neutron.pecan_wsgi.hooks.policy_enforcement [None req-61d57655-6dd8-4f4d-b979-f9931f1a4555 admin admin] Attributes excluded by policy engine: ['standard_attr_id'] {{(pid=90449) _exclude_attributes_by_policy /opt/stack/neutron/neutron/pecan_wsgi/hooks/policy_enforcement.py:259}}
