Jun 09 19:48:28.831757 np0000002483 devstack@g-api.service[102055]: DEBUG glance_store.location [-] Registering scheme swift+config with {'store': , 'location_class': , 'store_entry': 'swift'} {{(pid=102055) register_scheme_map /opt/stack/data/venv/lib/python3.12/site-packages/glance_store/location.py:146}}
Jun 09 19:48:28.831792 np0000002483 devstack@g-api.service[102055]: DEBUG glance_store.backend [-] Attempting to import store http {{(pid=102055) _load_store /opt/stack/data/venv/lib/python3.12/site-packages/glance_store/backend.py:215}}
Jun 09 19:48:28.832024 np0000002483 devstack@g-api.service[102055]: DEBUG glance_store.capabilities [-] Store glance_store._drivers.http.Store doesn't support updating dynamic storage capabilities. Please overwrite 'update_capabilities' method of the store to implement updating logics if needed. {{(pid=102055) update_capabilities /opt/stack/data/venv/lib/python3.12/site-packages/glance_store/capabilities.py:91}}
Jun 09 19:48:28.832070 np0000002483 devstack@g-api.service[102055]: DEBUG glance_store.backend [-] Registering store http with schemes ('http', 'https') {{(pid=102055) create_stores /opt/stack/data/venv/lib/python3.12/site-packages/glance_store/backend.py:261}}
Jun 09 19:48:28.832131 np0000002483 devstack@g-api.service[102055]: DEBUG glance_store.driver [-] Late loading location class glance_store._drivers.http.StoreLocation {{(pid=102055) get_store_location_class /opt/stack/data/venv/lib/python3.12/site-packages/glance_store/driver.py:134}}
Jun 09 19:48:28.832206 np0000002483 devstack@g-api.service[102055]: DEBUG glance_store.location [-] Registering scheme http with {'store': , 'location_class': , 'store_entry': 'http'} {{(pid=102055) register_scheme_map /opt/stack/data/venv/lib/python3.12/site-packages/glance_store/location.py:146}}
Jun 09 19:48:28.832272 np0000002483 devstack@g-api.service[102055]: DEBUG glance_store.location [-] Registering scheme https with {'store': , 'location_class': , 'store_entry': 'http'} {{(pid=102055) register_scheme_map /opt/stack/data/venv/lib/python3.12/site-packages/glance_store/location.py:146}}
Jun 09 19:48:28.832320 np0000002483 devstack@g-api.service[102055]: DEBUG glance_store.backend [-] Attempting to import store file {{(pid=102055) _load_store /opt/stack/data/venv/lib/python3.12/site-packages/glance_store/backend.py:215}}
Jun 09 19:48:28.832722 np0000002483 devstack@g-api.service[102055]: DEBUG glance_store.capabilities [-] Store glance_store._drivers.filesystem.Store doesn't support updating dynamic storage capabilities. Please overwrite 'update_capabilities' method of the store to implement updating logics if needed. {{(pid=102055) update_capabilities /opt/stack/data/venv/lib/python3.12/site-packages/glance_store/capabilities.py:91}}
Jun 09 19:48:28.832778 np0000002483 devstack@g-api.service[102055]: DEBUG glance_store.backend [-] Registering store file with schemes ('file', 'filesystem') {{(pid=102055) create_stores /opt/stack/data/venv/lib/python3.12/site-packages/glance_store/backend.py:261}}
Jun 09 19:48:28.832828 np0000002483 devstack@g-api.service[102055]: DEBUG glance_store.driver [-] Late loading location class glance_store._drivers.filesystem.StoreLocation {{(pid=102055) get_store_location_class /opt/stack/data/venv/lib/python3.12/site-packages/glance_store/driver.py:134}}
Jun 09 19:48:28.832890 np0000002483 devstack@g-api.service[102055]: DEBUG glance_store.location [-] Registering scheme file with {'store': , 'location_class': , 'store_entry': 'file'} {{(pid=102055) register_scheme_map /opt/stack/data/venv/lib/python3.12/site-packages/glance_store/location.py:146}}
Jun 09 19:48:28.832959 np0000002483 devstack@g-api.service[102055]: DEBUG glance_store.location [-] Registering scheme filesystem with {'store': , 'location_class': , 'store_entry': 'file'} {{(pid=102055) register_scheme_map /opt/stack/data/venv/lib/python3.12/site-packages/glance_store/location.py:146}}
Jun 09 19:48:28.833080 np0000002483 devstack@g-api.service[102055]: DEBUG glance_store.backend [-] Attempting to import store swift {{(pid=102055) _load_store /opt/stack/data/venv/lib/python3.12/site-packages/glance_store/backend.py:215}}
Jun 09 19:48:28.834078 np0000002483 devstack@g-api.service[102055]: DEBUG glance_store.capabilities [-] Store glance_store._drivers.swift.store.SingleTenantStore doesn't support updating dynamic storage capabilities. Please overwrite 'update_capabilities' method of the store to implement updating logics if needed. {{(pid=102055) update_capabilities /opt/stack/data/venv/lib/python3.12/site-packages/glance_store/capabilities.py:91}}
Jun 09 19:48:28.834128 np0000002483 devstack@g-api.service[102055]: DEBUG glance_store.driver [-] Late loading location class glance_store._drivers.swift.store.StoreLocation {{(pid=102055) get_store_location_class /opt/stack/data/venv/lib/python3.12/site-packages/glance_store/driver.py:134}}
Jun 09 19:48:28.834199 np0000002483 devstack@g-api.service[102055]: DEBUG glance_store.location [-] Registering scheme swift+https with {'store': , 'location_class': , 'store_entry': 'swift'} {{(pid=102055) register_scheme_map /opt/stack/data/venv/lib/python3.12/site-packages/glance_store/location.py:146}}
Jun 09 19:48:28.834272 np0000002483 devstack@g-api.service[102055]: DEBUG glance_store.location [-] Registering scheme swift+https with {'store': , 'location_class': , 'store_entry': 'swift'} {{(pid=102055) register_scheme_map /opt/stack/data/venv/lib/python3.12/site-packages/glance_store/location.py:146}}
Jun 09 19:48:28.834313 np0000002483 devstack@g-api.service[102055]: DEBUG glance_store.location [-] Registering scheme swift with {'store': , 'location_class': , 'store_entry': 'swift'} {{(pid=102055) register_scheme_map /opt/stack/data/venv/lib/python3.12/site-packages/glance_store/location.py:146}}
Jun 09 19:48:28.834366 np0000002483 devstack@g-api.service[102055]: DEBUG glance_store.location [-] Registering scheme swift+https with {'store': , 'location_class': , 'store_entry': 'swift'} {{(pid=102055) register_scheme_map /opt/stack/data/venv/lib/python3.12/site-packages/glance_store/location.py:146}}
Jun 09 19:48:28.834411 np0000002483 devstack@g-api.service[102055]: DEBUG glance_store.location [-] Registering scheme swift with {'store': , 'location_class': , 'store_entry': 'swift'} {{(pid=102055) register_scheme_map /opt/stack/data/venv/lib/python3.12/site-packages/glance_store/location.py:146}}
Jun 09 19:48:28.834453 np0000002483 devstack@g-api.service[102055]: DEBUG glance_store.location [-] Registering scheme swift+http with {'store': , 'location_class': , 'store_entry': 'swift'} {{(pid=102055) register_scheme_map /opt/stack/data/venv/lib/python3.12/site-packages/glance_store/location.py:146}}
Jun 09 19:48:28.834501 np0000002483 devstack@g-api.service[102055]: DEBUG glance_store.location [-] Registering scheme swift+https with {'store': , 'location_class': , 'store_entry': 'swift'} {{(pid=102055) register_scheme_map /opt/stack/data/venv/lib/python3.12/site-packages/glance_store/location.py:146}}
Jun 09 19:48:28.834540 np0000002483 devstack@g-api.service[102055]: DEBUG glance_store.location [-] Registering scheme swift with {'store': , 'location_class': , 'store_entry': 'swift'} {{(pid=102055) register_scheme_map /opt/stack/data/venv/lib/python3.12/site-packages/glance_store/location.py:146}}
Jun 09 19:48:28.834579 np0000002483 devstack@g-api.service[102055]: DEBUG glance_store.location [-] Registering scheme swift+http with {'store': , 'location_class': , 'store_entry': 'swift'} {{(pid=102055) register_scheme_map /opt/stack/data/venv/lib/python3.12/site-packages/glance_store/location.py:146}}
Jun 09 19:48:28.834618 np0000002483 devstack@g-api.service[102055]: DEBUG glance_store.location [-] Registering scheme swift+config with {'store': , 'location_class': , 'store_entry': 'swift'} {{(pid=102055) register_scheme_map /opt/stack/data/venv/lib/python3.12/site-packages/glance_store/location.py:146}}
Jun 09 19:48:28.834856 np0000002483 devstack@g-api.service[102055]: DEBUG glance.sqlite_migration [-] SQLite caching database not located, skipping migration {{(pid=102055) get_db_path /opt/stack/glance/glance/sqlite_migration.py:68}}
Jun 09 19:48:28.835084 np0000002483 devstack@g-api.service[102055]: WARNING glance.common.wsgi_app [-] Import methods are enabled but staging directory /tmp/staging/ does not exist; Imports will fail!
Jun 09 19:48:29.066821 np0000002483 devstack@g-api.service[102057]: DEBUG glance.common.config [None req-dbf1f0fa-5930-4716-b80c-b80e93d43547 None None] Loading glance-api-keystone+cachemanagement from /etc/glance/glance-api-paste.ini {{(pid=102057) load_paste_app /opt/stack/glance/glance/common/config.py:758}}
Jun 09 19:48:29.080816 np0000002483 devstack@g-api.service[102056]: DEBUG glance.common.config [None req-40550d72-9d28-4232-8437-164869811d3b None None] Loading glance-api-keystone+cachemanagement from /etc/glance/glance-api-paste.ini {{(pid=102056) load_paste_app /opt/stack/glance/glance/common/config.py:758}}
Jun 09 19:48:29.140540 np0000002483 devstack@g-api.service[102055]: DEBUG glance.common.config [None req-2b220437-a859-48a1-8f92-addcf28fe49c None None] Loading glance-api-keystone+cachemanagement from /etc/glance/glance-api-paste.ini {{(pid=102055) load_paste_app /opt/stack/glance/glance/common/config.py:758}}
Jun 09 19:48:29.683502 np0000002483 devstack@g-api.service[102056]: INFO glance.image_cache [None req-40550d72-9d28-4232-8437-164869811d3b None None] Image cache loaded driver 'centralized_db'.
Jun 09 19:48:29.692949 np0000002483 devstack@g-api.service[102057]: INFO glance.image_cache [None req-dbf1f0fa-5930-4716-b80c-b80e93d43547 None None] Image cache loaded driver 'centralized_db'.
Jun 09 19:48:29.725391 np0000002483 devstack@g-api.service[102055]: INFO glance.image_cache [None req-2b220437-a859-48a1-8f92-addcf28fe49c None None] Image cache loaded driver 'centralized_db'.
Jun 09 19:48:29.732170 np0000002483 devstack@g-api.service[102056]: INFO dbcounter [None req-40550d72-9d28-4232-8437-164869811d3b None None] Registered counter for database glance
Jun 09 19:48:29.748000 np0000002483 devstack@g-api.service[102057]: INFO dbcounter [None req-dbf1f0fa-5930-4716-b80c-b80e93d43547 None None] Registered counter for database glance
Jun 09 19:48:29.767304 np0000002483 devstack@g-api.service[102055]: INFO dbcounter [None req-2b220437-a859-48a1-8f92-addcf28fe49c None None] Registered counter for database glance
Jun 09 19:48:29.775376 np0000002483 devstack@g-api.service[102056]: DEBUG oslo_db.sqlalchemy.engines [None req-40550d72-9d28-4232-8437-164869811d3b None None] MySQL server mode set to STRICT_TRANS_TABLES,STRICT_ALL_TABLES,NO_ZERO_IN_DATE,NO_ZERO_DATE,ERROR_FOR_DIVISION_BY_ZERO,TRADITIONAL,NO_ENGINE_SUBSTITUTION {{(pid=102056) _check_effective_sql_mode /opt/stack/data/venv/lib/python3.12/site-packages/oslo_db/sqlalchemy/engines.py:325}}
Jun 09 19:48:29.790740 np0000002483 devstack@g-api.service[102057]: DEBUG oslo_db.sqlalchemy.engines [None req-dbf1f0fa-5930-4716-b80c-b80e93d43547 None None] MySQL server mode set to STRICT_TRANS_TABLES,STRICT_ALL_TABLES,NO_ZERO_IN_DATE,NO_ZERO_DATE,ERROR_FOR_DIVISION_BY_ZERO,TRADITIONAL,NO_ENGINE_SUBSTITUTION {{(pid=102057) _check_effective_sql_mode /opt/stack/data/venv/lib/python3.12/site-packages/oslo_db/sqlalchemy/engines.py:325}}
Jun 09 19:48:29.797261 np0000002483 devstack@g-api.service[102056]: DEBUG dbcounter [-] [102056] Writer thread running {{(pid=102056) stat_writer /opt/stack/data/venv/lib/python3.12/site-packages/dbcounter.py:102}}
Jun 09 19:48:29.811989 np0000002483 devstack@g-api.service[102056]: INFO glance.image_cache [None req-40550d72-9d28-4232-8437-164869811d3b None None] Image cache loaded driver 'centralized_db'.
Jun 09 19:48:29.817075 np0000002483 devstack@g-api.service[102055]: DEBUG oslo_db.sqlalchemy.engines [None req-2b220437-a859-48a1-8f92-addcf28fe49c None None] MySQL server mode set to STRICT_TRANS_TABLES,STRICT_ALL_TABLES,NO_ZERO_IN_DATE,NO_ZERO_DATE,ERROR_FOR_DIVISION_BY_ZERO,TRADITIONAL,NO_ENGINE_SUBSTITUTION {{(pid=102055) _check_effective_sql_mode /opt/stack/data/venv/lib/python3.12/site-packages/oslo_db/sqlalchemy/engines.py:325}}
Jun 09 19:48:29.819405 np0000002483 devstack@g-api.service[102056]: DEBUG glance.image_cache.drivers.centralized_db [None req-40550d72-9d28-4232-8437-164869811d3b None None] Node reference is already recorded, ignoring it {{(pid=102056) configure /opt/stack/glance/glance/image_cache/drivers/centralized_db.py:71}}
Jun 09 19:48:29.819529 np0000002483 devstack@g-api.service[102057]: DEBUG dbcounter [-] [102057] Writer thread running {{(pid=102057) stat_writer /opt/stack/data/venv/lib/python3.12/site-packages/dbcounter.py:102}}
Jun 09 19:48:29.822521 np0000002483 devstack@g-api.service[102057]: DEBUG glance.image_cache.drivers.centralized_db [None req-dbf1f0fa-5930-4716-b80c-b80e93d43547 None None] Node reference is already recorded, ignoring it {{(pid=102057) configure /opt/stack/glance/glance/image_cache/drivers/centralized_db.py:71}}
Jun 09 19:48:29.825188 np0000002483 devstack@g-api.service[102056]: DEBUG glance.api.v2.cached_images [None req-40550d72-9d28-4232-8437-164869811d3b None None] Started cache worker thread {{(pid=102056) __init__ /opt/stack/glance/glance/api/v2/cached_images.py:69}}
Jun 09 19:48:29.825797 np0000002483 devstack@g-api.service[102056]: INFO glance.image_cache [None req-40550d72-9d28-4232-8437-164869811d3b None None] Image cache loaded driver 'centralized_db'.
Jun 09 19:48:29.830030 np0000002483 devstack@g-api.service[102057]: INFO glance.image_cache [None req-dbf1f0fa-5930-4716-b80c-b80e93d43547 None None] Image cache loaded driver 'centralized_db'.
Jun 09 19:48:29.832207 np0000002483 devstack@g-api.service[102056]: DEBUG glance.image_cache.drivers.centralized_db [None req-40550d72-9d28-4232-8437-164869811d3b None None] Node reference is already recorded, ignoring it {{(pid=102056) configure /opt/stack/glance/glance/image_cache/drivers/centralized_db.py:71}}
Jun 09 19:48:29.837904 np0000002483 devstack@g-api.service[102056]: INFO glance.api.middleware.cache_manage [None req-40550d72-9d28-4232-8437-164869811d3b None None] Initialized image cache management middleware
Jun 09 19:48:29.838110 np0000002483 devstack@g-api.service[102056]: INFO glance.image_cache [None req-40550d72-9d28-4232-8437-164869811d3b None None] Image cache loaded driver 'centralized_db'.
Jun 09 19:48:29.839426 np0000002483 devstack@g-api.service[102057]: DEBUG glance.image_cache.drivers.centralized_db [None req-dbf1f0fa-5930-4716-b80c-b80e93d43547 None None] Node reference is already recorded, ignoring it {{(pid=102057) configure /opt/stack/glance/glance/image_cache/drivers/centralized_db.py:71}}
Jun 09 19:48:29.842420 np0000002483 devstack@g-api.service[102055]: DEBUG dbcounter [-] [102055] Writer thread running {{(pid=102055) stat_writer /opt/stack/data/venv/lib/python3.12/site-packages/dbcounter.py:102}}
Jun 09 19:48:29.845378 np0000002483 devstack@g-api.service[102055]: DEBUG glance.image_cache.drivers.centralized_db [None req-2b220437-a859-48a1-8f92-addcf28fe49c None None] Node reference is already recorded, ignoring it {{(pid=102055) configure /opt/stack/glance/glance/image_cache/drivers/centralized_db.py:71}}
Jun 09 19:48:29.846202 np0000002483 devstack@g-api.service[102057]: DEBUG glance.api.v2.cached_images [None req-dbf1f0fa-5930-4716-b80c-b80e93d43547 None None] Started cache worker thread {{(pid=102057) __init__ /opt/stack/glance/glance/api/v2/cached_images.py:69}}
Jun 09 19:48:29.846640 np0000002483 devstack@g-api.service[102056]: DEBUG glance.image_cache.drivers.centralized_db [None req-40550d72-9d28-4232-8437-164869811d3b None None] Node reference is already recorded, ignoring it {{(pid=102056) configure /opt/stack/glance/glance/image_cache/drivers/centralized_db.py:71}}
Jun 09 19:48:29.846913 np0000002483 devstack@g-api.service[102057]: INFO glance.image_cache [None req-dbf1f0fa-5930-4716-b80c-b80e93d43547 None None] Image cache loaded driver 'centralized_db'.
Jun 09 19:48:29.851391 np0000002483 devstack@g-api.service[102055]: INFO glance.image_cache [None req-2b220437-a859-48a1-8f92-addcf28fe49c None None] Image cache loaded driver 'centralized_db'.
Jun 09 19:48:29.852080 np0000002483 devstack@g-api.service[102056]: INFO glance.api.middleware.cache [None req-40550d72-9d28-4232-8437-164869811d3b None None] Initialized image cache middleware
Jun 09 19:48:29.856044 np0000002483 devstack@g-api.service[102057]: DEBUG glance.image_cache.drivers.centralized_db [None req-dbf1f0fa-5930-4716-b80c-b80e93d43547 None None] Node reference is already recorded, ignoring it {{(pid=102057) configure /opt/stack/glance/glance/image_cache/drivers/centralized_db.py:71}}
Jun 09 19:48:29.858989 np0000002483 devstack@g-api.service[102055]: DEBUG glance.image_cache.drivers.centralized_db [None req-2b220437-a859-48a1-8f92-addcf28fe49c None None] Node reference is already recorded, ignoring it {{(pid=102055) configure /opt/stack/glance/glance/image_cache/drivers/centralized_db.py:71}}
Jun 09 19:48:29.860801 np0000002483 devstack@g-api.service[102057]: INFO glance.api.middleware.cache_manage [None req-dbf1f0fa-5930-4716-b80c-b80e93d43547 None None] Initialized image cache management middleware
Jun 09 19:48:29.860972 np0000002483 devstack@g-api.service[102057]: INFO glance.image_cache [None req-dbf1f0fa-5930-4716-b80c-b80e93d43547 None None] Image cache loaded driver 'centralized_db'.
Jun 09 19:48:29.864514 np0000002483 devstack@g-api.service[102055]: DEBUG glance.api.v2.cached_images [None req-2b220437-a859-48a1-8f92-addcf28fe49c None None] Started cache worker thread {{(pid=102055) __init__ /opt/stack/glance/glance/api/v2/cached_images.py:69}}
Jun 09 19:48:29.865072 np0000002483 devstack@g-api.service[102055]: INFO glance.image_cache [None req-2b220437-a859-48a1-8f92-addcf28fe49c None None] Image cache loaded driver 'centralized_db'.
Jun 09 19:48:29.867982 np0000002483 devstack@g-api.service[102057]: DEBUG glance.image_cache.drivers.centralized_db [None req-dbf1f0fa-5930-4716-b80c-b80e93d43547 None None] Node reference is already recorded, ignoring it {{(pid=102057) configure /opt/stack/glance/glance/image_cache/drivers/centralized_db.py:71}}
Jun 09 19:48:29.869027 np0000002483 devstack@g-api.service[102056]: DEBUG glance.common.config [None req-40550d72-9d28-4232-8437-164869811d3b None None] ******************************************************************************** {{(pid=102056) log_opt_values /opt/stack/data/venv/lib/python3.12/site-packages/oslo_config/cfg.py:3229}}
Jun 09 19:48:29.869202 np0000002483 devstack@g-api.service[102056]: DEBUG glance.common.config [None req-40550d72-9d28-4232-8437-164869811d3b None None] Configuration options gathered from: {{(pid=102056) log_opt_values /opt/stack/data/venv/lib/python3.12/site-packages/oslo_config/cfg.py:3230}}
Jun 09 19:48:29.869596 np0000002483 devstack@g-api.service[102056]: DEBUG glance.common.config [None req-40550d72-9d28-4232-8437-164869811d3b None None] command line args: [] {{(pid=102056) log_opt_values /opt/stack/data/venv/lib/python3.12/site-packages/oslo_config/cfg.py:3231}}
Jun 09 19:48:29.869771 np0000002483 devstack@g-api.service[102056]: DEBUG glance.common.config [None req-40550d72-9d28-4232-8437-164869811d3b None None] config files: ['/etc/glance/glance-image-import.conf', '/etc/glance/glance-api.conf'] {{(pid=102056) log_opt_values /opt/stack/data/venv/lib/python3.12/site-packages/oslo_config/cfg.py:3232}}
Jun 09 19:48:29.869880 np0000002483 devstack@g-api.service[102056]: DEBUG glance.common.config [None req-40550d72-9d28-4232-8437-164869811d3b None None] ================================================================================ {{(pid=102056) log_opt_values /opt/stack/data/venv/lib/python3.12/site-packages/oslo_config/cfg.py:3237}}
Jun 09 19:48:29.870082 np0000002483 devstack@g-api.service[102056]: DEBUG glance.common.config [None req-40550d72-9d28-4232-8437-164869811d3b None None] allow_anonymous_access = False {{(pid=102056) log_opt_values /opt/stack/data/venv/lib/python3.12/site-packages/oslo_config/cfg.py:3245}}
Jun 09 19:48:29.870219 np0000002483 devstack@g-api.service[102056]: DEBUG glance.common.config [None req-40550d72-9d28-4232-8437-164869811d3b None None] api_limit_max = 1000 {{(pid=102056) log_opt_values /opt/stack/data/venv/lib/python3.12/site-packages/oslo_config/cfg.py:3245}}
Jun 09 19:48:29.870351 np0000002483 devstack@g-api.service[102056]: DEBUG glance.common.config [None req-40550d72-9d28-4232-8437-164869811d3b None None] backlog = 4096 {{(pid=102056) log_opt_values /opt/stack/data/venv/lib/python3.12/site-packages/oslo_config/cfg.py:3245}}
Jun 09 19:48:29.870519 np0000002483 devstack@g-api.service[102056]: DEBUG glance.common.config [None req-40550d72-9d28-4232-8437-164869811d3b None None] bind_host = 0.0.0.0 {{(pid=102056) log_opt_values /opt/stack/data/venv/lib/python3.12/site-packages/oslo_config/cfg.py:3245}}
Jun 09 19:48:29.870669 np0000002483 devstack@g-api.service[102056]: DEBUG glance.common.config [None req-40550d72-9d28-4232-8437-164869811d3b None None] bind_port = 19292 {{(pid=102056) log_opt_values /opt/stack/data/venv/lib/python3.12/site-packages/oslo_config/cfg.py:3245}}
Jun 09 19:48:29.870798 np0000002483 devstack@g-api.service[102056]: DEBUG glance.common.config [None req-40550d72-9d28-4232-8437-164869811d3b None None] client_socket_timeout = 900 {{(pid=102056) log_opt_values /opt/stack/data/venv/lib/python3.12/site-packages/oslo_config/cfg.py:3245}}
Jun 09 19:48:29.870951 np0000002483 devstack@g-api.service[102056]: DEBUG glance.common.config [None req-40550d72-9d28-4232-8437-164869811d3b None None] config_dir = [] {{(pid=102056) log_opt_values /opt/stack/data/venv/lib/python3.12/site-packages/oslo_config/cfg.py:3245}}
Jun 09 19:48:29.871049 np0000002483 devstack@g-api.service[102056]: DEBUG glance.common.config [None req-40550d72-9d28-4232-8437-164869811d3b None None] config_file = ['/etc/glance/glance-image-import.conf', '/etc/glance/glance-api.conf'] {{(pid=102056) log_opt_values /opt/stack/data/venv/lib/python3.12/site-packages/oslo_config/cfg.py:3245}}
Jun 09 19:48:29.871194 np0000002483 devstack@g-api.service[102056]: DEBUG glance.common.config [None req-40550d72-9d28-4232-8437-164869811d3b None None] config_source = [] {{(pid=102056) log_opt_values /opt/stack/data/venv/lib/python3.12/site-packages/oslo_config/cfg.py:3245}}
Jun 09 19:48:29.871325 np0000002483 devstack@g-api.service[102056]: DEBUG glance.common.config [None req-40550d72-9d28-4232-8437-164869811d3b None None] control_exchange = glance {{(pid=102056) log_opt_values /opt/stack/data/venv/lib/python3.12/site-packages/oslo_config/cfg.py:3245}}
Jun 09 19:48:29.871407 np0000002483 devstack@g-api.service[102056]: DEBUG glance.common.config [None req-40550d72-9d28-4232-8437-164869811d3b None None] debug = True {{(pid=102056) log_opt_values /opt/stack/data/venv/lib/python3.12/site-packages/oslo_config/cfg.py:3245}}
Jun 09 19:48:29.871638 np0000002483 devstack@g-api.service[102056]: DEBUG glance.common.config [None req-40550d72-9d28-4232-8437-164869811d3b None None] default_log_levels = ['amqp=WARN', 'boto=WARN', 'sqlalchemy=WARN', 'suds=INFO', 'oslo.messaging=INFO', 'oslo_messaging=INFO', 'iso8601=WARN', 'requests.packages.urllib3.connectionpool=WARN', 'urllib3.connectionpool=WARN', 'websocket=WARN', 'requests.packages.urllib3.util.retry=WARN', 'urllib3.util.retry=WARN', 'keystonemiddleware=WARN', 'routes.middleware=WARN', 'stevedore=WARN', 'taskflow=WARN', 'keystoneauth=WARN', 'oslo.cache=INFO', 'oslo_policy=INFO', 'dogpile.core.dogpile=INFO'] {{(pid=102056) log_opt_values /opt/stack/data/venv/lib/python3.12/site-packages/oslo_config/cfg.py:3245}}
Jun 09 19:48:29.871775 np0000002483 devstack@g-api.service[102056]: DEBUG glance.common.config [None req-40550d72-9d28-4232-8437-164869811d3b None None] default_publisher_id = image.localhost {{(pid=102056) log_opt_values /opt/stack/data/venv/lib/python3.12/site-packages/oslo_config/cfg.py:3245}}
Jun 09 19:48:29.871930 np0000002483 devstack@g-api.service[102056]: DEBUG glance.common.config [None req-40550d72-9d28-4232-8437-164869811d3b None None] delayed_delete = False {{(pid=102056) log_opt_values /opt/stack/data/venv/lib/python3.12/site-packages/oslo_config/cfg.py:3245}}
Jun 09 19:48:29.872080 np0000002483 devstack@g-api.service[102056]: DEBUG glance.common.config [None req-40550d72-9d28-4232-8437-164869811d3b None None] digest_algorithm = sha256 {{(pid=102056) log_opt_values /opt/stack/data/venv/lib/python3.12/site-packages/oslo_config/cfg.py:3245}}
Jun 09 19:48:29.872184 np0000002483 devstack@g-api.service[102055]: DEBUG glance.image_cache.drivers.centralized_db [None req-2b220437-a859-48a1-8f92-addcf28fe49c None None] Node reference is already recorded, ignoring it {{(pid=102055) configure /opt/stack/glance/glance/image_cache/drivers/centralized_db.py:71}}
Jun 09 19:48:29.872241 np0000002483 devstack@g-api.service[102056]: DEBUG glance.common.config [None req-40550d72-9d28-4232-8437-164869811d3b None None] disabled_notifications = [] {{(pid=102056) log_opt_values /opt/stack/data/venv/lib/python3.12/site-packages/oslo_config/cfg.py:3245}}
Jun 09 19:48:29.872331 np0000002483 devstack@g-api.service[102056]: DEBUG glance.common.config [None req-40550d72-9d28-4232-8437-164869811d3b None None] do_secure_hash = True {{(pid=102056) log_opt_values /opt/stack/data/venv/lib/python3.12/site-packages/oslo_config/cfg.py:3245}}
Jun 09 19:48:29.872461 np0000002483 devstack@g-api.service[102056]: DEBUG glance.common.config [None req-40550d72-9d28-4232-8437-164869811d3b None None] enabled_backends = None {{(pid=102056) log_opt_values /opt/stack/data/venv/lib/python3.12/site-packages/oslo_config/cfg.py:3245}}
Jun 09 19:48:29.872621 np0000002483 devstack@g-api.service[102056]: DEBUG glance.common.config [None req-40550d72-9d28-4232-8437-164869811d3b None None] enabled_import_methods = ['glance-direct', 'web-download', 'copy-image'] {{(pid=102056) log_opt_values /opt/stack/data/venv/lib/python3.12/site-packages/oslo_config/cfg.py:3245}}
Jun 09 19:48:29.872751 np0000002483 devstack@g-api.service[102056]: DEBUG glance.common.config [None req-40550d72-9d28-4232-8437-164869811d3b None None] fatal_deprecations = False {{(pid=102056) log_opt_values /opt/stack/data/venv/lib/python3.12/site-packages/oslo_config/cfg.py:3245}}
Jun 09 19:48:29.872885 np0000002483 devstack@g-api.service[102056]: DEBUG glance.common.config [None req-40550d72-9d28-4232-8437-164869811d3b None None] hashing_algorithm = sha512 {{(pid=102056) log_opt_values /opt/stack/data/venv/lib/python3.12/site-packages/oslo_config/cfg.py:3245}}
Jun 09 19:48:29.873042 np0000002483 devstack@g-api.service[102056]: DEBUG glance.common.config [None req-40550d72-9d28-4232-8437-164869811d3b None None] http_keepalive = True {{(pid=102056) log_opt_values /opt/stack/data/venv/lib/python3.12/site-packages/oslo_config/cfg.py:3245}}
Jun 09 19:48:29.873147 np0000002483 devstack@g-api.service[102057]: INFO glance.api.middleware.cache [None req-dbf1f0fa-5930-4716-b80c-b80e93d43547 None None] Initialized image cache middleware
Jun 09 19:48:29.873201 np0000002483 devstack@g-api.service[102056]: DEBUG glance.common.config [None req-40550d72-9d28-4232-8437-164869811d3b None None] http_retries = 3 {{(pid=102056) log_opt_values /opt/stack/data/venv/lib/python3.12/site-packages/oslo_config/cfg.py:3245}}
Jun 09 19:48:29.873308 np0000002483 devstack@g-api.service[102056]: DEBUG glance.common.config [None req-40550d72-9d28-4232-8437-164869811d3b None None] image_cache_dir = /opt/stack/data/glance/cache/ {{(pid=102056) log_opt_values /opt/stack/data/venv/lib/python3.12/site-packages/oslo_config/cfg.py:3245}}
Jun 09 19:48:29.873440 np0000002483 devstack@g-api.service[102056]: DEBUG glance.common.config [None req-40550d72-9d28-4232-8437-164869811d3b None None] image_cache_driver = centralized_db {{(pid=102056) log_opt_values /opt/stack/data/venv/lib/python3.12/site-packages/oslo_config/cfg.py:3245}}
Jun 09 19:48:29.873566 np0000002483 devstack@g-api.service[102056]: DEBUG glance.common.config [None req-40550d72-9d28-4232-8437-164869811d3b None None] image_cache_max_size = 10737418240 {{(pid=102056) log_opt_values /opt/stack/data/venv/lib/python3.12/site-packages/oslo_config/cfg.py:3245}}
Jun 09 19:48:29.873705 np0000002483 devstack@g-api.service[102056]: DEBUG glance.common.config [None req-40550d72-9d28-4232-8437-164869811d3b None None] image_cache_sqlite_db = cache.db {{(pid=102056) log_opt_values /opt/stack/data/venv/lib/python3.12/site-packages/oslo_config/cfg.py:3245}}
Jun 09 19:48:29.873835 np0000002483 devstack@g-api.service[102056]: DEBUG glance.common.config [None req-40550d72-9d28-4232-8437-164869811d3b None None] image_cache_stall_time = 86400 {{(pid=102056) log_opt_values /opt/stack/data/venv/lib/python3.12/site-packages/oslo_config/cfg.py:3245}}
Jun 09 19:48:29.873983 np0000002483 devstack@g-api.service[102056]: DEBUG glance.common.config [None req-40550d72-9d28-4232-8437-164869811d3b None None] image_location_quota = 10 {{(pid=102056) log_opt_values /opt/stack/data/venv/lib/python3.12/site-packages/oslo_config/cfg.py:3245}}
Jun 09 19:48:29.874109 np0000002483 devstack@g-api.service[102056]: DEBUG glance.common.config [None req-40550d72-9d28-4232-8437-164869811d3b None None] image_member_quota = 128 {{(pid=102056) log_opt_values /opt/stack/data/venv/lib/python3.12/site-packages/oslo_config/cfg.py:3245}}
Jun 09 19:48:29.874241 np0000002483 devstack@g-api.service[102056]: DEBUG glance.common.config [None req-40550d72-9d28-4232-8437-164869811d3b None None] image_property_quota = 128 {{(pid=102056) log_opt_values /opt/stack/data/venv/lib/python3.12/site-packages/oslo_config/cfg.py:3245}}
Jun 09 19:48:29.874369 np0000002483 devstack@g-api.service[102056]: DEBUG glance.common.config [None req-40550d72-9d28-4232-8437-164869811d3b None None] image_size_cap = 1099511627776 {{(pid=102056) log_opt_values /opt/stack/data/venv/lib/python3.12/site-packages/oslo_config/cfg.py:3245}}
Jun 09 19:48:29.874498 np0000002483 devstack@g-api.service[102056]: DEBUG glance.common.config [None req-40550d72-9d28-4232-8437-164869811d3b None None] image_tag_quota = 128 {{(pid=102056) log_opt_values /opt/stack/data/venv/lib/python3.12/site-packages/oslo_config/cfg.py:3245}}
Jun 09 19:48:29.874630 np0000002483 devstack@g-api.service[102056]: DEBUG glance.common.config [None req-40550d72-9d28-4232-8437-164869811d3b None None] instance_format = [instance: %(uuid)s] {{(pid=102056) log_opt_values /opt/stack/data/venv/lib/python3.12/site-packages/oslo_config/cfg.py:3245}}
Jun 09 19:48:29.874760 np0000002483 devstack@g-api.service[102056]: DEBUG glance.common.config [None req-40550d72-9d28-4232-8437-164869811d3b None None] instance_uuid_format = [instance: %(uuid)s] {{(pid=102056) log_opt_values /opt/stack/data/venv/lib/python3.12/site-packages/oslo_config/cfg.py:3245}}
Jun 09 19:48:29.874881 np0000002483 devstack@g-api.service[102056]: DEBUG glance.common.config [None req-40550d72-9d28-4232-8437-164869811d3b None None] limit_param_default = 25 {{(pid=102056) log_opt_values /opt/stack/data/venv/lib/python3.12/site-packages/oslo_config/cfg.py:3245}}
Jun 09 19:48:29.875029 np0000002483 devstack@g-api.service[102056]: DEBUG glance.common.config [None req-40550d72-9d28-4232-8437-164869811d3b None None] log_color = False {{(pid=102056) log_opt_values /opt/stack/data/venv/lib/python3.12/site-packages/oslo_config/cfg.py:3245}}
Jun 09 19:48:29.875122 np0000002483 devstack@g-api.service[102056]: DEBUG glance.common.config [None req-40550d72-9d28-4232-8437-164869811d3b None None] log_config_append = None {{(pid=102056) log_opt_values /opt/stack/data/venv/lib/python3.12/site-packages/oslo_config/cfg.py:3245}}
Jun 09 19:48:29.875231 np0000002483 devstack@g-api.service[102056]: DEBUG glance.common.config [None req-40550d72-9d28-4232-8437-164869811d3b None None] log_date_format = %Y-%m-%d %H:%M:%S {{(pid=102056) log_opt_values /opt/stack/data/venv/lib/python3.12/site-packages/oslo_config/cfg.py:3245}}
Jun 09 19:48:29.875323 np0000002483 devstack@g-api.service[102056]: DEBUG glance.common.config [None req-40550d72-9d28-4232-8437-164869811d3b None None] log_dir = None {{(pid=102056) log_opt_values /opt/stack/data/venv/lib/python3.12/site-packages/oslo_config/cfg.py:3245}}
Jun 09 19:48:29.875412 np0000002483 devstack@g-api.service[102056]: DEBUG glance.common.config [None req-40550d72-9d28-4232-8437-164869811d3b None None] log_file = None {{(pid=102056) log_opt_values /opt/stack/data/venv/lib/python3.12/site-packages/oslo_config/cfg.py:3245}}
Jun 09 19:48:29.875500 np0000002483 devstack@g-api.service[102056]: DEBUG glance.common.config [None req-40550d72-9d28-4232-8437-164869811d3b None None] log_rotate_interval = 1 {{(pid=102056) log_opt_values /opt/stack/data/venv/lib/python3.12/site-packages/oslo_config/cfg.py:3245}}
Jun 09 19:48:29.875594 np0000002483 devstack@g-api.service[102056]: DEBUG glance.common.config [None req-40550d72-9d28-4232-8437-164869811d3b None None] log_rotate_interval_type = days {{(pid=102056) log_opt_values /opt/stack/data/venv/lib/python3.12/site-packages/oslo_config/cfg.py:3245}}
Jun 09 19:48:29.875685 np0000002483 devstack@g-api.service[102056]: DEBUG glance.common.config [None req-40550d72-9d28-4232-8437-164869811d3b None None] log_rotation_type = none {{(pid=102056) log_opt_values /opt/stack/data/venv/lib/python3.12/site-packages/oslo_config/cfg.py:3245}}
Jun 09 19:48:29.875753 np0000002483 devstack@g-api.service[102056]: DEBUG glance.common.config [None req-40550d72-9d28-4232-8437-164869811d3b None None] logging_context_format_string = %(color)s%(levelname)s %(name)s [%(global_request_id)s %(request_id)s %(project_name)s %(user_name)s%(color)s] %(instance)s%(color)s%(message)s {{(pid=102056) log_opt_values /opt/stack/data/venv/lib/python3.12/site-packages/oslo_config/cfg.py:3245}}
Jun 09 19:48:29.875813 np0000002483 devstack@g-api.service[102056]: DEBUG glance.common.config [None req-40550d72-9d28-4232-8437-164869811d3b None None] logging_debug_format_suffix = {{(pid=%(process)d) %(funcName)s %(pathname)s:%(lineno)d}} {{(pid=102056) log_opt_values /opt/stack/data/venv/lib/python3.12/site-packages/oslo_config/cfg.py:3245}}
Jun 09 19:48:29.875955 np0000002483 devstack@g-api.service[102056]: DEBUG glance.common.config [None req-40550d72-9d28-4232-8437-164869811d3b None None] logging_default_format_string = %(color)s%(levelname)s %(name)s [-%(color)s] %(instance)s%(color)s%(message)s {{(pid=102056) log_opt_values /opt/stack/data/venv/lib/python3.12/site-packages/oslo_config/cfg.py:3245}}
Jun 09 19:48:29.876079 np0000002483 devstack@g-api.service[102056]: DEBUG glance.common.config [None req-40550d72-9d28-4232-8437-164869811d3b None None] logging_exception_prefix = ERROR %(name)s %(instance)s {{(pid=102056) log_opt_values /opt/stack/data/venv/lib/python3.12/site-packages/oslo_config/cfg.py:3245}}
Jun 09 19:48:29.876142 np0000002483 devstack@g-api.service[102056]: DEBUG glance.common.config [None req-40550d72-9d28-4232-8437-164869811d3b None None] logging_user_identity_format = %(user)s %(project)s %(domain)s %(system_scope)s %(user_domain)s %(project_domain)s {{(pid=102056) log_opt_values /opt/stack/data/venv/lib/python3.12/site-packages/oslo_config/cfg.py:3245}}
Jun 09 19:48:29.876247 np0000002483 devstack@g-api.service[102056]: DEBUG glance.common.config [None req-40550d72-9d28-4232-8437-164869811d3b None None] max_header_line = 16384 {{(pid=102056) log_opt_values /opt/stack/data/venv/lib/python3.12/site-packages/oslo_config/cfg.py:3245}}
Jun 09 19:48:29.876338 np0000002483 devstack@g-api.service[102056]: DEBUG glance.common.config [None req-40550d72-9d28-4232-8437-164869811d3b None None] max_logfile_count = 30 {{(pid=102056) log_opt_values /opt/stack/data/venv/lib/python3.12/site-packages/oslo_config/cfg.py:3245}}
Jun 09 19:48:29.876423 np0000002483 devstack@g-api.service[102056]: DEBUG glance.common.config [None req-40550d72-9d28-4232-8437-164869811d3b None None] max_logfile_size_mb = 200 {{(pid=102056) log_opt_values /opt/stack/data/venv/lib/python3.12/site-packages/oslo_config/cfg.py:3245}}
Jun 09 19:48:29.876508 np0000002483 devstack@g-api.service[102056]: DEBUG glance.common.config [None req-40550d72-9d28-4232-8437-164869811d3b None None] max_request_id_length = 64 {{(pid=102056) log_opt_values /opt/stack/data/venv/lib/python3.12/site-packages/oslo_config/cfg.py:3245}}
Jun 09 19:48:29.876596 np0000002483 devstack@g-api.service[102056]: DEBUG glance.common.config [None req-40550d72-9d28-4232-8437-164869811d3b None None] metadata_encryption_key = **** {{(pid=102056) log_opt_values /opt/stack/data/venv/lib/python3.12/site-packages/oslo_config/cfg.py:3245}}
Jun 09 19:48:29.876688 np0000002483 devstack@g-api.service[102056]: DEBUG glance.common.config [None req-40550d72-9d28-4232-8437-164869811d3b None None] node_staging_uri = file:///tmp/staging/ {{(pid=102056) log_opt_values /opt/stack/data/venv/lib/python3.12/site-packages/oslo_config/cfg.py:3245}}
Jun 09 19:48:29.876767 np0000002483 devstack@g-api.service[102055]: INFO glance.api.middleware.cache_manage [None req-2b220437-a859-48a1-8f92-addcf28fe49c None None] Initialized image cache management middleware
Jun 09 19:48:29.876893 np0000002483 devstack@g-api.service[102056]: DEBUG glance.common.config [None req-40550d72-9d28-4232-8437-164869811d3b None None] property_protection_file = None {{(pid=102056) log_opt_values /opt/stack/data/venv/lib/python3.12/site-packages/oslo_config/cfg.py:3245}}
Jun 09 19:48:29.876893 np0000002483 devstack@g-api.service[102056]: DEBUG glance.common.config [None req-40550d72-9d28-4232-8437-164869811d3b None None] property_protection_rule_format = roles {{(pid=102056) log_opt_values /opt/stack/data/venv/lib/python3.12/site-packages/oslo_config/cfg.py:3245}}
Jun 09 19:48:29.876989 np0000002483 devstack@g-api.service[102055]: INFO glance.image_cache [None req-2b220437-a859-48a1-8f92-addcf28fe49c None None] Image cache loaded driver 'centralized_db'.
Jun 09 19:48:29.877044 np0000002483 devstack@g-api.service[102056]: DEBUG glance.common.config [None req-40550d72-9d28-4232-8437-164869811d3b None None] public_endpoint = https://10.4.3.84/image {{(pid=102056) log_opt_values /opt/stack/data/venv/lib/python3.12/site-packages/oslo_config/cfg.py:3245}}
Jun 09 19:48:29.877044 np0000002483 devstack@g-api.service[102056]: DEBUG glance.common.config [None req-40550d72-9d28-4232-8437-164869811d3b None None] publish_errors = False {{(pid=102056) log_opt_values /opt/stack/data/venv/lib/python3.12/site-packages/oslo_config/cfg.py:3245}}
Jun 09 19:48:29.877132 np0000002483 devstack@g-api.service[102056]: DEBUG glance.common.config [None req-40550d72-9d28-4232-8437-164869811d3b None None] pydev_worker_debug_host = None {{(pid=102056) log_opt_values /opt/stack/data/venv/lib/python3.12/site-packages/oslo_config/cfg.py:3245}}
Jun 09 19:48:29.877244 np0000002483 devstack@g-api.service[102056]: DEBUG glance.common.config [None req-40550d72-9d28-4232-8437-164869811d3b None None] pydev_worker_debug_port = 5678 {{(pid=102056) log_opt_values /opt/stack/data/venv/lib/python3.12/site-packages/oslo_config/cfg.py:3245}}
Jun 09 19:48:29.877330 np0000002483 devstack@g-api.service[102056]: DEBUG glance.common.config [None req-40550d72-9d28-4232-8437-164869811d3b None None] rate_limit_burst = 0 {{(pid=102056) log_opt_values /opt/stack/data/venv/lib/python3.12/site-packages/oslo_config/cfg.py:3245}}
Jun 09 19:48:29.877421 np0000002483 devstack@g-api.service[102056]: DEBUG glance.common.config [None req-40550d72-9d28-4232-8437-164869811d3b None None] rate_limit_except_level = CRITICAL {{(pid=102056) log_opt_values /opt/stack/data/venv/lib/python3.12/site-packages/oslo_config/cfg.py:3245}}
Jun 09 19:48:29.877505 np0000002483 devstack@g-api.service[102056]: DEBUG glance.common.config [None req-40550d72-9d28-4232-8437-164869811d3b None None] rate_limit_interval = 0 {{(pid=102056) log_opt_values /opt/stack/data/venv/lib/python3.12/site-packages/oslo_config/cfg.py:3245}}
Jun 09 19:48:29.877587 np0000002483 devstack@g-api.service[102056]: DEBUG glance.common.config [None req-40550d72-9d28-4232-8437-164869811d3b None None] scrub_pool_size = 1 {{(pid=102056) log_opt_values /opt/stack/data/venv/lib/python3.12/site-packages/oslo_config/cfg.py:3245}}
Jun 09 19:48:29.877669 np0000002483 devstack@g-api.service[102056]: DEBUG glance.common.config [None req-40550d72-9d28-4232-8437-164869811d3b None None] scrub_time = 0 {{(pid=102056) log_opt_values /opt/stack/data/venv/lib/python3.12/site-packages/oslo_config/cfg.py:3245}}
Jun 09 19:48:29.877752 np0000002483 devstack@g-api.service[102056]: DEBUG glance.common.config [None req-40550d72-9d28-4232-8437-164869811d3b None None] shell_completion = None {{(pid=102056) log_opt_values /opt/stack/data/venv/lib/python3.12/site-packages/oslo_config/cfg.py:3245}}
Jun 09 19:48:29.877844 np0000002483 devstack@g-api.service[102056]: DEBUG glance.common.config [None req-40550d72-9d28-4232-8437-164869811d3b None None] show_image_direct_url = False {{(pid=102056) log_opt_values /opt/stack/data/venv/lib/python3.12/site-packages/oslo_config/cfg.py:3245}}
Jun 09 19:48:29.878103 np0000002483 devstack@g-api.service[102056]: WARNING oslo_config.cfg [None req-40550d72-9d28-4232-8437-164869811d3b None None] Deprecated: Option "show_multiple_locations" from group "DEFAULT" is deprecated for removal (Use of this option, deprecated since Newton, is a security risk and will be removed once we figure out a way to satisfy those use cases that currently require it. An earlier announcement that the same functionality can be achieved with greater granularity by using policies is incorrect. You cannot work around this option via policy configuration at the present time, though that is the direction we believe the fix will take. Please keep an eye on the Glance release notes to stay up to date on progress in addressing this issue.). Its value may be silently ignored in the future.
Jun 09 19:48:29.878225 np0000002483 devstack@g-api.service[102056]: DEBUG glance.common.config [None req-40550d72-9d28-4232-8437-164869811d3b None None] show_multiple_locations = False {{(pid=102056) log_opt_values /opt/stack/data/venv/lib/python3.12/site-packages/oslo_config/cfg.py:3245}}
Jun 09 19:48:29.878327 np0000002483 devstack@g-api.service[102056]: DEBUG glance.common.config [None req-40550d72-9d28-4232-8437-164869811d3b None None] syslog_log_facility = LOG_USER {{(pid=102056) log_opt_values /opt/stack/data/venv/lib/python3.12/site-packages/oslo_config/cfg.py:3245}}
Jun 09 19:48:29.878415 np0000002483 devstack@g-api.service[102056]: DEBUG glance.common.config [None req-40550d72-9d28-4232-8437-164869811d3b None None] tcp_keepidle = 600 {{(pid=102056) log_opt_values /opt/stack/data/venv/lib/python3.12/site-packages/oslo_config/cfg.py:3245}}
Jun 09 19:48:29.878505 np0000002483 devstack@g-api.service[102056]: DEBUG glance.common.config [None req-40550d72-9d28-4232-8437-164869811d3b None None] transport_url = **** {{(pid=102056) log_opt_values /opt/stack/data/venv/lib/python3.12/site-packages/oslo_config/cfg.py:3245}}
Jun 09 19:48:29.878590 np0000002483 devstack@g-api.service[102056]: DEBUG glance.common.config [None req-40550d72-9d28-4232-8437-164869811d3b None None] use_journal = False {{(pid=102056) log_opt_values /opt/stack/data/venv/lib/python3.12/site-packages/oslo_config/cfg.py:3245}}
Jun 09 19:48:29.878674 np0000002483 devstack@g-api.service[102056]: DEBUG glance.common.config [None req-40550d72-9d28-4232-8437-164869811d3b None None] use_json = False {{(pid=102056) log_opt_values /opt/stack/data/venv/lib/python3.12/site-packages/oslo_config/cfg.py:3245}}
Jun 09 19:48:29.878765 np0000002483 devstack@g-api.service[102056]: DEBUG glance.common.config [None req-40550d72-9d28-4232-8437-164869811d3b None None] use_keystone_limits = True {{(pid=102056) log_opt_values /opt/stack/data/venv/lib/python3.12/site-packages/oslo_config/cfg.py:3245}}
Jun 09 19:48:29.878849 np0000002483 devstack@g-api.service[102056]: DEBUG glance.common.config [None req-40550d72-9d28-4232-8437-164869811d3b None None] use_stderr = False {{(pid=102056) log_opt_values /opt/stack/data/venv/lib/python3.12/site-packages/oslo_config/cfg.py:3245}}
Jun 09 19:48:29.878955 np0000002483 devstack@g-api.service[102056]: DEBUG glance.common.config [None req-40550d72-9d28-4232-8437-164869811d3b None None] use_syslog = False {{(pid=102056) log_opt_values /opt/stack/data/venv/lib/python3.12/site-packages/oslo_config/cfg.py:3245}}
Jun 09 19:48:29.879062 np0000002483 devstack@g-api.service[102056]: DEBUG glance.common.config [None req-40550d72-9d28-4232-8437-164869811d3b None None] user_storage_quota = 0 {{(pid=102056) log_opt_values /opt/stack/data/venv/lib/python3.12/site-packages/oslo_config/cfg.py:3245}}
Jun 09 19:48:29.879154 np0000002483 devstack@g-api.service[102056]: DEBUG glance.common.config [None req-40550d72-9d28-4232-8437-164869811d3b None None] worker_self_reference_url = http://127.0.0.1:60999 {{(pid=102056) log_opt_values /opt/stack/data/venv/lib/python3.12/site-packages/oslo_config/cfg.py:3245}}
Jun 09 19:48:29.879254 np0000002483 devstack@g-api.service[102056]: DEBUG glance.common.config [None req-40550d72-9d28-4232-8437-164869811d3b None None] workers = None {{(pid=102056) log_opt_values /opt/stack/data/venv/lib/python3.12/site-packages/oslo_config/cfg.py:3245}}
Jun 09 19:48:29.879362 np0000002483 devstack@g-api.service[102056]: DEBUG glance.common.config [None req-40550d72-9d28-4232-8437-164869811d3b None None] oslo_concurrency.disable_process_locking = False {{(pid=102056) log_opt_values /opt/stack/data/venv/lib/python3.12/site-packages/oslo_config/cfg.py:3256}}
Jun 09 19:48:29.879462 np0000002483 devstack@g-api.service[102056]: DEBUG glance.common.config [None req-40550d72-9d28-4232-8437-164869811d3b None None] oslo_concurrency.lock_path = /opt/stack/data/glance/locks {{(pid=102056) log_opt_values /opt/stack/data/venv/lib/python3.12/site-packages/oslo_config/cfg.py:3256}}
Jun 09 19:48:29.879556 np0000002483 devstack@g-api.service[102056]: DEBUG glance.common.config [None req-40550d72-9d28-4232-8437-164869811d3b None None] oslo_middleware.enable_proxy_headers_parsing = False {{(pid=102056) log_opt_values /opt/stack/data/venv/lib/python3.12/site-packages/oslo_config/cfg.py:3256}}
Jun 09 19:48:29.879647 np0000002483 devstack@g-api.service[102056]: DEBUG glance.common.config [None req-40550d72-9d28-4232-8437-164869811d3b None None] oslo_middleware.http_basic_auth_user_file = /etc/htpasswd {{(pid=102056) log_opt_values /opt/stack/data/venv/lib/python3.12/site-packages/oslo_config/cfg.py:3256}}
Jun 09 19:48:29.879738 np0000002483 devstack@g-api.service[102056]: DEBUG glance.common.config [None req-40550d72-9d28-4232-8437-164869811d3b None None] paste_deploy.config_file = None {{(pid=102056) log_opt_values /opt/stack/data/venv/lib/python3.12/site-packages/oslo_config/cfg.py:3256}}
Jun 09 19:48:29.879830 np0000002483 devstack@g-api.service[102056]: DEBUG glance.common.config [None req-40550d72-9d28-4232-8437-164869811d3b None None] paste_deploy.flavor = keystone+cachemanagement {{(pid=102056) log_opt_values /opt/stack/data/venv/lib/python3.12/site-packages/oslo_config/cfg.py:3256}}
Jun 09 19:48:29.879978 np0000002483 devstack@g-api.service[102056]: DEBUG glance.common.config [None req-40550d72-9d28-4232-8437-164869811d3b None None] image_format.container_formats = ['ami', 'ari', 'aki', 'bare', 'ovf', 'ova', 'docker', 'compressed'] {{(pid=102056) log_opt_values /opt/stack/data/venv/lib/python3.12/site-packages/oslo_config/cfg.py:3256}}
Jun 09 19:48:29.880117 np0000002483 devstack@g-api.service[102056]: DEBUG glance.common.config [None req-40550d72-9d28-4232-8437-164869811d3b None None] image_format.disk_formats = ['ami', 'ari', 'aki', 'vhd', 'vhdx', 'vmdk', 'raw', 'qcow2', 'vdi', 'iso', 'ploop'] {{(pid=102056) log_opt_values /opt/stack/data/venv/lib/python3.12/site-packages/oslo_config/cfg.py:3256}}
Jun 09 19:48:29.880210 np0000002483 devstack@g-api.service[102056]: DEBUG glance.common.config [None req-40550d72-9d28-4232-8437-164869811d3b None None] image_format.gpt_safety_checks_nonfatal = [] {{(pid=102056) log_opt_values /opt/stack/data/venv/lib/python3.12/site-packages/oslo_config/cfg.py:3256}}
Jun 09 19:48:29.880322 np0000002483 devstack@g-api.service[102056]: DEBUG glance.common.config [None req-40550d72-9d28-4232-8437-164869811d3b None None] image_format.require_image_format_match = True {{(pid=102056) log_opt_values /opt/stack/data/venv/lib/python3.12/site-packages/oslo_config/cfg.py:3256}}
Jun 09 19:48:29.880424 np0000002483 devstack@g-api.service[102056]: DEBUG glance.common.config [None req-40550d72-9d28-4232-8437-164869811d3b None None] image_format.vmdk_allowed_types = ['streamOptimized', 'monolithicSparse'] {{(pid=102056) log_opt_values /opt/stack/data/venv/lib/python3.12/site-packages/oslo_config/cfg.py:3256}}
Jun 09 19:48:29.880528 np0000002483 devstack@g-api.service[102056]: DEBUG glance.common.config [None req-40550d72-9d28-4232-8437-164869811d3b None None] task.task_executor = taskflow {{(pid=102056) log_opt_values /opt/stack/data/venv/lib/python3.12/site-packages/oslo_config/cfg.py:3256}}
Jun 09 19:48:29.880622 np0000002483 devstack@g-api.service[102056]: DEBUG glance.common.config [None req-40550d72-9d28-4232-8437-164869811d3b None None] task.task_time_to_live = 48 {{(pid=102056) log_opt_values /opt/stack/data/venv/lib/python3.12/site-packages/oslo_config/cfg.py:3256}}
Jun 09 19:48:29.880707 np0000002483 devstack@g-api.service[102056]: DEBUG glance.common.config [None req-40550d72-9d28-4232-8437-164869811d3b None None] task.work_dir = None {{(pid=102056) log_opt_values /opt/stack/data/venv/lib/python3.12/site-packages/oslo_config/cfg.py:3256}}
