Jun 09 19:48:07.354693 np0000002483 nova-scheduler[95741]: DEBUG cotyledon.oslo_config_glue [-] oslo_limit.endpoint_override = None {{(pid=95741) log_opt_values /opt/stack/data/venv/lib/python3.12/site-packages/oslo_config/cfg.py:3256}}
Jun 09 19:48:07.354693 np0000002483 nova-scheduler[95741]: DEBUG cotyledon.oslo_config_glue [-] oslo_limit.endpoint_region_name = None {{(pid=95741) log_opt_values /opt/stack/data/venv/lib/python3.12/site-packages/oslo_config/cfg.py:3256}}
Jun 09 19:48:07.354693 np0000002483 nova-scheduler[95741]: DEBUG cotyledon.oslo_config_glue [-] oslo_limit.endpoint_service_name = None {{(pid=95741) log_opt_values /opt/stack/data/venv/lib/python3.12/site-packages/oslo_config/cfg.py:3256}}
Jun 09 19:48:07.354693 np0000002483 nova-scheduler[95741]: DEBUG cotyledon.oslo_config_glue [-] oslo_limit.endpoint_service_type = None {{(pid=95741) log_opt_values /opt/stack/data/venv/lib/python3.12/site-packages/oslo_config/cfg.py:3256}}
Jun 09 19:48:07.354693 np0000002483 nova-scheduler[95741]: DEBUG cotyledon.oslo_config_glue [-] oslo_limit.insecure = False {{(pid=95741) log_opt_values /opt/stack/data/venv/lib/python3.12/site-packages/oslo_config/cfg.py:3256}}
Jun 09 19:48:07.354693 np0000002483 nova-scheduler[95741]: DEBUG cotyledon.oslo_config_glue [-] oslo_limit.keyfile = None {{(pid=95741) log_opt_values /opt/stack/data/venv/lib/python3.12/site-packages/oslo_config/cfg.py:3256}}
Jun 09 19:48:07.354693 np0000002483 nova-scheduler[95741]: DEBUG cotyledon.oslo_config_glue [-] oslo_limit.max_version = None {{(pid=95741) log_opt_values /opt/stack/data/venv/lib/python3.12/site-packages/oslo_config/cfg.py:3256}}
Jun 09 19:48:07.355079 np0000002483 nova-scheduler[95741]: DEBUG cotyledon.oslo_config_glue [-] oslo_limit.min_version = None {{(pid=95741) log_opt_values /opt/stack/data/venv/lib/python3.12/site-packages/oslo_config/cfg.py:3256}}
Jun 09 19:48:07.355079 np0000002483 nova-scheduler[95741]: DEBUG cotyledon.oslo_config_glue [-] oslo_limit.region_name = None {{(pid=95741) log_opt_values /opt/stack/data/venv/lib/python3.12/site-packages/oslo_config/cfg.py:3256}}
Jun 09 19:48:07.355079 np0000002483 nova-scheduler[95741]: DEBUG cotyledon.oslo_config_glue [-] oslo_limit.retriable_status_codes = None {{(pid=95741) log_opt_values /opt/stack/data/venv/lib/python3.12/site-packages/oslo_config/cfg.py:3256}}
Jun 09 19:48:07.355079 np0000002483 nova-scheduler[95741]: DEBUG cotyledon.oslo_config_glue [-] oslo_limit.service_name = None {{(pid=95741) log_opt_values /opt/stack/data/venv/lib/python3.12/site-packages/oslo_config/cfg.py:3256}}
Jun 09 19:48:07.355079 np0000002483 nova-scheduler[95741]: DEBUG cotyledon.oslo_config_glue [-] oslo_limit.service_type = None {{(pid=95741) log_opt_values /opt/stack/data/venv/lib/python3.12/site-packages/oslo_config/cfg.py:3256}}
Jun 09 19:48:07.355079 np0000002483 nova-scheduler[95741]: DEBUG cotyledon.oslo_config_glue [-] oslo_limit.split_loggers = False {{(pid=95741) log_opt_values /opt/stack/data/venv/lib/python3.12/site-packages/oslo_config/cfg.py:3256}}
Jun 09 19:48:07.355079 np0000002483 nova-scheduler[95741]: DEBUG cotyledon.oslo_config_glue [-] oslo_limit.status_code_retries = None {{(pid=95741) log_opt_values /opt/stack/data/venv/lib/python3.12/site-packages/oslo_config/cfg.py:3256}}
Jun 09 19:48:07.355079 np0000002483 nova-scheduler[95741]: DEBUG cotyledon.oslo_config_glue [-] oslo_limit.status_code_retry_delay = None {{(pid=95741) log_opt_values /opt/stack/data/venv/lib/python3.12/site-packages/oslo_config/cfg.py:3256}}
Jun 09 19:48:07.355079 np0000002483 nova-scheduler[95741]: DEBUG cotyledon.oslo_config_glue [-] oslo_limit.timeout = None {{(pid=95741) log_opt_values /opt/stack/data/venv/lib/python3.12/site-packages/oslo_config/cfg.py:3256}}
Jun 09 19:48:07.355368 np0000002483 nova-scheduler[95741]: DEBUG cotyledon.oslo_config_glue [-] oslo_limit.valid_interfaces = None {{(pid=95741) log_opt_values /opt/stack/data/venv/lib/python3.12/site-packages/oslo_config/cfg.py:3256}}
Jun 09 19:48:07.355368 np0000002483 nova-scheduler[95741]: DEBUG cotyledon.oslo_config_glue [-] oslo_limit.version = None {{(pid=95741) log_opt_values /opt/stack/data/venv/lib/python3.12/site-packages/oslo_config/cfg.py:3256}}
Jun 09 19:48:07.355368 np0000002483 nova-scheduler[95741]: DEBUG cotyledon.oslo_config_glue [-] oslo_reports.file_event_handler = None {{(pid=95741) log_opt_values /opt/stack/data/venv/lib/python3.12/site-packages/oslo_config/cfg.py:3256}}
Jun 09 19:48:07.355368 np0000002483 nova-scheduler[95741]: DEBUG cotyledon.oslo_config_glue [-] oslo_reports.file_event_handler_interval = 1 {{(pid=95741) log_opt_values /opt/stack/data/venv/lib/python3.12/site-packages/oslo_config/cfg.py:3256}}
Jun 09 19:48:07.355368 np0000002483 nova-scheduler[95741]: DEBUG cotyledon.oslo_config_glue [-] oslo_reports.log_dir = None {{(pid=95741) log_opt_values /opt/stack/data/venv/lib/python3.12/site-packages/oslo_config/cfg.py:3256}}
Jun 09 19:48:07.355368 np0000002483 nova-scheduler[95741]: DEBUG cotyledon.oslo_config_glue [-] ******************************************************************************** {{(pid=95741) log_opt_values /opt/stack/data/venv/lib/python3.12/site-packages/oslo_config/cfg.py:3263}}
Jun 09 19:48:07.355368 np0000002483 nova-scheduler[95741]: DEBUG cotyledon._service_worker [-] Run service ServiceWrapper(2) [95741] {{(pid=95741) wait_forever /opt/stack/data/venv/lib/python3.12/site-packages/cotyledon/_service_worker.py:218}}
Jun 09 19:48:07.355368 np0000002483 nova-scheduler[95741]: INFO nova.service [-] Starting scheduler node (version 33.1.0)
Jun 09 19:48:07.355368 np0000002483 nova-scheduler[95741]: INFO dbcounter [None req-b4c3820b-4374-494e-be62-eaed514accc3 None None] Registered counter for database nova_cell0
Jun 09 19:48:07.355645 np0000002483 nova-scheduler[95738]: INFO dbcounter [None req-6970229e-4c3b-48c5-8216-bc9def0a3ed1 None None] Registered counter for database nova_cell0
Jun 09 19:48:07.355682 np0000002483 nova-scheduler[95736]: DEBUG oslo_db.sqlalchemy.engines [None req-f4c6736e-8950-47f1-b07c-c26f8f7470d7 None None] MySQL server mode set to STRICT_TRANS_TABLES,STRICT_ALL_TABLES,NO_ZERO_IN_DATE,NO_ZERO_DATE,ERROR_FOR_DIVISION_BY_ZERO,TRADITIONAL,NO_ENGINE_SUBSTITUTION {{(pid=95736) _check_effective_sql_mode /opt/stack/data/venv/lib/python3.12/site-packages/oslo_db/sqlalchemy/engines.py:325}}
Jun 09 19:48:07.355682 np0000002483 nova-scheduler[95736]: DEBUG dbcounter [-] [95736] Writer thread running {{(pid=95736) stat_writer /opt/stack/data/venv/lib/python3.12/site-packages/dbcounter.py:102}}
Jun 09 19:48:07.382630 np0000002483 nova-scheduler[95736]: DEBUG nova.service [None req-f4c6736e-8950-47f1-b07c-c26f8f7470d7 None None] Creating RPC server for service: nova-scheduler on topic: scheduler {{(pid=95736) start /opt/stack/nova/nova/service.py:195}}
Jun 09 19:48:07.392820 np0000002483 nova-scheduler[95741]: DEBUG oslo_db.sqlalchemy.engines [None req-b4c3820b-4374-494e-be62-eaed514accc3 None None] MySQL server mode set to STRICT_TRANS_TABLES,STRICT_ALL_TABLES,NO_ZERO_IN_DATE,NO_ZERO_DATE,ERROR_FOR_DIVISION_BY_ZERO,TRADITIONAL,NO_ENGINE_SUBSTITUTION {{(pid=95741) _check_effective_sql_mode /opt/stack/data/venv/lib/python3.12/site-packages/oslo_db/sqlalchemy/engines.py:325}}
Jun 09 19:48:07.400548 np0000002483 nova-scheduler[95738]: DEBUG oslo_db.sqlalchemy.engines [None req-6970229e-4c3b-48c5-8216-bc9def0a3ed1 None None] MySQL server mode set to STRICT_TRANS_TABLES,STRICT_ALL_TABLES,NO_ZERO_IN_DATE,NO_ZERO_DATE,ERROR_FOR_DIVISION_BY_ZERO,TRADITIONAL,NO_ENGINE_SUBSTITUTION {{(pid=95738) _check_effective_sql_mode /opt/stack/data/venv/lib/python3.12/site-packages/oslo_db/sqlalchemy/engines.py:325}}
Jun 09 19:48:07.405090 np0000002483 nova-scheduler[95741]: DEBUG dbcounter [-] [95741] Writer thread running {{(pid=95741) stat_writer /opt/stack/data/venv/lib/python3.12/site-packages/dbcounter.py:102}}
Jun 09 19:48:07.408607 np0000002483 nova-scheduler[95741]: DEBUG nova.service [None req-b4c3820b-4374-494e-be62-eaed514accc3 None None] Creating RPC server for service: nova-scheduler on topic: scheduler {{(pid=95741) start /opt/stack/nova/nova/service.py:195}}
Jun 09 19:48:07.412461 np0000002483 nova-scheduler[95738]: DEBUG dbcounter [-] [95738] Writer thread running {{(pid=95738) stat_writer /opt/stack/data/venv/lib/python3.12/site-packages/dbcounter.py:102}}
Jun 09 19:48:07.416121 np0000002483 nova-scheduler[95738]: DEBUG nova.service [None req-6970229e-4c3b-48c5-8216-bc9def0a3ed1 None None] Creating RPC server for service: nova-scheduler on topic: scheduler {{(pid=95738) start /opt/stack/nova/nova/service.py:195}}
Jun 09 19:48:07.418672 np0000002483 nova-scheduler[95736]: DEBUG nova.service [None req-f4c6736e-8950-47f1-b07c-c26f8f7470d7 None None] Join ServiceGroup membership for this service scheduler {{(pid=95736) start /opt/stack/nova/nova/service.py:221}}
Jun 09 19:48:07.418672 np0000002483 nova-scheduler[95736]: DEBUG nova.servicegroup.drivers.db [None req-f4c6736e-8950-47f1-b07c-c26f8f7470d7 None None] DB_Driver: join new ServiceGroup member np0000002483 to the scheduler group, service = {{(pid=95736) join /opt/stack/nova/nova/servicegroup/drivers/db.py:44}}
Jun 09 19:48:07.431577 np0000002483 nova-scheduler[95741]: DEBUG nova.service [None req-b4c3820b-4374-494e-be62-eaed514accc3 None None] Join ServiceGroup membership for this service scheduler {{(pid=95741) start /opt/stack/nova/nova/service.py:221}}
Jun 09 19:48:07.431776 np0000002483 nova-scheduler[95741]: DEBUG nova.servicegroup.drivers.db [None req-b4c3820b-4374-494e-be62-eaed514accc3 None None] DB_Driver: join new ServiceGroup member np0000002483 to the scheduler group, service = {{(pid=95741) join /opt/stack/nova/nova/servicegroup/drivers/db.py:44}}
Jun 09 19:48:07.435984 np0000002483 nova-scheduler[95738]: DEBUG nova.service [None req-6970229e-4c3b-48c5-8216-bc9def0a3ed1 None None] Join ServiceGroup membership for this service scheduler {{(pid=95738) start /opt/stack/nova/nova/service.py:221}}
Jun 09 19:48:07.436407 np0000002483 nova-scheduler[95738]: DEBUG nova.servicegroup.drivers.db [None req-6970229e-4c3b-48c5-8216-bc9def0a3ed1 None None] DB_Driver: join new ServiceGroup member np0000002483 to the scheduler group, service = {{(pid=95738) join /opt/stack/nova/nova/servicegroup/drivers/db.py:44}}
Jun 09 19:48:11.421939 np0000002483 nova-scheduler[95736]: DEBUG oslo.service.backend._threading.loopingcall [None req-bbcf5eda-2b50-4f75-a9e8-9bd05e636c9a None None] Dynamic interval looping call 'nova.service.Service.periodic_tasks' sleeping for 60.00 seconds {{(pid=95736) _run_loop /opt/stack/data/venv/lib/python3.12/site-packages/oslo_service/backend/_threading/loopingcall.py:125}}
Jun 09 19:48:12.446064 np0000002483 nova-scheduler[95736]: DEBUG oslo.service.backend._threading.loopingcall [-] Fixed interval looping call 'nova.servicegroup.drivers.db.DbDriver._report_state' sleeping for 119.98 seconds {{(pid=95736) _run_loop /opt/stack/data/venv/lib/python3.12/site-packages/oslo_service/backend/_threading/loopingcall.py:125}}
Jun 09 19:48:12.451073 np0000002483 nova-scheduler[95741]: DEBUG oslo.service.backend._threading.loopingcall [-] Fixed interval looping call 'nova.servicegroup.drivers.db.DbDriver._report_state' sleeping for 119.99 seconds {{(pid=95741) _run_loop /opt/stack/data/venv/lib/python3.12/site-packages/oslo_service/backend/_threading/loopingcall.py:125}}
Jun 09 19:48:12.454012 np0000002483 nova-scheduler[95738]: DEBUG oslo.service.backend._threading.loopingcall [-] Fixed interval looping call 'nova.servicegroup.drivers.db.DbDriver._report_state' sleeping for 119.99 seconds {{(pid=95738) _run_loop /opt/stack/data/venv/lib/python3.12/site-packages/oslo_service/backend/_threading/loopingcall.py:125}}
Jun 09 19:48:15.921152 np0000002483 nova-scheduler[94529]: DEBUG dbcounter [-] [94529] Writing DB stats nova_api:SELECT=3 {{(pid=94529) stat_writer /opt/stack/data/venv/lib/python3.12/site-packages/dbcounter.py:115}}
Jun 09 19:48:16.063724 np0000002483 nova-scheduler[94529]: DEBUG dbcounter [-] [94529] Writing DB stats nova_cell0:SELECT=1 {{(pid=94529) stat_writer /opt/stack/data/venv/lib/python3.12/site-packages/dbcounter.py:115}}
Jun 09 19:48:16.069014 np0000002483 nova-scheduler[94529]: DEBUG dbcounter [-] [94529] Writing DB stats nova_cell1:SELECT=1 {{(pid=94529) stat_writer /opt/stack/data/venv/lib/python3.12/site-packages/dbcounter.py:115}}
Jun 09 19:48:18.433747 np0000002483 nova-scheduler[95741]: DEBUG oslo.service.backend._threading.loopingcall [None req-db77d132-5a53-40b4-8f1f-e94c3d1475f7 None None] Dynamic interval looping call 'nova.service.Service.periodic_tasks' sleeping for 60.00 seconds {{(pid=95741) _run_loop /opt/stack/data/venv/lib/python3.12/site-packages/oslo_service/backend/_threading/loopingcall.py:125}}
Jun 09 19:48:22.436164 np0000002483 nova-scheduler[95736]: DEBUG dbcounter [-] [95736] Writing DB stats nova_cell0:SELECT=4,nova_cell0:INSERT=1,nova_cell0:UPDATE=1 {{(pid=95736) stat_writer /opt/stack/data/venv/lib/python3.12/site-packages/dbcounter.py:115}}
Jun 09 19:48:22.447718 np0000002483 nova-scheduler[95741]: DEBUG dbcounter [-] [95741] Writing DB stats nova_cell0:SELECT=3 {{(pid=95741) stat_writer /opt/stack/data/venv/lib/python3.12/site-packages/dbcounter.py:115}}
Jun 09 19:48:22.450520 np0000002483 nova-scheduler[95738]: DEBUG dbcounter [-] [95738] Writing DB stats nova_cell0:SELECT=3 {{(pid=95738) stat_writer /opt/stack/data/venv/lib/python3.12/site-packages/dbcounter.py:115}}
Jun 09 19:48:36.442548 np0000002483 nova-scheduler[95738]: DEBUG oslo.service.backend._threading.loopingcall [None req-143c1721-2212-4723-b528-029d8ebbe221 None None] Dynamic interval looping call 'nova.service.Service.periodic_tasks' sleeping for 60.00 seconds {{(pid=95738) _run_loop /opt/stack/data/venv/lib/python3.12/site-packages/oslo_service/backend/_threading/loopingcall.py:125}}
Jun 09 19:49:11.422388 np0000002483 nova-scheduler[95736]: DEBUG oslo.service.backend._threading.loopingcall [None req-bbcf5eda-2b50-4f75-a9e8-9bd05e636c9a None None] Dynamic interval looping call 'nova.service.Service.periodic_tasks' sleeping for 60.00 seconds {{(pid=95736) _run_loop /opt/stack/data/venv/lib/python3.12/site-packages/oslo_service/backend/_threading/loopingcall.py:125}}
Jun 09 19:49:18.434379 np0000002483 nova-scheduler[95741]: DEBUG oslo.service.backend._threading.loopingcall [None req-db77d132-5a53-40b4-8f1f-e94c3d1475f7 None None] Dynamic interval looping call 'nova.service.Service.periodic_tasks' sleeping for 60.00 seconds {{(pid=95741) _run_loop /opt/stack/data/venv/lib/python3.12/site-packages/oslo_service/backend/_threading/loopingcall.py:125}}
Jun 09 19:49:36.443017 np0000002483 nova-scheduler[95738]: DEBUG oslo.service.backend._threading.loopingcall [None req-143c1721-2212-4723-b528-029d8ebbe221 None None] Dynamic interval looping call 'nova.service.Service.periodic_tasks' sleeping for 60.00 seconds {{(pid=95738) _run_loop /opt/stack/data/venv/lib/python3.12/site-packages/oslo_service/backend/_threading/loopingcall.py:125}}
Jun 09 19:50:11.422930 np0000002483 nova-scheduler[95736]: DEBUG oslo.service.backend._threading.loopingcall [None req-bbcf5eda-2b50-4f75-a9e8-9bd05e636c9a None None] Dynamic interval looping call 'nova.service.Service.periodic_tasks' sleeping for 60.00 seconds {{(pid=95736) _run_loop /opt/stack/data/venv/lib/python3.12/site-packages/oslo_service/backend/_threading/loopingcall.py:125}}
Jun 09 19:50:12.434774 np0000002483 nova-scheduler[95736]: DEBUG oslo.service.backend._threading.loopingcall [-] Fixed interval looping call 'nova.servicegroup.drivers.db.DbDriver._report_state' sleeping for 119.99 seconds {{(pid=95736) _run_loop /opt/stack/data/venv/lib/python3.12/site-packages/oslo_service/backend/_threading/loopingcall.py:125}}
Jun 09 19:50:12.445145 np0000002483 nova-scheduler[95741]: DEBUG oslo.service.backend._threading.loopingcall [-] Fixed interval looping call 'nova.servicegroup.drivers.db.DbDriver._report_state' sleeping for 120.00 seconds {{(pid=95741) _run_loop /opt/stack/data/venv/lib/python3.12/site-packages/oslo_service/backend/_threading/loopingcall.py:125}}
Jun 09 19:50:12.447630 np0000002483 nova-scheduler[95738]: DEBUG oslo.service.backend._threading.loopingcall [-] Fixed interval looping call 'nova.servicegroup.drivers.db.DbDriver._report_state' sleeping for 120.00 seconds {{(pid=95738) _run_loop /opt/stack/data/venv/lib/python3.12/site-packages/oslo_service/backend/_threading/loopingcall.py:125}}
Jun 09 19:50:18.434832 np0000002483 nova-scheduler[95741]: DEBUG oslo.service.backend._threading.loopingcall [None req-db77d132-5a53-40b4-8f1f-e94c3d1475f7 None None] Dynamic interval looping call 'nova.service.Service.periodic_tasks' sleeping for 60.00 seconds {{(pid=95741) _run_loop /opt/stack/data/venv/lib/python3.12/site-packages/oslo_service/backend/_threading/loopingcall.py:125}}
Jun 09 19:50:22.429628 np0000002483 nova-scheduler[95736]: DEBUG dbcounter [-] [95736] Writing DB stats nova_cell0:SELECT=1,nova_cell0:UPDATE=1 {{(pid=95736) stat_writer /opt/stack/data/venv/lib/python3.12/site-packages/dbcounter.py:115}}
Jun 09 19:50:22.443189 np0000002483 nova-scheduler[95741]: DEBUG dbcounter [-] [95741] Writing DB stats nova_cell0:SELECT=1 {{(pid=95741) stat_writer /opt/stack/data/venv/lib/python3.12/site-packages/dbcounter.py:115}}
Jun 09 19:50:22.445809 np0000002483 nova-scheduler[95738]: DEBUG dbcounter [-] [95738] Writing DB stats nova_cell0:SELECT=1 {{(pid=95738) stat_writer /opt/stack/data/venv/lib/python3.12/site-packages/dbcounter.py:115}}
Jun 09 19:50:36.444070 np0000002483 nova-scheduler[95738]: DEBUG oslo.service.backend._threading.loopingcall [None req-143c1721-2212-4723-b528-029d8ebbe221 None None] Dynamic interval looping call 'nova.service.Service.periodic_tasks' sleeping for 60.00 seconds {{(pid=95738) _run_loop /opt/stack/data/venv/lib/python3.12/site-packages/oslo_service/backend/_threading/loopingcall.py:125}}
Jun 09 19:50:55.309495 np0000002483 nova-scheduler[95736]: DEBUG nova.scheduler.manager [None req-955c58d7-3375-4348-8e3d-5ad8b0b91069 tempest-ServerActionsTestOtherB-336317762 tempest-ServerActionsTestOtherB-336317762-project-member] Starting to schedule for instances: ['5ae6b392-9d72-4477-a1bb-98321710238a'] {{(pid=95736) select_destinations /opt/stack/nova/nova/scheduler/manager.py:210}}
Jun 09 19:50:55.311588 np0000002483 nova-scheduler[95736]: DEBUG nova.scheduler.request_filter [None req-955c58d7-3375-4348-8e3d-5ad8b0b91069 tempest-ServerActionsTestOtherB-336317762 tempest-ServerActionsTestOtherB-336317762-project-member] compute_status_filter request filter added forbidden trait COMPUTE_STATUS_DISABLED {{(pid=95736) compute_status_filter /opt/stack/nova/nova/scheduler/request_filter.py:253}}
Jun 09 19:50:55.311588 np0000002483 nova-scheduler[95736]: DEBUG nova.scheduler.request_filter [None req-955c58d7-3375-4348-8e3d-5ad8b0b91069 tempest-ServerActionsTestOtherB-336317762 tempest-ServerActionsTestOtherB-336317762-project-member] Request filter 'compute_status_filter' took 0.0 seconds {{(pid=95736) wrapper /opt/stack/nova/nova/scheduler/request_filter.py:46}}
Jun 09 19:50:55.311894 np0000002483 nova-scheduler[95736]: DEBUG nova.scheduler.request_filter [None req-955c58d7-3375-4348-8e3d-5ad8b0b91069 tempest-ServerActionsTestOtherB-336317762 tempest-ServerActionsTestOtherB-336317762-project-member] Request filter 'accelerators_filter' took 0.0 seconds {{(pid=95736) wrapper /opt/stack/nova/nova/scheduler/request_filter.py:46}}
Jun 09 19:50:55.312890 np0000002483 nova-scheduler[95736]: DEBUG nova.scheduler.request_filter [None req-955c58d7-3375-4348-8e3d-5ad8b0b91069 tempest-ServerActionsTestOtherB-336317762 tempest-ServerActionsTestOtherB-336317762-project-member] Request filter 'packed_virtqueue_filter' took 0.0 seconds {{(pid=95736) wrapper /opt/stack/nova/nova/scheduler/request_filter.py:46}}
Jun 09 19:50:55.312890 np0000002483 nova-scheduler[95736]: DEBUG nova.scheduler.request_filter [None req-955c58d7-3375-4348-8e3d-5ad8b0b91069 tempest-ServerActionsTestOtherB-336317762 tempest-ServerActionsTestOtherB-336317762-project-member] Request filter 'remote_managed_ports_filter' took 0.0 seconds {{(pid=95736) wrapper /opt/stack/nova/nova/scheduler/request_filter.py:46}}
Jun 09 19:50:55.312890 np0000002483 nova-scheduler[95736]: DEBUG nova.scheduler.request_filter [None req-955c58d7-3375-4348-8e3d-5ad8b0b91069 tempest-ServerActionsTestOtherB-336317762 tempest-ServerActionsTestOtherB-336317762-project-member] ephemeral_encryption_filter skipped {{(pid=95736) ephemeral_encryption_filter /opt/stack/nova/nova/scheduler/request_filter.py:426}}
Jun 09 19:50:55.312890 np0000002483 nova-scheduler[95736]: DEBUG nova.scheduler.request_filter [None req-955c58d7-3375-4348-8e3d-5ad8b0b91069 tempest-ServerActionsTestOtherB-336317762 tempest-ServerActionsTestOtherB-336317762-project-member] virtio_sound_filter skipped {{(pid=95736) virtio_sound_filter /opt/stack/nova/nova/scheduler/request_filter.py:460}}
Jun 09 19:50:55.313613 np0000002483 nova-scheduler[95736]: DEBUG nova.scheduler.request_filter [None req-955c58d7-3375-4348-8e3d-5ad8b0b91069 tempest-ServerActionsTestOtherB-336317762 tempest-ServerActionsTestOtherB-336317762-project-member] tpm_secret_security_filter skipped {{(pid=95736) tpm_secret_security_filter /opt/stack/nova/nova/scheduler/request_filter.py:477}}
Jun 09 19:50:55.843959 np0000002483 nova-scheduler[95736]: INFO nova.utils [None req-955c58d7-3375-4348-8e3d-5ad8b0b91069 tempest-ServerActionsTestOtherB-336317762 tempest-ServerActionsTestOtherB-336317762-project-member] The cell worker thread pool ForkProcess-1.cell_worker is initialized
Jun 09 19:50:55.844353 np0000002483 nova-scheduler[95736]: DEBUG oslo_concurrency.lockutils [None req-955c58d7-3375-4348-8e3d-5ad8b0b91069 tempest-ServerActionsTestOtherB-336317762 tempest-ServerActionsTestOtherB-336317762-project-member] Acquiring lock "cd368add-10af-4bd8-8f81-851776c58729" by "nova.context.set_target_cell..get_or_set_cached_cell_and_set_connections" {{(pid=95736) inner /opt/stack/data/venv/lib/python3.12/site-packages/oslo_concurrency/lockutils.py:511}}
Jun 09 19:50:55.844945 np0000002483 nova-scheduler[95736]: DEBUG oslo_concurrency.lockutils [None req-955c58d7-3375-4348-8e3d-5ad8b0b91069 tempest-ServerActionsTestOtherB-336317762 tempest-ServerActionsTestOtherB-336317762-project-member] Lock "cd368add-10af-4bd8-8f81-851776c58729" acquired by "nova.context.set_target_cell..get_or_set_cached_cell_and_set_connections" :: waited 0.000s {{(pid=95736) inner /opt/stack/data/venv/lib/python3.12/site-packages/oslo_concurrency/lockutils.py:524}}
Jun 09 19:50:55.845931 np0000002483 nova-scheduler[95736]: DEBUG oslo_concurrency.lockutils [None req-955c58d7-3375-4348-8e3d-5ad8b0b91069 tempest-ServerActionsTestOtherB-336317762 tempest-ServerActionsTestOtherB-336317762-project-member] Lock "cd368add-10af-4bd8-8f81-851776c58729" "released" by "nova.context.set_target_cell..get_or_set_cached_cell_and_set_connections" :: held 0.001s {{(pid=95736) inner /opt/stack/data/venv/lib/python3.12/site-packages/oslo_concurrency/lockutils.py:543}}
Jun 09 19:50:55.848468 np0000002483 nova-scheduler[95736]: INFO dbcounter [None req-955c58d7-3375-4348-8e3d-5ad8b0b91069 tempest-ServerActionsTestOtherB-336317762 tempest-ServerActionsTestOtherB-336317762-project-member] Registered counter for database nova_cell1
Jun 09 19:50:55.892747 np0000002483 nova-scheduler[95736]: DEBUG oslo_db.sqlalchemy.engines [None req-955c58d7-3375-4348-8e3d-5ad8b0b91069 tempest-ServerActionsTestOtherB-336317762 tempest-ServerActionsTestOtherB-336317762-project-member] MySQL server mode set to STRICT_TRANS_TABLES,STRICT_ALL_TABLES,NO_ZERO_IN_DATE,NO_ZERO_DATE,ERROR_FOR_DIVISION_BY_ZERO,TRADITIONAL,NO_ENGINE_SUBSTITUTION {{(pid=95736) _check_effective_sql_mode /opt/stack/data/venv/lib/python3.12/site-packages/oslo_db/sqlalchemy/engines.py:325}}
Jun 09 19:50:55.897867 np0000002483 nova-scheduler[95736]: DEBUG dbcounter [-] [95736] Writer thread running {{(pid=95736) stat_writer /opt/stack/data/venv/lib/python3.12/site-packages/dbcounter.py:102}}
Jun 09 19:50:55.909488 np0000002483 nova-scheduler[95736]: DEBUG oslo_db.sqlalchemy.engines [None req-955c58d7-3375-4348-8e3d-5ad8b0b91069 tempest-ServerActionsTestOtherB-336317762 tempest-ServerActionsTestOtherB-336317762-project-member] Parent process 94529 forked (95736) with an open database connection, which is being discarded and recreated. {{(pid=95736) checkout /opt/stack/data/venv/lib/python3.12/site-packages/oslo_db/sqlalchemy/engines.py:402}}
Jun 09 19:50:55.955526 np0000002483 nova-scheduler[95736]: DEBUG dbcounter [-] [95736] Writer thread running {{(pid=95736) stat_writer /opt/stack/data/venv/lib/python3.12/site-packages/dbcounter.py:102}}
Jun 09 19:50:55.957731 np0000002483 nova-scheduler[95736]: DEBUG oslo_concurrency.lockutils [None req-955c58d7-3375-4348-8e3d-5ad8b0b91069 tempest-ServerActionsTestOtherB-336317762 tempest-ServerActionsTestOtherB-336317762-project-member] Acquiring lock "cd368add-10af-4bd8-8f81-851776c58729" by "nova.context.set_target_cell..get_or_set_cached_cell_and_set_connections" {{(pid=95736) inner /opt/stack/data/venv/lib/python3.12/site-packages/oslo_concurrency/lockutils.py:511}}
Jun 09 19:50:55.957942 np0000002483 nova-scheduler[95736]: DEBUG oslo_concurrency.lockutils [None req-955c58d7-3375-4348-8e3d-5ad8b0b91069 tempest-ServerActionsTestOtherB-336317762 tempest-ServerActionsTestOtherB-336317762-project-member] Lock "cd368add-10af-4bd8-8f81-851776c58729" acquired by "nova.context.set_target_cell..get_or_set_cached_cell_and_set_connections" :: waited 0.000s {{(pid=95736) inner /opt/stack/data/venv/lib/python3.12/site-packages/oslo_concurrency/lockutils.py:524}}
Jun 09 19:50:55.958118 np0000002483 nova-scheduler[95736]: DEBUG oslo_concurrency.lockutils [None req-955c58d7-3375-4348-8e3d-5ad8b0b91069 tempest-ServerActionsTestOtherB-336317762 tempest-ServerActionsTestOtherB-336317762-project-member] Lock "cd368add-10af-4bd8-8f81-851776c58729" "released" by "nova.context.set_target_cell..get_or_set_cached_cell_and_set_connections" :: held 0.000s {{(pid=95736) inner /opt/stack/data/venv/lib/python3.12/site-packages/oslo_concurrency/lockutils.py:543}}
Jun 09 19:50:55.961418 np0000002483 nova-scheduler[95736]: DEBUG oslo_concurrency.lockutils [None req-955c58d7-3375-4348-8e3d-5ad8b0b91069 tempest-ServerActionsTestOtherB-336317762 tempest-ServerActionsTestOtherB-336317762-project-member] Acquiring lock "('np0000002483', 'np0000002483')" by "nova.scheduler.host_manager.HostState.update.._locked_update" {{(pid=95736) inner /opt/stack/data/venv/lib/python3.12/site-packages/oslo_concurrency/lockutils.py:511}}
Jun 09 19:50:55.961612 np0000002483 nova-scheduler[95736]: DEBUG oslo_concurrency.lockutils [None req-955c58d7-3375-4348-8e3d-5ad8b0b91069 tempest-ServerActionsTestOtherB-336317762 tempest-ServerActionsTestOtherB-336317762-project-member] Lock "('np0000002483', 'np0000002483')" acquired by "nova.scheduler.host_manager.HostState.update.._locked_update" :: waited 0.000s {{(pid=95736) inner /opt/stack/data/venv/lib/python3.12/site-packages/oslo_concurrency/lockutils.py:524}}
Jun 09 19:50:55.962783 np0000002483 nova-scheduler[95736]: DEBUG nova.scheduler.host_manager [None req-955c58d7-3375-4348-8e3d-5ad8b0b91069 tempest-ServerActionsTestOtherB-336317762 tempest-ServerActionsTestOtherB-336317762-project-member] Update host state from compute node: ComputeNode(cpu_allocation_ratio=4.0,cpu_info='{"arch": "x86_64", "model": "EPYC-Milan", "vendor": "AMD", "topology": {"cells": 1, "sockets": 12, "cores": 1, "threads": 1}, "maxphysaddr": {"mode": "emulate", "bits": 40}, "features": ["amd-psfd", "svm", "fxsr", "lm", "lbrv", "fpu", "msr", "svme-addr-chk", "null-sel-clr-base", "bmi2", "clwb", "rdctl-no", "lfence-always-serializing", "apic", "smap", "spec-ctrl", "syscall", "fxsr_opt", "pge", "xsaves", "adx", "abm", "avx2", "cmp_legacy", "movbe", "pse36", "sse", "tsc", "pdpe1gb", "f16c", "virt-ssbd", "xsaveerptr", "ssse3", "pse", "ibpb", "pclmuldq", "bmi1", "mds-no", "fma", "nx", "no-nested-data-bp", "clzero", "cr8legacy", "stibp", "vgif", "osvw", "umip", "rdseed", "skip-l1dfl-vmentry", "vaes", "vmcb-clean", "pku", "npt", "arat", "invpcid", "ibrs", "tsc_adjust", "vpclmulqdq", "sse2", "3dnowprefetch", "de", "misalignsse", "mmx", "sse4.2", "xgetbv1", "clflush", "fsgsbase", "clflushopt", "gds-no", "perfctr_core", "tsc-scale", "amd-stibp", "mtrr", "sha-ni", "sep", "pae", "arch-capabilities", "lahf_lm", "hypervisor", "topoext", "sse4a", "xsaveopt", "pcid", "v-vmsave-vmload", "mce", "pni", "rdrand", "rdpid", "stibp-always-on", "avx", "cx16", "mca", "smep", "pat", "xsave", "cx8", "tsc-deadline", "nrip-save", "fsrm", "amd-ssbd", "mmxext", "pfthreshold", "popcnt", "aes", "xsavec", "wbnoinvd", "vme", "erms", "ssbd", "pschange-mc-no", "rdtscp", "cmov", "flushbyasid", "pause-filter", "x2apic", "sse4.1"]}',created_at=2026-06-09T19:48:32Z,current_workload=0,deleted=False,deleted_at=None,disk_allocation_ratio=1.0,disk_available_least=74,free_disk_gb=95,free_ram_mb=23518,host='np0000002483',host_ip=10.4.3.84,hypervisor_hostname='np0000002483',hypervisor_type='QEMU',hypervisor_version=8002002,id=1,local_gb=95,local_gb_used=0,mapped=1,memory_mb=24030,memory_mb_used=512,metrics='[]',numa_topology='{"nova_object.name": "NUMATopology", "nova_object.namespace": "nova", "nova_object.version": "1.2", "nova_object.data": {"cells": [{"nova_object.name": "NUMACell", "nova_object.namespace": "nova", "nova_object.version": "1.5", "nova_object.data": {"id": 0, "cpuset": [0, 1, 2, 3, 4, 5, 6, 7, 8, 9, 10, 11], "pcpuset": [0, 1, 2, 3, 4, 5, 6, 7, 8, 9, 10, 11], "memory": 24030, "cpu_usage": 0, "memory_usage": 0, "pinned_cpus": [], "siblings": [[6], [2], [5], [11], [8], [4], [1], [7], [10], [0], [3], [9]], "mempages": [{"nova_object.name": "NUMAPagesTopology", "nova_object.namespace": "nova", "nova_object.version": "1.1", "nova_object.data": {"size_kb": 4, "total": 6151798, "used": 0, "reserved": 0}, "nova_object.changes": ["used", "reserved", "total", "size_kb"]}, {"nova_object.name": "NUMAPagesTopology", "nova_object.namespace": "nova", "nova_object.version": "1.1", "nova_object.data": {"size_kb": 2048, "total": 0, "used": 0, "reserved": 0}, "nova_object.changes": ["used", "reserved", "total", "size_kb"]}, {"nova_object.name": "NUMAPagesTopology", "nova_object.namespace": "nova", "nova_object.version": "1.1", "nova_object.data": {"size_kb": 1048576, "total": 0, "used": 0, "reserved": 0}, "nova_object.changes": ["used", "reserved", "total", "size_kb"]}], "network_metadata": {"nova_object.name": "NetworkMetadata", "nova_object.namespace": "nova", "nova_object.version": "1.0", "nova_object.data": {"physnets": [], "tunneled": false}, "nova_object.changes": ["physnets", "tunneled"]}, "socket": null}, "nova_object.changes": ["pcpuset", "cpuset", "siblings", "pinned_cpus", "network_metadata", "id", "mempages", "cpu_usage", "memory_usage", "memory", "socket"]}]}, "nova_object.changes": ["cells"]}',pci_device_pools=PciDevicePoolList,ram_allocation_ratio=1.0,running_vms=0,service_id=3,stats={failed_builds='0',uptime=' 19:50:18 up 25 min, 2 users, load average: 1.33, 1.41, 0.82
Jun 09 19:50:55.962783 np0000002483 nova-scheduler[95736]: '},supported_hv_specs=[HVSpec,HVSpec,HVSpec,HVSpec,HVSpec,HVSpec,HVSpec,HVSpec,HVSpec,HVSpec,HVSpec,HVSpec,HVSpec,HVSpec,HVSpec,HVSpec,HVSpec,HVSpec,HVSpec,HVSpec,HVSpec,HVSpec,HVSpec,HVSpec,HVSpec],updated_at=2026-06-09T19:50:20Z,uuid=18a2bac2-c6d6-4dbb-b2b1-941d8e4aef34,vcpus=12,vcpus_used=0) {{(pid=95736) _locked_update /opt/stack/nova/nova/scheduler/host_manager.py:168}}
Jun 09 19:50:55.963583 np0000002483 nova-scheduler[95736]: DEBUG nova.scheduler.host_manager [None req-955c58d7-3375-4348-8e3d-5ad8b0b91069 tempest-ServerActionsTestOtherB-336317762 tempest-ServerActionsTestOtherB-336317762-project-member] Update host state with aggregates: [] {{(pid=95736) _locked_update /opt/stack/nova/nova/scheduler/host_manager.py:171}}
Jun 09 19:50:55.963689 np0000002483 nova-scheduler[95736]: DEBUG nova.scheduler.host_manager [None req-955c58d7-3375-4348-8e3d-5ad8b0b91069 tempest-ServerActionsTestOtherB-336317762 tempest-ServerActionsTestOtherB-336317762-project-member] Update host state with service dict: {'id': 3, 'uuid': '803447e6-87b0-4c3d-8870-2f8835755b0e', 'host': 'np0000002483', 'binary': 'nova-compute', 'topic': 'compute', 'report_count': 2, 'disabled': False, 'disabled_reason': None, 'last_seen_up': datetime.datetime(2026, 6, 9, 19, 50, 40, tzinfo=datetime.timezone.utc), 'forced_down': False, 'version': 72, 'created_at': datetime.datetime(2026, 6, 9, 19, 48, 30, tzinfo=datetime.timezone.utc), 'updated_at': datetime.datetime(2026, 6, 9, 19, 50, 40, tzinfo=datetime.timezone.utc), 'deleted_at': None, 'deleted': False} {{(pid=95736) _locked_update /opt/stack/nova/nova/scheduler/host_manager.py:174}}
Jun 09 19:50:55.963806 np0000002483 nova-scheduler[95736]: DEBUG nova.scheduler.host_manager [None req-955c58d7-3375-4348-8e3d-5ad8b0b91069 tempest-ServerActionsTestOtherB-336317762 tempest-ServerActionsTestOtherB-336317762-project-member] Update host state with instances: [] {{(pid=95736) _locked_update /opt/stack/nova/nova/scheduler/host_manager.py:177}}
Jun 09 19:50:55.963897 np0000002483 nova-scheduler[95736]: DEBUG oslo_concurrency.lockutils [None req-955c58d7-3375-4348-8e3d-5ad8b0b91069 tempest-ServerActionsTestOtherB-336317762 tempest-ServerActionsTestOtherB-336317762-project-member] Lock "('np0000002483', 'np0000002483')" "released" by "nova.scheduler.host_manager.HostState.update.._locked_update" :: held 0.002s {{(pid=95736) inner /opt/stack/data/venv/lib/python3.12/site-packages/oslo_concurrency/lockutils.py:543}}
Jun 09 19:50:55.964325 np0000002483 nova-scheduler[95736]: DEBUG nova.filters [None req-955c58d7-3375-4348-8e3d-5ad8b0b91069 tempest-ServerActionsTestOtherB-336317762 tempest-ServerActionsTestOtherB-336317762-project-member] Starting with 1 host(s) {{(pid=95736) get_filtered_objects /opt/stack/nova/nova/filters.py:70}}
Jun 09 19:50:55.964595 np0000002483 nova-scheduler[95736]: DEBUG nova.filters [None req-955c58d7-3375-4348-8e3d-5ad8b0b91069 tempest-ServerActionsTestOtherB-336317762 tempest-ServerActionsTestOtherB-336317762-project-member] Filter ComputeFilter returned 1 host(s) {{(pid=95736) get_filtered_objects /opt/stack/nova/nova/filters.py:102}}
Jun 09 19:50:55.964777 np0000002483 nova-scheduler[95736]: DEBUG nova.filters [None req-955c58d7-3375-4348-8e3d-5ad8b0b91069 tempest-ServerActionsTestOtherB-336317762 tempest-ServerActionsTestOtherB-336317762-project-member] Filter ComputeCapabilitiesFilter returned 1 host(s) {{(pid=95736) get_filtered_objects /opt/stack/nova/nova/filters.py:102}}
Jun 09 19:50:55.965013 np0000002483 nova-scheduler[95736]: DEBUG nova.filters [None req-955c58d7-3375-4348-8e3d-5ad8b0b91069 tempest-ServerActionsTestOtherB-336317762 tempest-ServerActionsTestOtherB-336317762-project-member] Filter ImagePropertiesFilter returned 1 host(s) {{(pid=95736) get_filtered_objects /opt/stack/nova/nova/filters.py:102}}
Jun 09 19:50:55.965177 np0000002483 nova-scheduler[95736]: DEBUG nova.filters [None req-955c58d7-3375-4348-8e3d-5ad8b0b91069 tempest-ServerActionsTestOtherB-336317762 tempest-ServerActionsTestOtherB-336317762-project-member] Filter ServerGroupAntiAffinityFilter returned 1 host(s) {{(pid=95736) get_filtered_objects /opt/stack/nova/nova/filters.py:102}}
Jun 09 19:50:55.965337 np0000002483 nova-scheduler[95736]: DEBUG nova.filters [None req-955c58d7-3375-4348-8e3d-5ad8b0b91069 tempest-ServerActionsTestOtherB-336317762 tempest-ServerActionsTestOtherB-336317762-project-member] Filter ServerGroupAffinityFilter returned 1 host(s) {{(pid=95736) get_filtered_objects /opt/stack/nova/nova/filters.py:102}}
Jun 09 19:50:55.965542 np0000002483 nova-scheduler[95736]: DEBUG nova.filters [None req-955c58d7-3375-4348-8e3d-5ad8b0b91069 tempest-ServerActionsTestOtherB-336317762 tempest-ServerActionsTestOtherB-336317762-project-member] Filter SameHostFilter returned 1 host(s) {{(pid=95736) get_filtered_objects /opt/stack/nova/nova/filters.py:102}}
Jun 09 19:50:55.965687 np0000002483 nova-scheduler[95736]: DEBUG nova.filters [None req-955c58d7-3375-4348-8e3d-5ad8b0b91069 tempest-ServerActionsTestOtherB-336317762 tempest-ServerActionsTestOtherB-336317762-project-member] Filter DifferentHostFilter returned 1 host(s) {{(pid=95736) get_filtered_objects /opt/stack/nova/nova/filters.py:102}}
Jun 09 19:50:55.965854 np0000002483 nova-scheduler[95736]: DEBUG nova.scheduler.manager [None req-955c58d7-3375-4348-8e3d-5ad8b0b91069 tempest-ServerActionsTestOtherB-336317762 tempest-ServerActionsTestOtherB-336317762-project-member] Filtered [(np0000002483, np0000002483) ram: 23518MB disk: 75776MB io_ops: 0 instances: 0, allocation_candidates: 1] {{(pid=95736) _get_sorted_hosts /opt/stack/nova/nova/scheduler/manager.py:743}}
Jun 09 19:50:55.966116 np0000002483 nova-scheduler[95736]: DEBUG nova.scheduler.manager [None req-955c58d7-3375-4348-8e3d-5ad8b0b91069 tempest-ServerActionsTestOtherB-336317762 tempest-ServerActionsTestOtherB-336317762-project-member] Weighed [WeighedHost [host: (np0000002483, np0000002483) ram: 23518MB disk: 75776MB io_ops: 0 instances: 0, allocation_candidates: 1, weight: 0.0]] {{(pid=95736) _get_sorted_hosts /opt/stack/nova/nova/scheduler/manager.py:765}}
Jun 09 19:50:55.966330 np0000002483 nova-scheduler[95736]: DEBUG nova.scheduler.utils [None req-955c58d7-3375-4348-8e3d-5ad8b0b91069 tempest-ServerActionsTestOtherB-336317762 tempest-ServerActionsTestOtherB-336317762-project-member] Attempting to claim resources in the placement API for instance 5ae6b392-9d72-4477-a1bb-98321710238a {{(pid=95736) claim_resources /opt/stack/nova/nova/scheduler/utils.py:1345}}
Jun 09 19:50:56.123120 np0000002483 nova-scheduler[95736]: DEBUG nova.scheduler.manager [None req-955c58d7-3375-4348-8e3d-5ad8b0b91069 tempest-ServerActionsTestOtherB-336317762 tempest-ServerActionsTestOtherB-336317762-project-member] [instance: 5ae6b392-9d72-4477-a1bb-98321710238a] Selected host: (np0000002483, np0000002483) ram: 23518MB disk: 75776MB io_ops: 0 instances: 0, allocation_candidates: 1 {{(pid=95736) _consume_selected_host /opt/stack/nova/nova/scheduler/manager.py:625}}
Jun 09 19:50:56.123409 np0000002483 nova-scheduler[95736]: DEBUG oslo_concurrency.lockutils [None req-955c58d7-3375-4348-8e3d-5ad8b0b91069 tempest-ServerActionsTestOtherB-336317762 tempest-ServerActionsTestOtherB-336317762-project-member] Acquiring lock "('np0000002483', 'np0000002483')" by "nova.scheduler.host_manager.HostState.consume_from_request.._locked" {{(pid=95736) inner /opt/stack/data/venv/lib/python3.12/site-packages/oslo_concurrency/lockutils.py:511}}
Jun 09 19:50:56.123584 np0000002483 nova-scheduler[95736]: DEBUG oslo_concurrency.lockutils [None req-955c58d7-3375-4348-8e3d-5ad8b0b91069 tempest-ServerActionsTestOtherB-336317762 tempest-ServerActionsTestOtherB-336317762-project-member] Lock "('np0000002483', 'np0000002483')" acquired by "nova.scheduler.host_manager.HostState.consume_from_request.._locked" :: waited 0.000s {{(pid=95736) inner /opt/stack/data/venv/lib/python3.12/site-packages/oslo_concurrency/lockutils.py:524}}
Jun 09 19:50:56.123866 np0000002483 nova-scheduler[95736]: DEBUG oslo_concurrency.lockutils [None req-955c58d7-3375-4348-8e3d-5ad8b0b91069 tempest-ServerActionsTestOtherB-336317762 tempest-ServerActionsTestOtherB-336317762-project-member] Lock "('np0000002483', 'np0000002483')" "released" by "nova.scheduler.host_manager.HostState.consume_from_request.._locked" :: held 0.000s {{(pid=95736) inner /opt/stack/data/venv/lib/python3.12/site-packages/oslo_concurrency/lockutils.py:543}}
Jun 09 19:51:00.594347 np0000002483 nova-scheduler[95741]: DEBUG nova.scheduler.manager [None req-99047295-aaa5-456b-84a3-5f90c474ad86 tempest-TaggedAttachmentsTest-931398464 tempest-TaggedAttachmentsTest-931398464-project-member] Starting to schedule for instances: ['54f98257-1c62-426c-a61a-2e263c09b14d'] {{(pid=95741) select_destinations /opt/stack/nova/nova/scheduler/manager.py:210}}
Jun 09 19:51:00.595432 np0000002483 nova-scheduler[95741]: DEBUG nova.scheduler.request_filter [None req-99047295-aaa5-456b-84a3-5f90c474ad86 tempest-TaggedAttachmentsTest-931398464 tempest-TaggedAttachmentsTest-931398464-project-member] compute_status_filter request filter added forbidden trait COMPUTE_STATUS_DISABLED {{(pid=95741) compute_status_filter /opt/stack/nova/nova/scheduler/request_filter.py:253}}
Jun 09 19:51:00.595616 np0000002483 nova-scheduler[95741]: DEBUG nova.scheduler.request_filter [None req-99047295-aaa5-456b-84a3-5f90c474ad86 tempest-TaggedAttachmentsTest-931398464 tempest-TaggedAttachmentsTest-931398464-project-member] Request filter 'compute_status_filter' took 0.0 seconds {{(pid=95741) wrapper /opt/stack/nova/nova/scheduler/request_filter.py:46}}
Jun 09 19:51:00.595807 np0000002483 nova-scheduler[95741]: DEBUG nova.scheduler.request_filter [None req-99047295-aaa5-456b-84a3-5f90c474ad86 tempest-TaggedAttachmentsTest-931398464 tempest-TaggedAttachmentsTest-931398464-project-member] Request filter 'accelerators_filter' took 0.0 seconds {{(pid=95741) wrapper /opt/stack/nova/nova/scheduler/request_filter.py:46}}
Jun 09 19:51:00.596022 np0000002483 nova-scheduler[95741]: DEBUG nova.scheduler.request_filter [None req-99047295-aaa5-456b-84a3-5f90c474ad86 tempest-TaggedAttachmentsTest-931398464 tempest-TaggedAttachmentsTest-931398464-project-member] Request filter 'packed_virtqueue_filter' took 0.0 seconds {{(pid=95741) wrapper /opt/stack/nova/nova/scheduler/request_filter.py:46}}
Jun 09 19:51:00.596394 np0000002483 nova-scheduler[95741]: DEBUG nova.scheduler.request_filter [None req-99047295-aaa5-456b-84a3-5f90c474ad86 tempest-TaggedAttachmentsTest-931398464 tempest-TaggedAttachmentsTest-931398464-project-member] Request filter 'remote_managed_ports_filter' took 0.0 seconds {{(pid=95741) wrapper /opt/stack/nova/nova/scheduler/request_filter.py:46}}
Jun 09 19:51:00.596638 np0000002483 nova-scheduler[95741]: DEBUG nova.scheduler.request_filter [None req-99047295-aaa5-456b-84a3-5f90c474ad86 tempest-TaggedAttachmentsTest-931398464 tempest-TaggedAttachmentsTest-931398464-project-member] ephemeral_encryption_filter skipped {{(pid=95741) ephemeral_encryption_filter /opt/stack/nova/nova/scheduler/request_filter.py:426}}
Jun 09 19:51:00.596811 np0000002483 nova-scheduler[95741]: DEBUG nova.scheduler.request_filter [None req-99047295-aaa5-456b-84a3-5f90c474ad86 tempest-TaggedAttachmentsTest-931398464 tempest-TaggedAttachmentsTest-931398464-project-member] virtio_sound_filter skipped {{(pid=95741) virtio_sound_filter /opt/stack/nova/nova/scheduler/request_filter.py:460}}
Jun 09 19:51:00.597211 np0000002483 nova-scheduler[95741]: DEBUG nova.scheduler.request_filter [None req-99047295-aaa5-456b-84a3-5f90c474ad86 tempest-TaggedAttachmentsTest-931398464 tempest-TaggedAttachmentsTest-931398464-project-member] tpm_secret_security_filter skipped {{(pid=95741) tpm_secret_security_filter /opt/stack/nova/nova/scheduler/request_filter.py:477}}
Jun 09 19:51:00.713351 np0000002483 nova-scheduler[95741]: INFO nova.utils [None req-99047295-aaa5-456b-84a3-5f90c474ad86 tempest-TaggedAttachmentsTest-931398464 tempest-TaggedAttachmentsTest-931398464-project-member] The cell worker thread pool ForkProcess-3.cell_worker is initialized
Jun 09 19:51:00.713495 np0000002483 nova-scheduler[95741]: DEBUG oslo_concurrency.lockutils [None req-99047295-aaa5-456b-84a3-5f90c474ad86 tempest-TaggedAttachmentsTest-931398464 tempest-TaggedAttachmentsTest-931398464-project-member] Acquiring lock "cd368add-10af-4bd8-8f81-851776c58729" by "nova.context.set_target_cell..get_or_set_cached_cell_and_set_connections" {{(pid=95741) inner /opt/stack/data/venv/lib/python3.12/site-packages/oslo_concurrency/lockutils.py:511}}
Jun 09 19:51:00.713556 np0000002483 nova-scheduler[95741]: DEBUG oslo_concurrency.lockutils [None req-99047295-aaa5-456b-84a3-5f90c474ad86 tempest-TaggedAttachmentsTest-931398464 tempest-TaggedAttachmentsTest-931398464-project-member] Lock "cd368add-10af-4bd8-8f81-851776c58729" acquired by "nova.context.set_target_cell..get_or_set_cached_cell_and_set_connections" :: waited 0.000s {{(pid=95741) inner /opt/stack/data/venv/lib/python3.12/site-packages/oslo_concurrency/lockutils.py:524}}
Jun 09 19:51:00.714758 np0000002483 nova-scheduler[95741]: DEBUG oslo_concurrency.lockutils [None req-99047295-aaa5-456b-84a3-5f90c474ad86 tempest-TaggedAttachmentsTest-931398464 tempest-TaggedAttachmentsTest-931398464-project-member] Lock "cd368add-10af-4bd8-8f81-851776c58729" "released" by "nova.context.set_target_cell..get_or_set_cached_cell_and_set_connections" :: held 0.001s {{(pid=95741) inner /opt/stack/data/venv/lib/python3.12/site-packages/oslo_concurrency/lockutils.py:543}}
Jun 09 19:51:00.716524 np0000002483 nova-scheduler[95741]: INFO dbcounter [None req-99047295-aaa5-456b-84a3-5f90c474ad86 tempest-TaggedAttachmentsTest-931398464 tempest-TaggedAttachmentsTest-931398464-project-member] Registered counter for database nova_cell1
Jun 09 19:51:00.761843 np0000002483 nova-scheduler[95741]: DEBUG oslo_db.sqlalchemy.engines [None req-99047295-aaa5-456b-84a3-5f90c474ad86 tempest-TaggedAttachmentsTest-931398464 tempest-TaggedAttachmentsTest-931398464-project-member] MySQL server mode set to STRICT_TRANS_TABLES,STRICT_ALL_TABLES,NO_ZERO_IN_DATE,NO_ZERO_DATE,ERROR_FOR_DIVISION_BY_ZERO,TRADITIONAL,NO_ENGINE_SUBSTITUTION {{(pid=95741) _check_effective_sql_mode /opt/stack/data/venv/lib/python3.12/site-packages/oslo_db/sqlalchemy/engines.py:325}}
Jun 09 19:51:00.768441 np0000002483 nova-scheduler[95741]: DEBUG dbcounter [-] [95741] Writer thread running {{(pid=95741) stat_writer /opt/stack/data/venv/lib/python3.12/site-packages/dbcounter.py:102}}
Jun 09 19:51:00.820486 np0000002483 nova-scheduler[95741]: DEBUG dbcounter [-] [95741] Writer thread running {{(pid=95741) stat_writer /opt/stack/data/venv/lib/python3.12/site-packages/dbcounter.py:102}}
Jun 09 19:51:00.823065 np0000002483 nova-scheduler[95741]: DEBUG oslo_concurrency.lockutils [None req-99047295-aaa5-456b-84a3-5f90c474ad86 tempest-TaggedAttachmentsTest-931398464 tempest-TaggedAttachmentsTest-931398464-project-member] Acquiring lock "cd368add-10af-4bd8-8f81-851776c58729" by "nova.context.set_target_cell..get_or_set_cached_cell_and_set_connections" {{(pid=95741) inner /opt/stack/data/venv/lib/python3.12/site-packages/oslo_concurrency/lockutils.py:511}}
Jun 09 19:51:00.823196 np0000002483 nova-scheduler[95741]: DEBUG oslo_concurrency.lockutils [None req-99047295-aaa5-456b-84a3-5f90c474ad86 tempest-TaggedAttachmentsTest-931398464 tempest-TaggedAttachmentsTest-931398464-project-member] Lock "cd368add-10af-4bd8-8f81-851776c58729" acquired by "nova.context.set_target_cell..get_or_set_cached_cell_and_set_connections" :: waited 0.000s {{(pid=95741) inner /opt/stack/data/venv/lib/python3.12/site-packages/oslo_concurrency/lockutils.py:524}}
Jun 09 19:51:00.823305 np0000002483 nova-scheduler[95741]: DEBUG oslo_concurrency.lockutils [None req-99047295-aaa5-456b-84a3-5f90c474ad86 tempest-TaggedAttachmentsTest-931398464 tempest-TaggedAttachmentsTest-931398464-project-member] Lock "cd368add-10af-4bd8-8f81-851776c58729" "released" by "nova.context.set_target_cell..get_or_set_cached_cell_and_set_connections" :: held 0.000s {{(pid=95741) inner /opt/stack/data/venv/lib/python3.12/site-packages/oslo_concurrency/lockutils.py:543}}
Jun 09 19:51:00.827025 np0000002483 nova-scheduler[95741]: DEBUG oslo_concurrency.lockutils [None req-99047295-aaa5-456b-84a3-5f90c474ad86 tempest-TaggedAttachmentsTest-931398464 tempest-TaggedAttachmentsTest-931398464-project-member] Acquiring lock "('np0000002483', 'np0000002483')" by "nova.scheduler.host_manager.HostState.update.._locked_update" {{(pid=95741) inner /opt/stack/data/venv/lib/python3.12/site-packages/oslo_concurrency/lockutils.py:511}}
Jun 09 19:51:00.827146 np0000002483 nova-scheduler[95741]: DEBUG oslo_concurrency.lockutils [None req-99047295-aaa5-456b-84a3-5f90c474ad86 tempest-TaggedAttachmentsTest-931398464 tempest-TaggedAttachmentsTest-931398464-project-member] Lock "('np0000002483', 'np0000002483')" acquired by "nova.scheduler.host_manager.HostState.update.._locked_update" :: waited 0.000s {{(pid=95741) inner /opt/stack/data/venv/lib/python3.12/site-packages/oslo_concurrency/lockutils.py:524}}
