Jun 10 19:05:18.910415 np0000002537 devstack@g-api.service[102006]: DEBUG glance_store.location [None req-68d4dab9-7bb4-4fac-93ce-f187a6837fd3 tempest-VolumesActionsTest-164642860 tempest-VolumesActionsTest-164642860-project-member] Registering scheme swift with {'store': , 'location_class': , 'store_entry': 'swift'} {{(pid=102006) register_scheme_map /opt/stack/data/venv/lib/python3.12/site-packages/glance_store/location.py:146}}
Jun 10 19:05:18.910545 np0000002537 devstack@g-api.service[102006]: DEBUG glance_store.location [None req-68d4dab9-7bb4-4fac-93ce-f187a6837fd3 tempest-VolumesActionsTest-164642860 tempest-VolumesActionsTest-164642860-project-member] Registering scheme swift+http with {'store': , 'location_class': , 'store_entry': 'swift'} {{(pid=102006) register_scheme_map /opt/stack/data/venv/lib/python3.12/site-packages/glance_store/location.py:146}}
Jun 10 19:05:18.910823 np0000002537 devstack@g-api.service[102006]: DEBUG glance_store.location [None req-68d4dab9-7bb4-4fac-93ce-f187a6837fd3 tempest-VolumesActionsTest-164642860 tempest-VolumesActionsTest-164642860-project-member] Registering scheme swift+https with {'store': , 'location_class': , 'store_entry': 'swift'} {{(pid=102006) register_scheme_map /opt/stack/data/venv/lib/python3.12/site-packages/glance_store/location.py:146}}
Jun 10 19:05:18.910953 np0000002537 devstack@g-api.service[102006]: DEBUG glance_store.location [None req-68d4dab9-7bb4-4fac-93ce-f187a6837fd3 tempest-VolumesActionsTest-164642860 tempest-VolumesActionsTest-164642860-project-member] Registering scheme swift with {'store': , 'location_class': , 'store_entry': 'swift'} {{(pid=102006) register_scheme_map /opt/stack/data/venv/lib/python3.12/site-packages/glance_store/location.py:146}}
Jun 10 19:05:18.911070 np0000002537 devstack@g-api.service[102006]: DEBUG glance_store.location [None req-68d4dab9-7bb4-4fac-93ce-f187a6837fd3 tempest-VolumesActionsTest-164642860 tempest-VolumesActionsTest-164642860-project-member] Registering scheme swift+http with {'store': , 'location_class': , 'store_entry': 'swift'} {{(pid=102006) register_scheme_map /opt/stack/data/venv/lib/python3.12/site-packages/glance_store/location.py:146}}
Jun 10 19:05:18.911221 np0000002537 devstack@g-api.service[102006]: DEBUG glance_store.location [None req-68d4dab9-7bb4-4fac-93ce-f187a6837fd3 tempest-VolumesActionsTest-164642860 tempest-VolumesActionsTest-164642860-project-member] Registering scheme swift+config with {'store': , 'location_class': , 'store_entry': 'swift'} {{(pid=102006) register_scheme_map /opt/stack/data/venv/lib/python3.12/site-packages/glance_store/location.py:146}}
Jun 10 19:05:19.133900 np0000002537 devstack@g-api.service[102006]: DEBUG swiftclient [None req-68d4dab9-7bb4-4fac-93ce-f187a6837fd3 tempest-VolumesActionsTest-164642860 tempest-VolumesActionsTest-164642860-project-member] REQ: curl -i https://10.4.3.216:8080/v1/AUTH_76982b0f8e8e40ada734f62f483374fe/glance -I -H "X-Auth-Token: gAAAAABqKbVuRSLJ..." {{(pid=102006) http_log /opt/stack/data/venv/lib/python3.12/site-packages/swiftclient/client.py:160}}
Jun 10 19:05:19.134017 np0000002537 devstack@g-api.service[102006]: DEBUG swiftclient [None req-68d4dab9-7bb4-4fac-93ce-f187a6837fd3 tempest-VolumesActionsTest-164642860 tempest-VolumesActionsTest-164642860-project-member] RESP STATUS: 204 No Content {{(pid=102006) http_log /opt/stack/data/venv/lib/python3.12/site-packages/swiftclient/client.py:161}}
Jun 10 19:05:19.134165 np0000002537 devstack@g-api.service[102006]: DEBUG swiftclient [None req-68d4dab9-7bb4-4fac-93ce-f187a6837fd3 tempest-VolumesActionsTest-164642860 tempest-VolumesActionsTest-164642860-project-member] RESP HEADERS: {'Date': 'Wed, 10 Jun 2026 19:05:19 GMT', 'Server': 'Apache/2.4.58 (Ubuntu)', 'Content-Type': 'text/plain; charset=utf-8', 'X-Container-Object-Count': '9', 'X-Container-Bytes-Used': '133103616', 'X-Timestamp': '1781117879.39637', 'Last-Modified': 'Wed, 10 Jun 2026 18:58:00 GMT', 'Accept-Ranges': 'bytes', 'X-Storage-Policy': 'Policy-0', 'X-Container-Sharding': 'False', 'Vary': 'Accept', 'X-Trans-Id': 'tx02df05910c294de586b0f-006a29b56f', 'X-Openstack-Request-Id': 'tx02df05910c294de586b0f-006a29b56f', 'Connection': 'close'} {{(pid=102006) http_log /opt/stack/data/venv/lib/python3.12/site-packages/swiftclient/client.py:162}}
Jun 10 19:05:19.134373 np0000002537 devstack@g-api.service[102006]: DEBUG glance_store._drivers.swift.store [None req-68d4dab9-7bb4-4fac-93ce-f187a6837fd3 tempest-VolumesActionsTest-164642860 tempest-VolumesActionsTest-164642860-project-member] Adding image object 'e079998e-a34f-4134-9b86-04e1e4f8c0b3' to Swift {{(pid=102006) add /opt/stack/data/venv/lib/python3.12/site-packages/glance_store/_drivers/swift/store.py:970}}
Jun 10 19:05:19.134419 np0000002537 devstack@g-api.service[102006]: DEBUG glance_store._drivers.swift.store [None req-68d4dab9-7bb4-4fac-93ce-f187a6837fd3 tempest-VolumesActionsTest-164642860 tempest-VolumesActionsTest-164642860-project-member] Cannot determine image size because it is either not provided in the request or chunked-transfer encoding is used. Adding image as a segmented object to Swift. {{(pid=102006) add /opt/stack/data/venv/lib/python3.12/site-packages/glance_store/_drivers/swift/store.py:994}}
Jun 10 19:05:19.142586 np0000002537 devstack@g-api.service[102006]: DEBUG oslo_utils.imageutils.format_inspector [None req-68d4dab9-7bb4-4fac-93ce-f187a6837fd3 tempest-VolumesActionsTest-164642860 tempest-VolumesActionsTest-164642860-project-member] Format inspector for vmdk does not match, excluding from consideration (Signature KDMV not found: b'\x00\x00\x00\x00') {{(pid=102006) _process_chunk /opt/stack/data/venv/lib/python3.12/site-packages/oslo_utils/imageutils/format_inspector.py:1758}}
Jun 10 19:05:19.145300 np0000002537 devstack@g-api.service[102006]: DEBUG oslo_utils.imageutils.format_inspector [None req-68d4dab9-7bb4-4fac-93ce-f187a6837fd3 tempest-VolumesActionsTest-164642860 tempest-VolumesActionsTest-164642860-project-member] Format inspector for vhdx does not match, excluding from consideration (Region signature not found at 30000) {{(pid=102006) _process_chunk /opt/stack/data/venv/lib/python3.12/site-packages/oslo_utils/imageutils/format_inspector.py:1758}}
Jun 10 19:05:19.504470 np0000002537 devstack@g-api.service[102008]: DEBUG glance.api.middleware.version_negotiation [None req-4a071815-fccd-4344-a2a0-6e9eccaed440 tempest-VolumesActionsTest-164642860 tempest-VolumesActionsTest-164642860-project-member] Determining version of request: GET /v2/images/e079998e-a34f-4134-9b86-04e1e4f8c0b3 Accept: application/json {{(pid=102008) process_request /opt/stack/glance/glance/api/middleware/version_negotiation.py:44}}
Jun 10 19:05:19.504470 np0000002537 devstack@g-api.service[102008]: DEBUG glance.api.middleware.version_negotiation [None req-4a071815-fccd-4344-a2a0-6e9eccaed440 tempest-VolumesActionsTest-164642860 tempest-VolumesActionsTest-164642860-project-member] Using url versioning {{(pid=102008) process_request /opt/stack/glance/glance/api/middleware/version_negotiation.py:57}}
Jun 10 19:05:19.504470 np0000002537 devstack@g-api.service[102008]: DEBUG glance.api.middleware.version_negotiation [None req-4a071815-fccd-4344-a2a0-6e9eccaed440 tempest-VolumesActionsTest-164642860 tempest-VolumesActionsTest-164642860-project-member] Matched version: v2 {{(pid=102008) process_request /opt/stack/glance/glance/api/middleware/version_negotiation.py:69}}
Jun 10 19:05:19.504470 np0000002537 devstack@g-api.service[102008]: DEBUG glance.api.middleware.version_negotiation [None req-4a071815-fccd-4344-a2a0-6e9eccaed440 tempest-VolumesActionsTest-164642860 tempest-VolumesActionsTest-164642860-project-member] new path /v2/images/e079998e-a34f-4134-9b86-04e1e4f8c0b3 {{(pid=102008) process_request /opt/stack/glance/glance/api/middleware/version_negotiation.py:70}}
Jun 10 19:05:19.525946 np0000002537 devstack@g-api.service[102008]: [pid: 102008|app: 0|req: 119/348] 127.0.0.1 () {40 vars in 838 bytes} [Wed Jun 10 19:05:19 2026] GET /v2/images/e079998e-a34f-4134-9b86-04e1e4f8c0b3 => generated 649 bytes in 23 msecs (HTTP/1.1 200) 4 headers in 157 bytes (1 switches on core 0)
Jun 10 19:05:20.535920 np0000002537 devstack@g-api.service[102007]: DEBUG glance.api.middleware.version_negotiation [None req-4f7e9f41-2259-4716-8804-a87a89644bb5 tempest-VolumesActionsTest-164642860 tempest-VolumesActionsTest-164642860-project-member] Determining version of request: GET /v2/images/e079998e-a34f-4134-9b86-04e1e4f8c0b3 Accept: application/json {{(pid=102007) process_request /opt/stack/glance/glance/api/middleware/version_negotiation.py:44}}
Jun 10 19:05:20.535920 np0000002537 devstack@g-api.service[102007]: DEBUG glance.api.middleware.version_negotiation [None req-4f7e9f41-2259-4716-8804-a87a89644bb5 tempest-VolumesActionsTest-164642860 tempest-VolumesActionsTest-164642860-project-member] Using url versioning {{(pid=102007) process_request /opt/stack/glance/glance/api/middleware/version_negotiation.py:57}}
Jun 10 19:05:20.535920 np0000002537 devstack@g-api.service[102007]: DEBUG glance.api.middleware.version_negotiation [None req-4f7e9f41-2259-4716-8804-a87a89644bb5 tempest-VolumesActionsTest-164642860 tempest-VolumesActionsTest-164642860-project-member] Matched version: v2 {{(pid=102007) process_request /opt/stack/glance/glance/api/middleware/version_negotiation.py:69}}
Jun 10 19:05:20.535920 np0000002537 devstack@g-api.service[102007]: DEBUG glance.api.middleware.version_negotiation [None req-4f7e9f41-2259-4716-8804-a87a89644bb5 tempest-VolumesActionsTest-164642860 tempest-VolumesActionsTest-164642860-project-member] new path /v2/images/e079998e-a34f-4134-9b86-04e1e4f8c0b3 {{(pid=102007) process_request /opt/stack/glance/glance/api/middleware/version_negotiation.py:70}}
Jun 10 19:05:20.551121 np0000002537 devstack@g-api.service[102007]: [pid: 102007|app: 0|req: 116/349] 127.0.0.1 () {40 vars in 838 bytes} [Wed Jun 10 19:05:20 2026] GET /v2/images/e079998e-a34f-4134-9b86-04e1e4f8c0b3 => generated 649 bytes in 16 msecs (HTTP/1.1 200) 4 headers in 157 bytes (1 switches on core 0)
Jun 10 19:05:21.191564 np0000002537 devstack@g-api.service[102006]: DEBUG swiftclient [None req-68d4dab9-7bb4-4fac-93ce-f187a6837fd3 tempest-VolumesActionsTest-164642860 tempest-VolumesActionsTest-164642860-project-member] REQ: curl -i https://10.4.3.216:8080/v1/AUTH_76982b0f8e8e40ada734f62f483374fe/glance/e079998e-a34f-4134-9b86-04e1e4f8c0b3-00001 -X PUT -H "X-Auth-Token: gAAAAABqKbVuRSLJ..." {{(pid=102006) http_log /opt/stack/data/venv/lib/python3.12/site-packages/swiftclient/client.py:160}}
Jun 10 19:05:21.191834 np0000002537 devstack@g-api.service[102006]: DEBUG swiftclient [None req-68d4dab9-7bb4-4fac-93ce-f187a6837fd3 tempest-VolumesActionsTest-164642860 tempest-VolumesActionsTest-164642860-project-member] RESP STATUS: 201 Created {{(pid=102006) http_log /opt/stack/data/venv/lib/python3.12/site-packages/swiftclient/client.py:161}}
Jun 10 19:05:21.191834 np0000002537 devstack@g-api.service[102006]: DEBUG swiftclient [None req-68d4dab9-7bb4-4fac-93ce-f187a6837fd3 tempest-VolumesActionsTest-164642860 tempest-VolumesActionsTest-164642860-project-member] RESP HEADERS: {'Date': 'Wed, 10 Jun 2026 19:05:21 GMT', 'Server': 'Apache/2.4.58 (Ubuntu)', 'Content-Type': 'text/html; charset=UTF-8', 'Content-Length': '0', 'Etag': 'eda9a9889837ac4bc81d6387d92c1bec', 'Last-Modified': 'Wed, 10 Jun 2026 19:05:20 GMT', 'X-Trans-Id': 'tx3a7c893b8ef241478c4fa-006a29b56f', 'X-Openstack-Request-Id': 'tx3a7c893b8ef241478c4fa-006a29b56f', 'Connection': 'close'} {{(pid=102006) http_log /opt/stack/data/venv/lib/python3.12/site-packages/swiftclient/client.py:162}}
Jun 10 19:05:21.191959 np0000002537 devstack@g-api.service[102006]: DEBUG glance_store._drivers.swift.store [None req-68d4dab9-7bb4-4fac-93ce-f187a6837fd3 tempest-VolumesActionsTest-164642860 tempest-VolumesActionsTest-164642860-project-member] Wrote chunk e079998e-a34f-4134-9b86-04e1e4f8c0b3-00001 (1/?) of length 204800000 to Swift returning MD5 of content: eda9a9889837ac4bc81d6387d92c1bec {{(pid=102006) add /opt/stack/data/venv/lib/python3.12/site-packages/glance_store/_drivers/swift/store.py:1059}}
Jun 10 19:05:21.563017 np0000002537 devstack@g-api.service[102008]: DEBUG glance.api.middleware.version_negotiation [None req-ce8fc968-9cd8-4325-9aac-238ced9b4a16 tempest-VolumesActionsTest-164642860 tempest-VolumesActionsTest-164642860-project-member] Determining version of request: GET /v2/images/e079998e-a34f-4134-9b86-04e1e4f8c0b3 Accept: application/json {{(pid=102008) process_request /opt/stack/glance/glance/api/middleware/version_negotiation.py:44}}
Jun 10 19:05:21.563374 np0000002537 devstack@g-api.service[102008]: DEBUG glance.api.middleware.version_negotiation [None req-ce8fc968-9cd8-4325-9aac-238ced9b4a16 tempest-VolumesActionsTest-164642860 tempest-VolumesActionsTest-164642860-project-member] Using url versioning {{(pid=102008) process_request /opt/stack/glance/glance/api/middleware/version_negotiation.py:57}}
Jun 10 19:05:21.563455 np0000002537 devstack@g-api.service[102008]: DEBUG glance.api.middleware.version_negotiation [None req-ce8fc968-9cd8-4325-9aac-238ced9b4a16 tempest-VolumesActionsTest-164642860 tempest-VolumesActionsTest-164642860-project-member] Matched version: v2 {{(pid=102008) process_request /opt/stack/glance/glance/api/middleware/version_negotiation.py:69}}
Jun 10 19:05:21.563606 np0000002537 devstack@g-api.service[102008]: DEBUG glance.api.middleware.version_negotiation [None req-ce8fc968-9cd8-4325-9aac-238ced9b4a16 tempest-VolumesActionsTest-164642860 tempest-VolumesActionsTest-164642860-project-member] new path /v2/images/e079998e-a34f-4134-9b86-04e1e4f8c0b3 {{(pid=102008) process_request /opt/stack/glance/glance/api/middleware/version_negotiation.py:70}}
Jun 10 19:05:21.577325 np0000002537 devstack@g-api.service[102008]: [pid: 102008|app: 0|req: 120/350] 127.0.0.1 () {40 vars in 838 bytes} [Wed Jun 10 19:05:21 2026] GET /v2/images/e079998e-a34f-4134-9b86-04e1e4f8c0b3 => generated 649 bytes in 14 msecs (HTTP/1.1 200) 4 headers in 157 bytes (1 switches on core 0)
Jun 10 19:05:22.586148 np0000002537 devstack@g-api.service[102007]: DEBUG glance.api.middleware.version_negotiation [None req-3fa891bf-b9c4-415b-8b06-4b2af068ee2a tempest-VolumesActionsTest-164642860 tempest-VolumesActionsTest-164642860-project-member] Determining version of request: GET /v2/images/e079998e-a34f-4134-9b86-04e1e4f8c0b3 Accept: application/json {{(pid=102007) process_request /opt/stack/glance/glance/api/middleware/version_negotiation.py:44}}
Jun 10 19:05:22.586562 np0000002537 devstack@g-api.service[102007]: DEBUG glance.api.middleware.version_negotiation [None req-3fa891bf-b9c4-415b-8b06-4b2af068ee2a tempest-VolumesActionsTest-164642860 tempest-VolumesActionsTest-164642860-project-member] Using url versioning {{(pid=102007) process_request /opt/stack/glance/glance/api/middleware/version_negotiation.py:57}}
Jun 10 19:05:22.586562 np0000002537 devstack@g-api.service[102007]: DEBUG glance.api.middleware.version_negotiation [None req-3fa891bf-b9c4-415b-8b06-4b2af068ee2a tempest-VolumesActionsTest-164642860 tempest-VolumesActionsTest-164642860-project-member] Matched version: v2 {{(pid=102007) process_request /opt/stack/glance/glance/api/middleware/version_negotiation.py:69}}
Jun 10 19:05:22.586690 np0000002537 devstack@g-api.service[102007]: DEBUG glance.api.middleware.version_negotiation [None req-3fa891bf-b9c4-415b-8b06-4b2af068ee2a tempest-VolumesActionsTest-164642860 tempest-VolumesActionsTest-164642860-project-member] new path /v2/images/e079998e-a34f-4134-9b86-04e1e4f8c0b3 {{(pid=102007) process_request /opt/stack/glance/glance/api/middleware/version_negotiation.py:70}}
Jun 10 19:05:22.599528 np0000002537 devstack@g-api.service[102007]: [pid: 102007|app: 0|req: 117/351] 127.0.0.1 () {40 vars in 838 bytes} [Wed Jun 10 19:05:22 2026] GET /v2/images/e079998e-a34f-4134-9b86-04e1e4f8c0b3 => generated 649 bytes in 13 msecs (HTTP/1.1 200) 4 headers in 157 bytes (1 switches on core 0)
Jun 10 19:05:23.234019 np0000002537 devstack@g-api.service[102006]: DEBUG swiftclient [None req-68d4dab9-7bb4-4fac-93ce-f187a6837fd3 tempest-VolumesActionsTest-164642860 tempest-VolumesActionsTest-164642860-project-member] REQ: curl -i https://10.4.3.216:8080/v1/AUTH_76982b0f8e8e40ada734f62f483374fe/glance/e079998e-a34f-4134-9b86-04e1e4f8c0b3-00002 -X PUT -H "X-Auth-Token: gAAAAABqKbVuRSLJ..." {{(pid=102006) http_log /opt/stack/data/venv/lib/python3.12/site-packages/swiftclient/client.py:160}}
Jun 10 19:05:23.234019 np0000002537 devstack@g-api.service[102006]: DEBUG swiftclient [None req-68d4dab9-7bb4-4fac-93ce-f187a6837fd3 tempest-VolumesActionsTest-164642860 tempest-VolumesActionsTest-164642860-project-member] RESP STATUS: 201 Created {{(pid=102006) http_log /opt/stack/data/venv/lib/python3.12/site-packages/swiftclient/client.py:161}}
Jun 10 19:05:23.234019 np0000002537 devstack@g-api.service[102006]: DEBUG swiftclient [None req-68d4dab9-7bb4-4fac-93ce-f187a6837fd3 tempest-VolumesActionsTest-164642860 tempest-VolumesActionsTest-164642860-project-member] RESP HEADERS: {'Date': 'Wed, 10 Jun 2026 19:05:23 GMT', 'Server': 'Apache/2.4.58 (Ubuntu)', 'Content-Type': 'text/html; charset=UTF-8', 'Content-Length': '0', 'Etag': 'eda9a9889837ac4bc81d6387d92c1bec', 'Last-Modified': 'Wed, 10 Jun 2026 19:05:22 GMT', 'X-Trans-Id': 'tx74b45b2dd8fa455fb8781-006a29b571', 'X-Openstack-Request-Id': 'tx74b45b2dd8fa455fb8781-006a29b571', 'Connection': 'close'} {{(pid=102006) http_log /opt/stack/data/venv/lib/python3.12/site-packages/swiftclient/client.py:162}}
Jun 10 19:05:23.234019 np0000002537 devstack@g-api.service[102006]: DEBUG glance_store._drivers.swift.store [None req-68d4dab9-7bb4-4fac-93ce-f187a6837fd3 tempest-VolumesActionsTest-164642860 tempest-VolumesActionsTest-164642860-project-member] Wrote chunk e079998e-a34f-4134-9b86-04e1e4f8c0b3-00002 (2/?) of length 204800000 to Swift returning MD5 of content: eda9a9889837ac4bc81d6387d92c1bec {{(pid=102006) add /opt/stack/data/venv/lib/python3.12/site-packages/glance_store/_drivers/swift/store.py:1059}}
Jun 10 19:05:23.611777 np0000002537 devstack@g-api.service[102008]: DEBUG glance.api.middleware.version_negotiation [None req-ba4f4435-6c3f-4644-8e24-474e8ec4e409 tempest-VolumesActionsTest-164642860 tempest-VolumesActionsTest-164642860-project-member] Determining version of request: GET /v2/images/e079998e-a34f-4134-9b86-04e1e4f8c0b3 Accept: application/json {{(pid=102008) process_request /opt/stack/glance/glance/api/middleware/version_negotiation.py:44}}
Jun 10 19:05:23.612128 np0000002537 devstack@g-api.service[102008]: DEBUG glance.api.middleware.version_negotiation [None req-ba4f4435-6c3f-4644-8e24-474e8ec4e409 tempest-VolumesActionsTest-164642860 tempest-VolumesActionsTest-164642860-project-member] Using url versioning {{(pid=102008) process_request /opt/stack/glance/glance/api/middleware/version_negotiation.py:57}}
Jun 10 19:05:23.613868 np0000002537 devstack@g-api.service[102008]: DEBUG glance.api.middleware.version_negotiation [None req-ba4f4435-6c3f-4644-8e24-474e8ec4e409 tempest-VolumesActionsTest-164642860 tempest-VolumesActionsTest-164642860-project-member] Matched version: v2 {{(pid=102008) process_request /opt/stack/glance/glance/api/middleware/version_negotiation.py:69}}
Jun 10 19:05:23.613868 np0000002537 devstack@g-api.service[102008]: DEBUG glance.api.middleware.version_negotiation [None req-ba4f4435-6c3f-4644-8e24-474e8ec4e409 tempest-VolumesActionsTest-164642860 tempest-VolumesActionsTest-164642860-project-member] new path /v2/images/e079998e-a34f-4134-9b86-04e1e4f8c0b3 {{(pid=102008) process_request /opt/stack/glance/glance/api/middleware/version_negotiation.py:70}}
Jun 10 19:05:23.631373 np0000002537 devstack@g-api.service[102008]: [pid: 102008|app: 0|req: 121/352] 127.0.0.1 () {40 vars in 838 bytes} [Wed Jun 10 19:05:23 2026] GET /v2/images/e079998e-a34f-4134-9b86-04e1e4f8c0b3 => generated 649 bytes in 20 msecs (HTTP/1.1 200) 4 headers in 157 bytes (1 switches on core 0)
Jun 10 19:05:24.645870 np0000002537 devstack@g-api.service[102007]: DEBUG glance.api.middleware.version_negotiation [None req-4bc67fc3-358f-4dd2-a421-1dc2c448949d tempest-VolumesActionsTest-164642860 tempest-VolumesActionsTest-164642860-project-member] Determining version of request: GET /v2/images/e079998e-a34f-4134-9b86-04e1e4f8c0b3 Accept: application/json {{(pid=102007) process_request /opt/stack/glance/glance/api/middleware/version_negotiation.py:44}}
Jun 10 19:05:24.646351 np0000002537 devstack@g-api.service[102007]: DEBUG glance.api.middleware.version_negotiation [None req-4bc67fc3-358f-4dd2-a421-1dc2c448949d tempest-VolumesActionsTest-164642860 tempest-VolumesActionsTest-164642860-project-member] Using url versioning {{(pid=102007) process_request /opt/stack/glance/glance/api/middleware/version_negotiation.py:57}}
Jun 10 19:05:24.646830 np0000002537 devstack@g-api.service[102007]: DEBUG glance.api.middleware.version_negotiation [None req-4bc67fc3-358f-4dd2-a421-1dc2c448949d tempest-VolumesActionsTest-164642860 tempest-VolumesActionsTest-164642860-project-member] Matched version: v2 {{(pid=102007) process_request /opt/stack/glance/glance/api/middleware/version_negotiation.py:69}}
Jun 10 19:05:24.646919 np0000002537 devstack@g-api.service[102007]: DEBUG glance.api.middleware.version_negotiation [None req-4bc67fc3-358f-4dd2-a421-1dc2c448949d tempest-VolumesActionsTest-164642860 tempest-VolumesActionsTest-164642860-project-member] new path /v2/images/e079998e-a34f-4134-9b86-04e1e4f8c0b3 {{(pid=102007) process_request /opt/stack/glance/glance/api/middleware/version_negotiation.py:70}}
Jun 10 19:05:24.656032 np0000002537 devstack@g-api.service[102007]: [pid: 102007|app: 0|req: 118/353] 127.0.0.1 () {40 vars in 838 bytes} [Wed Jun 10 19:05:24 2026] GET /v2/images/e079998e-a34f-4134-9b86-04e1e4f8c0b3 => generated 649 bytes in 11 msecs (HTTP/1.1 200) 4 headers in 157 bytes (1 switches on core 0)
Jun 10 19:05:25.670203 np0000002537 devstack@g-api.service[102008]: DEBUG glance.api.middleware.version_negotiation [None req-d9cb23b3-f2f8-4cec-846d-8ba05a254f08 tempest-VolumesActionsTest-164642860 tempest-VolumesActionsTest-164642860-project-member] Determining version of request: GET /v2/images/e079998e-a34f-4134-9b86-04e1e4f8c0b3 Accept: application/json {{(pid=102008) process_request /opt/stack/glance/glance/api/middleware/version_negotiation.py:44}}
Jun 10 19:05:25.670203 np0000002537 devstack@g-api.service[102008]: DEBUG glance.api.middleware.version_negotiation [None req-d9cb23b3-f2f8-4cec-846d-8ba05a254f08 tempest-VolumesActionsTest-164642860 tempest-VolumesActionsTest-164642860-project-member] Using url versioning {{(pid=102008) process_request /opt/stack/glance/glance/api/middleware/version_negotiation.py:57}}
Jun 10 19:05:25.670203 np0000002537 devstack@g-api.service[102008]: DEBUG glance.api.middleware.version_negotiation [None req-d9cb23b3-f2f8-4cec-846d-8ba05a254f08 tempest-VolumesActionsTest-164642860 tempest-VolumesActionsTest-164642860-project-member] Matched version: v2 {{(pid=102008) process_request /opt/stack/glance/glance/api/middleware/version_negotiation.py:69}}
Jun 10 19:05:25.670203 np0000002537 devstack@g-api.service[102008]: DEBUG glance.api.middleware.version_negotiation [None req-d9cb23b3-f2f8-4cec-846d-8ba05a254f08 tempest-VolumesActionsTest-164642860 tempest-VolumesActionsTest-164642860-project-member] new path /v2/images/e079998e-a34f-4134-9b86-04e1e4f8c0b3 {{(pid=102008) process_request /opt/stack/glance/glance/api/middleware/version_negotiation.py:70}}
Jun 10 19:05:25.670718 np0000002537 devstack@g-api.service[102006]: DEBUG swiftclient [None req-68d4dab9-7bb4-4fac-93ce-f187a6837fd3 tempest-VolumesActionsTest-164642860 tempest-VolumesActionsTest-164642860-project-member] REQ: curl -i https://10.4.3.216:8080/v1/AUTH_76982b0f8e8e40ada734f62f483374fe/glance/e079998e-a34f-4134-9b86-04e1e4f8c0b3-00003 -X PUT -H "X-Auth-Token: gAAAAABqKbVuRSLJ..." {{(pid=102006) http_log /opt/stack/data/venv/lib/python3.12/site-packages/swiftclient/client.py:160}}
Jun 10 19:05:25.670718 np0000002537 devstack@g-api.service[102006]: DEBUG swiftclient [None req-68d4dab9-7bb4-4fac-93ce-f187a6837fd3 tempest-VolumesActionsTest-164642860 tempest-VolumesActionsTest-164642860-project-member] RESP STATUS: 201 Created {{(pid=102006) http_log /opt/stack/data/venv/lib/python3.12/site-packages/swiftclient/client.py:161}}
Jun 10 19:05:25.670718 np0000002537 devstack@g-api.service[102006]: DEBUG swiftclient [None req-68d4dab9-7bb4-4fac-93ce-f187a6837fd3 tempest-VolumesActionsTest-164642860 tempest-VolumesActionsTest-164642860-project-member] RESP HEADERS: {'Date': 'Wed, 10 Jun 2026 19:05:25 GMT', 'Server': 'Apache/2.4.58 (Ubuntu)', 'Content-Type': 'text/html; charset=UTF-8', 'Content-Length': '0', 'Etag': 'eda9a9889837ac4bc81d6387d92c1bec', 'Last-Modified': 'Wed, 10 Jun 2026 19:05:24 GMT', 'X-Trans-Id': 'tx761be81474b34b3ca68d0-006a29b573', 'X-Openstack-Request-Id': 'tx761be81474b34b3ca68d0-006a29b573', 'Connection': 'close'} {{(pid=102006) http_log /opt/stack/data/venv/lib/python3.12/site-packages/swiftclient/client.py:162}}
Jun 10 19:05:25.670718 np0000002537 devstack@g-api.service[102006]: DEBUG glance_store._drivers.swift.store [None req-68d4dab9-7bb4-4fac-93ce-f187a6837fd3 tempest-VolumesActionsTest-164642860 tempest-VolumesActionsTest-164642860-project-member] Wrote chunk e079998e-a34f-4134-9b86-04e1e4f8c0b3-00003 (3/?) of length 204800000 to Swift returning MD5 of content: eda9a9889837ac4bc81d6387d92c1bec {{(pid=102006) add /opt/stack/data/venv/lib/python3.12/site-packages/glance_store/_drivers/swift/store.py:1059}}
Jun 10 19:05:25.679268 np0000002537 devstack@g-api.service[102008]: [pid: 102008|app: 0|req: 122/354] 127.0.0.1 () {40 vars in 838 bytes} [Wed Jun 10 19:05:25 2026] GET /v2/images/e079998e-a34f-4134-9b86-04e1e4f8c0b3 => generated 649 bytes in 10 msecs (HTTP/1.1 200) 4 headers in 157 bytes (1 switches on core 0)
Jun 10 19:05:26.694174 np0000002537 devstack@g-api.service[102007]: DEBUG glance.api.middleware.version_negotiation [None req-2b64403e-b15a-4d7a-bfe6-2f8b89ffc175 tempest-VolumesActionsTest-164642860 tempest-VolumesActionsTest-164642860-project-member] Determining version of request: GET /v2/images/e079998e-a34f-4134-9b86-04e1e4f8c0b3 Accept: application/json {{(pid=102007) process_request /opt/stack/glance/glance/api/middleware/version_negotiation.py:44}}
Jun 10 19:05:26.694619 np0000002537 devstack@g-api.service[102007]: DEBUG glance.api.middleware.version_negotiation [None req-2b64403e-b15a-4d7a-bfe6-2f8b89ffc175 tempest-VolumesActionsTest-164642860 tempest-VolumesActionsTest-164642860-project-member] Using url versioning {{(pid=102007) process_request /opt/stack/glance/glance/api/middleware/version_negotiation.py:57}}
Jun 10 19:05:26.694681 np0000002537 devstack@g-api.service[102007]: DEBUG glance.api.middleware.version_negotiation [None req-2b64403e-b15a-4d7a-bfe6-2f8b89ffc175 tempest-VolumesActionsTest-164642860 tempest-VolumesActionsTest-164642860-project-member] Matched version: v2 {{(pid=102007) process_request /opt/stack/glance/glance/api/middleware/version_negotiation.py:69}}
Jun 10 19:05:26.694812 np0000002537 devstack@g-api.service[102007]: DEBUG glance.api.middleware.version_negotiation [None req-2b64403e-b15a-4d7a-bfe6-2f8b89ffc175 tempest-VolumesActionsTest-164642860 tempest-VolumesActionsTest-164642860-project-member] new path /v2/images/e079998e-a34f-4134-9b86-04e1e4f8c0b3 {{(pid=102007) process_request /opt/stack/glance/glance/api/middleware/version_negotiation.py:70}}
Jun 10 19:05:26.707181 np0000002537 devstack@g-api.service[102007]: [pid: 102007|app: 0|req: 119/355] 127.0.0.1 () {40 vars in 838 bytes} [Wed Jun 10 19:05:26 2026] GET /v2/images/e079998e-a34f-4134-9b86-04e1e4f8c0b3 => generated 649 bytes in 13 msecs (HTTP/1.1 200) 4 headers in 157 bytes (1 switches on core 0)
Jun 10 19:05:27.723473 np0000002537 devstack@g-api.service[102008]: DEBUG glance.api.middleware.version_negotiation [None req-72607f26-1824-4c24-a384-cbb809bd4026 tempest-VolumesActionsTest-164642860 tempest-VolumesActionsTest-164642860-project-member] Determining version of request: GET /v2/images/e079998e-a34f-4134-9b86-04e1e4f8c0b3 Accept: application/json {{(pid=102008) process_request /opt/stack/glance/glance/api/middleware/version_negotiation.py:44}}
Jun 10 19:05:27.723822 np0000002537 devstack@g-api.service[102008]: DEBUG glance.api.middleware.version_negotiation [None req-72607f26-1824-4c24-a384-cbb809bd4026 tempest-VolumesActionsTest-164642860 tempest-VolumesActionsTest-164642860-project-member] Using url versioning {{(pid=102008) process_request /opt/stack/glance/glance/api/middleware/version_negotiation.py:57}}
Jun 10 19:05:27.723822 np0000002537 devstack@g-api.service[102008]: DEBUG glance.api.middleware.version_negotiation [None req-72607f26-1824-4c24-a384-cbb809bd4026 tempest-VolumesActionsTest-164642860 tempest-VolumesActionsTest-164642860-project-member] Matched version: v2 {{(pid=102008) process_request /opt/stack/glance/glance/api/middleware/version_negotiation.py:69}}
Jun 10 19:05:27.723925 np0000002537 devstack@g-api.service[102008]: DEBUG glance.api.middleware.version_negotiation [None req-72607f26-1824-4c24-a384-cbb809bd4026 tempest-VolumesActionsTest-164642860 tempest-VolumesActionsTest-164642860-project-member] new path /v2/images/e079998e-a34f-4134-9b86-04e1e4f8c0b3 {{(pid=102008) process_request /opt/stack/glance/glance/api/middleware/version_negotiation.py:70}}
Jun 10 19:05:27.738547 np0000002537 devstack@g-api.service[102008]: [pid: 102008|app: 0|req: 123/356] 127.0.0.1 () {40 vars in 838 bytes} [Wed Jun 10 19:05:27 2026] GET /v2/images/e079998e-a34f-4134-9b86-04e1e4f8c0b3 => generated 649 bytes in 15 msecs (HTTP/1.1 200) 4 headers in 157 bytes (1 switches on core 0)
Jun 10 19:05:28.245829 np0000002537 devstack@g-api.service[102006]: DEBUG swiftclient [None req-68d4dab9-7bb4-4fac-93ce-f187a6837fd3 tempest-VolumesActionsTest-164642860 tempest-VolumesActionsTest-164642860-project-member] REQ: curl -i https://10.4.3.216:8080/v1/AUTH_76982b0f8e8e40ada734f62f483374fe/glance/e079998e-a34f-4134-9b86-04e1e4f8c0b3-00004 -X PUT -H "X-Auth-Token: gAAAAABqKbVuRSLJ..." {{(pid=102006) http_log /opt/stack/data/venv/lib/python3.12/site-packages/swiftclient/client.py:160}}
Jun 10 19:05:28.246506 np0000002537 devstack@g-api.service[102006]: DEBUG swiftclient [None req-68d4dab9-7bb4-4fac-93ce-f187a6837fd3 tempest-VolumesActionsTest-164642860 tempest-VolumesActionsTest-164642860-project-member] RESP STATUS: 201 Created {{(pid=102006) http_log /opt/stack/data/venv/lib/python3.12/site-packages/swiftclient/client.py:161}}
Jun 10 19:05:28.246506 np0000002537 devstack@g-api.service[102006]: DEBUG swiftclient [None req-68d4dab9-7bb4-4fac-93ce-f187a6837fd3 tempest-VolumesActionsTest-164642860 tempest-VolumesActionsTest-164642860-project-member] RESP HEADERS: {'Date': 'Wed, 10 Jun 2026 19:05:28 GMT', 'Server': 'Apache/2.4.58 (Ubuntu)', 'Content-Type': 'text/html; charset=UTF-8', 'Content-Length': '0', 'Etag': 'eda9a9889837ac4bc81d6387d92c1bec', 'Last-Modified': 'Wed, 10 Jun 2026 19:05:26 GMT', 'X-Trans-Id': 'txc4036cd7618f46e7b2d06-006a29b575', 'X-Openstack-Request-Id': 'txc4036cd7618f46e7b2d06-006a29b575', 'Connection': 'close'} {{(pid=102006) http_log /opt/stack/data/venv/lib/python3.12/site-packages/swiftclient/client.py:162}}
Jun 10 19:05:28.246506 np0000002537 devstack@g-api.service[102006]: DEBUG glance_store._drivers.swift.store [None req-68d4dab9-7bb4-4fac-93ce-f187a6837fd3 tempest-VolumesActionsTest-164642860 tempest-VolumesActionsTest-164642860-project-member] Wrote chunk e079998e-a34f-4134-9b86-04e1e4f8c0b3-00004 (4/?) of length 204800000 to Swift returning MD5 of content: eda9a9889837ac4bc81d6387d92c1bec {{(pid=102006) add /opt/stack/data/venv/lib/python3.12/site-packages/glance_store/_drivers/swift/store.py:1059}}
Jun 10 19:05:28.749285 np0000002537 devstack@g-api.service[102007]: DEBUG glance.api.middleware.version_negotiation [None req-e8b25463-cbfe-432d-8e7b-b3acb0333df0 tempest-VolumesActionsTest-164642860 tempest-VolumesActionsTest-164642860-project-member] Determining version of request: GET /v2/images/e079998e-a34f-4134-9b86-04e1e4f8c0b3 Accept: application/json {{(pid=102007) process_request /opt/stack/glance/glance/api/middleware/version_negotiation.py:44}}
Jun 10 19:05:28.750360 np0000002537 devstack@g-api.service[102007]: DEBUG glance.api.middleware.version_negotiation [None req-e8b25463-cbfe-432d-8e7b-b3acb0333df0 tempest-VolumesActionsTest-164642860 tempest-VolumesActionsTest-164642860-project-member] Using url versioning {{(pid=102007) process_request /opt/stack/glance/glance/api/middleware/version_negotiation.py:57}}
Jun 10 19:05:28.750360 np0000002537 devstack@g-api.service[102007]: DEBUG glance.api.middleware.version_negotiation [None req-e8b25463-cbfe-432d-8e7b-b3acb0333df0 tempest-VolumesActionsTest-164642860 tempest-VolumesActionsTest-164642860-project-member] Matched version: v2 {{(pid=102007) process_request /opt/stack/glance/glance/api/middleware/version_negotiation.py:69}}
Jun 10 19:05:28.750360 np0000002537 devstack@g-api.service[102007]: DEBUG glance.api.middleware.version_negotiation [None req-e8b25463-cbfe-432d-8e7b-b3acb0333df0 tempest-VolumesActionsTest-164642860 tempest-VolumesActionsTest-164642860-project-member] new path /v2/images/e079998e-a34f-4134-9b86-04e1e4f8c0b3 {{(pid=102007) process_request /opt/stack/glance/glance/api/middleware/version_negotiation.py:70}}
Jun 10 19:05:28.768028 np0000002537 devstack@g-api.service[102007]: [pid: 102007|app: 0|req: 120/357] 127.0.0.1 () {40 vars in 838 bytes} [Wed Jun 10 19:05:28 2026] GET /v2/images/e079998e-a34f-4134-9b86-04e1e4f8c0b3 => generated 649 bytes in 16 msecs (HTTP/1.1 200) 4 headers in 157 bytes (1 switches on core 0)
Jun 10 19:05:28.904598 np0000002537 devstack@g-api.service[102006]: DEBUG dbcounter [-] [102006] Writing DB stats glance:SELECT=33,glance:UPDATE=4,glance:INSERT=1 {{(pid=102006) stat_writer /opt/stack/data/venv/lib/python3.12/site-packages/dbcounter.py:115}}
Jun 10 19:05:29.779646 np0000002537 devstack@g-api.service[102008]: DEBUG glance.api.middleware.version_negotiation [None req-68cbb41e-f99e-4dcd-9188-62733e5d2204 tempest-VolumesActionsTest-164642860 tempest-VolumesActionsTest-164642860-project-member] Determining version of request: GET /v2/images/e079998e-a34f-4134-9b86-04e1e4f8c0b3 Accept: application/json {{(pid=102008) process_request /opt/stack/glance/glance/api/middleware/version_negotiation.py:44}}
Jun 10 19:05:29.779646 np0000002537 devstack@g-api.service[102008]: DEBUG glance.api.middleware.version_negotiation [None req-68cbb41e-f99e-4dcd-9188-62733e5d2204 tempest-VolumesActionsTest-164642860 tempest-VolumesActionsTest-164642860-project-member] Using url versioning {{(pid=102008) process_request /opt/stack/glance/glance/api/middleware/version_negotiation.py:57}}
Jun 10 19:05:29.779646 np0000002537 devstack@g-api.service[102008]: DEBUG glance.api.middleware.version_negotiation [None req-68cbb41e-f99e-4dcd-9188-62733e5d2204 tempest-VolumesActionsTest-164642860 tempest-VolumesActionsTest-164642860-project-member] Matched version: v2 {{(pid=102008) process_request /opt/stack/glance/glance/api/middleware/version_negotiation.py:69}}
Jun 10 19:05:29.779646 np0000002537 devstack@g-api.service[102008]: DEBUG glance.api.middleware.version_negotiation [None req-68cbb41e-f99e-4dcd-9188-62733e5d2204 tempest-VolumesActionsTest-164642860 tempest-VolumesActionsTest-164642860-project-member] new path /v2/images/e079998e-a34f-4134-9b86-04e1e4f8c0b3 {{(pid=102008) process_request /opt/stack/glance/glance/api/middleware/version_negotiation.py:70}}
Jun 10 19:05:29.806037 np0000002537 devstack@g-api.service[102008]: [pid: 102008|app: 0|req: 124/358] 127.0.0.1 () {40 vars in 838 bytes} [Wed Jun 10 19:05:29 2026] GET /v2/images/e079998e-a34f-4134-9b86-04e1e4f8c0b3 => generated 649 bytes in 30 msecs (HTTP/1.1 200) 4 headers in 157 bytes (1 switches on core 0)
Jun 10 19:05:30.708286 np0000002537 devstack@g-api.service[102006]: DEBUG swiftclient [None req-68d4dab9-7bb4-4fac-93ce-f187a6837fd3 tempest-VolumesActionsTest-164642860 tempest-VolumesActionsTest-164642860-project-member] REQ: curl -i https://10.4.3.216:8080/v1/AUTH_76982b0f8e8e40ada734f62f483374fe/glance/e079998e-a34f-4134-9b86-04e1e4f8c0b3-00005 -X PUT -H "X-Auth-Token: gAAAAABqKbVuRSLJ..." {{(pid=102006) http_log /opt/stack/data/venv/lib/python3.12/site-packages/swiftclient/client.py:160}}
Jun 10 19:05:30.708286 np0000002537 devstack@g-api.service[102006]: DEBUG swiftclient [None req-68d4dab9-7bb4-4fac-93ce-f187a6837fd3 tempest-VolumesActionsTest-164642860 tempest-VolumesActionsTest-164642860-project-member] RESP STATUS: 201 Created {{(pid=102006) http_log /opt/stack/data/venv/lib/python3.12/site-packages/swiftclient/client.py:161}}
Jun 10 19:05:30.708286 np0000002537 devstack@g-api.service[102006]: DEBUG swiftclient [None req-68d4dab9-7bb4-4fac-93ce-f187a6837fd3 tempest-VolumesActionsTest-164642860 tempest-VolumesActionsTest-164642860-project-member] RESP HEADERS: {'Date': 'Wed, 10 Jun 2026 19:05:30 GMT', 'Server': 'Apache/2.4.58 (Ubuntu)', 'Content-Type': 'text/html; charset=UTF-8', 'Content-Length': '0', 'Etag': 'eda9a9889837ac4bc81d6387d92c1bec', 'Last-Modified': 'Wed, 10 Jun 2026 19:05:29 GMT', 'X-Trans-Id': 'txdbd51d941b3947bdb1f50-006a29b578', 'X-Openstack-Request-Id': 'txdbd51d941b3947bdb1f50-006a29b578', 'Connection': 'close'} {{(pid=102006) http_log /opt/stack/data/venv/lib/python3.12/site-packages/swiftclient/client.py:162}}
Jun 10 19:05:30.708286 np0000002537 devstack@g-api.service[102006]: DEBUG glance_store._drivers.swift.store [None req-68d4dab9-7bb4-4fac-93ce-f187a6837fd3 tempest-VolumesActionsTest-164642860 tempest-VolumesActionsTest-164642860-project-member] Wrote chunk e079998e-a34f-4134-9b86-04e1e4f8c0b3-00005 (5/?) of length 204800000 to Swift returning MD5 of content: eda9a9889837ac4bc81d6387d92c1bec {{(pid=102006) add /opt/stack/data/venv/lib/python3.12/site-packages/glance_store/_drivers/swift/store.py:1059}}
Jun 10 19:05:30.819062 np0000002537 devstack@g-api.service[102007]: DEBUG glance.api.middleware.version_negotiation [None req-0a394059-bd70-47da-ae20-52689130cb5c tempest-VolumesActionsTest-164642860 tempest-VolumesActionsTest-164642860-project-member] Determining version of request: GET /v2/images/e079998e-a34f-4134-9b86-04e1e4f8c0b3 Accept: application/json {{(pid=102007) process_request /opt/stack/glance/glance/api/middleware/version_negotiation.py:44}}
Jun 10 19:05:30.819548 np0000002537 devstack@g-api.service[102007]: DEBUG glance.api.middleware.version_negotiation [None req-0a394059-bd70-47da-ae20-52689130cb5c tempest-VolumesActionsTest-164642860 tempest-VolumesActionsTest-164642860-project-member] Using url versioning {{(pid=102007) process_request /opt/stack/glance/glance/api/middleware/version_negotiation.py:57}}
Jun 10 19:05:30.819548 np0000002537 devstack@g-api.service[102007]: DEBUG glance.api.middleware.version_negotiation [None req-0a394059-bd70-47da-ae20-52689130cb5c tempest-VolumesActionsTest-164642860 tempest-VolumesActionsTest-164642860-project-member] Matched version: v2 {{(pid=102007) process_request /opt/stack/glance/glance/api/middleware/version_negotiation.py:69}}
Jun 10 19:05:30.819640 np0000002537 devstack@g-api.service[102007]: DEBUG glance.api.middleware.version_negotiation [None req-0a394059-bd70-47da-ae20-52689130cb5c tempest-VolumesActionsTest-164642860 tempest-VolumesActionsTest-164642860-project-member] new path /v2/images/e079998e-a34f-4134-9b86-04e1e4f8c0b3 {{(pid=102007) process_request /opt/stack/glance/glance/api/middleware/version_negotiation.py:70}}
Jun 10 19:05:30.839752 np0000002537 devstack@g-api.service[102007]: [pid: 102007|app: 0|req: 121/359] 127.0.0.1 () {40 vars in 838 bytes} [Wed Jun 10 19:05:30 2026] GET /v2/images/e079998e-a34f-4134-9b86-04e1e4f8c0b3 => generated 649 bytes in 21 msecs (HTTP/1.1 200) 4 headers in 157 bytes (1 switches on core 0)
Jun 10 19:05:31.314368 np0000002537 devstack@g-api.service[102006]: DEBUG swiftclient [None req-68d4dab9-7bb4-4fac-93ce-f187a6837fd3 tempest-VolumesActionsTest-164642860 tempest-VolumesActionsTest-164642860-project-member] REQ: curl -i https://10.4.3.216:8080/v1/AUTH_76982b0f8e8e40ada734f62f483374fe/glance/e079998e-a34f-4134-9b86-04e1e4f8c0b3-00006 -X PUT -H "X-Auth-Token: gAAAAABqKbVuRSLJ..." {{(pid=102006) http_log /opt/stack/data/venv/lib/python3.12/site-packages/swiftclient/client.py:160}}
Jun 10 19:05:31.314368 np0000002537 devstack@g-api.service[102006]: DEBUG swiftclient [None req-68d4dab9-7bb4-4fac-93ce-f187a6837fd3 tempest-VolumesActionsTest-164642860 tempest-VolumesActionsTest-164642860-project-member] RESP STATUS: 201 Created {{(pid=102006) http_log /opt/stack/data/venv/lib/python3.12/site-packages/swiftclient/client.py:161}}
Jun 10 19:05:31.314368 np0000002537 devstack@g-api.service[102006]: DEBUG swiftclient [None req-68d4dab9-7bb4-4fac-93ce-f187a6837fd3 tempest-VolumesActionsTest-164642860 tempest-VolumesActionsTest-164642860-project-member] RESP HEADERS: {'Date': 'Wed, 10 Jun 2026 19:05:31 GMT', 'Server': 'Apache/2.4.58 (Ubuntu)', 'Content-Type': 'text/html; charset=UTF-8', 'Content-Length': '0', 'Etag': '708761f3b8777ec77058e63da08eeeb6', 'Last-Modified': 'Wed, 10 Jun 2026 19:05:31 GMT', 'X-Trans-Id': 'tx4ed83b5c142141a5ab512-006a29b57a', 'X-Openstack-Request-Id': 'tx4ed83b5c142141a5ab512-006a29b57a', 'Connection': 'close'} {{(pid=102006) http_log /opt/stack/data/venv/lib/python3.12/site-packages/swiftclient/client.py:162}}
Jun 10 19:05:31.314595 np0000002537 devstack@g-api.service[102006]: DEBUG glance_store._drivers.swift.store [None req-68d4dab9-7bb4-4fac-93ce-f187a6837fd3 tempest-VolumesActionsTest-164642860 tempest-VolumesActionsTest-164642860-project-member] Wrote chunk e079998e-a34f-4134-9b86-04e1e4f8c0b3-00006 (6/?) of length 49741824 to Swift returning MD5 of content: 708761f3b8777ec77058e63da08eeeb6 {{(pid=102006) add /opt/stack/data/venv/lib/python3.12/site-packages/glance_store/_drivers/swift/store.py:1059}}
Jun 10 19:05:31.315367 np0000002537 devstack@g-api.service[102006]: DEBUG glance_store._drivers.swift.store [None req-68d4dab9-7bb4-4fac-93ce-f187a6837fd3 tempest-VolumesActionsTest-164642860 tempest-VolumesActionsTest-164642860-project-member] Not writing zero-length chunk. {{(pid=102006) add /opt/stack/data/venv/lib/python3.12/site-packages/glance_store/_drivers/swift/store.py:1028}}
Jun 10 19:05:31.353002 np0000002537 devstack@g-api.service[102006]: DEBUG swiftclient [None req-68d4dab9-7bb4-4fac-93ce-f187a6837fd3 tempest-VolumesActionsTest-164642860 tempest-VolumesActionsTest-164642860-project-member] REQ: curl -i https://10.4.3.216:8080/v1/AUTH_76982b0f8e8e40ada734f62f483374fe/glance/e079998e-a34f-4134-9b86-04e1e4f8c0b3 -X PUT -H "X-Object-Manifest: glance/e079998e-a34f-4134-9b86-04e1e4f8c0b3-" -H "X-Auth-Token: gAAAAABqKbVuRSLJ..." -H "Content-Length: 0" {{(pid=102006) http_log /opt/stack/data/venv/lib/python3.12/site-packages/swiftclient/client.py:160}}
Jun 10 19:05:31.353178 np0000002537 devstack@g-api.service[102006]: DEBUG swiftclient [None req-68d4dab9-7bb4-4fac-93ce-f187a6837fd3 tempest-VolumesActionsTest-164642860 tempest-VolumesActionsTest-164642860-project-member] RESP STATUS: 201 Created {{(pid=102006) http_log /opt/stack/data/venv/lib/python3.12/site-packages/swiftclient/client.py:161}}
Jun 10 19:05:31.353411 np0000002537 devstack@g-api.service[102006]: DEBUG swiftclient [None req-68d4dab9-7bb4-4fac-93ce-f187a6837fd3 tempest-VolumesActionsTest-164642860 tempest-VolumesActionsTest-164642860-project-member] RESP HEADERS: {'Date': 'Wed, 10 Jun 2026 19:05:31 GMT', 'Server': 'Apache/2.4.58 (Ubuntu)', 'Content-Type': 'text/html; charset=UTF-8', 'Content-Length': '0', 'Etag': 'd41d8cd98f00b204e9800998ecf8427e', 'Last-Modified': 'Wed, 10 Jun 2026 19:05:32 GMT', 'X-Trans-Id': 'txebdd0a1423e146b79500c-006a29b57b', 'X-Openstack-Request-Id': 'txebdd0a1423e146b79500c-006a29b57b', 'Connection': 'close'} {{(pid=102006) http_log /opt/stack/data/venv/lib/python3.12/site-packages/swiftclient/client.py:162}}
Jun 10 19:05:31.353931 np0000002537 devstack@g-api.service[102006]: INFO glance.location [None req-68d4dab9-7bb4-4fac-93ce-f187a6837fd3 tempest-VolumesActionsTest-164642860 tempest-VolumesActionsTest-164642860-project-member] Image format matched and virtual size computed: 1073741824
Jun 10 19:05:31.390920 np0000002537 devstack@g-api.service[102006]: DEBUG glance_store.backend [None req-68d4dab9-7bb4-4fac-93ce-f187a6837fd3 tempest-VolumesActionsTest-164642860 tempest-VolumesActionsTest-164642860-project-member] Attempting to import store swift {{(pid=102006) _load_store /opt/stack/data/venv/lib/python3.12/site-packages/glance_store/backend.py:215}}
Jun 10 19:05:31.392473 np0000002537 devstack@g-api.service[102006]: DEBUG glance_store.capabilities [None req-68d4dab9-7bb4-4fac-93ce-f187a6837fd3 tempest-VolumesActionsTest-164642860 tempest-VolumesActionsTest-164642860-project-member] Store glance_store._drivers.swift.store.SingleTenantStore doesn't support updating dynamic storage capabilities. Please overwrite 'update_capabilities' method of the store to implement updating logics if needed. {{(pid=102006) update_capabilities /opt/stack/data/venv/lib/python3.12/site-packages/glance_store/capabilities.py:91}}
Jun 10 19:05:31.392643 np0000002537 devstack@g-api.service[102006]: DEBUG glance_store.driver [None req-68d4dab9-7bb4-4fac-93ce-f187a6837fd3 tempest-VolumesActionsTest-164642860 tempest-VolumesActionsTest-164642860-project-member] Late loading location class glance_store._drivers.swift.store.StoreLocation {{(pid=102006) get_store_location_class /opt/stack/data/venv/lib/python3.12/site-packages/glance_store/driver.py:134}}
Jun 10 19:05:31.392779 np0000002537 devstack@g-api.service[102006]: DEBUG glance_store.location [None req-68d4dab9-7bb4-4fac-93ce-f187a6837fd3 tempest-VolumesActionsTest-164642860 tempest-VolumesActionsTest-164642860-project-member] Registering scheme swift+https with {'store': , 'location_class': , 'store_entry': 'swift'} {{(pid=102006) register_scheme_map /opt/stack/data/venv/lib/python3.12/site-packages/glance_store/location.py:146}}
Jun 10 19:05:31.392931 np0000002537 devstack@g-api.service[102006]: DEBUG glance_store.location [None req-68d4dab9-7bb4-4fac-93ce-f187a6837fd3 tempest-VolumesActionsTest-164642860 tempest-VolumesActionsTest-164642860-project-member] Registering scheme swift+https with {'store': , 'location_class': , 'store_entry': 'swift'} {{(pid=102006) register_scheme_map /opt/stack/data/venv/lib/python3.12/site-packages/glance_store/location.py:146}}
Jun 10 19:05:31.393001 np0000002537 devstack@g-api.service[102006]: DEBUG glance_store.location [None req-68d4dab9-7bb4-4fac-93ce-f187a6837fd3 tempest-VolumesActionsTest-164642860 tempest-VolumesActionsTest-164642860-project-member] Registering scheme swift with {'store': , 'location_class': , 'store_entry': 'swift'} {{(pid=102006) register_scheme_map /opt/stack/data/venv/lib/python3.12/site-packages/glance_store/location.py:146}}
Jun 10 19:05:31.393060 np0000002537 devstack@g-api.service[102006]: DEBUG glance_store.location [None req-68d4dab9-7bb4-4fac-93ce-f187a6837fd3 tempest-VolumesActionsTest-164642860 tempest-VolumesActionsTest-164642860-project-member] Registering scheme swift+https with {'store': , 'location_class': , 'store_entry': 'swift'} {{(pid=102006) register_scheme_map /opt/stack/data/venv/lib/python3.12/site-packages/glance_store/location.py:146}}
Jun 10 19:05:31.393174 np0000002537 devstack@g-api.service[102006]: DEBUG glance_store.location [None req-68d4dab9-7bb4-4fac-93ce-f187a6837fd3 tempest-VolumesActionsTest-164642860 tempest-VolumesActionsTest-164642860-project-member] Registering scheme swift with {'store': , 'location_class': , 'store_entry': 'swift'} {{(pid=102006) register_scheme_map /opt/stack/data/venv/lib/python3.12/site-packages/glance_store/location.py:146}}
Jun 10 19:05:31.393272 np0000002537 devstack@g-api.service[102006]: DEBUG glance_store.location [None req-68d4dab9-7bb4-4fac-93ce-f187a6837fd3 tempest-VolumesActionsTest-164642860 tempest-VolumesActionsTest-164642860-project-member] Registering scheme swift+http with {'store': , 'location_class': , 'store_entry': 'swift'} {{(pid=102006) register_scheme_map /opt/stack/data/venv/lib/python3.12/site-packages/glance_store/location.py:146}}
Jun 10 19:05:31.393375 np0000002537 devstack@g-api.service[102006]: DEBUG glance_store.location [None req-68d4dab9-7bb4-4fac-93ce-f187a6837fd3 tempest-VolumesActionsTest-164642860 tempest-VolumesActionsTest-164642860-project-member] Registering scheme swift+https with {'store': , 'location_class': , 'store_entry': 'swift'} {{(pid=102006) register_scheme_map /opt/stack/data/venv/lib/python3.12/site-packages/glance_store/location.py:146}}
Jun 10 19:05:31.393465 np0000002537 devstack@g-api.service[102006]: DEBUG glance_store.location [None req-68d4dab9-7bb4-4fac-93ce-f187a6837fd3 tempest-VolumesActionsTest-164642860 tempest-VolumesActionsTest-164642860-project-member] Registering scheme swift with {'store': , 'location_class': , 'store_entry': 'swift'} {{(pid=102006) register_scheme_map /opt/stack/data/venv/lib/python3.12/site-packages/glance_store/location.py:146}}
Jun 10 19:05:31.393585 np0000002537 devstack@g-api.service[102006]: DEBUG glance_store.location [None req-68d4dab9-7bb4-4fac-93ce-f187a6837fd3 tempest-VolumesActionsTest-164642860 tempest-VolumesActionsTest-164642860-project-member] Registering scheme swift+http with {'store': , 'location_class': , 'store_entry': 'swift'} {{(pid=102006) register_scheme_map /opt/stack/data/venv/lib/python3.12/site-packages/glance_store/location.py:146}}
