Jun 04 12:46:49.989027 np0000002144 devstack@g-api.service[101958]: DEBUG glance_store.location [-] Registering scheme file with {'store': , 'location_class': , 'store_entry': 'file'} {{(pid=101958) register_scheme_map /opt/stack/data/venv/lib/python3.12/site-packages/glance_store/location.py:146}}
Jun 04 12:46:49.989082 np0000002144 devstack@g-api.service[101958]: DEBUG glance_store.location [-] Registering scheme filesystem with {'store': , 'location_class': , 'store_entry': 'file'} {{(pid=101958) register_scheme_map /opt/stack/data/venv/lib/python3.12/site-packages/glance_store/location.py:146}}
Jun 04 12:46:49.989129 np0000002144 devstack@g-api.service[101958]: DEBUG glance_store.backend [-] Attempting to import store swift {{(pid=101958) _load_store /opt/stack/data/venv/lib/python3.12/site-packages/glance_store/backend.py:215}}
Jun 04 12:46:49.989305 np0000002144 devstack@g-api.service[101958]: WARNING oslo_config.cfg [-] Deprecated: Option "default_store" from group "glance_store" is deprecated for removal (
Jun 04 12:46:49.989305 np0000002144 devstack@g-api.service[101958]: This option is deprecated against new config option
Jun 04 12:46:49.989305 np0000002144 devstack@g-api.service[101958]: ``default_backend`` which acts similar to ``default_store`` config
Jun 04 12:46:49.989305 np0000002144 devstack@g-api.service[101958]: option.
Jun 04 12:46:49.989305 np0000002144 devstack@g-api.service[101958]: This option is scheduled for removal in the U development
Jun 04 12:46:49.989305 np0000002144 devstack@g-api.service[101958]: cycle.
Jun 04 12:46:49.989305 np0000002144 devstack@g-api.service[101958]: ). Its value may be silently ignored in the future.
Jun 04 12:46:49.990898 np0000002144 devstack@g-api.service[101958]: DEBUG glance_store.capabilities [-] Store glance_store._drivers.swift.store.SingleTenantStore doesn't support updating dynamic storage capabilities. Please overwrite 'update_capabilities' method of the store to implement updating logics if needed. {{(pid=101958) update_capabilities /opt/stack/data/venv/lib/python3.12/site-packages/glance_store/capabilities.py:91}}
Jun 04 12:46:49.990965 np0000002144 devstack@g-api.service[101958]: DEBUG glance_store.backend [-] Registering store swift with schemes ('swift+https', 'swift', 'swift+http', 'swift+config') {{(pid=101958) create_stores /opt/stack/data/venv/lib/python3.12/site-packages/glance_store/backend.py:261}}
Jun 04 12:46:49.990994 np0000002144 devstack@g-api.service[101958]: DEBUG glance_store.driver [-] Late loading location class glance_store._drivers.swift.store.StoreLocation {{(pid=101958) get_store_location_class /opt/stack/data/venv/lib/python3.12/site-packages/glance_store/driver.py:134}}
Jun 04 12:46:49.991063 np0000002144 devstack@g-api.service[101958]: DEBUG glance_store.location [-] Registering scheme swift+https with {'store': , 'location_class': , 'store_entry': 'swift'} {{(pid=101958) register_scheme_map /opt/stack/data/venv/lib/python3.12/site-packages/glance_store/location.py:146}}
Jun 04 12:46:49.991108 np0000002144 devstack@g-api.service[101958]: DEBUG glance_store.location [-] Registering scheme swift with {'store': , 'location_class': , 'store_entry': 'swift'} {{(pid=101958) register_scheme_map /opt/stack/data/venv/lib/python3.12/site-packages/glance_store/location.py:146}}
Jun 04 12:46:49.991153 np0000002144 devstack@g-api.service[101958]: DEBUG glance_store.location [-] Registering scheme swift+http with {'store': , 'location_class': , 'store_entry': 'swift'} {{(pid=101958) register_scheme_map /opt/stack/data/venv/lib/python3.12/site-packages/glance_store/location.py:146}}
Jun 04 12:46:49.991200 np0000002144 devstack@g-api.service[101958]: DEBUG glance_store.location [-] Registering scheme swift+config with {'store': , 'location_class': , 'store_entry': 'swift'} {{(pid=101958) register_scheme_map /opt/stack/data/venv/lib/python3.12/site-packages/glance_store/location.py:146}}
Jun 04 12:46:49.991299 np0000002144 devstack@g-api.service[101958]: DEBUG glance_store.backend [-] Attempting to import store swift {{(pid=101958) _load_store /opt/stack/data/venv/lib/python3.12/site-packages/glance_store/backend.py:215}}
Jun 04 12:46:49.992303 np0000002144 devstack@g-api.service[101958]: DEBUG glance_store.capabilities [-] Store glance_store._drivers.swift.store.SingleTenantStore doesn't support updating dynamic storage capabilities. Please overwrite 'update_capabilities' method of the store to implement updating logics if needed. {{(pid=101958) update_capabilities /opt/stack/data/venv/lib/python3.12/site-packages/glance_store/capabilities.py:91}}
Jun 04 12:46:49.992352 np0000002144 devstack@g-api.service[101958]: DEBUG glance_store.driver [-] Late loading location class glance_store._drivers.swift.store.StoreLocation {{(pid=101958) get_store_location_class /opt/stack/data/venv/lib/python3.12/site-packages/glance_store/driver.py:134}}
Jun 04 12:46:49.992413 np0000002144 devstack@g-api.service[101958]: DEBUG glance_store.location [-] Registering scheme swift+https with {'store': , 'location_class': , 'store_entry': 'swift'} {{(pid=101958) register_scheme_map /opt/stack/data/venv/lib/python3.12/site-packages/glance_store/location.py:146}}
Jun 04 12:46:49.992458 np0000002144 devstack@g-api.service[101958]: DEBUG glance_store.location [-] Registering scheme swift+https with {'store': , 'location_class': , 'store_entry': 'swift'} {{(pid=101958) register_scheme_map /opt/stack/data/venv/lib/python3.12/site-packages/glance_store/location.py:146}}
Jun 04 12:46:49.992541 np0000002144 devstack@g-api.service[101958]: DEBUG glance_store.location [-] Registering scheme swift with {'store': , 'location_class': , 'store_entry': 'swift'} {{(pid=101958) register_scheme_map /opt/stack/data/venv/lib/python3.12/site-packages/glance_store/location.py:146}}
Jun 04 12:46:49.992644 np0000002144 devstack@g-api.service[101958]: DEBUG glance_store.location [-] Registering scheme swift+https with {'store': , 'location_class': , 'store_entry': 'swift'} {{(pid=101958) register_scheme_map /opt/stack/data/venv/lib/python3.12/site-packages/glance_store/location.py:146}}
Jun 04 12:46:49.992740 np0000002144 devstack@g-api.service[101958]: DEBUG glance_store.location [-] Registering scheme swift with {'store': , 'location_class': , 'store_entry': 'swift'} {{(pid=101958) register_scheme_map /opt/stack/data/venv/lib/python3.12/site-packages/glance_store/location.py:146}}
Jun 04 12:46:49.992804 np0000002144 devstack@g-api.service[101958]: DEBUG glance_store.location [-] Registering scheme swift+http with {'store': , 'location_class': , 'store_entry': 'swift'} {{(pid=101958) register_scheme_map /opt/stack/data/venv/lib/python3.12/site-packages/glance_store/location.py:146}}
Jun 04 12:46:49.992854 np0000002144 devstack@g-api.service[101958]: DEBUG glance_store.location [-] Registering scheme swift+https with {'store': , 'location_class': , 'store_entry': 'swift'} {{(pid=101958) register_scheme_map /opt/stack/data/venv/lib/python3.12/site-packages/glance_store/location.py:146}}
Jun 04 12:46:49.992902 np0000002144 devstack@g-api.service[101958]: DEBUG glance_store.location [-] Registering scheme swift with {'store': , 'location_class': , 'store_entry': 'swift'} {{(pid=101958) register_scheme_map /opt/stack/data/venv/lib/python3.12/site-packages/glance_store/location.py:146}}
Jun 04 12:46:49.992951 np0000002144 devstack@g-api.service[101958]: DEBUG glance_store.location [-] Registering scheme swift+http with {'store': , 'location_class': , 'store_entry': 'swift'} {{(pid=101958) register_scheme_map /opt/stack/data/venv/lib/python3.12/site-packages/glance_store/location.py:146}}
Jun 04 12:46:49.992998 np0000002144 devstack@g-api.service[101958]: DEBUG glance_store.location [-] Registering scheme swift+config with {'store': , 'location_class': , 'store_entry': 'swift'} {{(pid=101958) register_scheme_map /opt/stack/data/venv/lib/python3.12/site-packages/glance_store/location.py:146}}
Jun 04 12:46:49.993269 np0000002144 devstack@g-api.service[101958]: DEBUG glance.sqlite_migration [-] SQLite caching database not located, skipping migration {{(pid=101958) get_db_path /opt/stack/glance/glance/sqlite_migration.py:68}}
Jun 04 12:46:49.993439 np0000002144 devstack@g-api.service[101958]: WARNING glance.common.wsgi_app [-] Import methods are enabled but staging directory /tmp/staging/ does not exist; Imports will fail!
Jun 04 12:46:50.244499 np0000002144 devstack@g-api.service[101959]: DEBUG glance.common.config [None req-34979048-1d47-44ff-969f-de4180c3cc49 None None] Loading glance-api-keystone+cachemanagement from /etc/glance/glance-api-paste.ini {{(pid=101959) load_paste_app /opt/stack/glance/glance/common/config.py:758}}
Jun 04 12:46:50.263306 np0000002144 devstack@g-api.service[101960]: DEBUG glance.common.config [None req-4a6b5973-9139-4026-95f1-ffd2b94a19c8 None None] Loading glance-api-keystone+cachemanagement from /etc/glance/glance-api-paste.ini {{(pid=101960) load_paste_app /opt/stack/glance/glance/common/config.py:758}}
Jun 04 12:46:50.279486 np0000002144 devstack@g-api.service[101958]: DEBUG glance.common.config [None req-3371248c-e253-4a3e-875f-53ebd20cfd13 None None] Loading glance-api-keystone+cachemanagement from /etc/glance/glance-api-paste.ini {{(pid=101958) load_paste_app /opt/stack/glance/glance/common/config.py:758}}
Jun 04 12:46:50.840246 np0000002144 devstack@g-api.service[101960]: INFO glance.image_cache [None req-4a6b5973-9139-4026-95f1-ffd2b94a19c8 None None] Image cache loaded driver 'centralized_db'.
Jun 04 12:46:50.840708 np0000002144 devstack@g-api.service[101959]: INFO glance.image_cache [None req-34979048-1d47-44ff-969f-de4180c3cc49 None None] Image cache loaded driver 'centralized_db'.
Jun 04 12:46:50.843575 np0000002144 devstack@g-api.service[101958]: INFO glance.image_cache [None req-3371248c-e253-4a3e-875f-53ebd20cfd13 None None] Image cache loaded driver 'centralized_db'.
Jun 04 12:46:50.888451 np0000002144 devstack@g-api.service[101960]: INFO dbcounter [None req-4a6b5973-9139-4026-95f1-ffd2b94a19c8 None None] Registered counter for database glance
Jun 04 12:46:50.890195 np0000002144 devstack@g-api.service[101959]: INFO dbcounter [None req-34979048-1d47-44ff-969f-de4180c3cc49 None None] Registered counter for database glance
Jun 04 12:46:50.890566 np0000002144 devstack@g-api.service[101958]: INFO dbcounter [None req-3371248c-e253-4a3e-875f-53ebd20cfd13 None None] Registered counter for database glance
Jun 04 12:46:50.931556 np0000002144 devstack@g-api.service[101959]: DEBUG oslo_db.sqlalchemy.engines [None req-34979048-1d47-44ff-969f-de4180c3cc49 None None] MySQL server mode set to STRICT_TRANS_TABLES,STRICT_ALL_TABLES,NO_ZERO_IN_DATE,NO_ZERO_DATE,ERROR_FOR_DIVISION_BY_ZERO,TRADITIONAL,NO_ENGINE_SUBSTITUTION {{(pid=101959) _check_effective_sql_mode /opt/stack/data/venv/lib/python3.12/site-packages/oslo_db/sqlalchemy/engines.py:325}}
Jun 04 12:46:50.934232 np0000002144 devstack@g-api.service[101960]: DEBUG oslo_db.sqlalchemy.engines [None req-4a6b5973-9139-4026-95f1-ffd2b94a19c8 None None] MySQL server mode set to STRICT_TRANS_TABLES,STRICT_ALL_TABLES,NO_ZERO_IN_DATE,NO_ZERO_DATE,ERROR_FOR_DIVISION_BY_ZERO,TRADITIONAL,NO_ENGINE_SUBSTITUTION {{(pid=101960) _check_effective_sql_mode /opt/stack/data/venv/lib/python3.12/site-packages/oslo_db/sqlalchemy/engines.py:325}}
Jun 04 12:46:50.937418 np0000002144 devstack@g-api.service[101958]: DEBUG oslo_db.sqlalchemy.engines [None req-3371248c-e253-4a3e-875f-53ebd20cfd13 None None] MySQL server mode set to STRICT_TRANS_TABLES,STRICT_ALL_TABLES,NO_ZERO_IN_DATE,NO_ZERO_DATE,ERROR_FOR_DIVISION_BY_ZERO,TRADITIONAL,NO_ENGINE_SUBSTITUTION {{(pid=101958) _check_effective_sql_mode /opt/stack/data/venv/lib/python3.12/site-packages/oslo_db/sqlalchemy/engines.py:325}}
Jun 04 12:46:50.953825 np0000002144 devstack@g-api.service[101959]: DEBUG dbcounter [-] [101959] Writer thread running {{(pid=101959) stat_writer /opt/stack/data/venv/lib/python3.12/site-packages/dbcounter.py:102}}
Jun 04 12:46:50.954642 np0000002144 devstack@g-api.service[101960]: DEBUG dbcounter [-] [101960] Writer thread running {{(pid=101960) stat_writer /opt/stack/data/venv/lib/python3.12/site-packages/dbcounter.py:102}}
Jun 04 12:46:50.959412 np0000002144 devstack@g-api.service[101960]: DEBUG glance.image_cache.drivers.centralized_db [None req-4a6b5973-9139-4026-95f1-ffd2b94a19c8 None None] Node reference is already recorded, ignoring it {{(pid=101960) configure /opt/stack/glance/glance/image_cache/drivers/centralized_db.py:71}}
Jun 04 12:46:50.960357 np0000002144 devstack@g-api.service[101958]: DEBUG dbcounter [-] [101958] Writer thread running {{(pid=101958) stat_writer /opt/stack/data/venv/lib/python3.12/site-packages/dbcounter.py:102}}
Jun 04 12:46:50.962831 np0000002144 devstack@g-api.service[101958]: DEBUG glance.image_cache.drivers.centralized_db [None req-3371248c-e253-4a3e-875f-53ebd20cfd13 None None] Node reference is already recorded, ignoring it {{(pid=101958) configure /opt/stack/glance/glance/image_cache/drivers/centralized_db.py:71}}
Jun 04 12:46:50.964813 np0000002144 devstack@g-api.service[101959]: INFO glance.image_cache [None req-34979048-1d47-44ff-969f-de4180c3cc49 None None] Image cache loaded driver 'centralized_db'.
Jun 04 12:46:50.965321 np0000002144 devstack@g-api.service[101960]: INFO glance.image_cache [None req-4a6b5973-9139-4026-95f1-ffd2b94a19c8 None None] Image cache loaded driver 'centralized_db'.
Jun 04 12:46:50.967834 np0000002144 devstack@g-api.service[101958]: INFO glance.image_cache [None req-3371248c-e253-4a3e-875f-53ebd20cfd13 None None] Image cache loaded driver 'centralized_db'.
Jun 04 12:46:50.971607 np0000002144 devstack@g-api.service[101960]: DEBUG glance.image_cache.drivers.centralized_db [None req-4a6b5973-9139-4026-95f1-ffd2b94a19c8 None None] Node reference is already recorded, ignoring it {{(pid=101960) configure /opt/stack/glance/glance/image_cache/drivers/centralized_db.py:71}}
Jun 04 12:46:50.971688 np0000002144 devstack@g-api.service[101959]: DEBUG glance.image_cache.drivers.centralized_db [None req-34979048-1d47-44ff-969f-de4180c3cc49 None None] Node reference is already recorded, ignoring it {{(pid=101959) configure /opt/stack/glance/glance/image_cache/drivers/centralized_db.py:71}}
Jun 04 12:46:50.974369 np0000002144 devstack@g-api.service[101958]: DEBUG glance.image_cache.drivers.centralized_db [None req-3371248c-e253-4a3e-875f-53ebd20cfd13 None None] Node reference is already recorded, ignoring it {{(pid=101958) configure /opt/stack/glance/glance/image_cache/drivers/centralized_db.py:71}}
Jun 04 12:46:50.978213 np0000002144 devstack@g-api.service[101960]: DEBUG glance.api.v2.cached_images [None req-4a6b5973-9139-4026-95f1-ffd2b94a19c8 None None] Started cache worker thread {{(pid=101960) __init__ /opt/stack/glance/glance/api/v2/cached_images.py:69}}
Jun 04 12:46:50.978294 np0000002144 devstack@g-api.service[101959]: DEBUG glance.api.v2.cached_images [None req-34979048-1d47-44ff-969f-de4180c3cc49 None None] Started cache worker thread {{(pid=101959) __init__ /opt/stack/glance/glance/api/v2/cached_images.py:69}}
Jun 04 12:46:50.978870 np0000002144 devstack@g-api.service[101958]: DEBUG glance.api.v2.cached_images [None req-3371248c-e253-4a3e-875f-53ebd20cfd13 None None] Started cache worker thread {{(pid=101958) __init__ /opt/stack/glance/glance/api/v2/cached_images.py:69}}
Jun 04 12:46:50.979046 np0000002144 devstack@g-api.service[101959]: INFO glance.image_cache [None req-34979048-1d47-44ff-969f-de4180c3cc49 None None] Image cache loaded driver 'centralized_db'.
Jun 04 12:46:50.979101 np0000002144 devstack@g-api.service[101960]: INFO glance.image_cache [None req-4a6b5973-9139-4026-95f1-ffd2b94a19c8 None None] Image cache loaded driver 'centralized_db'.
Jun 04 12:46:50.979424 np0000002144 devstack@g-api.service[101958]: INFO glance.image_cache [None req-3371248c-e253-4a3e-875f-53ebd20cfd13 None None] Image cache loaded driver 'centralized_db'.
Jun 04 12:46:50.985629 np0000002144 devstack@g-api.service[101958]: DEBUG glance.image_cache.drivers.centralized_db [None req-3371248c-e253-4a3e-875f-53ebd20cfd13 None None] Node reference is already recorded, ignoring it {{(pid=101958) configure /opt/stack/glance/glance/image_cache/drivers/centralized_db.py:71}}
Jun 04 12:46:50.987399 np0000002144 devstack@g-api.service[101959]: DEBUG glance.image_cache.drivers.centralized_db [None req-34979048-1d47-44ff-969f-de4180c3cc49 None None] Node reference is already recorded, ignoring it {{(pid=101959) configure /opt/stack/glance/glance/image_cache/drivers/centralized_db.py:71}}
Jun 04 12:46:50.987523 np0000002144 devstack@g-api.service[101960]: DEBUG glance.image_cache.drivers.centralized_db [None req-4a6b5973-9139-4026-95f1-ffd2b94a19c8 None None] Node reference is already recorded, ignoring it {{(pid=101960) configure /opt/stack/glance/glance/image_cache/drivers/centralized_db.py:71}}
Jun 04 12:46:50.990045 np0000002144 devstack@g-api.service[101958]: INFO glance.api.middleware.cache_manage [None req-3371248c-e253-4a3e-875f-53ebd20cfd13 None None] Initialized image cache management middleware
Jun 04 12:46:50.990164 np0000002144 devstack@g-api.service[101958]: INFO glance.image_cache [None req-3371248c-e253-4a3e-875f-53ebd20cfd13 None None] Image cache loaded driver 'centralized_db'.
Jun 04 12:46:50.992051 np0000002144 devstack@g-api.service[101959]: INFO glance.api.middleware.cache_manage [None req-34979048-1d47-44ff-969f-de4180c3cc49 None None] Initialized image cache management middleware
Jun 04 12:46:50.992140 np0000002144 devstack@g-api.service[101960]: INFO glance.api.middleware.cache_manage [None req-4a6b5973-9139-4026-95f1-ffd2b94a19c8 None None] Initialized image cache management middleware
Jun 04 12:46:50.992226 np0000002144 devstack@g-api.service[101960]: INFO glance.image_cache [None req-4a6b5973-9139-4026-95f1-ffd2b94a19c8 None None] Image cache loaded driver 'centralized_db'.
Jun 04 12:46:50.992276 np0000002144 devstack@g-api.service[101959]: INFO glance.image_cache [None req-34979048-1d47-44ff-969f-de4180c3cc49 None None] Image cache loaded driver 'centralized_db'.
Jun 04 12:46:50.996632 np0000002144 devstack@g-api.service[101958]: DEBUG glance.image_cache.drivers.centralized_db [None req-3371248c-e253-4a3e-875f-53ebd20cfd13 None None] Node reference is already recorded, ignoring it {{(pid=101958) configure /opt/stack/glance/glance/image_cache/drivers/centralized_db.py:71}}
Jun 04 12:46:50.998604 np0000002144 devstack@g-api.service[101959]: DEBUG glance.image_cache.drivers.centralized_db [None req-34979048-1d47-44ff-969f-de4180c3cc49 None None] Node reference is already recorded, ignoring it {{(pid=101959) configure /opt/stack/glance/glance/image_cache/drivers/centralized_db.py:71}}
Jun 04 12:46:50.998754 np0000002144 devstack@g-api.service[101960]: DEBUG glance.image_cache.drivers.centralized_db [None req-4a6b5973-9139-4026-95f1-ffd2b94a19c8 None None] Node reference is already recorded, ignoring it {{(pid=101960) configure /opt/stack/glance/glance/image_cache/drivers/centralized_db.py:71}}
Jun 04 12:46:51.001081 np0000002144 devstack@g-api.service[101958]: INFO glance.api.middleware.cache [None req-3371248c-e253-4a3e-875f-53ebd20cfd13 None None] Initialized image cache middleware
Jun 04 12:46:51.002074 np0000002144 devstack@g-api.service[101959]: INFO glance.api.middleware.cache [None req-34979048-1d47-44ff-969f-de4180c3cc49 None None] Initialized image cache middleware
Jun 04 12:46:51.002801 np0000002144 devstack@g-api.service[101960]: INFO glance.api.middleware.cache [None req-4a6b5973-9139-4026-95f1-ffd2b94a19c8 None None] Initialized image cache middleware
Jun 04 12:46:51.015794 np0000002144 devstack@g-api.service[101960]: DEBUG glance.common.config [None req-4a6b5973-9139-4026-95f1-ffd2b94a19c8 None None] ******************************************************************************** {{(pid=101960) log_opt_values /opt/stack/data/venv/lib/python3.12/site-packages/oslo_config/cfg.py:3229}}
Jun 04 12:46:51.015966 np0000002144 devstack@g-api.service[101960]: DEBUG glance.common.config [None req-4a6b5973-9139-4026-95f1-ffd2b94a19c8 None None] Configuration options gathered from: {{(pid=101960) log_opt_values /opt/stack/data/venv/lib/python3.12/site-packages/oslo_config/cfg.py:3230}}
Jun 04 12:46:51.016316 np0000002144 devstack@g-api.service[101960]: DEBUG glance.common.config [None req-4a6b5973-9139-4026-95f1-ffd2b94a19c8 None None] command line args: [] {{(pid=101960) log_opt_values /opt/stack/data/venv/lib/python3.12/site-packages/oslo_config/cfg.py:3231}}
Jun 04 12:46:51.016440 np0000002144 devstack@g-api.service[101960]: DEBUG glance.common.config [None req-4a6b5973-9139-4026-95f1-ffd2b94a19c8 None None] config files: ['/etc/glance/glance-image-import.conf', '/etc/glance/glance-api.conf'] {{(pid=101960) log_opt_values /opt/stack/data/venv/lib/python3.12/site-packages/oslo_config/cfg.py:3232}}
Jun 04 12:46:51.016500 np0000002144 devstack@g-api.service[101960]: DEBUG glance.common.config [None req-4a6b5973-9139-4026-95f1-ffd2b94a19c8 None None] ================================================================================ {{(pid=101960) log_opt_values /opt/stack/data/venv/lib/python3.12/site-packages/oslo_config/cfg.py:3237}}
Jun 04 12:46:51.016660 np0000002144 devstack@g-api.service[101960]: DEBUG glance.common.config [None req-4a6b5973-9139-4026-95f1-ffd2b94a19c8 None None] allow_anonymous_access = False {{(pid=101960) log_opt_values /opt/stack/data/venv/lib/python3.12/site-packages/oslo_config/cfg.py:3245}}
Jun 04 12:46:51.016792 np0000002144 devstack@g-api.service[101960]: DEBUG glance.common.config [None req-4a6b5973-9139-4026-95f1-ffd2b94a19c8 None None] api_limit_max = 1000 {{(pid=101960) log_opt_values /opt/stack/data/venv/lib/python3.12/site-packages/oslo_config/cfg.py:3245}}
Jun 04 12:46:51.016868 np0000002144 devstack@g-api.service[101960]: DEBUG glance.common.config [None req-4a6b5973-9139-4026-95f1-ffd2b94a19c8 None None] backlog = 4096 {{(pid=101960) log_opt_values /opt/stack/data/venv/lib/python3.12/site-packages/oslo_config/cfg.py:3245}}
Jun 04 12:46:51.017005 np0000002144 devstack@g-api.service[101960]: DEBUG glance.common.config [None req-4a6b5973-9139-4026-95f1-ffd2b94a19c8 None None] bind_host = 0.0.0.0 {{(pid=101960) log_opt_values /opt/stack/data/venv/lib/python3.12/site-packages/oslo_config/cfg.py:3245}}
Jun 04 12:46:51.017142 np0000002144 devstack@g-api.service[101960]: DEBUG glance.common.config [None req-4a6b5973-9139-4026-95f1-ffd2b94a19c8 None None] bind_port = 19292 {{(pid=101960) log_opt_values /opt/stack/data/venv/lib/python3.12/site-packages/oslo_config/cfg.py:3245}}
Jun 04 12:46:51.017235 np0000002144 devstack@g-api.service[101960]: DEBUG glance.common.config [None req-4a6b5973-9139-4026-95f1-ffd2b94a19c8 None None] client_socket_timeout = 900 {{(pid=101960) log_opt_values /opt/stack/data/venv/lib/python3.12/site-packages/oslo_config/cfg.py:3245}}
Jun 04 12:46:51.017338 np0000002144 devstack@g-api.service[101960]: DEBUG glance.common.config [None req-4a6b5973-9139-4026-95f1-ffd2b94a19c8 None None] config_dir = [] {{(pid=101960) log_opt_values /opt/stack/data/venv/lib/python3.12/site-packages/oslo_config/cfg.py:3245}}
Jun 04 12:46:51.017443 np0000002144 devstack@g-api.service[101960]: DEBUG glance.common.config [None req-4a6b5973-9139-4026-95f1-ffd2b94a19c8 None None] config_file = ['/etc/glance/glance-image-import.conf', '/etc/glance/glance-api.conf'] {{(pid=101960) log_opt_values /opt/stack/data/venv/lib/python3.12/site-packages/oslo_config/cfg.py:3245}}
Jun 04 12:46:51.017564 np0000002144 devstack@g-api.service[101960]: DEBUG glance.common.config [None req-4a6b5973-9139-4026-95f1-ffd2b94a19c8 None None] config_source = [] {{(pid=101960) log_opt_values /opt/stack/data/venv/lib/python3.12/site-packages/oslo_config/cfg.py:3245}}
Jun 04 12:46:51.017730 np0000002144 devstack@g-api.service[101960]: DEBUG glance.common.config [None req-4a6b5973-9139-4026-95f1-ffd2b94a19c8 None None] control_exchange = glance {{(pid=101960) log_opt_values /opt/stack/data/venv/lib/python3.12/site-packages/oslo_config/cfg.py:3245}}
Jun 04 12:46:51.017802 np0000002144 devstack@g-api.service[101960]: DEBUG glance.common.config [None req-4a6b5973-9139-4026-95f1-ffd2b94a19c8 None None] debug = True {{(pid=101960) log_opt_values /opt/stack/data/venv/lib/python3.12/site-packages/oslo_config/cfg.py:3245}}
Jun 04 12:46:51.017948 np0000002144 devstack@g-api.service[101960]: DEBUG glance.common.config [None req-4a6b5973-9139-4026-95f1-ffd2b94a19c8 None None] default_log_levels = ['amqp=WARN', 'boto=WARN', 'sqlalchemy=WARN', 'suds=INFO', 'oslo.messaging=INFO', 'oslo_messaging=INFO', 'iso8601=WARN', 'requests.packages.urllib3.connectionpool=WARN', 'urllib3.connectionpool=WARN', 'websocket=WARN', 'requests.packages.urllib3.util.retry=WARN', 'urllib3.util.retry=WARN', 'keystonemiddleware=WARN', 'routes.middleware=WARN', 'stevedore=WARN', 'taskflow=WARN', 'keystoneauth=WARN', 'oslo.cache=INFO', 'oslo_policy=INFO', 'dogpile.core.dogpile=INFO'] {{(pid=101960) log_opt_values /opt/stack/data/venv/lib/python3.12/site-packages/oslo_config/cfg.py:3245}}
Jun 04 12:46:51.018043 np0000002144 devstack@g-api.service[101960]: DEBUG glance.common.config [None req-4a6b5973-9139-4026-95f1-ffd2b94a19c8 None None] default_publisher_id = image.localhost {{(pid=101960) log_opt_values /opt/stack/data/venv/lib/python3.12/site-packages/oslo_config/cfg.py:3245}}
Jun 04 12:46:51.018164 np0000002144 devstack@g-api.service[101960]: DEBUG glance.common.config [None req-4a6b5973-9139-4026-95f1-ffd2b94a19c8 None None] delayed_delete = False {{(pid=101960) log_opt_values /opt/stack/data/venv/lib/python3.12/site-packages/oslo_config/cfg.py:3245}}
Jun 04 12:46:51.018260 np0000002144 devstack@g-api.service[101960]: DEBUG glance.common.config [None req-4a6b5973-9139-4026-95f1-ffd2b94a19c8 None None] digest_algorithm = sha256 {{(pid=101960) log_opt_values /opt/stack/data/venv/lib/python3.12/site-packages/oslo_config/cfg.py:3245}}
Jun 04 12:46:51.018365 np0000002144 devstack@g-api.service[101960]: DEBUG glance.common.config [None req-4a6b5973-9139-4026-95f1-ffd2b94a19c8 None None] disabled_notifications = [] {{(pid=101960) log_opt_values /opt/stack/data/venv/lib/python3.12/site-packages/oslo_config/cfg.py:3245}}
Jun 04 12:46:51.018462 np0000002144 devstack@g-api.service[101960]: DEBUG glance.common.config [None req-4a6b5973-9139-4026-95f1-ffd2b94a19c8 None None] do_secure_hash = True {{(pid=101960) log_opt_values /opt/stack/data/venv/lib/python3.12/site-packages/oslo_config/cfg.py:3245}}
Jun 04 12:46:51.018548 np0000002144 devstack@g-api.service[101960]: DEBUG glance.common.config [None req-4a6b5973-9139-4026-95f1-ffd2b94a19c8 None None] enabled_backends = None {{(pid=101960) log_opt_values /opt/stack/data/venv/lib/python3.12/site-packages/oslo_config/cfg.py:3245}}
Jun 04 12:46:51.018673 np0000002144 devstack@g-api.service[101960]: DEBUG glance.common.config [None req-4a6b5973-9139-4026-95f1-ffd2b94a19c8 None None] enabled_import_methods = ['glance-direct', 'web-download', 'copy-image'] {{(pid=101960) log_opt_values /opt/stack/data/venv/lib/python3.12/site-packages/oslo_config/cfg.py:3245}}
Jun 04 12:46:51.018776 np0000002144 devstack@g-api.service[101960]: DEBUG glance.common.config [None req-4a6b5973-9139-4026-95f1-ffd2b94a19c8 None None] fatal_deprecations = False {{(pid=101960) log_opt_values /opt/stack/data/venv/lib/python3.12/site-packages/oslo_config/cfg.py:3245}}
Jun 04 12:46:51.018875 np0000002144 devstack@g-api.service[101960]: DEBUG glance.common.config [None req-4a6b5973-9139-4026-95f1-ffd2b94a19c8 None None] hashing_algorithm = sha512 {{(pid=101960) log_opt_values /opt/stack/data/venv/lib/python3.12/site-packages/oslo_config/cfg.py:3245}}
Jun 04 12:46:51.018959 np0000002144 devstack@g-api.service[101960]: DEBUG glance.common.config [None req-4a6b5973-9139-4026-95f1-ffd2b94a19c8 None None] http_keepalive = True {{(pid=101960) log_opt_values /opt/stack/data/venv/lib/python3.12/site-packages/oslo_config/cfg.py:3245}}
Jun 04 12:46:51.019045 np0000002144 devstack@g-api.service[101960]: DEBUG glance.common.config [None req-4a6b5973-9139-4026-95f1-ffd2b94a19c8 None None] http_retries = 3 {{(pid=101960) log_opt_values /opt/stack/data/venv/lib/python3.12/site-packages/oslo_config/cfg.py:3245}}
Jun 04 12:46:51.019138 np0000002144 devstack@g-api.service[101960]: DEBUG glance.common.config [None req-4a6b5973-9139-4026-95f1-ffd2b94a19c8 None None] image_cache_dir = /opt/stack/data/glance/cache/ {{(pid=101960) log_opt_values /opt/stack/data/venv/lib/python3.12/site-packages/oslo_config/cfg.py:3245}}
Jun 04 12:46:51.019263 np0000002144 devstack@g-api.service[101960]: DEBUG glance.common.config [None req-4a6b5973-9139-4026-95f1-ffd2b94a19c8 None None] image_cache_driver = centralized_db {{(pid=101960) log_opt_values /opt/stack/data/venv/lib/python3.12/site-packages/oslo_config/cfg.py:3245}}
Jun 04 12:46:51.019357 np0000002144 devstack@g-api.service[101960]: DEBUG glance.common.config [None req-4a6b5973-9139-4026-95f1-ffd2b94a19c8 None None] image_cache_max_size = 10737418240 {{(pid=101960) log_opt_values /opt/stack/data/venv/lib/python3.12/site-packages/oslo_config/cfg.py:3245}}
Jun 04 12:46:51.019451 np0000002144 devstack@g-api.service[101960]: DEBUG glance.common.config [None req-4a6b5973-9139-4026-95f1-ffd2b94a19c8 None None] image_cache_sqlite_db = cache.db {{(pid=101960) log_opt_values /opt/stack/data/venv/lib/python3.12/site-packages/oslo_config/cfg.py:3245}}
Jun 04 12:46:51.019546 np0000002144 devstack@g-api.service[101960]: DEBUG glance.common.config [None req-4a6b5973-9139-4026-95f1-ffd2b94a19c8 None None] image_cache_stall_time = 86400 {{(pid=101960) log_opt_values /opt/stack/data/venv/lib/python3.12/site-packages/oslo_config/cfg.py:3245}}
Jun 04 12:46:51.019653 np0000002144 devstack@g-api.service[101960]: DEBUG glance.common.config [None req-4a6b5973-9139-4026-95f1-ffd2b94a19c8 None None] image_location_quota = 10 {{(pid=101960) log_opt_values /opt/stack/data/venv/lib/python3.12/site-packages/oslo_config/cfg.py:3245}}
Jun 04 12:46:51.019762 np0000002144 devstack@g-api.service[101960]: DEBUG glance.common.config [None req-4a6b5973-9139-4026-95f1-ffd2b94a19c8 None None] image_member_quota = 128 {{(pid=101960) log_opt_values /opt/stack/data/venv/lib/python3.12/site-packages/oslo_config/cfg.py:3245}}
Jun 04 12:46:51.019851 np0000002144 devstack@g-api.service[101960]: DEBUG glance.common.config [None req-4a6b5973-9139-4026-95f1-ffd2b94a19c8 None None] image_property_quota = 128 {{(pid=101960) log_opt_values /opt/stack/data/venv/lib/python3.12/site-packages/oslo_config/cfg.py:3245}}
Jun 04 12:46:51.019944 np0000002144 devstack@g-api.service[101960]: DEBUG glance.common.config [None req-4a6b5973-9139-4026-95f1-ffd2b94a19c8 None None] image_size_cap = 1099511627776 {{(pid=101960) log_opt_values /opt/stack/data/venv/lib/python3.12/site-packages/oslo_config/cfg.py:3245}}
Jun 04 12:46:51.020025 np0000002144 devstack@g-api.service[101960]: DEBUG glance.common.config [None req-4a6b5973-9139-4026-95f1-ffd2b94a19c8 None None] image_tag_quota = 128 {{(pid=101960) log_opt_values /opt/stack/data/venv/lib/python3.12/site-packages/oslo_config/cfg.py:3245}}
Jun 04 12:46:51.020120 np0000002144 devstack@g-api.service[101960]: DEBUG glance.common.config [None req-4a6b5973-9139-4026-95f1-ffd2b94a19c8 None None] instance_format = [instance: %(uuid)s] {{(pid=101960) log_opt_values /opt/stack/data/venv/lib/python3.12/site-packages/oslo_config/cfg.py:3245}}
Jun 04 12:46:51.020211 np0000002144 devstack@g-api.service[101960]: DEBUG glance.common.config [None req-4a6b5973-9139-4026-95f1-ffd2b94a19c8 None None] instance_uuid_format = [instance: %(uuid)s] {{(pid=101960) log_opt_values /opt/stack/data/venv/lib/python3.12/site-packages/oslo_config/cfg.py:3245}}
Jun 04 12:46:51.020341 np0000002144 devstack@g-api.service[101960]: DEBUG glance.common.config [None req-4a6b5973-9139-4026-95f1-ffd2b94a19c8 None None] limit_param_default = 25 {{(pid=101960) log_opt_values /opt/stack/data/venv/lib/python3.12/site-packages/oslo_config/cfg.py:3245}}
Jun 04 12:46:51.020489 np0000002144 devstack@g-api.service[101960]: DEBUG glance.common.config [None req-4a6b5973-9139-4026-95f1-ffd2b94a19c8 None None] log_color = False {{(pid=101960) log_opt_values /opt/stack/data/venv/lib/python3.12/site-packages/oslo_config/cfg.py:3245}}
Jun 04 12:46:51.020613 np0000002144 devstack@g-api.service[101960]: DEBUG glance.common.config [None req-4a6b5973-9139-4026-95f1-ffd2b94a19c8 None None] log_config_append = None {{(pid=101960) log_opt_values /opt/stack/data/venv/lib/python3.12/site-packages/oslo_config/cfg.py:3245}}
Jun 04 12:46:51.020775 np0000002144 devstack@g-api.service[101960]: DEBUG glance.common.config [None req-4a6b5973-9139-4026-95f1-ffd2b94a19c8 None None] log_date_format = %Y-%m-%d %H:%M:%S {{(pid=101960) log_opt_values /opt/stack/data/venv/lib/python3.12/site-packages/oslo_config/cfg.py:3245}}
Jun 04 12:46:51.020879 np0000002144 devstack@g-api.service[101960]: DEBUG glance.common.config [None req-4a6b5973-9139-4026-95f1-ffd2b94a19c8 None None] log_dir = None {{(pid=101960) log_opt_values /opt/stack/data/venv/lib/python3.12/site-packages/oslo_config/cfg.py:3245}}
Jun 04 12:46:51.021026 np0000002144 devstack@g-api.service[101960]: DEBUG glance.common.config [None req-4a6b5973-9139-4026-95f1-ffd2b94a19c8 None None] log_file = None {{(pid=101960) log_opt_values /opt/stack/data/venv/lib/python3.12/site-packages/oslo_config/cfg.py:3245}}
Jun 04 12:46:51.021139 np0000002144 devstack@g-api.service[101960]: DEBUG glance.common.config [None req-4a6b5973-9139-4026-95f1-ffd2b94a19c8 None None] log_rotate_interval = 1 {{(pid=101960) log_opt_values /opt/stack/data/venv/lib/python3.12/site-packages/oslo_config/cfg.py:3245}}
Jun 04 12:46:51.021237 np0000002144 devstack@g-api.service[101960]: DEBUG glance.common.config [None req-4a6b5973-9139-4026-95f1-ffd2b94a19c8 None None] log_rotate_interval_type = days {{(pid=101960) log_opt_values /opt/stack/data/venv/lib/python3.12/site-packages/oslo_config/cfg.py:3245}}
Jun 04 12:46:51.021334 np0000002144 devstack@g-api.service[101960]: DEBUG glance.common.config [None req-4a6b5973-9139-4026-95f1-ffd2b94a19c8 None None] log_rotation_type = none {{(pid=101960) log_opt_values /opt/stack/data/venv/lib/python3.12/site-packages/oslo_config/cfg.py:3245}}
Jun 04 12:46:51.021425 np0000002144 devstack@g-api.service[101960]: DEBUG glance.common.config [None req-4a6b5973-9139-4026-95f1-ffd2b94a19c8 None None] logging_context_format_string = %(color)s%(levelname)s %(name)s [%(global_request_id)s %(request_id)s %(project_name)s %(user_name)s%(color)s] %(instance)s%(color)s%(message)s {{(pid=101960) log_opt_values /opt/stack/data/venv/lib/python3.12/site-packages/oslo_config/cfg.py:3245}}
Jun 04 12:46:51.021498 np0000002144 devstack@g-api.service[101960]: DEBUG glance.common.config [None req-4a6b5973-9139-4026-95f1-ffd2b94a19c8 None None] logging_debug_format_suffix = {{(pid=%(process)d) %(funcName)s %(pathname)s:%(lineno)d}} {{(pid=101960) log_opt_values /opt/stack/data/venv/lib/python3.12/site-packages/oslo_config/cfg.py:3245}}
Jun 04 12:46:51.021622 np0000002144 devstack@g-api.service[101960]: DEBUG glance.common.config [None req-4a6b5973-9139-4026-95f1-ffd2b94a19c8 None None] logging_default_format_string = %(color)s%(levelname)s %(name)s [-%(color)s] %(instance)s%(color)s%(message)s {{(pid=101960) log_opt_values /opt/stack/data/venv/lib/python3.12/site-packages/oslo_config/cfg.py:3245}}
Jun 04 12:46:51.021778 np0000002144 devstack@g-api.service[101960]: DEBUG glance.common.config [None req-4a6b5973-9139-4026-95f1-ffd2b94a19c8 None None] logging_exception_prefix = ERROR %(name)s %(instance)s {{(pid=101960) log_opt_values /opt/stack/data/venv/lib/python3.12/site-packages/oslo_config/cfg.py:3245}}
Jun 04 12:46:51.021839 np0000002144 devstack@g-api.service[101960]: DEBUG glance.common.config [None req-4a6b5973-9139-4026-95f1-ffd2b94a19c8 None None] logging_user_identity_format = %(user)s %(project)s %(domain)s %(system_scope)s %(user_domain)s %(project_domain)s {{(pid=101960) log_opt_values /opt/stack/data/venv/lib/python3.12/site-packages/oslo_config/cfg.py:3245}}
Jun 04 12:46:51.021931 np0000002144 devstack@g-api.service[101960]: DEBUG glance.common.config [None req-4a6b5973-9139-4026-95f1-ffd2b94a19c8 None None] max_header_line = 16384 {{(pid=101960) log_opt_values /opt/stack/data/venv/lib/python3.12/site-packages/oslo_config/cfg.py:3245}}
Jun 04 12:46:51.022019 np0000002144 devstack@g-api.service[101960]: DEBUG glance.common.config [None req-4a6b5973-9139-4026-95f1-ffd2b94a19c8 None None] max_logfile_count = 30 {{(pid=101960) log_opt_values /opt/stack/data/venv/lib/python3.12/site-packages/oslo_config/cfg.py:3245}}
Jun 04 12:46:51.022111 np0000002144 devstack@g-api.service[101960]: DEBUG glance.common.config [None req-4a6b5973-9139-4026-95f1-ffd2b94a19c8 None None] max_logfile_size_mb = 200 {{(pid=101960) log_opt_values /opt/stack/data/venv/lib/python3.12/site-packages/oslo_config/cfg.py:3245}}
Jun 04 12:46:51.022245 np0000002144 devstack@g-api.service[101960]: DEBUG glance.common.config [None req-4a6b5973-9139-4026-95f1-ffd2b94a19c8 None None] max_request_id_length = 64 {{(pid=101960) log_opt_values /opt/stack/data/venv/lib/python3.12/site-packages/oslo_config/cfg.py:3245}}
Jun 04 12:46:51.022400 np0000002144 devstack@g-api.service[101960]: DEBUG glance.common.config [None req-4a6b5973-9139-4026-95f1-ffd2b94a19c8 None None] metadata_encryption_key = **** {{(pid=101960) log_opt_values /opt/stack/data/venv/lib/python3.12/site-packages/oslo_config/cfg.py:3245}}
Jun 04 12:46:51.022557 np0000002144 devstack@g-api.service[101960]: DEBUG glance.common.config [None req-4a6b5973-9139-4026-95f1-ffd2b94a19c8 None None] node_staging_uri = file:///tmp/staging/ {{(pid=101960) log_opt_values /opt/stack/data/venv/lib/python3.12/site-packages/oslo_config/cfg.py:3245}}
Jun 04 12:46:51.022739 np0000002144 devstack@g-api.service[101960]: DEBUG glance.common.config [None req-4a6b5973-9139-4026-95f1-ffd2b94a19c8 None None] property_protection_file = None {{(pid=101960) log_opt_values /opt/stack/data/venv/lib/python3.12/site-packages/oslo_config/cfg.py:3245}}
Jun 04 12:46:51.022898 np0000002144 devstack@g-api.service[101960]: DEBUG glance.common.config [None req-4a6b5973-9139-4026-95f1-ffd2b94a19c8 None None] property_protection_rule_format = roles {{(pid=101960) log_opt_values /opt/stack/data/venv/lib/python3.12/site-packages/oslo_config/cfg.py:3245}}
Jun 04 12:46:51.023008 np0000002144 devstack@g-api.service[101960]: DEBUG glance.common.config [None req-4a6b5973-9139-4026-95f1-ffd2b94a19c8 None None] public_endpoint = https://10.4.3.159/image {{(pid=101960) log_opt_values /opt/stack/data/venv/lib/python3.12/site-packages/oslo_config/cfg.py:3245}}
Jun 04 12:46:51.023107 np0000002144 devstack@g-api.service[101960]: DEBUG glance.common.config [None req-4a6b5973-9139-4026-95f1-ffd2b94a19c8 None None] publish_errors = False {{(pid=101960) log_opt_values /opt/stack/data/venv/lib/python3.12/site-packages/oslo_config/cfg.py:3245}}
Jun 04 12:46:51.023189 np0000002144 devstack@g-api.service[101960]: DEBUG glance.common.config [None req-4a6b5973-9139-4026-95f1-ffd2b94a19c8 None None] pydev_worker_debug_host = None {{(pid=101960) log_opt_values /opt/stack/data/venv/lib/python3.12/site-packages/oslo_config/cfg.py:3245}}
Jun 04 12:46:51.023285 np0000002144 devstack@g-api.service[101960]: DEBUG glance.common.config [None req-4a6b5973-9139-4026-95f1-ffd2b94a19c8 None None] pydev_worker_debug_port = 5678 {{(pid=101960) log_opt_values /opt/stack/data/venv/lib/python3.12/site-packages/oslo_config/cfg.py:3245}}
Jun 04 12:46:51.023367 np0000002144 devstack@g-api.service[101960]: DEBUG glance.common.config [None req-4a6b5973-9139-4026-95f1-ffd2b94a19c8 None None] rate_limit_burst = 0 {{(pid=101960) log_opt_values /opt/stack/data/venv/lib/python3.12/site-packages/oslo_config/cfg.py:3245}}
Jun 04 12:46:51.023462 np0000002144 devstack@g-api.service[101960]: DEBUG glance.common.config [None req-4a6b5973-9139-4026-95f1-ffd2b94a19c8 None None] rate_limit_except_level = CRITICAL {{(pid=101960) log_opt_values /opt/stack/data/venv/lib/python3.12/site-packages/oslo_config/cfg.py:3245}}
Jun 04 12:46:51.023547 np0000002144 devstack@g-api.service[101960]: DEBUG glance.common.config [None req-4a6b5973-9139-4026-95f1-ffd2b94a19c8 None None] rate_limit_interval = 0 {{(pid=101960) log_opt_values /opt/stack/data/venv/lib/python3.12/site-packages/oslo_config/cfg.py:3245}}
Jun 04 12:46:51.023657 np0000002144 devstack@g-api.service[101960]: DEBUG glance.common.config [None req-4a6b5973-9139-4026-95f1-ffd2b94a19c8 None None] scrub_pool_size = 1 {{(pid=101960) log_opt_values /opt/stack/data/venv/lib/python3.12/site-packages/oslo_config/cfg.py:3245}}
Jun 04 12:46:51.023777 np0000002144 devstack@g-api.service[101960]: DEBUG glance.common.config [None req-4a6b5973-9139-4026-95f1-ffd2b94a19c8 None None] scrub_time = 0 {{(pid=101960) log_opt_values /opt/stack/data/venv/lib/python3.12/site-packages/oslo_config/cfg.py:3245}}
Jun 04 12:46:51.023860 np0000002144 devstack@g-api.service[101960]: DEBUG glance.common.config [None req-4a6b5973-9139-4026-95f1-ffd2b94a19c8 None None] shell_completion = None {{(pid=101960) log_opt_values /opt/stack/data/venv/lib/python3.12/site-packages/oslo_config/cfg.py:3245}}
Jun 04 12:46:51.023984 np0000002144 devstack@g-api.service[101960]: DEBUG glance.common.config [None req-4a6b5973-9139-4026-95f1-ffd2b94a19c8 None None] show_image_direct_url = False {{(pid=101960) log_opt_values /opt/stack/data/venv/lib/python3.12/site-packages/oslo_config/cfg.py:3245}}
Jun 04 12:46:51.024279 np0000002144 devstack@g-api.service[101960]: WARNING oslo_config.cfg [None req-4a6b5973-9139-4026-95f1-ffd2b94a19c8 None None] Deprecated: Option "show_multiple_locations" from group "DEFAULT" is deprecated for removal (Use of this option, deprecated since Newton, is a security risk and will be removed once we figure out a way to satisfy those use cases that currently require it. An earlier announcement that the same functionality can be achieved with greater granularity by using policies is incorrect. You cannot work around this option via policy configuration at the present time, though that is the direction we believe the fix will take. Please keep an eye on the Glance release notes to stay up to date on progress in addressing this issue.). Its value may be silently ignored in the future.
Jun 04 12:46:51.024390 np0000002144 devstack@g-api.service[101960]: DEBUG glance.common.config [None req-4a6b5973-9139-4026-95f1-ffd2b94a19c8 None None] show_multiple_locations = False {{(pid=101960) log_opt_values /opt/stack/data/venv/lib/python3.12/site-packages/oslo_config/cfg.py:3245}}
Jun 04 12:46:51.024489 np0000002144 devstack@g-api.service[101960]: DEBUG glance.common.config [None req-4a6b5973-9139-4026-95f1-ffd2b94a19c8 None None] syslog_log_facility = LOG_USER {{(pid=101960) log_opt_values /opt/stack/data/venv/lib/python3.12/site-packages/oslo_config/cfg.py:3245}}
Jun 04 12:46:51.024595 np0000002144 devstack@g-api.service[101960]: DEBUG glance.common.config [None req-4a6b5973-9139-4026-95f1-ffd2b94a19c8 None None] tcp_keepidle = 600 {{(pid=101960) log_opt_values /opt/stack/data/venv/lib/python3.12/site-packages/oslo_config/cfg.py:3245}}
Jun 04 12:46:51.024757 np0000002144 devstack@g-api.service[101960]: DEBUG glance.common.config [None req-4a6b5973-9139-4026-95f1-ffd2b94a19c8 None None] transport_url = **** {{(pid=101960) log_opt_values /opt/stack/data/venv/lib/python3.12/site-packages/oslo_config/cfg.py:3245}}
Jun 04 12:46:51.024898 np0000002144 devstack@g-api.service[101960]: DEBUG glance.common.config [None req-4a6b5973-9139-4026-95f1-ffd2b94a19c8 None None] use_journal = False {{(pid=101960) log_opt_values /opt/stack/data/venv/lib/python3.12/site-packages/oslo_config/cfg.py:3245}}
Jun 04 12:46:51.025017 np0000002144 devstack@g-api.service[101960]: DEBUG glance.common.config [None req-4a6b5973-9139-4026-95f1-ffd2b94a19c8 None None] use_json = False {{(pid=101960) log_opt_values /opt/stack/data/venv/lib/python3.12/site-packages/oslo_config/cfg.py:3245}}
Jun 04 12:46:51.025162 np0000002144 devstack@g-api.service[101960]: DEBUG glance.common.config [None req-4a6b5973-9139-4026-95f1-ffd2b94a19c8 None None] use_keystone_limits = True {{(pid=101960) log_opt_values /opt/stack/data/venv/lib/python3.12/site-packages/oslo_config/cfg.py:3245}}
Jun 04 12:46:51.025273 np0000002144 devstack@g-api.service[101960]: DEBUG glance.common.config [None req-4a6b5973-9139-4026-95f1-ffd2b94a19c8 None None] use_stderr = False {{(pid=101960) log_opt_values /opt/stack/data/venv/lib/python3.12/site-packages/oslo_config/cfg.py:3245}}
Jun 04 12:46:51.025369 np0000002144 devstack@g-api.service[101960]: DEBUG glance.common.config [None req-4a6b5973-9139-4026-95f1-ffd2b94a19c8 None None] use_syslog = False {{(pid=101960) log_opt_values /opt/stack/data/venv/lib/python3.12/site-packages/oslo_config/cfg.py:3245}}
Jun 04 12:46:51.025492 np0000002144 devstack@g-api.service[101960]: DEBUG glance.common.config [None req-4a6b5973-9139-4026-95f1-ffd2b94a19c8 None None] user_storage_quota = 0 {{(pid=101960) log_opt_values /opt/stack/data/venv/lib/python3.12/site-packages/oslo_config/cfg.py:3245}}
Jun 04 12:46:51.025631 np0000002144 devstack@g-api.service[101960]: DEBUG glance.common.config [None req-4a6b5973-9139-4026-95f1-ffd2b94a19c8 None None] worker_self_reference_url = http://127.0.0.1:60999 {{(pid=101960) log_opt_values /opt/stack/data/venv/lib/python3.12/site-packages/oslo_config/cfg.py:3245}}
Jun 04 12:46:51.025753 np0000002144 devstack@g-api.service[101960]: DEBUG glance.common.config [None req-4a6b5973-9139-4026-95f1-ffd2b94a19c8 None None] workers = None {{(pid=101960) log_opt_values /opt/stack/data/venv/lib/python3.12/site-packages/oslo_config/cfg.py:3245}}
Jun 04 12:46:51.025867 np0000002144 devstack@g-api.service[101960]: DEBUG glance.common.config [None req-4a6b5973-9139-4026-95f1-ffd2b94a19c8 None None] oslo_concurrency.disable_process_locking = False {{(pid=101960) log_opt_values /opt/stack/data/venv/lib/python3.12/site-packages/oslo_config/cfg.py:3256}}
Jun 04 12:46:51.025968 np0000002144 devstack@g-api.service[101960]: DEBUG glance.common.config [None req-4a6b5973-9139-4026-95f1-ffd2b94a19c8 None None] oslo_concurrency.lock_path = /opt/stack/data/glance/locks {{(pid=101960) log_opt_values /opt/stack/data/venv/lib/python3.12/site-packages/oslo_config/cfg.py:3256}}
Jun 04 12:46:51.026117 np0000002144 devstack@g-api.service[101960]: DEBUG glance.common.config [None req-4a6b5973-9139-4026-95f1-ffd2b94a19c8 None None] oslo_middleware.enable_proxy_headers_parsing = False {{(pid=101960) log_opt_values /opt/stack/data/venv/lib/python3.12/site-packages/oslo_config/cfg.py:3256}}
Jun 04 12:46:51.026225 np0000002144 devstack@g-api.service[101960]: DEBUG glance.common.config [None req-4a6b5973-9139-4026-95f1-ffd2b94a19c8 None None] oslo_middleware.http_basic_auth_user_file = /etc/htpasswd {{(pid=101960) log_opt_values /opt/stack/data/venv/lib/python3.12/site-packages/oslo_config/cfg.py:3256}}
Jun 04 12:46:51.026385 np0000002144 devstack@g-api.service[101960]: DEBUG glance.common.config [None req-4a6b5973-9139-4026-95f1-ffd2b94a19c8 None None] paste_deploy.config_file = None {{(pid=101960) log_opt_values /opt/stack/data/venv/lib/python3.12/site-packages/oslo_config/cfg.py:3256}}
Jun 04 12:46:51.026535 np0000002144 devstack@g-api.service[101960]: DEBUG glance.common.config [None req-4a6b5973-9139-4026-95f1-ffd2b94a19c8 None None] paste_deploy.flavor = keystone+cachemanagement {{(pid=101960) log_opt_values /opt/stack/data/venv/lib/python3.12/site-packages/oslo_config/cfg.py:3256}}
Jun 04 12:46:51.026717 np0000002144 devstack@g-api.service[101960]: DEBUG glance.common.config [None req-4a6b5973-9139-4026-95f1-ffd2b94a19c8 None None] image_format.container_formats = ['ami', 'ari', 'aki', 'bare', 'ovf', 'ova', 'docker', 'compressed'] {{(pid=101960) log_opt_values /opt/stack/data/venv/lib/python3.12/site-packages/oslo_config/cfg.py:3256}}
Jun 04 12:46:51.026859 np0000002144 devstack@g-api.service[101960]: DEBUG glance.common.config [None req-4a6b5973-9139-4026-95f1-ffd2b94a19c8 None None] image_format.disk_formats = ['ami', 'ari', 'aki', 'vhd', 'vhdx', 'vmdk', 'raw', 'qcow2', 'vdi', 'iso', 'ploop'] {{(pid=101960) log_opt_values /opt/stack/data/venv/lib/python3.12/site-packages/oslo_config/cfg.py:3256}}
Jun 04 12:46:51.026954 np0000002144 devstack@g-api.service[101960]: DEBUG glance.common.config [None req-4a6b5973-9139-4026-95f1-ffd2b94a19c8 None None] image_format.gpt_safety_checks_nonfatal = [] {{(pid=101960) log_opt_values /opt/stack/data/venv/lib/python3.12/site-packages/oslo_config/cfg.py:3256}}
Jun 04 12:46:51.027074 np0000002144 devstack@g-api.service[101960]: DEBUG glance.common.config [None req-4a6b5973-9139-4026-95f1-ffd2b94a19c8 None None] image_format.require_image_format_match = True {{(pid=101960) log_opt_values /opt/stack/data/venv/lib/python3.12/site-packages/oslo_config/cfg.py:3256}}
Jun 04 12:46:51.027180 np0000002144 devstack@g-api.service[101960]: DEBUG glance.common.config [None req-4a6b5973-9139-4026-95f1-ffd2b94a19c8 None None] image_format.vmdk_allowed_types = ['streamOptimized', 'monolithicSparse'] {{(pid=101960) log_opt_values /opt/stack/data/venv/lib/python3.12/site-packages/oslo_config/cfg.py:3256}}
Jun 04 12:46:51.027315 np0000002144 devstack@g-api.service[101960]: DEBUG glance.common.config [None req-4a6b5973-9139-4026-95f1-ffd2b94a19c8 None None] task.task_executor = taskflow {{(pid=101960) log_opt_values /opt/stack/data/venv/lib/python3.12/site-packages/oslo_config/cfg.py:3256}}
