Jun 04 12:53:41.749141 np0000002144 devstack@g-api.service[101960]: DEBUG glance.api.middleware.version_negotiation [None req-1073e337-8bdc-45fb-9b2a-12c65c8a8e0c tempest-TestInstancesWithCinderVolumes-1594388466 tempest-TestInstancesWithCinderVolumes-1594388466-project-member] Matched version: v2 {{(pid=101960) process_request /opt/stack/glance/glance/api/middleware/version_negotiation.py:69}}
Jun 04 12:53:41.749141 np0000002144 devstack@g-api.service[101960]: DEBUG glance.api.middleware.version_negotiation [None req-1073e337-8bdc-45fb-9b2a-12c65c8a8e0c tempest-TestInstancesWithCinderVolumes-1594388466 tempest-TestInstancesWithCinderVolumes-1594388466-project-member] new path /v2/images/ab56b48a-856e-45a9-ac14-f6974ec68143 {{(pid=101960) process_request /opt/stack/glance/glance/api/middleware/version_negotiation.py:70}}
Jun 04 12:53:41.772140 np0000002144 devstack@g-api.service[101960]: [pid: 101960|app: 0|req: 92/263] 127.0.0.1 () {40 vars in 838 bytes} [Thu Jun 4 12:53:41 2026] GET /v2/images/ab56b48a-856e-45a9-ac14-f6974ec68143 => generated 649 bytes in 24 msecs (HTTP/1.1 200) 4 headers in 157 bytes (1 switches on core 0)
Jun 04 12:53:42.694759 np0000002144 devstack@g-api.service[101959]: DEBUG glance.api.middleware.version_negotiation [None req-1887571d-fafb-447a-af1b-b560510a75a2 tempest-VolumesActionsTest-201000114 tempest-VolumesActionsTest-201000114-project-member] Determining version of request: PUT /v2/images/ab56b48a-856e-45a9-ac14-f6974ec68143/file Accept: */* {{(pid=101959) process_request /opt/stack/glance/glance/api/middleware/version_negotiation.py:44}}
Jun 04 12:53:42.695158 np0000002144 devstack@g-api.service[101959]: DEBUG glance.api.middleware.version_negotiation [None req-1887571d-fafb-447a-af1b-b560510a75a2 tempest-VolumesActionsTest-201000114 tempest-VolumesActionsTest-201000114-project-member] Using url versioning {{(pid=101959) process_request /opt/stack/glance/glance/api/middleware/version_negotiation.py:57}}
Jun 04 12:53:42.695221 np0000002144 devstack@g-api.service[101959]: DEBUG glance.api.middleware.version_negotiation [None req-1887571d-fafb-447a-af1b-b560510a75a2 tempest-VolumesActionsTest-201000114 tempest-VolumesActionsTest-201000114-project-member] Matched version: v2 {{(pid=101959) process_request /opt/stack/glance/glance/api/middleware/version_negotiation.py:69}}
Jun 04 12:53:42.695451 np0000002144 devstack@g-api.service[101959]: DEBUG glance.api.middleware.version_negotiation [None req-1887571d-fafb-447a-af1b-b560510a75a2 tempest-VolumesActionsTest-201000114 tempest-VolumesActionsTest-201000114-project-member] new path /v2/images/ab56b48a-856e-45a9-ac14-f6974ec68143/file {{(pid=101959) process_request /opt/stack/glance/glance/api/middleware/version_negotiation.py:70}}
Jun 04 12:53:42.787062 np0000002144 devstack@g-api.service[101958]: DEBUG glance.api.middleware.version_negotiation [None req-eafeb988-e27c-4e9f-be05-e12c7dcf5e9f tempest-VolumesActionsTest-201000114 tempest-VolumesActionsTest-201000114-project-member] Determining version of request: GET /v2/images/ab56b48a-856e-45a9-ac14-f6974ec68143 Accept: application/json {{(pid=101958) process_request /opt/stack/glance/glance/api/middleware/version_negotiation.py:44}}
Jun 04 12:53:42.787455 np0000002144 devstack@g-api.service[101958]: DEBUG glance.api.middleware.version_negotiation [None req-eafeb988-e27c-4e9f-be05-e12c7dcf5e9f tempest-VolumesActionsTest-201000114 tempest-VolumesActionsTest-201000114-project-member] Using url versioning {{(pid=101958) process_request /opt/stack/glance/glance/api/middleware/version_negotiation.py:57}}
Jun 04 12:53:42.787455 np0000002144 devstack@g-api.service[101958]: DEBUG glance.api.middleware.version_negotiation [None req-eafeb988-e27c-4e9f-be05-e12c7dcf5e9f tempest-VolumesActionsTest-201000114 tempest-VolumesActionsTest-201000114-project-member] Matched version: v2 {{(pid=101958) process_request /opt/stack/glance/glance/api/middleware/version_negotiation.py:69}}
Jun 04 12:53:42.787621 np0000002144 devstack@g-api.service[101958]: DEBUG glance.api.middleware.version_negotiation [None req-eafeb988-e27c-4e9f-be05-e12c7dcf5e9f tempest-VolumesActionsTest-201000114 tempest-VolumesActionsTest-201000114-project-member] new path /v2/images/ab56b48a-856e-45a9-ac14-f6974ec68143 {{(pid=101958) process_request /opt/stack/glance/glance/api/middleware/version_negotiation.py:70}}
Jun 04 12:53:42.802174 np0000002144 devstack@g-api.service[101958]: [pid: 101958|app: 0|req: 87/264] 127.0.0.1 () {40 vars in 838 bytes} [Thu Jun 4 12:53:42 2026] GET /v2/images/ab56b48a-856e-45a9-ac14-f6974ec68143 => generated 649 bytes in 15 msecs (HTTP/1.1 200) 4 headers in 157 bytes (1 switches on core 0)
Jun 04 12:53:43.260157 np0000002144 devstack@g-api.service[101959]: INFO glance.api.v2.image_data [None req-2873ceea-cb5e-4eaf-9421-8260e3384a26 tempest-VolumesActionsTest-201000114 tempest-VolumesActionsTest-201000114-project-member] Unable to create trust: no such option collect_timing in group [keystone_authtoken] Use the existing user token.
Jun 04 12:53:43.809302 np0000002144 devstack@g-api.service[101959]: DEBUG glance.location [None req-2873ceea-cb5e-4eaf-9421-8260e3384a26 tempest-VolumesActionsTest-201000114 tempest-VolumesActionsTest-201000114-project-member] Enabling in-flight format inspection for raw {{(pid=101959) set_data /opt/stack/glance/glance/location.py:616}}
Jun 04 12:53:43.809802 np0000002144 devstack@g-api.service[101959]: DEBUG glance_store.backend [None req-2873ceea-cb5e-4eaf-9421-8260e3384a26 tempest-VolumesActionsTest-201000114 tempest-VolumesActionsTest-201000114-project-member] Attempting to import store swift {{(pid=101959) _load_store /opt/stack/data/venv/lib/python3.12/site-packages/glance_store/backend.py:215}}
Jun 04 12:53:43.811681 np0000002144 devstack@g-api.service[101959]: DEBUG glance_store.capabilities [None req-2873ceea-cb5e-4eaf-9421-8260e3384a26 tempest-VolumesActionsTest-201000114 tempest-VolumesActionsTest-201000114-project-member] Store glance_store._drivers.swift.store.SingleTenantStore doesn't support updating dynamic storage capabilities. Please overwrite 'update_capabilities' method of the store to implement updating logics if needed. {{(pid=101959) update_capabilities /opt/stack/data/venv/lib/python3.12/site-packages/glance_store/capabilities.py:91}}
Jun 04 12:53:43.811827 np0000002144 devstack@g-api.service[101959]: DEBUG glance_store.driver [None req-2873ceea-cb5e-4eaf-9421-8260e3384a26 tempest-VolumesActionsTest-201000114 tempest-VolumesActionsTest-201000114-project-member] Late loading location class glance_store._drivers.swift.store.StoreLocation {{(pid=101959) get_store_location_class /opt/stack/data/venv/lib/python3.12/site-packages/glance_store/driver.py:134}}
Jun 04 12:53:43.811978 np0000002144 devstack@g-api.service[101959]: DEBUG glance_store.location [None req-2873ceea-cb5e-4eaf-9421-8260e3384a26 tempest-VolumesActionsTest-201000114 tempest-VolumesActionsTest-201000114-project-member] Registering scheme swift+https with {'store': , 'location_class': , 'store_entry': 'swift'} {{(pid=101959) register_scheme_map /opt/stack/data/venv/lib/python3.12/site-packages/glance_store/location.py:146}}
Jun 04 12:53:43.813705 np0000002144 devstack@g-api.service[101959]: DEBUG glance_store.location [None req-2873ceea-cb5e-4eaf-9421-8260e3384a26 tempest-VolumesActionsTest-201000114 tempest-VolumesActionsTest-201000114-project-member] Registering scheme swift+https with {'store': , 'location_class': , 'store_entry': 'swift'} {{(pid=101959) register_scheme_map /opt/stack/data/venv/lib/python3.12/site-packages/glance_store/location.py:146}}
Jun 04 12:53:43.817060 np0000002144 devstack@g-api.service[101959]: DEBUG glance_store.location [None req-2873ceea-cb5e-4eaf-9421-8260e3384a26 tempest-VolumesActionsTest-201000114 tempest-VolumesActionsTest-201000114-project-member] Registering scheme swift with {'store': , 'location_class': , 'store_entry': 'swift'} {{(pid=101959) register_scheme_map /opt/stack/data/venv/lib/python3.12/site-packages/glance_store/location.py:146}}
Jun 04 12:53:43.817245 np0000002144 devstack@g-api.service[101959]: DEBUG glance_store.location [None req-2873ceea-cb5e-4eaf-9421-8260e3384a26 tempest-VolumesActionsTest-201000114 tempest-VolumesActionsTest-201000114-project-member] Registering scheme swift+https with {'store': , 'location_class': , 'store_entry': 'swift'} {{(pid=101959) register_scheme_map /opt/stack/data/venv/lib/python3.12/site-packages/glance_store/location.py:146}}
Jun 04 12:53:43.817386 np0000002144 devstack@g-api.service[101959]: DEBUG glance_store.location [None req-2873ceea-cb5e-4eaf-9421-8260e3384a26 tempest-VolumesActionsTest-201000114 tempest-VolumesActionsTest-201000114-project-member] Registering scheme swift with {'store': , 'location_class': , 'store_entry': 'swift'} {{(pid=101959) register_scheme_map /opt/stack/data/venv/lib/python3.12/site-packages/glance_store/location.py:146}}
Jun 04 12:53:43.817520 np0000002144 devstack@g-api.service[101959]: DEBUG glance_store.location [None req-2873ceea-cb5e-4eaf-9421-8260e3384a26 tempest-VolumesActionsTest-201000114 tempest-VolumesActionsTest-201000114-project-member] Registering scheme swift+http with {'store': , 'location_class': , 'store_entry': 'swift'} {{(pid=101959) register_scheme_map /opt/stack/data/venv/lib/python3.12/site-packages/glance_store/location.py:146}}
Jun 04 12:53:43.817696 np0000002144 devstack@g-api.service[101959]: DEBUG glance_store.location [None req-2873ceea-cb5e-4eaf-9421-8260e3384a26 tempest-VolumesActionsTest-201000114 tempest-VolumesActionsTest-201000114-project-member] Registering scheme swift+https with {'store': , 'location_class': , 'store_entry': 'swift'} {{(pid=101959) register_scheme_map /opt/stack/data/venv/lib/python3.12/site-packages/glance_store/location.py:146}}
Jun 04 12:53:43.817816 np0000002144 devstack@g-api.service[101959]: DEBUG glance_store.location [None req-2873ceea-cb5e-4eaf-9421-8260e3384a26 tempest-VolumesActionsTest-201000114 tempest-VolumesActionsTest-201000114-project-member] Registering scheme swift with {'store': , 'location_class': , 'store_entry': 'swift'} {{(pid=101959) register_scheme_map /opt/stack/data/venv/lib/python3.12/site-packages/glance_store/location.py:146}}
Jun 04 12:53:43.817938 np0000002144 devstack@g-api.service[101959]: DEBUG glance_store.location [None req-2873ceea-cb5e-4eaf-9421-8260e3384a26 tempest-VolumesActionsTest-201000114 tempest-VolumesActionsTest-201000114-project-member] Registering scheme swift+http with {'store': , 'location_class': , 'store_entry': 'swift'} {{(pid=101959) register_scheme_map /opt/stack/data/venv/lib/python3.12/site-packages/glance_store/location.py:146}}
Jun 04 12:53:43.818072 np0000002144 devstack@g-api.service[101959]: DEBUG glance_store.location [None req-2873ceea-cb5e-4eaf-9421-8260e3384a26 tempest-VolumesActionsTest-201000114 tempest-VolumesActionsTest-201000114-project-member] Registering scheme swift+config with {'store': , 'location_class': , 'store_entry': 'swift'} {{(pid=101959) register_scheme_map /opt/stack/data/venv/lib/python3.12/site-packages/glance_store/location.py:146}}
Jun 04 12:53:43.818785 np0000002144 devstack@g-api.service[101960]: DEBUG glance.api.middleware.version_negotiation [None req-c14435ee-46c7-4b8d-8452-4e7bc2fc4686 tempest-VolumesActionsTest-201000114 tempest-VolumesActionsTest-201000114-project-member] Determining version of request: GET /v2/images/ab56b48a-856e-45a9-ac14-f6974ec68143 Accept: application/json {{(pid=101960) process_request /opt/stack/glance/glance/api/middleware/version_negotiation.py:44}}
Jun 04 12:53:43.819093 np0000002144 devstack@g-api.service[101960]: DEBUG glance.api.middleware.version_negotiation [None req-c14435ee-46c7-4b8d-8452-4e7bc2fc4686 tempest-VolumesActionsTest-201000114 tempest-VolumesActionsTest-201000114-project-member] Using url versioning {{(pid=101960) process_request /opt/stack/glance/glance/api/middleware/version_negotiation.py:57}}
Jun 04 12:53:43.819093 np0000002144 devstack@g-api.service[101960]: DEBUG glance.api.middleware.version_negotiation [None req-c14435ee-46c7-4b8d-8452-4e7bc2fc4686 tempest-VolumesActionsTest-201000114 tempest-VolumesActionsTest-201000114-project-member] Matched version: v2 {{(pid=101960) process_request /opt/stack/glance/glance/api/middleware/version_negotiation.py:69}}
Jun 04 12:53:43.821660 np0000002144 devstack@g-api.service[101960]: DEBUG glance.api.middleware.version_negotiation [None req-c14435ee-46c7-4b8d-8452-4e7bc2fc4686 tempest-VolumesActionsTest-201000114 tempest-VolumesActionsTest-201000114-project-member] new path /v2/images/ab56b48a-856e-45a9-ac14-f6974ec68143 {{(pid=101960) process_request /opt/stack/glance/glance/api/middleware/version_negotiation.py:70}}
Jun 04 12:53:43.835715 np0000002144 devstack@g-api.service[101960]: [pid: 101960|app: 0|req: 93/265] 127.0.0.1 () {40 vars in 838 bytes} [Thu Jun 4 12:53:43 2026] GET /v2/images/ab56b48a-856e-45a9-ac14-f6974ec68143 => generated 649 bytes in 17 msecs (HTTP/1.1 200) 4 headers in 157 bytes (1 switches on core 0)
Jun 04 12:53:43.928218 np0000002144 devstack@g-api.service[101959]: DEBUG swiftclient [None req-2873ceea-cb5e-4eaf-9421-8260e3384a26 tempest-VolumesActionsTest-201000114 tempest-VolumesActionsTest-201000114-project-member] REQ: curl -i https://10.4.3.159:8080/v1/AUTH_652d80ce2a7642b4bade0d9e32cae814/glance -I -H "X-Auth-Token: gAAAAABqIXVXVK4e..." {{(pid=101959) http_log /opt/stack/data/venv/lib/python3.12/site-packages/swiftclient/client.py:160}}
Jun 04 12:53:43.928308 np0000002144 devstack@g-api.service[101959]: DEBUG swiftclient [None req-2873ceea-cb5e-4eaf-9421-8260e3384a26 tempest-VolumesActionsTest-201000114 tempest-VolumesActionsTest-201000114-project-member] RESP STATUS: 204 No Content {{(pid=101959) http_log /opt/stack/data/venv/lib/python3.12/site-packages/swiftclient/client.py:161}}
Jun 04 12:53:43.928515 np0000002144 devstack@g-api.service[101959]: DEBUG swiftclient [None req-2873ceea-cb5e-4eaf-9421-8260e3384a26 tempest-VolumesActionsTest-201000114 tempest-VolumesActionsTest-201000114-project-member] RESP HEADERS: {'Date': 'Thu, 04 Jun 2026 12:53:43 GMT', 'Server': 'Apache/2.4.58 (Ubuntu)', 'Content-Type': 'text/plain; charset=utf-8', 'X-Container-Object-Count': '7', 'X-Container-Bytes-Used': '139657216', 'X-Timestamp': '1780577219.00805', 'Last-Modified': 'Thu, 04 Jun 2026 12:46:59 GMT', 'Accept-Ranges': 'bytes', 'X-Storage-Policy': 'Policy-0', 'X-Container-Sharding': 'False', 'Vary': 'Accept', 'X-Trans-Id': 'tx28656c45787843aaad0d4-006a217557', 'X-Openstack-Request-Id': 'tx28656c45787843aaad0d4-006a217557', 'Connection': 'close'} {{(pid=101959) http_log /opt/stack/data/venv/lib/python3.12/site-packages/swiftclient/client.py:162}}
Jun 04 12:53:43.928718 np0000002144 devstack@g-api.service[101959]: DEBUG glance_store._drivers.swift.store [None req-2873ceea-cb5e-4eaf-9421-8260e3384a26 tempest-VolumesActionsTest-201000114 tempest-VolumesActionsTest-201000114-project-member] Adding image object 'ab56b48a-856e-45a9-ac14-f6974ec68143' to Swift {{(pid=101959) add /opt/stack/data/venv/lib/python3.12/site-packages/glance_store/_drivers/swift/store.py:970}}
Jun 04 12:53:43.928803 np0000002144 devstack@g-api.service[101959]: DEBUG glance_store._drivers.swift.store [None req-2873ceea-cb5e-4eaf-9421-8260e3384a26 tempest-VolumesActionsTest-201000114 tempest-VolumesActionsTest-201000114-project-member] Cannot determine image size because it is either not provided in the request or chunked-transfer encoding is used. Adding image as a segmented object to Swift. {{(pid=101959) add /opt/stack/data/venv/lib/python3.12/site-packages/glance_store/_drivers/swift/store.py:994}}
Jun 04 12:53:43.937595 np0000002144 devstack@g-api.service[101959]: DEBUG oslo_utils.imageutils.format_inspector [None req-2873ceea-cb5e-4eaf-9421-8260e3384a26 tempest-VolumesActionsTest-201000114 tempest-VolumesActionsTest-201000114-project-member] Format inspector for vmdk does not match, excluding from consideration (Signature KDMV not found: b'\x00\x00\x00\x00') {{(pid=101959) _process_chunk /opt/stack/data/venv/lib/python3.12/site-packages/oslo_utils/imageutils/format_inspector.py:1758}}
Jun 04 12:53:43.942858 np0000002144 devstack@g-api.service[101959]: DEBUG oslo_utils.imageutils.format_inspector [None req-2873ceea-cb5e-4eaf-9421-8260e3384a26 tempest-VolumesActionsTest-201000114 tempest-VolumesActionsTest-201000114-project-member] Format inspector for vhdx does not match, excluding from consideration (Region signature not found at 30000) {{(pid=101959) _process_chunk /opt/stack/data/venv/lib/python3.12/site-packages/oslo_utils/imageutils/format_inspector.py:1758}}
Jun 04 12:53:44.849190 np0000002144 devstack@g-api.service[101958]: DEBUG glance.api.middleware.version_negotiation [None req-9d61af85-6eff-436e-94c8-06a604d44d2d tempest-VolumesActionsTest-201000114 tempest-VolumesActionsTest-201000114-project-member] Determining version of request: GET /v2/images/ab56b48a-856e-45a9-ac14-f6974ec68143 Accept: application/json {{(pid=101958) process_request /opt/stack/glance/glance/api/middleware/version_negotiation.py:44}}
Jun 04 12:53:44.849637 np0000002144 devstack@g-api.service[101958]: DEBUG glance.api.middleware.version_negotiation [None req-9d61af85-6eff-436e-94c8-06a604d44d2d tempest-VolumesActionsTest-201000114 tempest-VolumesActionsTest-201000114-project-member] Using url versioning {{(pid=101958) process_request /opt/stack/glance/glance/api/middleware/version_negotiation.py:57}}
Jun 04 12:53:44.849637 np0000002144 devstack@g-api.service[101958]: DEBUG glance.api.middleware.version_negotiation [None req-9d61af85-6eff-436e-94c8-06a604d44d2d tempest-VolumesActionsTest-201000114 tempest-VolumesActionsTest-201000114-project-member] Matched version: v2 {{(pid=101958) process_request /opt/stack/glance/glance/api/middleware/version_negotiation.py:69}}
Jun 04 12:53:44.849637 np0000002144 devstack@g-api.service[101958]: DEBUG glance.api.middleware.version_negotiation [None req-9d61af85-6eff-436e-94c8-06a604d44d2d tempest-VolumesActionsTest-201000114 tempest-VolumesActionsTest-201000114-project-member] new path /v2/images/ab56b48a-856e-45a9-ac14-f6974ec68143 {{(pid=101958) process_request /opt/stack/glance/glance/api/middleware/version_negotiation.py:70}}
Jun 04 12:53:44.868614 np0000002144 devstack@g-api.service[101958]: [pid: 101958|app: 0|req: 88/266] 127.0.0.1 () {40 vars in 838 bytes} [Thu Jun 4 12:53:44 2026] GET /v2/images/ab56b48a-856e-45a9-ac14-f6974ec68143 => generated 649 bytes in 19 msecs (HTTP/1.1 200) 4 headers in 157 bytes (1 switches on core 0)
Jun 04 12:53:45.882369 np0000002144 devstack@g-api.service[101960]: DEBUG glance.api.middleware.version_negotiation [None req-e8a2b0dc-40aa-4b25-b80f-5f38cac18d38 tempest-VolumesActionsTest-201000114 tempest-VolumesActionsTest-201000114-project-member] Determining version of request: GET /v2/images/ab56b48a-856e-45a9-ac14-f6974ec68143 Accept: application/json {{(pid=101960) process_request /opt/stack/glance/glance/api/middleware/version_negotiation.py:44}}
Jun 04 12:53:45.882369 np0000002144 devstack@g-api.service[101960]: DEBUG glance.api.middleware.version_negotiation [None req-e8a2b0dc-40aa-4b25-b80f-5f38cac18d38 tempest-VolumesActionsTest-201000114 tempest-VolumesActionsTest-201000114-project-member] Using url versioning {{(pid=101960) process_request /opt/stack/glance/glance/api/middleware/version_negotiation.py:57}}
Jun 04 12:53:45.882764 np0000002144 devstack@g-api.service[101960]: DEBUG glance.api.middleware.version_negotiation [None req-e8a2b0dc-40aa-4b25-b80f-5f38cac18d38 tempest-VolumesActionsTest-201000114 tempest-VolumesActionsTest-201000114-project-member] Matched version: v2 {{(pid=101960) process_request /opt/stack/glance/glance/api/middleware/version_negotiation.py:69}}
Jun 04 12:53:45.882764 np0000002144 devstack@g-api.service[101960]: DEBUG glance.api.middleware.version_negotiation [None req-e8a2b0dc-40aa-4b25-b80f-5f38cac18d38 tempest-VolumesActionsTest-201000114 tempest-VolumesActionsTest-201000114-project-member] new path /v2/images/ab56b48a-856e-45a9-ac14-f6974ec68143 {{(pid=101960) process_request /opt/stack/glance/glance/api/middleware/version_negotiation.py:70}}
Jun 04 12:53:45.896377 np0000002144 devstack@g-api.service[101960]: [pid: 101960|app: 0|req: 94/267] 127.0.0.1 () {40 vars in 838 bytes} [Thu Jun 4 12:53:45 2026] GET /v2/images/ab56b48a-856e-45a9-ac14-f6974ec68143 => generated 649 bytes in 14 msecs (HTTP/1.1 200) 4 headers in 157 bytes (1 switches on core 0)
Jun 04 12:53:46.534801 np0000002144 devstack@g-api.service[101959]: DEBUG swiftclient [None req-2873ceea-cb5e-4eaf-9421-8260e3384a26 tempest-VolumesActionsTest-201000114 tempest-VolumesActionsTest-201000114-project-member] REQ: curl -i https://10.4.3.159:8080/v1/AUTH_652d80ce2a7642b4bade0d9e32cae814/glance/ab56b48a-856e-45a9-ac14-f6974ec68143-00001 -X PUT -H "X-Auth-Token: gAAAAABqIXVXVK4e..." {{(pid=101959) http_log /opt/stack/data/venv/lib/python3.12/site-packages/swiftclient/client.py:160}}
Jun 04 12:53:46.534801 np0000002144 devstack@g-api.service[101959]: DEBUG swiftclient [None req-2873ceea-cb5e-4eaf-9421-8260e3384a26 tempest-VolumesActionsTest-201000114 tempest-VolumesActionsTest-201000114-project-member] RESP STATUS: 201 Created {{(pid=101959) http_log /opt/stack/data/venv/lib/python3.12/site-packages/swiftclient/client.py:161}}
Jun 04 12:53:46.535097 np0000002144 devstack@g-api.service[101959]: DEBUG swiftclient [None req-2873ceea-cb5e-4eaf-9421-8260e3384a26 tempest-VolumesActionsTest-201000114 tempest-VolumesActionsTest-201000114-project-member] RESP HEADERS: {'Date': 'Thu, 04 Jun 2026 12:53:46 GMT', 'Server': 'Apache/2.4.58 (Ubuntu)', 'Content-Type': 'text/html; charset=UTF-8', 'Content-Length': '0', 'Etag': 'eda9a9889837ac4bc81d6387d92c1bec', 'Last-Modified': 'Thu, 04 Jun 2026 12:53:44 GMT', 'X-Trans-Id': 'txe379db568d3a4a66b83ad-006a217557', 'X-Openstack-Request-Id': 'txe379db568d3a4a66b83ad-006a217557', 'Connection': 'close'} {{(pid=101959) http_log /opt/stack/data/venv/lib/python3.12/site-packages/swiftclient/client.py:162}}
Jun 04 12:53:46.535097 np0000002144 devstack@g-api.service[101959]: DEBUG glance_store._drivers.swift.store [None req-2873ceea-cb5e-4eaf-9421-8260e3384a26 tempest-VolumesActionsTest-201000114 tempest-VolumesActionsTest-201000114-project-member] Wrote chunk ab56b48a-856e-45a9-ac14-f6974ec68143-00001 (1/?) of length 204800000 to Swift returning MD5 of content: eda9a9889837ac4bc81d6387d92c1bec {{(pid=101959) add /opt/stack/data/venv/lib/python3.12/site-packages/glance_store/_drivers/swift/store.py:1059}}
Jun 04 12:53:46.906817 np0000002144 devstack@g-api.service[101958]: DEBUG glance.api.middleware.version_negotiation [None req-190141d2-e0cf-40f4-9006-17e6141a5270 tempest-VolumesActionsTest-201000114 tempest-VolumesActionsTest-201000114-project-member] Determining version of request: GET /v2/images/ab56b48a-856e-45a9-ac14-f6974ec68143 Accept: application/json {{(pid=101958) process_request /opt/stack/glance/glance/api/middleware/version_negotiation.py:44}}
Jun 04 12:53:46.907152 np0000002144 devstack@g-api.service[101958]: DEBUG glance.api.middleware.version_negotiation [None req-190141d2-e0cf-40f4-9006-17e6141a5270 tempest-VolumesActionsTest-201000114 tempest-VolumesActionsTest-201000114-project-member] Using url versioning {{(pid=101958) process_request /opt/stack/glance/glance/api/middleware/version_negotiation.py:57}}
Jun 04 12:53:46.907245 np0000002144 devstack@g-api.service[101958]: DEBUG glance.api.middleware.version_negotiation [None req-190141d2-e0cf-40f4-9006-17e6141a5270 tempest-VolumesActionsTest-201000114 tempest-VolumesActionsTest-201000114-project-member] Matched version: v2 {{(pid=101958) process_request /opt/stack/glance/glance/api/middleware/version_negotiation.py:69}}
Jun 04 12:53:46.907402 np0000002144 devstack@g-api.service[101958]: DEBUG glance.api.middleware.version_negotiation [None req-190141d2-e0cf-40f4-9006-17e6141a5270 tempest-VolumesActionsTest-201000114 tempest-VolumesActionsTest-201000114-project-member] new path /v2/images/ab56b48a-856e-45a9-ac14-f6974ec68143 {{(pid=101958) process_request /opt/stack/glance/glance/api/middleware/version_negotiation.py:70}}
Jun 04 12:53:46.923319 np0000002144 devstack@g-api.service[101958]: [pid: 101958|app: 0|req: 89/268] 127.0.0.1 () {40 vars in 838 bytes} [Thu Jun 4 12:53:46 2026] GET /v2/images/ab56b48a-856e-45a9-ac14-f6974ec68143 => generated 649 bytes in 17 msecs (HTTP/1.1 200) 4 headers in 157 bytes (1 switches on core 0)
Jun 04 12:53:47.942084 np0000002144 devstack@g-api.service[101960]: DEBUG glance.api.middleware.version_negotiation [None req-e0f45b73-3099-4e01-98ae-48c8dedb4750 tempest-VolumesActionsTest-201000114 tempest-VolumesActionsTest-201000114-project-member] Determining version of request: GET /v2/images/ab56b48a-856e-45a9-ac14-f6974ec68143 Accept: application/json {{(pid=101960) process_request /opt/stack/glance/glance/api/middleware/version_negotiation.py:44}}
Jun 04 12:53:47.942458 np0000002144 devstack@g-api.service[101960]: DEBUG glance.api.middleware.version_negotiation [None req-e0f45b73-3099-4e01-98ae-48c8dedb4750 tempest-VolumesActionsTest-201000114 tempest-VolumesActionsTest-201000114-project-member] Using url versioning {{(pid=101960) process_request /opt/stack/glance/glance/api/middleware/version_negotiation.py:57}}
Jun 04 12:53:47.942458 np0000002144 devstack@g-api.service[101960]: DEBUG glance.api.middleware.version_negotiation [None req-e0f45b73-3099-4e01-98ae-48c8dedb4750 tempest-VolumesActionsTest-201000114 tempest-VolumesActionsTest-201000114-project-member] Matched version: v2 {{(pid=101960) process_request /opt/stack/glance/glance/api/middleware/version_negotiation.py:69}}
Jun 04 12:53:47.942673 np0000002144 devstack@g-api.service[101960]: DEBUG glance.api.middleware.version_negotiation [None req-e0f45b73-3099-4e01-98ae-48c8dedb4750 tempest-VolumesActionsTest-201000114 tempest-VolumesActionsTest-201000114-project-member] new path /v2/images/ab56b48a-856e-45a9-ac14-f6974ec68143 {{(pid=101960) process_request /opt/stack/glance/glance/api/middleware/version_negotiation.py:70}}
Jun 04 12:53:47.963313 np0000002144 devstack@g-api.service[101960]: [pid: 101960|app: 0|req: 95/269] 127.0.0.1 () {40 vars in 838 bytes} [Thu Jun 4 12:53:47 2026] GET /v2/images/ab56b48a-856e-45a9-ac14-f6974ec68143 => generated 649 bytes in 21 msecs (HTTP/1.1 200) 4 headers in 157 bytes (1 switches on core 0)
Jun 04 12:53:48.890484 np0000002144 devstack@g-api.service[101959]: DEBUG swiftclient [None req-2873ceea-cb5e-4eaf-9421-8260e3384a26 tempest-VolumesActionsTest-201000114 tempest-VolumesActionsTest-201000114-project-member] REQ: curl -i https://10.4.3.159:8080/v1/AUTH_652d80ce2a7642b4bade0d9e32cae814/glance/ab56b48a-856e-45a9-ac14-f6974ec68143-00002 -X PUT -H "X-Auth-Token: gAAAAABqIXVXVK4e..." {{(pid=101959) http_log /opt/stack/data/venv/lib/python3.12/site-packages/swiftclient/client.py:160}}
Jun 04 12:53:48.890758 np0000002144 devstack@g-api.service[101959]: DEBUG swiftclient [None req-2873ceea-cb5e-4eaf-9421-8260e3384a26 tempest-VolumesActionsTest-201000114 tempest-VolumesActionsTest-201000114-project-member] RESP STATUS: 201 Created {{(pid=101959) http_log /opt/stack/data/venv/lib/python3.12/site-packages/swiftclient/client.py:161}}
Jun 04 12:53:48.890879 np0000002144 devstack@g-api.service[101959]: DEBUG swiftclient [None req-2873ceea-cb5e-4eaf-9421-8260e3384a26 tempest-VolumesActionsTest-201000114 tempest-VolumesActionsTest-201000114-project-member] RESP HEADERS: {'Date': 'Thu, 04 Jun 2026 12:53:48 GMT', 'Server': 'Apache/2.4.58 (Ubuntu)', 'Content-Type': 'text/html; charset=UTF-8', 'Content-Length': '0', 'Etag': 'eda9a9889837ac4bc81d6387d92c1bec', 'Last-Modified': 'Thu, 04 Jun 2026 12:53:47 GMT', 'X-Trans-Id': 'txac447276dd7f4819b0757-006a21755a', 'X-Openstack-Request-Id': 'txac447276dd7f4819b0757-006a21755a', 'Connection': 'close'} {{(pid=101959) http_log /opt/stack/data/venv/lib/python3.12/site-packages/swiftclient/client.py:162}}
Jun 04 12:53:48.891329 np0000002144 devstack@g-api.service[101959]: DEBUG glance_store._drivers.swift.store [None req-2873ceea-cb5e-4eaf-9421-8260e3384a26 tempest-VolumesActionsTest-201000114 tempest-VolumesActionsTest-201000114-project-member] Wrote chunk ab56b48a-856e-45a9-ac14-f6974ec68143-00002 (2/?) of length 204800000 to Swift returning MD5 of content: eda9a9889837ac4bc81d6387d92c1bec {{(pid=101959) add /opt/stack/data/venv/lib/python3.12/site-packages/glance_store/_drivers/swift/store.py:1059}}
Jun 04 12:53:48.973466 np0000002144 devstack@g-api.service[101958]: DEBUG glance.api.middleware.version_negotiation [None req-bed58247-adda-442e-ab9d-d895781093b5 tempest-VolumesActionsTest-201000114 tempest-VolumesActionsTest-201000114-project-member] Determining version of request: GET /v2/images/ab56b48a-856e-45a9-ac14-f6974ec68143 Accept: application/json {{(pid=101958) process_request /opt/stack/glance/glance/api/middleware/version_negotiation.py:44}}
Jun 04 12:53:48.973912 np0000002144 devstack@g-api.service[101958]: DEBUG glance.api.middleware.version_negotiation [None req-bed58247-adda-442e-ab9d-d895781093b5 tempest-VolumesActionsTest-201000114 tempest-VolumesActionsTest-201000114-project-member] Using url versioning {{(pid=101958) process_request /opt/stack/glance/glance/api/middleware/version_negotiation.py:57}}
Jun 04 12:53:48.973912 np0000002144 devstack@g-api.service[101958]: DEBUG glance.api.middleware.version_negotiation [None req-bed58247-adda-442e-ab9d-d895781093b5 tempest-VolumesActionsTest-201000114 tempest-VolumesActionsTest-201000114-project-member] Matched version: v2 {{(pid=101958) process_request /opt/stack/glance/glance/api/middleware/version_negotiation.py:69}}
Jun 04 12:53:48.973912 np0000002144 devstack@g-api.service[101958]: DEBUG glance.api.middleware.version_negotiation [None req-bed58247-adda-442e-ab9d-d895781093b5 tempest-VolumesActionsTest-201000114 tempest-VolumesActionsTest-201000114-project-member] new path /v2/images/ab56b48a-856e-45a9-ac14-f6974ec68143 {{(pid=101958) process_request /opt/stack/glance/glance/api/middleware/version_negotiation.py:70}}
Jun 04 12:53:48.992814 np0000002144 devstack@g-api.service[101958]: [pid: 101958|app: 0|req: 90/270] 127.0.0.1 () {40 vars in 838 bytes} [Thu Jun 4 12:53:48 2026] GET /v2/images/ab56b48a-856e-45a9-ac14-f6974ec68143 => generated 649 bytes in 19 msecs (HTTP/1.1 200) 4 headers in 157 bytes (1 switches on core 0)
Jun 04 12:53:50.003888 np0000002144 devstack@g-api.service[101960]: DEBUG glance.api.middleware.version_negotiation [None req-83152e40-cf1f-4039-8436-a4c1c40ef213 tempest-VolumesActionsTest-201000114 tempest-VolumesActionsTest-201000114-project-member] Determining version of request: GET /v2/images/ab56b48a-856e-45a9-ac14-f6974ec68143 Accept: application/json {{(pid=101960) process_request /opt/stack/glance/glance/api/middleware/version_negotiation.py:44}}
Jun 04 12:53:50.005432 np0000002144 devstack@g-api.service[101960]: DEBUG glance.api.middleware.version_negotiation [None req-83152e40-cf1f-4039-8436-a4c1c40ef213 tempest-VolumesActionsTest-201000114 tempest-VolumesActionsTest-201000114-project-member] Using url versioning {{(pid=101960) process_request /opt/stack/glance/glance/api/middleware/version_negotiation.py:57}}
Jun 04 12:53:50.005432 np0000002144 devstack@g-api.service[101960]: DEBUG glance.api.middleware.version_negotiation [None req-83152e40-cf1f-4039-8436-a4c1c40ef213 tempest-VolumesActionsTest-201000114 tempest-VolumesActionsTest-201000114-project-member] Matched version: v2 {{(pid=101960) process_request /opt/stack/glance/glance/api/middleware/version_negotiation.py:69}}
Jun 04 12:53:50.005432 np0000002144 devstack@g-api.service[101960]: DEBUG glance.api.middleware.version_negotiation [None req-83152e40-cf1f-4039-8436-a4c1c40ef213 tempest-VolumesActionsTest-201000114 tempest-VolumesActionsTest-201000114-project-member] new path /v2/images/ab56b48a-856e-45a9-ac14-f6974ec68143 {{(pid=101960) process_request /opt/stack/glance/glance/api/middleware/version_negotiation.py:70}}
Jun 04 12:53:50.025687 np0000002144 devstack@g-api.service[101960]: [pid: 101960|app: 0|req: 96/271] 127.0.0.1 () {40 vars in 838 bytes} [Thu Jun 4 12:53:50 2026] GET /v2/images/ab56b48a-856e-45a9-ac14-f6974ec68143 => generated 649 bytes in 21 msecs (HTTP/1.1 200) 4 headers in 157 bytes (1 switches on core 0)
Jun 04 12:53:51.034041 np0000002144 devstack@g-api.service[101958]: DEBUG glance.api.middleware.version_negotiation [None req-dfe28a30-261b-43be-9e6d-a149c3f673cd tempest-VolumesActionsTest-201000114 tempest-VolumesActionsTest-201000114-project-member] Determining version of request: GET /v2/images/ab56b48a-856e-45a9-ac14-f6974ec68143 Accept: application/json {{(pid=101958) process_request /opt/stack/glance/glance/api/middleware/version_negotiation.py:44}}
Jun 04 12:53:51.034041 np0000002144 devstack@g-api.service[101958]: DEBUG glance.api.middleware.version_negotiation [None req-dfe28a30-261b-43be-9e6d-a149c3f673cd tempest-VolumesActionsTest-201000114 tempest-VolumesActionsTest-201000114-project-member] Using url versioning {{(pid=101958) process_request /opt/stack/glance/glance/api/middleware/version_negotiation.py:57}}
Jun 04 12:53:51.034555 np0000002144 devstack@g-api.service[101958]: DEBUG glance.api.middleware.version_negotiation [None req-dfe28a30-261b-43be-9e6d-a149c3f673cd tempest-VolumesActionsTest-201000114 tempest-VolumesActionsTest-201000114-project-member] Matched version: v2 {{(pid=101958) process_request /opt/stack/glance/glance/api/middleware/version_negotiation.py:69}}
Jun 04 12:53:51.034555 np0000002144 devstack@g-api.service[101958]: DEBUG glance.api.middleware.version_negotiation [None req-dfe28a30-261b-43be-9e6d-a149c3f673cd tempest-VolumesActionsTest-201000114 tempest-VolumesActionsTest-201000114-project-member] new path /v2/images/ab56b48a-856e-45a9-ac14-f6974ec68143 {{(pid=101958) process_request /opt/stack/glance/glance/api/middleware/version_negotiation.py:70}}
Jun 04 12:53:51.051104 np0000002144 devstack@g-api.service[101958]: [pid: 101958|app: 0|req: 91/272] 127.0.0.1 () {40 vars in 838 bytes} [Thu Jun 4 12:53:51 2026] GET /v2/images/ab56b48a-856e-45a9-ac14-f6974ec68143 => generated 649 bytes in 18 msecs (HTTP/1.1 200) 4 headers in 157 bytes (1 switches on core 0)
Jun 04 12:53:51.296205 np0000002144 devstack@g-api.service[101959]: DEBUG swiftclient [None req-2873ceea-cb5e-4eaf-9421-8260e3384a26 tempest-VolumesActionsTest-201000114 tempest-VolumesActionsTest-201000114-project-member] REQ: curl -i https://10.4.3.159:8080/v1/AUTH_652d80ce2a7642b4bade0d9e32cae814/glance/ab56b48a-856e-45a9-ac14-f6974ec68143-00003 -X PUT -H "X-Auth-Token: gAAAAABqIXVXVK4e..." {{(pid=101959) http_log /opt/stack/data/venv/lib/python3.12/site-packages/swiftclient/client.py:160}}
Jun 04 12:53:51.296579 np0000002144 devstack@g-api.service[101959]: DEBUG swiftclient [None req-2873ceea-cb5e-4eaf-9421-8260e3384a26 tempest-VolumesActionsTest-201000114 tempest-VolumesActionsTest-201000114-project-member] RESP STATUS: 201 Created {{(pid=101959) http_log /opt/stack/data/venv/lib/python3.12/site-packages/swiftclient/client.py:161}}
Jun 04 12:53:51.296579 np0000002144 devstack@g-api.service[101959]: DEBUG swiftclient [None req-2873ceea-cb5e-4eaf-9421-8260e3384a26 tempest-VolumesActionsTest-201000114 tempest-VolumesActionsTest-201000114-project-member] RESP HEADERS: {'Date': 'Thu, 04 Jun 2026 12:53:51 GMT', 'Server': 'Apache/2.4.58 (Ubuntu)', 'Content-Type': 'text/html; charset=UTF-8', 'Content-Length': '0', 'Etag': 'eda9a9889837ac4bc81d6387d92c1bec', 'Last-Modified': 'Thu, 04 Jun 2026 12:53:49 GMT', 'X-Trans-Id': 'tx657d7aac68b6462f93993-006a21755c', 'X-Openstack-Request-Id': 'tx657d7aac68b6462f93993-006a21755c', 'Connection': 'close'} {{(pid=101959) http_log /opt/stack/data/venv/lib/python3.12/site-packages/swiftclient/client.py:162}}
Jun 04 12:53:51.296802 np0000002144 devstack@g-api.service[101959]: DEBUG glance_store._drivers.swift.store [None req-2873ceea-cb5e-4eaf-9421-8260e3384a26 tempest-VolumesActionsTest-201000114 tempest-VolumesActionsTest-201000114-project-member] Wrote chunk ab56b48a-856e-45a9-ac14-f6974ec68143-00003 (3/?) of length 204800000 to Swift returning MD5 of content: eda9a9889837ac4bc81d6387d92c1bec {{(pid=101959) add /opt/stack/data/venv/lib/python3.12/site-packages/glance_store/_drivers/swift/store.py:1059}}
Jun 04 12:53:52.070748 np0000002144 devstack@g-api.service[101960]: DEBUG glance.api.middleware.version_negotiation [None req-287f2a13-3aa8-46c9-944e-f96da8c51700 tempest-VolumesActionsTest-201000114 tempest-VolumesActionsTest-201000114-project-member] Determining version of request: GET /v2/images/ab56b48a-856e-45a9-ac14-f6974ec68143 Accept: application/json {{(pid=101960) process_request /opt/stack/glance/glance/api/middleware/version_negotiation.py:44}}
Jun 04 12:53:52.070748 np0000002144 devstack@g-api.service[101960]: DEBUG glance.api.middleware.version_negotiation [None req-287f2a13-3aa8-46c9-944e-f96da8c51700 tempest-VolumesActionsTest-201000114 tempest-VolumesActionsTest-201000114-project-member] Using url versioning {{(pid=101960) process_request /opt/stack/glance/glance/api/middleware/version_negotiation.py:57}}
Jun 04 12:53:52.070748 np0000002144 devstack@g-api.service[101960]: DEBUG glance.api.middleware.version_negotiation [None req-287f2a13-3aa8-46c9-944e-f96da8c51700 tempest-VolumesActionsTest-201000114 tempest-VolumesActionsTest-201000114-project-member] Matched version: v2 {{(pid=101960) process_request /opt/stack/glance/glance/api/middleware/version_negotiation.py:69}}
Jun 04 12:53:52.070748 np0000002144 devstack@g-api.service[101960]: DEBUG glance.api.middleware.version_negotiation [None req-287f2a13-3aa8-46c9-944e-f96da8c51700 tempest-VolumesActionsTest-201000114 tempest-VolumesActionsTest-201000114-project-member] new path /v2/images/ab56b48a-856e-45a9-ac14-f6974ec68143 {{(pid=101960) process_request /opt/stack/glance/glance/api/middleware/version_negotiation.py:70}}
Jun 04 12:53:52.085376 np0000002144 devstack@g-api.service[101960]: [pid: 101960|app: 0|req: 97/273] 127.0.0.1 () {40 vars in 838 bytes} [Thu Jun 4 12:53:52 2026] GET /v2/images/ab56b48a-856e-45a9-ac14-f6974ec68143 => generated 649 bytes in 15 msecs (HTTP/1.1 200) 4 headers in 157 bytes (1 switches on core 0)
Jun 04 12:53:53.095315 np0000002144 devstack@g-api.service[101958]: DEBUG glance.api.middleware.version_negotiation [None req-76ff76e9-df32-4965-90d9-ab6bb4bda057 tempest-VolumesActionsTest-201000114 tempest-VolumesActionsTest-201000114-project-member] Determining version of request: GET /v2/images/ab56b48a-856e-45a9-ac14-f6974ec68143 Accept: application/json {{(pid=101958) process_request /opt/stack/glance/glance/api/middleware/version_negotiation.py:44}}
Jun 04 12:53:53.095315 np0000002144 devstack@g-api.service[101958]: DEBUG glance.api.middleware.version_negotiation [None req-76ff76e9-df32-4965-90d9-ab6bb4bda057 tempest-VolumesActionsTest-201000114 tempest-VolumesActionsTest-201000114-project-member] Using url versioning {{(pid=101958) process_request /opt/stack/glance/glance/api/middleware/version_negotiation.py:57}}
Jun 04 12:53:53.095691 np0000002144 devstack@g-api.service[101958]: DEBUG glance.api.middleware.version_negotiation [None req-76ff76e9-df32-4965-90d9-ab6bb4bda057 tempest-VolumesActionsTest-201000114 tempest-VolumesActionsTest-201000114-project-member] Matched version: v2 {{(pid=101958) process_request /opt/stack/glance/glance/api/middleware/version_negotiation.py:69}}
Jun 04 12:53:53.095691 np0000002144 devstack@g-api.service[101958]: DEBUG glance.api.middleware.version_negotiation [None req-76ff76e9-df32-4965-90d9-ab6bb4bda057 tempest-VolumesActionsTest-201000114 tempest-VolumesActionsTest-201000114-project-member] new path /v2/images/ab56b48a-856e-45a9-ac14-f6974ec68143 {{(pid=101958) process_request /opt/stack/glance/glance/api/middleware/version_negotiation.py:70}}
Jun 04 12:53:53.111484 np0000002144 devstack@g-api.service[101958]: [pid: 101958|app: 0|req: 92/274] 127.0.0.1 () {40 vars in 838 bytes} [Thu Jun 4 12:53:53 2026] GET /v2/images/ab56b48a-856e-45a9-ac14-f6974ec68143 => generated 649 bytes in 17 msecs (HTTP/1.1 200) 4 headers in 157 bytes (1 switches on core 0)
Jun 04 12:53:53.587608 np0000002144 devstack@g-api.service[101959]: DEBUG swiftclient [None req-2873ceea-cb5e-4eaf-9421-8260e3384a26 tempest-VolumesActionsTest-201000114 tempest-VolumesActionsTest-201000114-project-member] REQ: curl -i https://10.4.3.159:8080/v1/AUTH_652d80ce2a7642b4bade0d9e32cae814/glance/ab56b48a-856e-45a9-ac14-f6974ec68143-00004 -X PUT -H "X-Auth-Token: gAAAAABqIXVXVK4e..." {{(pid=101959) http_log /opt/stack/data/venv/lib/python3.12/site-packages/swiftclient/client.py:160}}
Jun 04 12:53:53.587841 np0000002144 devstack@g-api.service[101959]: DEBUG swiftclient [None req-2873ceea-cb5e-4eaf-9421-8260e3384a26 tempest-VolumesActionsTest-201000114 tempest-VolumesActionsTest-201000114-project-member] RESP STATUS: 201 Created {{(pid=101959) http_log /opt/stack/data/venv/lib/python3.12/site-packages/swiftclient/client.py:161}}
Jun 04 12:53:53.587980 np0000002144 devstack@g-api.service[101959]: DEBUG swiftclient [None req-2873ceea-cb5e-4eaf-9421-8260e3384a26 tempest-VolumesActionsTest-201000114 tempest-VolumesActionsTest-201000114-project-member] RESP HEADERS: {'Date': 'Thu, 04 Jun 2026 12:53:53 GMT', 'Server': 'Apache/2.4.58 (Ubuntu)', 'Content-Type': 'text/html; charset=UTF-8', 'Content-Length': '0', 'Etag': 'eda9a9889837ac4bc81d6387d92c1bec', 'Last-Modified': 'Thu, 04 Jun 2026 12:53:52 GMT', 'X-Trans-Id': 'tx00defd2fb7554ca1bb2b3-006a21755f', 'X-Openstack-Request-Id': 'tx00defd2fb7554ca1bb2b3-006a21755f', 'Connection': 'close'} {{(pid=101959) http_log /opt/stack/data/venv/lib/python3.12/site-packages/swiftclient/client.py:162}}
Jun 04 12:53:53.588139 np0000002144 devstack@g-api.service[101959]: DEBUG glance_store._drivers.swift.store [None req-2873ceea-cb5e-4eaf-9421-8260e3384a26 tempest-VolumesActionsTest-201000114 tempest-VolumesActionsTest-201000114-project-member] Wrote chunk ab56b48a-856e-45a9-ac14-f6974ec68143-00004 (4/?) of length 204800000 to Swift returning MD5 of content: eda9a9889837ac4bc81d6387d92c1bec {{(pid=101959) add /opt/stack/data/venv/lib/python3.12/site-packages/glance_store/_drivers/swift/store.py:1059}}
Jun 04 12:53:53.805761 np0000002144 devstack@g-api.service[101959]: DEBUG dbcounter [-] [101959] Writing DB stats glance:SELECT=52,glance:UPDATE=3,glance:INSERT=3 {{(pid=101959) stat_writer /opt/stack/data/venv/lib/python3.12/site-packages/dbcounter.py:115}}
Jun 04 12:53:54.125044 np0000002144 devstack@g-api.service[101960]: DEBUG glance.api.middleware.version_negotiation [None req-8d6f973c-11dd-49ed-b411-0c3b2279e725 tempest-VolumesActionsTest-201000114 tempest-VolumesActionsTest-201000114-project-member] Determining version of request: GET /v2/images/ab56b48a-856e-45a9-ac14-f6974ec68143 Accept: application/json {{(pid=101960) process_request /opt/stack/glance/glance/api/middleware/version_negotiation.py:44}}
Jun 04 12:53:54.125044 np0000002144 devstack@g-api.service[101960]: DEBUG glance.api.middleware.version_negotiation [None req-8d6f973c-11dd-49ed-b411-0c3b2279e725 tempest-VolumesActionsTest-201000114 tempest-VolumesActionsTest-201000114-project-member] Using url versioning {{(pid=101960) process_request /opt/stack/glance/glance/api/middleware/version_negotiation.py:57}}
Jun 04 12:53:54.125044 np0000002144 devstack@g-api.service[101960]: DEBUG glance.api.middleware.version_negotiation [None req-8d6f973c-11dd-49ed-b411-0c3b2279e725 tempest-VolumesActionsTest-201000114 tempest-VolumesActionsTest-201000114-project-member] Matched version: v2 {{(pid=101960) process_request /opt/stack/glance/glance/api/middleware/version_negotiation.py:69}}
Jun 04 12:53:54.125044 np0000002144 devstack@g-api.service[101960]: DEBUG glance.api.middleware.version_negotiation [None req-8d6f973c-11dd-49ed-b411-0c3b2279e725 tempest-VolumesActionsTest-201000114 tempest-VolumesActionsTest-201000114-project-member] new path /v2/images/ab56b48a-856e-45a9-ac14-f6974ec68143 {{(pid=101960) process_request /opt/stack/glance/glance/api/middleware/version_negotiation.py:70}}
Jun 04 12:53:54.139755 np0000002144 devstack@g-api.service[101960]: [pid: 101960|app: 0|req: 98/275] 127.0.0.1 () {40 vars in 838 bytes} [Thu Jun 4 12:53:54 2026] GET /v2/images/ab56b48a-856e-45a9-ac14-f6974ec68143 => generated 649 bytes in 14 msecs (HTTP/1.1 200) 4 headers in 157 bytes (1 switches on core 0)
Jun 04 12:53:55.154186 np0000002144 devstack@g-api.service[101958]: DEBUG glance.api.middleware.version_negotiation [None req-10b6493a-32c8-48a6-a558-6d440b751081 tempest-VolumesActionsTest-201000114 tempest-VolumesActionsTest-201000114-project-member] Determining version of request: GET /v2/images/ab56b48a-856e-45a9-ac14-f6974ec68143 Accept: application/json {{(pid=101958) process_request /opt/stack/glance/glance/api/middleware/version_negotiation.py:44}}
Jun 04 12:53:55.154186 np0000002144 devstack@g-api.service[101958]: DEBUG glance.api.middleware.version_negotiation [None req-10b6493a-32c8-48a6-a558-6d440b751081 tempest-VolumesActionsTest-201000114 tempest-VolumesActionsTest-201000114-project-member] Using url versioning {{(pid=101958) process_request /opt/stack/glance/glance/api/middleware/version_negotiation.py:57}}
Jun 04 12:53:55.154186 np0000002144 devstack@g-api.service[101958]: DEBUG glance.api.middleware.version_negotiation [None req-10b6493a-32c8-48a6-a558-6d440b751081 tempest-VolumesActionsTest-201000114 tempest-VolumesActionsTest-201000114-project-member] Matched version: v2 {{(pid=101958) process_request /opt/stack/glance/glance/api/middleware/version_negotiation.py:69}}
Jun 04 12:53:55.154186 np0000002144 devstack@g-api.service[101958]: DEBUG glance.api.middleware.version_negotiation [None req-10b6493a-32c8-48a6-a558-6d440b751081 tempest-VolumesActionsTest-201000114 tempest-VolumesActionsTest-201000114-project-member] new path /v2/images/ab56b48a-856e-45a9-ac14-f6974ec68143 {{(pid=101958) process_request /opt/stack/glance/glance/api/middleware/version_negotiation.py:70}}
Jun 04 12:53:55.168939 np0000002144 devstack@g-api.service[101958]: [pid: 101958|app: 0|req: 93/276] 127.0.0.1 () {40 vars in 838 bytes} [Thu Jun 4 12:53:55 2026] GET /v2/images/ab56b48a-856e-45a9-ac14-f6974ec68143 => generated 649 bytes in 16 msecs (HTTP/1.1 200) 4 headers in 157 bytes (1 switches on core 0)
Jun 04 12:53:55.781547 np0000002144 devstack@g-api.service[101959]: DEBUG swiftclient [None req-2873ceea-cb5e-4eaf-9421-8260e3384a26 tempest-VolumesActionsTest-201000114 tempest-VolumesActionsTest-201000114-project-member] REQ: curl -i https://10.4.3.159:8080/v1/AUTH_652d80ce2a7642b4bade0d9e32cae814/glance/ab56b48a-856e-45a9-ac14-f6974ec68143-00005 -X PUT -H "X-Auth-Token: gAAAAABqIXVXVK4e..." {{(pid=101959) http_log /opt/stack/data/venv/lib/python3.12/site-packages/swiftclient/client.py:160}}
Jun 04 12:53:55.781547 np0000002144 devstack@g-api.service[101959]: DEBUG swiftclient [None req-2873ceea-cb5e-4eaf-9421-8260e3384a26 tempest-VolumesActionsTest-201000114 tempest-VolumesActionsTest-201000114-project-member] RESP STATUS: 201 Created {{(pid=101959) http_log /opt/stack/data/venv/lib/python3.12/site-packages/swiftclient/client.py:161}}
Jun 04 12:53:55.781547 np0000002144 devstack@g-api.service[101959]: DEBUG swiftclient [None req-2873ceea-cb5e-4eaf-9421-8260e3384a26 tempest-VolumesActionsTest-201000114 tempest-VolumesActionsTest-201000114-project-member] RESP HEADERS: {'Date': 'Thu, 04 Jun 2026 12:53:55 GMT', 'Server': 'Apache/2.4.58 (Ubuntu)', 'Content-Type': 'text/html; charset=UTF-8', 'Content-Length': '0', 'Etag': 'eda9a9889837ac4bc81d6387d92c1bec', 'Last-Modified': 'Thu, 04 Jun 2026 12:53:54 GMT', 'X-Trans-Id': 'txf2fdd964209f471fa192d-006a217561', 'X-Openstack-Request-Id': 'txf2fdd964209f471fa192d-006a217561', 'Connection': 'close'} {{(pid=101959) http_log /opt/stack/data/venv/lib/python3.12/site-packages/swiftclient/client.py:162}}
Jun 04 12:53:55.781547 np0000002144 devstack@g-api.service[101959]: DEBUG glance_store._drivers.swift.store [None req-2873ceea-cb5e-4eaf-9421-8260e3384a26 tempest-VolumesActionsTest-201000114 tempest-VolumesActionsTest-201000114-project-member] Wrote chunk ab56b48a-856e-45a9-ac14-f6974ec68143-00005 (5/?) of length 204800000 to Swift returning MD5 of content: eda9a9889837ac4bc81d6387d92c1bec {{(pid=101959) add /opt/stack/data/venv/lib/python3.12/site-packages/glance_store/_drivers/swift/store.py:1059}}
Jun 04 12:53:56.179233 np0000002144 devstack@g-api.service[101960]: DEBUG glance.api.middleware.version_negotiation [None req-bdd02369-ed4c-4bc1-94f0-6fc6bf48cf62 tempest-VolumesActionsTest-201000114 tempest-VolumesActionsTest-201000114-project-member] Determining version of request: GET /v2/images/ab56b48a-856e-45a9-ac14-f6974ec68143 Accept: application/json {{(pid=101960) process_request /opt/stack/glance/glance/api/middleware/version_negotiation.py:44}}
Jun 04 12:53:56.179577 np0000002144 devstack@g-api.service[101960]: DEBUG glance.api.middleware.version_negotiation [None req-bdd02369-ed4c-4bc1-94f0-6fc6bf48cf62 tempest-VolumesActionsTest-201000114 tempest-VolumesActionsTest-201000114-project-member] Using url versioning {{(pid=101960) process_request /opt/stack/glance/glance/api/middleware/version_negotiation.py:57}}
Jun 04 12:53:56.179577 np0000002144 devstack@g-api.service[101960]: DEBUG glance.api.middleware.version_negotiation [None req-bdd02369-ed4c-4bc1-94f0-6fc6bf48cf62 tempest-VolumesActionsTest-201000114 tempest-VolumesActionsTest-201000114-project-member] Matched version: v2 {{(pid=101960) process_request /opt/stack/glance/glance/api/middleware/version_negotiation.py:69}}
