Jun 04 12:46:26.875144 np0000002144 nova-scheduler[95591]: DEBUG cotyledon.oslo_config_glue [-] oslo_limit.connect_retry_delay = None {{(pid=95591) log_opt_values /opt/stack/data/venv/lib/python3.12/site-packages/oslo_config/cfg.py:3256}}
Jun 04 12:46:26.875144 np0000002144 nova-scheduler[95591]: DEBUG cotyledon.oslo_config_glue [-] oslo_limit.endpoint_id = None {{(pid=95591) log_opt_values /opt/stack/data/venv/lib/python3.12/site-packages/oslo_config/cfg.py:3256}}
Jun 04 12:46:26.875144 np0000002144 nova-scheduler[95591]: DEBUG cotyledon.oslo_config_glue [-] oslo_limit.endpoint_interface = public {{(pid=95591) log_opt_values /opt/stack/data/venv/lib/python3.12/site-packages/oslo_config/cfg.py:3256}}
Jun 04 12:46:26.875411 np0000002144 nova-scheduler[95591]: DEBUG cotyledon.oslo_config_glue [-] oslo_limit.endpoint_override = None {{(pid=95591) log_opt_values /opt/stack/data/venv/lib/python3.12/site-packages/oslo_config/cfg.py:3256}}
Jun 04 12:46:26.875411 np0000002144 nova-scheduler[95591]: DEBUG cotyledon.oslo_config_glue [-] oslo_limit.endpoint_region_name = None {{(pid=95591) log_opt_values /opt/stack/data/venv/lib/python3.12/site-packages/oslo_config/cfg.py:3256}}
Jun 04 12:46:26.875411 np0000002144 nova-scheduler[95591]: DEBUG cotyledon.oslo_config_glue [-] oslo_limit.endpoint_service_name = None {{(pid=95591) log_opt_values /opt/stack/data/venv/lib/python3.12/site-packages/oslo_config/cfg.py:3256}}
Jun 04 12:46:26.875411 np0000002144 nova-scheduler[95591]: DEBUG cotyledon.oslo_config_glue [-] oslo_limit.endpoint_service_type = None {{(pid=95591) log_opt_values /opt/stack/data/venv/lib/python3.12/site-packages/oslo_config/cfg.py:3256}}
Jun 04 12:46:26.875411 np0000002144 nova-scheduler[95591]: DEBUG cotyledon.oslo_config_glue [-] oslo_limit.insecure = False {{(pid=95591) log_opt_values /opt/stack/data/venv/lib/python3.12/site-packages/oslo_config/cfg.py:3256}}
Jun 04 12:46:26.875411 np0000002144 nova-scheduler[95591]: DEBUG cotyledon.oslo_config_glue [-] oslo_limit.keyfile = None {{(pid=95591) log_opt_values /opt/stack/data/venv/lib/python3.12/site-packages/oslo_config/cfg.py:3256}}
Jun 04 12:46:26.875411 np0000002144 nova-scheduler[95591]: DEBUG cotyledon.oslo_config_glue [-] oslo_limit.max_version = None {{(pid=95591) log_opt_values /opt/stack/data/venv/lib/python3.12/site-packages/oslo_config/cfg.py:3256}}
Jun 04 12:46:26.875411 np0000002144 nova-scheduler[95591]: DEBUG cotyledon.oslo_config_glue [-] oslo_limit.min_version = None {{(pid=95591) log_opt_values /opt/stack/data/venv/lib/python3.12/site-packages/oslo_config/cfg.py:3256}}
Jun 04 12:46:26.875411 np0000002144 nova-scheduler[95591]: DEBUG cotyledon.oslo_config_glue [-] oslo_limit.region_name = None {{(pid=95591) log_opt_values /opt/stack/data/venv/lib/python3.12/site-packages/oslo_config/cfg.py:3256}}
Jun 04 12:46:26.875739 np0000002144 nova-scheduler[95591]: DEBUG cotyledon.oslo_config_glue [-] oslo_limit.retriable_status_codes = None {{(pid=95591) log_opt_values /opt/stack/data/venv/lib/python3.12/site-packages/oslo_config/cfg.py:3256}}
Jun 04 12:46:26.875739 np0000002144 nova-scheduler[95591]: DEBUG cotyledon.oslo_config_glue [-] oslo_limit.service_name = None {{(pid=95591) log_opt_values /opt/stack/data/venv/lib/python3.12/site-packages/oslo_config/cfg.py:3256}}
Jun 04 12:46:26.875739 np0000002144 nova-scheduler[95591]: DEBUG cotyledon.oslo_config_glue [-] oslo_limit.service_type = None {{(pid=95591) log_opt_values /opt/stack/data/venv/lib/python3.12/site-packages/oslo_config/cfg.py:3256}}
Jun 04 12:46:26.875739 np0000002144 nova-scheduler[95591]: DEBUG cotyledon.oslo_config_glue [-] oslo_limit.split_loggers = False {{(pid=95591) log_opt_values /opt/stack/data/venv/lib/python3.12/site-packages/oslo_config/cfg.py:3256}}
Jun 04 12:46:26.875739 np0000002144 nova-scheduler[95591]: DEBUG cotyledon.oslo_config_glue [-] oslo_limit.status_code_retries = None {{(pid=95591) log_opt_values /opt/stack/data/venv/lib/python3.12/site-packages/oslo_config/cfg.py:3256}}
Jun 04 12:46:26.875739 np0000002144 nova-scheduler[95591]: DEBUG cotyledon.oslo_config_glue [-] oslo_limit.status_code_retry_delay = None {{(pid=95591) log_opt_values /opt/stack/data/venv/lib/python3.12/site-packages/oslo_config/cfg.py:3256}}
Jun 04 12:46:26.875739 np0000002144 nova-scheduler[95591]: DEBUG cotyledon.oslo_config_glue [-] oslo_limit.timeout = None {{(pid=95591) log_opt_values /opt/stack/data/venv/lib/python3.12/site-packages/oslo_config/cfg.py:3256}}
Jun 04 12:46:26.875739 np0000002144 nova-scheduler[95591]: DEBUG cotyledon.oslo_config_glue [-] oslo_limit.valid_interfaces = None {{(pid=95591) log_opt_values /opt/stack/data/venv/lib/python3.12/site-packages/oslo_config/cfg.py:3256}}
Jun 04 12:46:26.875739 np0000002144 nova-scheduler[95591]: DEBUG cotyledon.oslo_config_glue [-] oslo_limit.version = None {{(pid=95591) log_opt_values /opt/stack/data/venv/lib/python3.12/site-packages/oslo_config/cfg.py:3256}}
Jun 04 12:46:26.876009 np0000002144 nova-scheduler[95591]: DEBUG cotyledon.oslo_config_glue [-] oslo_reports.file_event_handler = None {{(pid=95591) log_opt_values /opt/stack/data/venv/lib/python3.12/site-packages/oslo_config/cfg.py:3256}}
Jun 04 12:46:26.876009 np0000002144 nova-scheduler[95591]: DEBUG cotyledon.oslo_config_glue [-] oslo_reports.file_event_handler_interval = 1 {{(pid=95591) log_opt_values /opt/stack/data/venv/lib/python3.12/site-packages/oslo_config/cfg.py:3256}}
Jun 04 12:46:26.876009 np0000002144 nova-scheduler[95591]: DEBUG cotyledon.oslo_config_glue [-] oslo_reports.log_dir = None {{(pid=95591) log_opt_values /opt/stack/data/venv/lib/python3.12/site-packages/oslo_config/cfg.py:3256}}
Jun 04 12:46:26.876009 np0000002144 nova-scheduler[95591]: DEBUG cotyledon.oslo_config_glue [-] ******************************************************************************** {{(pid=95591) log_opt_values /opt/stack/data/venv/lib/python3.12/site-packages/oslo_config/cfg.py:3263}}
Jun 04 12:46:26.876009 np0000002144 nova-scheduler[95591]: DEBUG cotyledon._service_worker [-] Run service ServiceWrapper(2) [95591] {{(pid=95591) wait_forever /opt/stack/data/venv/lib/python3.12/site-packages/cotyledon/_service_worker.py:218}}
Jun 04 12:46:26.876009 np0000002144 nova-scheduler[95591]: INFO nova.service [-] Starting scheduler node (version 33.1.0)
Jun 04 12:46:26.877967 np0000002144 nova-scheduler[95591]: INFO dbcounter [None req-38473bc2-7949-4933-9d83-663788f2cd4a None None] Registered counter for database nova_cell0
Jun 04 12:46:26.892378 np0000002144 nova-scheduler[95587]: DEBUG oslo_db.sqlalchemy.engines [None req-9fc4d47a-f435-4657-a07b-5685b6d4b75a None None] MySQL server mode set to STRICT_TRANS_TABLES,STRICT_ALL_TABLES,NO_ZERO_IN_DATE,NO_ZERO_DATE,ERROR_FOR_DIVISION_BY_ZERO,TRADITIONAL,NO_ENGINE_SUBSTITUTION {{(pid=95587) _check_effective_sql_mode /opt/stack/data/venv/lib/python3.12/site-packages/oslo_db/sqlalchemy/engines.py:325}}
Jun 04 12:46:26.895151 np0000002144 nova-scheduler[95589]: DEBUG oslo_db.sqlalchemy.engines [None req-a51fe944-0bd5-471b-ae88-2dba5c0beafb None None] MySQL server mode set to STRICT_TRANS_TABLES,STRICT_ALL_TABLES,NO_ZERO_IN_DATE,NO_ZERO_DATE,ERROR_FOR_DIVISION_BY_ZERO,TRADITIONAL,NO_ENGINE_SUBSTITUTION {{(pid=95589) _check_effective_sql_mode /opt/stack/data/venv/lib/python3.12/site-packages/oslo_db/sqlalchemy/engines.py:325}}
Jun 04 12:46:26.903823 np0000002144 nova-scheduler[95587]: DEBUG dbcounter [-] [95587] Writer thread running {{(pid=95587) stat_writer /opt/stack/data/venv/lib/python3.12/site-packages/dbcounter.py:102}}
Jun 04 12:46:26.906699 np0000002144 nova-scheduler[95589]: DEBUG dbcounter [-] [95589] Writer thread running {{(pid=95589) stat_writer /opt/stack/data/venv/lib/python3.12/site-packages/dbcounter.py:102}}
Jun 04 12:46:26.925416 np0000002144 nova-scheduler[95587]: DEBUG nova.service [None req-9fc4d47a-f435-4657-a07b-5685b6d4b75a None None] Creating RPC server for service: nova-scheduler on topic: scheduler {{(pid=95587) start /opt/stack/nova/nova/service.py:195}}
Jun 04 12:46:26.926190 np0000002144 nova-scheduler[95591]: DEBUG oslo_db.sqlalchemy.engines [None req-38473bc2-7949-4933-9d83-663788f2cd4a None None] MySQL server mode set to STRICT_TRANS_TABLES,STRICT_ALL_TABLES,NO_ZERO_IN_DATE,NO_ZERO_DATE,ERROR_FOR_DIVISION_BY_ZERO,TRADITIONAL,NO_ENGINE_SUBSTITUTION {{(pid=95591) _check_effective_sql_mode /opt/stack/data/venv/lib/python3.12/site-packages/oslo_db/sqlalchemy/engines.py:325}}
Jun 04 12:46:26.933265 np0000002144 nova-scheduler[95589]: DEBUG nova.service [None req-a51fe944-0bd5-471b-ae88-2dba5c0beafb None None] Creating RPC server for service: nova-scheduler on topic: scheduler {{(pid=95589) start /opt/stack/nova/nova/service.py:195}}
Jun 04 12:46:26.936603 np0000002144 nova-scheduler[95591]: DEBUG dbcounter [-] [95591] Writer thread running {{(pid=95591) stat_writer /opt/stack/data/venv/lib/python3.12/site-packages/dbcounter.py:102}}
Jun 04 12:46:26.939490 np0000002144 nova-scheduler[95591]: DEBUG nova.service [None req-38473bc2-7949-4933-9d83-663788f2cd4a None None] Creating RPC server for service: nova-scheduler on topic: scheduler {{(pid=95591) start /opt/stack/nova/nova/service.py:195}}
Jun 04 12:46:26.958875 np0000002144 nova-scheduler[95591]: DEBUG nova.service [None req-38473bc2-7949-4933-9d83-663788f2cd4a None None] Join ServiceGroup membership for this service scheduler {{(pid=95591) start /opt/stack/nova/nova/service.py:221}}
Jun 04 12:46:26.959085 np0000002144 nova-scheduler[95591]: DEBUG nova.servicegroup.drivers.db [None req-38473bc2-7949-4933-9d83-663788f2cd4a None None] DB_Driver: join new ServiceGroup member np0000002144 to the scheduler group, service = {{(pid=95591) join /opt/stack/nova/nova/servicegroup/drivers/db.py:44}}
Jun 04 12:46:26.959227 np0000002144 nova-scheduler[95587]: DEBUG nova.service [None req-9fc4d47a-f435-4657-a07b-5685b6d4b75a None None] Join ServiceGroup membership for this service scheduler {{(pid=95587) start /opt/stack/nova/nova/service.py:221}}
Jun 04 12:46:26.960032 np0000002144 nova-scheduler[95587]: DEBUG nova.servicegroup.drivers.db [None req-9fc4d47a-f435-4657-a07b-5685b6d4b75a None None] DB_Driver: join new ServiceGroup member np0000002144 to the scheduler group, service = {{(pid=95587) join /opt/stack/nova/nova/servicegroup/drivers/db.py:44}}
Jun 04 12:46:26.965913 np0000002144 nova-scheduler[95589]: DEBUG nova.service [None req-a51fe944-0bd5-471b-ae88-2dba5c0beafb None None] Join ServiceGroup membership for this service scheduler {{(pid=95589) start /opt/stack/nova/nova/service.py:221}}
Jun 04 12:46:26.966136 np0000002144 nova-scheduler[95589]: DEBUG nova.servicegroup.drivers.db [None req-a51fe944-0bd5-471b-ae88-2dba5c0beafb None None] DB_Driver: join new ServiceGroup member np0000002144 to the scheduler group, service = {{(pid=95589) join /opt/stack/nova/nova/servicegroup/drivers/db.py:44}}
Jun 04 12:46:31.975233 np0000002144 nova-scheduler[95587]: DEBUG oslo.service.backend._threading.loopingcall [-] Fixed interval looping call 'nova.servicegroup.drivers.db.DbDriver._report_state' sleeping for 119.99 seconds {{(pid=95587) _run_loop /opt/stack/data/venv/lib/python3.12/site-packages/oslo_service/backend/_threading/loopingcall.py:125}}
Jun 04 12:46:31.976498 np0000002144 nova-scheduler[95591]: DEBUG oslo.service.backend._threading.loopingcall [-] Fixed interval looping call 'nova.servicegroup.drivers.db.DbDriver._report_state' sleeping for 119.98 seconds {{(pid=95591) _run_loop /opt/stack/data/venv/lib/python3.12/site-packages/oslo_service/backend/_threading/loopingcall.py:125}}
Jun 04 12:46:31.976774 np0000002144 nova-scheduler[95589]: DEBUG oslo.service.backend._threading.loopingcall [-] Fixed interval looping call 'nova.servicegroup.drivers.db.DbDriver._report_state' sleeping for 119.99 seconds {{(pid=95589) _run_loop /opt/stack/data/venv/lib/python3.12/site-packages/oslo_service/backend/_threading/loopingcall.py:125}}
Jun 04 12:46:35.441617 np0000002144 nova-scheduler[94382]: DEBUG dbcounter [-] [94382] Writing DB stats nova_api:SELECT=3 {{(pid=94382) stat_writer /opt/stack/data/venv/lib/python3.12/site-packages/dbcounter.py:115}}
Jun 04 12:46:35.587219 np0000002144 nova-scheduler[94382]: DEBUG dbcounter [-] [94382] Writing DB stats nova_cell0:SELECT=1 {{(pid=94382) stat_writer /opt/stack/data/venv/lib/python3.12/site-packages/dbcounter.py:115}}
Jun 04 12:46:35.590307 np0000002144 nova-scheduler[94382]: DEBUG dbcounter [-] [94382] Writing DB stats nova_cell1:SELECT=1 {{(pid=94382) stat_writer /opt/stack/data/venv/lib/python3.12/site-packages/dbcounter.py:115}}
Jun 04 12:46:41.970403 np0000002144 nova-scheduler[95587]: DEBUG dbcounter [-] [95587] Writing DB stats nova_cell0:SELECT=4,nova_cell0:INSERT=1,nova_cell0:UPDATE=1 {{(pid=95587) stat_writer /opt/stack/data/venv/lib/python3.12/site-packages/dbcounter.py:115}}
Jun 04 12:46:41.972262 np0000002144 nova-scheduler[95591]: DEBUG dbcounter [-] [95591] Writing DB stats nova_cell0:SELECT=3,nova_cell0:UPDATE=1 {{(pid=95591) stat_writer /opt/stack/data/venv/lib/python3.12/site-packages/dbcounter.py:115}}
Jun 04 12:46:41.975307 np0000002144 nova-scheduler[95589]: DEBUG dbcounter [-] [95589] Writing DB stats nova_cell0:SELECT=5,nova_cell0:INSERT=1,nova_cell0:UPDATE=1 {{(pid=95589) stat_writer /opt/stack/data/venv/lib/python3.12/site-packages/dbcounter.py:115}}
Jun 04 12:46:45.968889 np0000002144 nova-scheduler[95589]: DEBUG oslo.service.backend._threading.loopingcall [None req-268b30a6-cb76-4800-b3d5-6ed4f67fa2bf None None] Dynamic interval looping call 'nova.service.Service.periodic_tasks' sleeping for 60.00 seconds {{(pid=95589) _run_loop /opt/stack/data/venv/lib/python3.12/site-packages/oslo_service/backend/_threading/loopingcall.py:125}}
Jun 04 12:47:06.962049 np0000002144 nova-scheduler[95587]: DEBUG oslo.service.backend._threading.loopingcall [None req-f8147b21-5c51-4ad7-9c7d-29799ad10724 None None] Dynamic interval looping call 'nova.service.Service.periodic_tasks' sleeping for 60.00 seconds {{(pid=95587) _run_loop /opt/stack/data/venv/lib/python3.12/site-packages/oslo_service/backend/_threading/loopingcall.py:125}}
Jun 04 12:47:10.961066 np0000002144 nova-scheduler[95591]: DEBUG oslo.service.backend._threading.loopingcall [None req-69abcea3-5644-41c3-a0ce-e300c28add43 None None] Dynamic interval looping call 'nova.service.Service.periodic_tasks' sleeping for 60.00 seconds {{(pid=95591) _run_loop /opt/stack/data/venv/lib/python3.12/site-packages/oslo_service/backend/_threading/loopingcall.py:125}}
Jun 04 12:47:45.968775 np0000002144 nova-scheduler[95589]: DEBUG oslo.service.backend._threading.loopingcall [None req-268b30a6-cb76-4800-b3d5-6ed4f67fa2bf None None] Dynamic interval looping call 'nova.service.Service.periodic_tasks' sleeping for 60.00 seconds {{(pid=95589) _run_loop /opt/stack/data/venv/lib/python3.12/site-packages/oslo_service/backend/_threading/loopingcall.py:125}}
Jun 04 12:48:06.962474 np0000002144 nova-scheduler[95587]: DEBUG oslo.service.backend._threading.loopingcall [None req-f8147b21-5c51-4ad7-9c7d-29799ad10724 None None] Dynamic interval looping call 'nova.service.Service.periodic_tasks' sleeping for 60.00 seconds {{(pid=95587) _run_loop /opt/stack/data/venv/lib/python3.12/site-packages/oslo_service/backend/_threading/loopingcall.py:125}}
Jun 04 12:48:10.961545 np0000002144 nova-scheduler[95591]: DEBUG oslo.service.backend._threading.loopingcall [None req-69abcea3-5644-41c3-a0ce-e300c28add43 None None] Dynamic interval looping call 'nova.service.Service.periodic_tasks' sleeping for 60.00 seconds {{(pid=95591) _run_loop /opt/stack/data/venv/lib/python3.12/site-packages/oslo_service/backend/_threading/loopingcall.py:125}}
Jun 04 12:48:31.963772 np0000002144 nova-scheduler[95591]: DEBUG oslo.service.backend._threading.loopingcall [-] Fixed interval looping call 'nova.servicegroup.drivers.db.DbDriver._report_state' sleeping for 119.99 seconds {{(pid=95591) _run_loop /opt/stack/data/venv/lib/python3.12/site-packages/oslo_service/backend/_threading/loopingcall.py:125}}
Jun 04 12:48:31.968570 np0000002144 nova-scheduler[95587]: DEBUG oslo.service.backend._threading.loopingcall [-] Fixed interval looping call 'nova.servicegroup.drivers.db.DbDriver._report_state' sleeping for 120.00 seconds {{(pid=95587) _run_loop /opt/stack/data/venv/lib/python3.12/site-packages/oslo_service/backend/_threading/loopingcall.py:125}}
Jun 04 12:48:31.970841 np0000002144 nova-scheduler[95589]: DEBUG oslo.service.backend._threading.loopingcall [-] Fixed interval looping call 'nova.servicegroup.drivers.db.DbDriver._report_state' sleeping for 120.00 seconds {{(pid=95589) _run_loop /opt/stack/data/venv/lib/python3.12/site-packages/oslo_service/backend/_threading/loopingcall.py:125}}
Jun 04 12:48:41.962867 np0000002144 nova-scheduler[95591]: DEBUG dbcounter [-] [95591] Writing DB stats nova_cell0:SELECT=1,nova_cell0:UPDATE=1 {{(pid=95591) stat_writer /opt/stack/data/venv/lib/python3.12/site-packages/dbcounter.py:115}}
Jun 04 12:48:41.967169 np0000002144 nova-scheduler[95587]: DEBUG dbcounter [-] [95587] Writing DB stats nova_cell0:SELECT=1 {{(pid=95587) stat_writer /opt/stack/data/venv/lib/python3.12/site-packages/dbcounter.py:115}}
Jun 04 12:48:41.968930 np0000002144 nova-scheduler[95589]: DEBUG dbcounter [-] [95589] Writing DB stats nova_cell0:SELECT=1 {{(pid=95589) stat_writer /opt/stack/data/venv/lib/python3.12/site-packages/dbcounter.py:115}}
Jun 04 12:48:45.969234 np0000002144 nova-scheduler[95589]: DEBUG oslo.service.backend._threading.loopingcall [None req-268b30a6-cb76-4800-b3d5-6ed4f67fa2bf None None] Dynamic interval looping call 'nova.service.Service.periodic_tasks' sleeping for 60.00 seconds {{(pid=95589) _run_loop /opt/stack/data/venv/lib/python3.12/site-packages/oslo_service/backend/_threading/loopingcall.py:125}}
Jun 04 12:49:06.963105 np0000002144 nova-scheduler[95587]: DEBUG oslo.service.backend._threading.loopingcall [None req-f8147b21-5c51-4ad7-9c7d-29799ad10724 None None] Dynamic interval looping call 'nova.service.Service.periodic_tasks' sleeping for 60.00 seconds {{(pid=95587) _run_loop /opt/stack/data/venv/lib/python3.12/site-packages/oslo_service/backend/_threading/loopingcall.py:125}}
Jun 04 12:49:10.962258 np0000002144 nova-scheduler[95591]: DEBUG oslo.service.backend._threading.loopingcall [None req-69abcea3-5644-41c3-a0ce-e300c28add43 None None] Dynamic interval looping call 'nova.service.Service.periodic_tasks' sleeping for 60.00 seconds {{(pid=95591) _run_loop /opt/stack/data/venv/lib/python3.12/site-packages/oslo_service/backend/_threading/loopingcall.py:125}}
Jun 04 12:49:18.180115 np0000002144 nova-scheduler[95591]: DEBUG nova.scheduler.manager [None req-f4bdb4eb-cd6e-4074-bac8-3c82a503de75 tempest-DeleteServersTestJSON-327633407 tempest-DeleteServersTestJSON-327633407-project-member] Starting to schedule for instances: ['5c5d8e21-808a-4030-8607-92cf2259fb1a'] {{(pid=95591) select_destinations /opt/stack/nova/nova/scheduler/manager.py:210}}
Jun 04 12:49:18.180703 np0000002144 nova-scheduler[95591]: DEBUG nova.scheduler.request_filter [None req-f4bdb4eb-cd6e-4074-bac8-3c82a503de75 tempest-DeleteServersTestJSON-327633407 tempest-DeleteServersTestJSON-327633407-project-member] compute_status_filter request filter added forbidden trait COMPUTE_STATUS_DISABLED {{(pid=95591) compute_status_filter /opt/stack/nova/nova/scheduler/request_filter.py:253}}
Jun 04 12:49:18.181283 np0000002144 nova-scheduler[95591]: DEBUG nova.scheduler.request_filter [None req-f4bdb4eb-cd6e-4074-bac8-3c82a503de75 tempest-DeleteServersTestJSON-327633407 tempest-DeleteServersTestJSON-327633407-project-member] Request filter 'compute_status_filter' took 0.0 seconds {{(pid=95591) wrapper /opt/stack/nova/nova/scheduler/request_filter.py:46}}
Jun 04 12:49:18.181519 np0000002144 nova-scheduler[95591]: DEBUG nova.scheduler.request_filter [None req-f4bdb4eb-cd6e-4074-bac8-3c82a503de75 tempest-DeleteServersTestJSON-327633407 tempest-DeleteServersTestJSON-327633407-project-member] Request filter 'accelerators_filter' took 0.0 seconds {{(pid=95591) wrapper /opt/stack/nova/nova/scheduler/request_filter.py:46}}
Jun 04 12:49:18.181743 np0000002144 nova-scheduler[95591]: DEBUG nova.scheduler.request_filter [None req-f4bdb4eb-cd6e-4074-bac8-3c82a503de75 tempest-DeleteServersTestJSON-327633407 tempest-DeleteServersTestJSON-327633407-project-member] Request filter 'packed_virtqueue_filter' took 0.0 seconds {{(pid=95591) wrapper /opt/stack/nova/nova/scheduler/request_filter.py:46}}
Jun 04 12:49:18.182020 np0000002144 nova-scheduler[95591]: DEBUG nova.scheduler.request_filter [None req-f4bdb4eb-cd6e-4074-bac8-3c82a503de75 tempest-DeleteServersTestJSON-327633407 tempest-DeleteServersTestJSON-327633407-project-member] Request filter 'remote_managed_ports_filter' took 0.0 seconds {{(pid=95591) wrapper /opt/stack/nova/nova/scheduler/request_filter.py:46}}
Jun 04 12:49:18.182201 np0000002144 nova-scheduler[95591]: DEBUG nova.scheduler.request_filter [None req-f4bdb4eb-cd6e-4074-bac8-3c82a503de75 tempest-DeleteServersTestJSON-327633407 tempest-DeleteServersTestJSON-327633407-project-member] ephemeral_encryption_filter skipped {{(pid=95591) ephemeral_encryption_filter /opt/stack/nova/nova/scheduler/request_filter.py:426}}
Jun 04 12:49:18.182269 np0000002144 nova-scheduler[95591]: DEBUG nova.scheduler.request_filter [None req-f4bdb4eb-cd6e-4074-bac8-3c82a503de75 tempest-DeleteServersTestJSON-327633407 tempest-DeleteServersTestJSON-327633407-project-member] virtio_sound_filter skipped {{(pid=95591) virtio_sound_filter /opt/stack/nova/nova/scheduler/request_filter.py:460}}
Jun 04 12:49:18.182395 np0000002144 nova-scheduler[95591]: DEBUG nova.scheduler.request_filter [None req-f4bdb4eb-cd6e-4074-bac8-3c82a503de75 tempest-DeleteServersTestJSON-327633407 tempest-DeleteServersTestJSON-327633407-project-member] tpm_secret_security_filter skipped {{(pid=95591) tpm_secret_security_filter /opt/stack/nova/nova/scheduler/request_filter.py:477}}
Jun 04 12:49:18.949046 np0000002144 nova-scheduler[95591]: INFO nova.utils [None req-f4bdb4eb-cd6e-4074-bac8-3c82a503de75 tempest-DeleteServersTestJSON-327633407 tempest-DeleteServersTestJSON-327633407-project-member] The cell worker thread pool ForkProcess-3.cell_worker is initialized
Jun 04 12:49:18.949248 np0000002144 nova-scheduler[95591]: DEBUG oslo_concurrency.lockutils [None req-f4bdb4eb-cd6e-4074-bac8-3c82a503de75 tempest-DeleteServersTestJSON-327633407 tempest-DeleteServersTestJSON-327633407-project-member] Acquiring lock "8efe1c2f-e287-4bed-a184-8c93f9be52b6" by "nova.context.set_target_cell..get_or_set_cached_cell_and_set_connections" {{(pid=95591) inner /opt/stack/data/venv/lib/python3.12/site-packages/oslo_concurrency/lockutils.py:511}}
Jun 04 12:49:18.949484 np0000002144 nova-scheduler[95591]: DEBUG oslo_concurrency.lockutils [None req-f4bdb4eb-cd6e-4074-bac8-3c82a503de75 tempest-DeleteServersTestJSON-327633407 tempest-DeleteServersTestJSON-327633407-project-member] Lock "8efe1c2f-e287-4bed-a184-8c93f9be52b6" acquired by "nova.context.set_target_cell..get_or_set_cached_cell_and_set_connections" :: waited 0.000s {{(pid=95591) inner /opt/stack/data/venv/lib/python3.12/site-packages/oslo_concurrency/lockutils.py:524}}
Jun 04 12:49:18.951870 np0000002144 nova-scheduler[95591]: DEBUG oslo_concurrency.lockutils [None req-f4bdb4eb-cd6e-4074-bac8-3c82a503de75 tempest-DeleteServersTestJSON-327633407 tempest-DeleteServersTestJSON-327633407-project-member] Lock "8efe1c2f-e287-4bed-a184-8c93f9be52b6" "released" by "nova.context.set_target_cell..get_or_set_cached_cell_and_set_connections" :: held 0.002s {{(pid=95591) inner /opt/stack/data/venv/lib/python3.12/site-packages/oslo_concurrency/lockutils.py:543}}
Jun 04 12:49:18.954811 np0000002144 nova-scheduler[95591]: INFO dbcounter [None req-f4bdb4eb-cd6e-4074-bac8-3c82a503de75 tempest-DeleteServersTestJSON-327633407 tempest-DeleteServersTestJSON-327633407-project-member] Registered counter for database nova_cell1
Jun 04 12:49:19.000956 np0000002144 nova-scheduler[95591]: DEBUG oslo_db.sqlalchemy.engines [None req-f4bdb4eb-cd6e-4074-bac8-3c82a503de75 tempest-DeleteServersTestJSON-327633407 tempest-DeleteServersTestJSON-327633407-project-member] MySQL server mode set to STRICT_TRANS_TABLES,STRICT_ALL_TABLES,NO_ZERO_IN_DATE,NO_ZERO_DATE,ERROR_FOR_DIVISION_BY_ZERO,TRADITIONAL,NO_ENGINE_SUBSTITUTION {{(pid=95591) _check_effective_sql_mode /opt/stack/data/venv/lib/python3.12/site-packages/oslo_db/sqlalchemy/engines.py:325}}
Jun 04 12:49:19.008286 np0000002144 nova-scheduler[95591]: DEBUG dbcounter [-] [95591] Writer thread running {{(pid=95591) stat_writer /opt/stack/data/venv/lib/python3.12/site-packages/dbcounter.py:102}}
Jun 04 12:49:19.021476 np0000002144 nova-scheduler[95591]: DEBUG oslo_db.sqlalchemy.engines [None req-f4bdb4eb-cd6e-4074-bac8-3c82a503de75 tempest-DeleteServersTestJSON-327633407 tempest-DeleteServersTestJSON-327633407-project-member] Parent process 94382 forked (95591) with an open database connection, which is being discarded and recreated. {{(pid=95591) checkout /opt/stack/data/venv/lib/python3.12/site-packages/oslo_db/sqlalchemy/engines.py:402}}
Jun 04 12:49:19.070095 np0000002144 nova-scheduler[95591]: DEBUG dbcounter [-] [95591] Writer thread running {{(pid=95591) stat_writer /opt/stack/data/venv/lib/python3.12/site-packages/dbcounter.py:102}}
Jun 04 12:49:19.073315 np0000002144 nova-scheduler[95591]: DEBUG oslo_concurrency.lockutils [None req-f4bdb4eb-cd6e-4074-bac8-3c82a503de75 tempest-DeleteServersTestJSON-327633407 tempest-DeleteServersTestJSON-327633407-project-member] Acquiring lock "8efe1c2f-e287-4bed-a184-8c93f9be52b6" by "nova.context.set_target_cell..get_or_set_cached_cell_and_set_connections" {{(pid=95591) inner /opt/stack/data/venv/lib/python3.12/site-packages/oslo_concurrency/lockutils.py:511}}
Jun 04 12:49:19.073529 np0000002144 nova-scheduler[95591]: DEBUG oslo_concurrency.lockutils [None req-f4bdb4eb-cd6e-4074-bac8-3c82a503de75 tempest-DeleteServersTestJSON-327633407 tempest-DeleteServersTestJSON-327633407-project-member] Lock "8efe1c2f-e287-4bed-a184-8c93f9be52b6" acquired by "nova.context.set_target_cell..get_or_set_cached_cell_and_set_connections" :: waited 0.000s {{(pid=95591) inner /opt/stack/data/venv/lib/python3.12/site-packages/oslo_concurrency/lockutils.py:524}}
Jun 04 12:49:19.073733 np0000002144 nova-scheduler[95591]: DEBUG oslo_concurrency.lockutils [None req-f4bdb4eb-cd6e-4074-bac8-3c82a503de75 tempest-DeleteServersTestJSON-327633407 tempest-DeleteServersTestJSON-327633407-project-member] Lock "8efe1c2f-e287-4bed-a184-8c93f9be52b6" "released" by "nova.context.set_target_cell..get_or_set_cached_cell_and_set_connections" :: held 0.000s {{(pid=95591) inner /opt/stack/data/venv/lib/python3.12/site-packages/oslo_concurrency/lockutils.py:543}}
Jun 04 12:49:19.077724 np0000002144 nova-scheduler[95591]: DEBUG oslo_concurrency.lockutils [None req-f4bdb4eb-cd6e-4074-bac8-3c82a503de75 tempest-DeleteServersTestJSON-327633407 tempest-DeleteServersTestJSON-327633407-project-member] Acquiring lock "('np0000002144', 'np0000002144')" by "nova.scheduler.host_manager.HostState.update.._locked_update" {{(pid=95591) inner /opt/stack/data/venv/lib/python3.12/site-packages/oslo_concurrency/lockutils.py:511}}
Jun 04 12:49:19.078005 np0000002144 nova-scheduler[95591]: DEBUG oslo_concurrency.lockutils [None req-f4bdb4eb-cd6e-4074-bac8-3c82a503de75 tempest-DeleteServersTestJSON-327633407 tempest-DeleteServersTestJSON-327633407-project-member] Lock "('np0000002144', 'np0000002144')" acquired by "nova.scheduler.host_manager.HostState.update.._locked_update" :: waited 0.000s {{(pid=95591) inner /opt/stack/data/venv/lib/python3.12/site-packages/oslo_concurrency/lockutils.py:524}}
Jun 04 12:49:19.079644 np0000002144 nova-scheduler[95591]: DEBUG nova.scheduler.host_manager [None req-f4bdb4eb-cd6e-4074-bac8-3c82a503de75 tempest-DeleteServersTestJSON-327633407 tempest-DeleteServersTestJSON-327633407-project-member] Update host state from compute node: ComputeNode(cpu_allocation_ratio=4.0,cpu_info='{"arch": "x86_64", "model": "EPYC-Milan", "vendor": "AMD", "topology": {"cells": 1, "sockets": 12, "cores": 1, "threads": 1}, "maxphysaddr": {"mode": "emulate", "bits": 40}, "features": ["pschange-mc-no", "xsave", "wbnoinvd", "perfctr_core", "x2apic", "no-nested-data-bp", "nx", "spec-ctrl", "cx16", "nrip-save", "pcid", "cmp_legacy", "tsc_adjust", "mmx", "syscall", "f16c", "amd-ssbd", "xgetbv1", "pclmuldq", "tsc", "fpu", "pae", "msr", "smep", "sep", "erms", "svm", "abm", "bmi2", "cr8legacy", "tsc-scale", "vgif", "pat", "rdpid", "svme-addr-chk", "cmov", "sha-ni", "vme", "hypervisor", "aes", "lfence-always-serializing", "arat", "3dnowprefetch", "pse36", "gds-no", "mca", "pdpe1gb", "stibp", "xsaveerptr", "sse", "vpclmulqdq", "tsc-deadline", "fsgsbase", "rdrand", "avx2", "sse4.1", "xsavec", "clwb", "pku", "lm", "ibrs", "fsrm", "pge", "bmi1", "fxsr_opt", "sse2", "rdseed", "sse4.2", "misalignsse", "umip", "mce", "topoext", "movbe", "cx8", "mds-no", "ssse3", "clzero", "pni", "fma", "apic", "lahf_lm", "arch-capabilities", "flushbyasid", "skip-l1dfl-vmentry", "xsaveopt", "vaes", "vmcb-clean", "mtrr", "null-sel-clr-base", "rdtscp", "sse4a", "stibp-always-on", "v-vmsave-vmload", "mmxext", "clflushopt", "osvw", "de", "pse", "clflush", "rdctl-no", "pause-filter", "ibpb", "smap", "xsaves", "fxsr", "adx", "amd-stibp", "invpcid", "virt-ssbd", "popcnt", "ssbd", "lbrv", "npt", "pfthreshold", "amd-psfd", "avx"]}',created_at=2026-06-04T12:46:53Z,current_workload=0,deleted=False,deleted_at=None,disk_allocation_ratio=1.0,disk_available_least=74,free_disk_gb=95,free_ram_mb=23518,host='np0000002144',host_ip=10.4.3.159,hypervisor_hostname='np0000002144',hypervisor_type='QEMU',hypervisor_version=8002002,id=1,local_gb=95,local_gb_used=0,mapped=1,memory_mb=24030,memory_mb_used=512,metrics='[]',numa_topology='{"nova_object.name": "NUMATopology", "nova_object.namespace": "nova", "nova_object.version": "1.2", "nova_object.data": {"cells": [{"nova_object.name": "NUMACell", "nova_object.namespace": "nova", "nova_object.version": "1.5", "nova_object.data": {"id": 0, "cpuset": [0, 1, 2, 3, 4, 5, 6, 7, 8, 9, 10, 11], "pcpuset": [0, 1, 2, 3, 4, 5, 6, 7, 8, 9, 10, 11], "memory": 24030, "cpu_usage": 0, "memory_usage": 0, "pinned_cpus": [], "siblings": [[6], [2], [5], [11], [8], [4], [1], [7], [10], [0], [3], [9]], "mempages": [{"nova_object.name": "NUMAPagesTopology", "nova_object.namespace": "nova", "nova_object.version": "1.1", "nova_object.data": {"size_kb": 4, "total": 6151797, "used": 0, "reserved": 0}, "nova_object.changes": ["size_kb", "total", "used", "reserved"]}, {"nova_object.name": "NUMAPagesTopology", "nova_object.namespace": "nova", "nova_object.version": "1.1", "nova_object.data": {"size_kb": 2048, "total": 0, "used": 0, "reserved": 0}, "nova_object.changes": ["size_kb", "total", "used", "reserved"]}, {"nova_object.name": "NUMAPagesTopology", "nova_object.namespace": "nova", "nova_object.version": "1.1", "nova_object.data": {"size_kb": 1048576, "total": 0, "used": 0, "reserved": 0}, "nova_object.changes": ["size_kb", "total", "used", "reserved"]}], "network_metadata": {"nova_object.name": "NetworkMetadata", "nova_object.namespace": "nova", "nova_object.version": "1.0", "nova_object.data": {"physnets": [], "tunneled": false}, "nova_object.changes": ["tunneled", "physnets"]}, "socket": null}, "nova_object.changes": ["network_metadata", "id", "pinned_cpus", "memory_usage", "memory", "siblings", "mempages", "socket", "cpuset", "cpu_usage", "pcpuset"]}]}, "nova_object.changes": ["cells"]}',pci_device_pools=PciDevicePoolList,ram_allocation_ratio=1.0,running_vms=0,service_id=2,stats={failed_builds='0',uptime=' 12:48:38 up 26 min, 2 users, load average: 1.38, 1.52, 0.87
Jun 04 12:49:19.079644 np0000002144 nova-scheduler[95591]: '},supported_hv_specs=[HVSpec,HVSpec,HVSpec,HVSpec,HVSpec,HVSpec,HVSpec,HVSpec,HVSpec,HVSpec,HVSpec,HVSpec,HVSpec,HVSpec,HVSpec,HVSpec,HVSpec,HVSpec,HVSpec,HVSpec,HVSpec,HVSpec,HVSpec,HVSpec,HVSpec],updated_at=2026-06-04T12:48:40Z,uuid=7d48f2ce-ebb5-4fca-b826-7833ca38c4c8,vcpus=12,vcpus_used=0) {{(pid=95591) _locked_update /opt/stack/nova/nova/scheduler/host_manager.py:168}}
Jun 04 12:49:19.080869 np0000002144 nova-scheduler[95591]: DEBUG nova.scheduler.host_manager [None req-f4bdb4eb-cd6e-4074-bac8-3c82a503de75 tempest-DeleteServersTestJSON-327633407 tempest-DeleteServersTestJSON-327633407-project-member] Update host state with aggregates: [] {{(pid=95591) _locked_update /opt/stack/nova/nova/scheduler/host_manager.py:171}}
Jun 04 12:49:19.081030 np0000002144 nova-scheduler[95591]: DEBUG nova.scheduler.host_manager [None req-f4bdb4eb-cd6e-4074-bac8-3c82a503de75 tempest-DeleteServersTestJSON-327633407 tempest-DeleteServersTestJSON-327633407-project-member] Update host state with service dict: {'id': 2, 'uuid': '13567827-df18-468e-9fcb-93132711c12b', 'host': 'np0000002144', 'binary': 'nova-compute', 'topic': 'compute', 'report_count': 2, 'disabled': False, 'disabled_reason': None, 'last_seen_up': datetime.datetime(2026, 6, 4, 12, 49, 1, tzinfo=datetime.timezone.utc), 'forced_down': False, 'version': 72, 'created_at': datetime.datetime(2026, 6, 4, 12, 46, 51, tzinfo=datetime.timezone.utc), 'updated_at': datetime.datetime(2026, 6, 4, 12, 49, 1, tzinfo=datetime.timezone.utc), 'deleted_at': None, 'deleted': False} {{(pid=95591) _locked_update /opt/stack/nova/nova/scheduler/host_manager.py:174}}
Jun 04 12:49:19.081160 np0000002144 nova-scheduler[95591]: DEBUG nova.scheduler.host_manager [None req-f4bdb4eb-cd6e-4074-bac8-3c82a503de75 tempest-DeleteServersTestJSON-327633407 tempest-DeleteServersTestJSON-327633407-project-member] Update host state with instances: [] {{(pid=95591) _locked_update /opt/stack/nova/nova/scheduler/host_manager.py:177}}
Jun 04 12:49:19.081250 np0000002144 nova-scheduler[95591]: DEBUG oslo_concurrency.lockutils [None req-f4bdb4eb-cd6e-4074-bac8-3c82a503de75 tempest-DeleteServersTestJSON-327633407 tempest-DeleteServersTestJSON-327633407-project-member] Lock "('np0000002144', 'np0000002144')" "released" by "nova.scheduler.host_manager.HostState.update.._locked_update" :: held 0.003s {{(pid=95591) inner /opt/stack/data/venv/lib/python3.12/site-packages/oslo_concurrency/lockutils.py:543}}
Jun 04 12:49:19.081737 np0000002144 nova-scheduler[95591]: DEBUG nova.filters [None req-f4bdb4eb-cd6e-4074-bac8-3c82a503de75 tempest-DeleteServersTestJSON-327633407 tempest-DeleteServersTestJSON-327633407-project-member] Starting with 1 host(s) {{(pid=95591) get_filtered_objects /opt/stack/nova/nova/filters.py:70}}
Jun 04 12:49:19.082022 np0000002144 nova-scheduler[95591]: DEBUG nova.filters [None req-f4bdb4eb-cd6e-4074-bac8-3c82a503de75 tempest-DeleteServersTestJSON-327633407 tempest-DeleteServersTestJSON-327633407-project-member] Filter ComputeFilter returned 1 host(s) {{(pid=95591) get_filtered_objects /opt/stack/nova/nova/filters.py:102}}
Jun 04 12:49:19.082220 np0000002144 nova-scheduler[95591]: DEBUG nova.filters [None req-f4bdb4eb-cd6e-4074-bac8-3c82a503de75 tempest-DeleteServersTestJSON-327633407 tempest-DeleteServersTestJSON-327633407-project-member] Filter ComputeCapabilitiesFilter returned 1 host(s) {{(pid=95591) get_filtered_objects /opt/stack/nova/nova/filters.py:102}}
Jun 04 12:49:19.082486 np0000002144 nova-scheduler[95591]: DEBUG nova.filters [None req-f4bdb4eb-cd6e-4074-bac8-3c82a503de75 tempest-DeleteServersTestJSON-327633407 tempest-DeleteServersTestJSON-327633407-project-member] Filter ImagePropertiesFilter returned 1 host(s) {{(pid=95591) get_filtered_objects /opt/stack/nova/nova/filters.py:102}}
Jun 04 12:49:19.082743 np0000002144 nova-scheduler[95591]: DEBUG nova.filters [None req-f4bdb4eb-cd6e-4074-bac8-3c82a503de75 tempest-DeleteServersTestJSON-327633407 tempest-DeleteServersTestJSON-327633407-project-member] Filter ServerGroupAntiAffinityFilter returned 1 host(s) {{(pid=95591) get_filtered_objects /opt/stack/nova/nova/filters.py:102}}
Jun 04 12:49:19.082967 np0000002144 nova-scheduler[95591]: DEBUG nova.filters [None req-f4bdb4eb-cd6e-4074-bac8-3c82a503de75 tempest-DeleteServersTestJSON-327633407 tempest-DeleteServersTestJSON-327633407-project-member] Filter ServerGroupAffinityFilter returned 1 host(s) {{(pid=95591) get_filtered_objects /opt/stack/nova/nova/filters.py:102}}
Jun 04 12:49:19.083043 np0000002144 nova-scheduler[95591]: DEBUG nova.filters [None req-f4bdb4eb-cd6e-4074-bac8-3c82a503de75 tempest-DeleteServersTestJSON-327633407 tempest-DeleteServersTestJSON-327633407-project-member] Filter SameHostFilter returned 1 host(s) {{(pid=95591) get_filtered_objects /opt/stack/nova/nova/filters.py:102}}
Jun 04 12:49:19.083191 np0000002144 nova-scheduler[95591]: DEBUG nova.filters [None req-f4bdb4eb-cd6e-4074-bac8-3c82a503de75 tempest-DeleteServersTestJSON-327633407 tempest-DeleteServersTestJSON-327633407-project-member] Filter DifferentHostFilter returned 1 host(s) {{(pid=95591) get_filtered_objects /opt/stack/nova/nova/filters.py:102}}
Jun 04 12:49:19.083428 np0000002144 nova-scheduler[95591]: DEBUG nova.scheduler.manager [None req-f4bdb4eb-cd6e-4074-bac8-3c82a503de75 tempest-DeleteServersTestJSON-327633407 tempest-DeleteServersTestJSON-327633407-project-member] Filtered [(np0000002144, np0000002144) ram: 23518MB disk: 75776MB io_ops: 0 instances: 0, allocation_candidates: 1] {{(pid=95591) _get_sorted_hosts /opt/stack/nova/nova/scheduler/manager.py:743}}
Jun 04 12:49:19.083651 np0000002144 nova-scheduler[95591]: DEBUG nova.scheduler.manager [None req-f4bdb4eb-cd6e-4074-bac8-3c82a503de75 tempest-DeleteServersTestJSON-327633407 tempest-DeleteServersTestJSON-327633407-project-member] Weighed [WeighedHost [host: (np0000002144, np0000002144) ram: 23518MB disk: 75776MB io_ops: 0 instances: 0, allocation_candidates: 1, weight: 0.0]] {{(pid=95591) _get_sorted_hosts /opt/stack/nova/nova/scheduler/manager.py:765}}
Jun 04 12:49:19.083873 np0000002144 nova-scheduler[95591]: DEBUG nova.scheduler.utils [None req-f4bdb4eb-cd6e-4074-bac8-3c82a503de75 tempest-DeleteServersTestJSON-327633407 tempest-DeleteServersTestJSON-327633407-project-member] Attempting to claim resources in the placement API for instance 5c5d8e21-808a-4030-8607-92cf2259fb1a {{(pid=95591) claim_resources /opt/stack/nova/nova/scheduler/utils.py:1345}}
Jun 04 12:49:19.294120 np0000002144 nova-scheduler[95591]: DEBUG nova.scheduler.manager [None req-f4bdb4eb-cd6e-4074-bac8-3c82a503de75 tempest-DeleteServersTestJSON-327633407 tempest-DeleteServersTestJSON-327633407-project-member] [instance: 5c5d8e21-808a-4030-8607-92cf2259fb1a] Selected host: (np0000002144, np0000002144) ram: 23518MB disk: 75776MB io_ops: 0 instances: 0, allocation_candidates: 1 {{(pid=95591) _consume_selected_host /opt/stack/nova/nova/scheduler/manager.py:625}}
Jun 04 12:49:19.294516 np0000002144 nova-scheduler[95591]: DEBUG oslo_concurrency.lockutils [None req-f4bdb4eb-cd6e-4074-bac8-3c82a503de75 tempest-DeleteServersTestJSON-327633407 tempest-DeleteServersTestJSON-327633407-project-member] Acquiring lock "('np0000002144', 'np0000002144')" by "nova.scheduler.host_manager.HostState.consume_from_request.._locked" {{(pid=95591) inner /opt/stack/data/venv/lib/python3.12/site-packages/oslo_concurrency/lockutils.py:511}}
Jun 04 12:49:19.294599 np0000002144 nova-scheduler[95591]: DEBUG oslo_concurrency.lockutils [None req-f4bdb4eb-cd6e-4074-bac8-3c82a503de75 tempest-DeleteServersTestJSON-327633407 tempest-DeleteServersTestJSON-327633407-project-member] Lock "('np0000002144', 'np0000002144')" acquired by "nova.scheduler.host_manager.HostState.consume_from_request.._locked" :: waited 0.000s {{(pid=95591) inner /opt/stack/data/venv/lib/python3.12/site-packages/oslo_concurrency/lockutils.py:524}}
Jun 04 12:49:19.294858 np0000002144 nova-scheduler[95591]: DEBUG oslo_concurrency.lockutils [None req-f4bdb4eb-cd6e-4074-bac8-3c82a503de75 tempest-DeleteServersTestJSON-327633407 tempest-DeleteServersTestJSON-327633407-project-member] Lock "('np0000002144', 'np0000002144')" "released" by "nova.scheduler.host_manager.HostState.consume_from_request.._locked" :: held 0.000s {{(pid=95591) inner /opt/stack/data/venv/lib/python3.12/site-packages/oslo_concurrency/lockutils.py:543}}
Jun 04 12:49:23.729907 np0000002144 nova-scheduler[95587]: DEBUG nova.scheduler.manager [None req-09698e8e-b17b-4f08-b98d-23a841543ee1 tempest-ServerActionsTestOtherB-950032051 tempest-ServerActionsTestOtherB-950032051-project-member] Starting to schedule for instances: ['c2727757-630b-4e0b-8d46-7be15487d413'] {{(pid=95587) select_destinations /opt/stack/nova/nova/scheduler/manager.py:210}}
Jun 04 12:49:23.731233 np0000002144 nova-scheduler[95587]: DEBUG nova.scheduler.request_filter [None req-09698e8e-b17b-4f08-b98d-23a841543ee1 tempest-ServerActionsTestOtherB-950032051 tempest-ServerActionsTestOtherB-950032051-project-member] compute_status_filter request filter added forbidden trait COMPUTE_STATUS_DISABLED {{(pid=95587) compute_status_filter /opt/stack/nova/nova/scheduler/request_filter.py:253}}
Jun 04 12:49:23.731573 np0000002144 nova-scheduler[95587]: DEBUG nova.scheduler.request_filter [None req-09698e8e-b17b-4f08-b98d-23a841543ee1 tempest-ServerActionsTestOtherB-950032051 tempest-ServerActionsTestOtherB-950032051-project-member] Request filter 'compute_status_filter' took 0.0 seconds {{(pid=95587) wrapper /opt/stack/nova/nova/scheduler/request_filter.py:46}}
Jun 04 12:49:23.732212 np0000002144 nova-scheduler[95587]: DEBUG nova.scheduler.request_filter [None req-09698e8e-b17b-4f08-b98d-23a841543ee1 tempest-ServerActionsTestOtherB-950032051 tempest-ServerActionsTestOtherB-950032051-project-member] Request filter 'accelerators_filter' took 0.0 seconds {{(pid=95587) wrapper /opt/stack/nova/nova/scheduler/request_filter.py:46}}
Jun 04 12:49:23.733213 np0000002144 nova-scheduler[95587]: DEBUG nova.scheduler.request_filter [None req-09698e8e-b17b-4f08-b98d-23a841543ee1 tempest-ServerActionsTestOtherB-950032051 tempest-ServerActionsTestOtherB-950032051-project-member] Request filter 'packed_virtqueue_filter' took 0.0 seconds {{(pid=95587) wrapper /opt/stack/nova/nova/scheduler/request_filter.py:46}}
Jun 04 12:49:23.733303 np0000002144 nova-scheduler[95587]: DEBUG nova.scheduler.request_filter [None req-09698e8e-b17b-4f08-b98d-23a841543ee1 tempest-ServerActionsTestOtherB-950032051 tempest-ServerActionsTestOtherB-950032051-project-member] Request filter 'remote_managed_ports_filter' took 0.0 seconds {{(pid=95587) wrapper /opt/stack/nova/nova/scheduler/request_filter.py:46}}
Jun 04 12:49:23.733856 np0000002144 nova-scheduler[95587]: DEBUG nova.scheduler.request_filter [None req-09698e8e-b17b-4f08-b98d-23a841543ee1 tempest-ServerActionsTestOtherB-950032051 tempest-ServerActionsTestOtherB-950032051-project-member] ephemeral_encryption_filter skipped {{(pid=95587) ephemeral_encryption_filter /opt/stack/nova/nova/scheduler/request_filter.py:426}}
Jun 04 12:49:23.734149 np0000002144 nova-scheduler[95587]: DEBUG nova.scheduler.request_filter [None req-09698e8e-b17b-4f08-b98d-23a841543ee1 tempest-ServerActionsTestOtherB-950032051 tempest-ServerActionsTestOtherB-950032051-project-member] virtio_sound_filter skipped {{(pid=95587) virtio_sound_filter /opt/stack/nova/nova/scheduler/request_filter.py:460}}
Jun 04 12:49:23.734413 np0000002144 nova-scheduler[95587]: DEBUG nova.scheduler.request_filter [None req-09698e8e-b17b-4f08-b98d-23a841543ee1 tempest-ServerActionsTestOtherB-950032051 tempest-ServerActionsTestOtherB-950032051-project-member] tpm_secret_security_filter skipped {{(pid=95587) tpm_secret_security_filter /opt/stack/nova/nova/scheduler/request_filter.py:477}}
Jun 04 12:49:23.865747 np0000002144 nova-scheduler[95587]: INFO nova.utils [None req-09698e8e-b17b-4f08-b98d-23a841543ee1 tempest-ServerActionsTestOtherB-950032051 tempest-ServerActionsTestOtherB-950032051-project-member] The cell worker thread pool ForkProcess-1.cell_worker is initialized
Jun 04 12:49:23.868155 np0000002144 nova-scheduler[95587]: DEBUG oslo_concurrency.lockutils [None req-09698e8e-b17b-4f08-b98d-23a841543ee1 tempest-ServerActionsTestOtherB-950032051 tempest-ServerActionsTestOtherB-950032051-project-member] Acquiring lock "8efe1c2f-e287-4bed-a184-8c93f9be52b6" by "nova.context.set_target_cell..get_or_set_cached_cell_and_set_connections" {{(pid=95587) inner /opt/stack/data/venv/lib/python3.12/site-packages/oslo_concurrency/lockutils.py:511}}
Jun 04 12:49:23.868155 np0000002144 nova-scheduler[95587]: DEBUG oslo_concurrency.lockutils [None req-09698e8e-b17b-4f08-b98d-23a841543ee1 tempest-ServerActionsTestOtherB-950032051 tempest-ServerActionsTestOtherB-950032051-project-member] Lock "8efe1c2f-e287-4bed-a184-8c93f9be52b6" acquired by "nova.context.set_target_cell..get_or_set_cached_cell_and_set_connections" :: waited 0.000s {{(pid=95587) inner /opt/stack/data/venv/lib/python3.12/site-packages/oslo_concurrency/lockutils.py:524}}
Jun 04 12:49:23.868155 np0000002144 nova-scheduler[95587]: DEBUG oslo_concurrency.lockutils [None req-09698e8e-b17b-4f08-b98d-23a841543ee1 tempest-ServerActionsTestOtherB-950032051 tempest-ServerActionsTestOtherB-950032051-project-member] Lock "8efe1c2f-e287-4bed-a184-8c93f9be52b6" "released" by "nova.context.set_target_cell..get_or_set_cached_cell_and_set_connections" :: held 0.001s {{(pid=95587) inner /opt/stack/data/venv/lib/python3.12/site-packages/oslo_concurrency/lockutils.py:543}}
Jun 04 12:49:23.869948 np0000002144 nova-scheduler[95587]: INFO dbcounter [None req-09698e8e-b17b-4f08-b98d-23a841543ee1 tempest-ServerActionsTestOtherB-950032051 tempest-ServerActionsTestOtherB-950032051-project-member] Registered counter for database nova_cell1
Jun 04 12:49:23.926993 np0000002144 nova-scheduler[95587]: DEBUG oslo_db.sqlalchemy.engines [None req-09698e8e-b17b-4f08-b98d-23a841543ee1 tempest-ServerActionsTestOtherB-950032051 tempest-ServerActionsTestOtherB-950032051-project-member] MySQL server mode set to STRICT_TRANS_TABLES,STRICT_ALL_TABLES,NO_ZERO_IN_DATE,NO_ZERO_DATE,ERROR_FOR_DIVISION_BY_ZERO,TRADITIONAL,NO_ENGINE_SUBSTITUTION {{(pid=95587) _check_effective_sql_mode /opt/stack/data/venv/lib/python3.12/site-packages/oslo_db/sqlalchemy/engines.py:325}}
Jun 04 12:49:23.931676 np0000002144 nova-scheduler[95587]: DEBUG dbcounter [-] [95587] Writer thread running {{(pid=95587) stat_writer /opt/stack/data/venv/lib/python3.12/site-packages/dbcounter.py:102}}
Jun 04 12:49:23.987399 np0000002144 nova-scheduler[95587]: DEBUG dbcounter [-] [95587] Writer thread running {{(pid=95587) stat_writer /opt/stack/data/venv/lib/python3.12/site-packages/dbcounter.py:102}}
Jun 04 12:49:23.991718 np0000002144 nova-scheduler[95587]: DEBUG oslo_concurrency.lockutils [None req-09698e8e-b17b-4f08-b98d-23a841543ee1 tempest-ServerActionsTestOtherB-950032051 tempest-ServerActionsTestOtherB-950032051-project-member] Acquiring lock "8efe1c2f-e287-4bed-a184-8c93f9be52b6" by "nova.context.set_target_cell..get_or_set_cached_cell_and_set_connections" {{(pid=95587) inner /opt/stack/data/venv/lib/python3.12/site-packages/oslo_concurrency/lockutils.py:511}}
Jun 04 12:49:23.992113 np0000002144 nova-scheduler[95587]: DEBUG oslo_concurrency.lockutils [None req-09698e8e-b17b-4f08-b98d-23a841543ee1 tempest-ServerActionsTestOtherB-950032051 tempest-ServerActionsTestOtherB-950032051-project-member] Lock "8efe1c2f-e287-4bed-a184-8c93f9be52b6" acquired by "nova.context.set_target_cell..get_or_set_cached_cell_and_set_connections" :: waited 0.000s {{(pid=95587) inner /opt/stack/data/venv/lib/python3.12/site-packages/oslo_concurrency/lockutils.py:524}}
Jun 04 12:49:23.992398 np0000002144 nova-scheduler[95587]: DEBUG oslo_concurrency.lockutils [None req-09698e8e-b17b-4f08-b98d-23a841543ee1 tempest-ServerActionsTestOtherB-950032051 tempest-ServerActionsTestOtherB-950032051-project-member] Lock "8efe1c2f-e287-4bed-a184-8c93f9be52b6" "released" by "nova.context.set_target_cell..get_or_set_cached_cell_and_set_connections" :: held 0.000s {{(pid=95587) inner /opt/stack/data/venv/lib/python3.12/site-packages/oslo_concurrency/lockutils.py:543}}
Jun 04 12:49:23.999869 np0000002144 nova-scheduler[95587]: DEBUG oslo_concurrency.lockutils [None req-09698e8e-b17b-4f08-b98d-23a841543ee1 tempest-ServerActionsTestOtherB-950032051 tempest-ServerActionsTestOtherB-950032051-project-member] Acquiring lock "('np0000002144', 'np0000002144')" by "nova.scheduler.host_manager.HostState.update.._locked_update" {{(pid=95587) inner /opt/stack/data/venv/lib/python3.12/site-packages/oslo_concurrency/lockutils.py:511}}
Jun 04 12:49:23.999869 np0000002144 nova-scheduler[95587]: DEBUG oslo_concurrency.lockutils [None req-09698e8e-b17b-4f08-b98d-23a841543ee1 tempest-ServerActionsTestOtherB-950032051 tempest-ServerActionsTestOtherB-950032051-project-member] Lock "('np0000002144', 'np0000002144')" acquired by "nova.scheduler.host_manager.HostState.update.._locked_update" :: waited 0.000s {{(pid=95587) inner /opt/stack/data/venv/lib/python3.12/site-packages/oslo_concurrency/lockutils.py:524}}
