Jun 24 13:40:12.687464 np0000003545 devstack@g-api.service[99478]: DEBUG glance_store.location [-] Registering scheme filesystem with {'store': , 'location_class': , 'store_entry': 'file'} {{(pid=99478) register_scheme_map /opt/stack/data/venv/lib/python3.12/site-packages/glance_store/location.py:146}}
Jun 24 13:40:12.687516 np0000003545 devstack@g-api.service[99478]: DEBUG glance_store.backend [-] Attempting to import store swift {{(pid=99478) _load_store /opt/stack/data/venv/lib/python3.12/site-packages/glance_store/backend.py:215}}
Jun 24 13:40:12.687687 np0000003545 devstack@g-api.service[99478]: WARNING oslo_config.cfg [-] Deprecated: Option "default_store" from group "glance_store" is deprecated for removal (
Jun 24 13:40:12.687687 np0000003545 devstack@g-api.service[99478]: This option is deprecated against new config option
Jun 24 13:40:12.687687 np0000003545 devstack@g-api.service[99478]: ``default_backend`` which acts similar to ``default_store`` config
Jun 24 13:40:12.687687 np0000003545 devstack@g-api.service[99478]: option.
Jun 24 13:40:12.687687 np0000003545 devstack@g-api.service[99478]: This option is scheduled for removal in the U development
Jun 24 13:40:12.687687 np0000003545 devstack@g-api.service[99478]: cycle.
Jun 24 13:40:12.687687 np0000003545 devstack@g-api.service[99478]: ). Its value may be silently ignored in the future.
Jun 24 13:40:12.688935 np0000003545 devstack@g-api.service[99478]: DEBUG glance_store.capabilities [-] Store glance_store._drivers.swift.store.SingleTenantStore doesn't support updating dynamic storage capabilities. Please overwrite 'update_capabilities' method of the store to implement updating logics if needed. {{(pid=99478) update_capabilities /opt/stack/data/venv/lib/python3.12/site-packages/glance_store/capabilities.py:91}}
Jun 24 13:40:12.688987 np0000003545 devstack@g-api.service[99478]: DEBUG glance_store.backend [-] Registering store swift with schemes ('swift+https', 'swift', 'swift+http', 'swift+config') {{(pid=99478) create_stores /opt/stack/data/venv/lib/python3.12/site-packages/glance_store/backend.py:261}}
Jun 24 13:40:12.689064 np0000003545 devstack@g-api.service[99478]: DEBUG glance_store.driver [-] Late loading location class glance_store._drivers.swift.store.StoreLocation {{(pid=99478) get_store_location_class /opt/stack/data/venv/lib/python3.12/site-packages/glance_store/driver.py:134}}
Jun 24 13:40:12.689123 np0000003545 devstack@g-api.service[99478]: DEBUG glance_store.location [-] Registering scheme swift+https with {'store': , 'location_class': , 'store_entry': 'swift'} {{(pid=99478) register_scheme_map /opt/stack/data/venv/lib/python3.12/site-packages/glance_store/location.py:146}}
Jun 24 13:40:12.689193 np0000003545 devstack@g-api.service[99478]: DEBUG glance_store.location [-] Registering scheme swift with {'store': , 'location_class': , 'store_entry': 'swift'} {{(pid=99478) register_scheme_map /opt/stack/data/venv/lib/python3.12/site-packages/glance_store/location.py:146}}
Jun 24 13:40:12.689235 np0000003545 devstack@g-api.service[99478]: DEBUG glance_store.location [-] Registering scheme swift+http with {'store': , 'location_class': , 'store_entry': 'swift'} {{(pid=99478) register_scheme_map /opt/stack/data/venv/lib/python3.12/site-packages/glance_store/location.py:146}}
Jun 24 13:40:12.689289 np0000003545 devstack@g-api.service[99478]: DEBUG glance_store.location [-] Registering scheme swift+config with {'store': , 'location_class': , 'store_entry': 'swift'} {{(pid=99478) register_scheme_map /opt/stack/data/venv/lib/python3.12/site-packages/glance_store/location.py:146}}
Jun 24 13:40:12.689394 np0000003545 devstack@g-api.service[99478]: DEBUG glance_store.backend [-] Attempting to import store swift {{(pid=99478) _load_store /opt/stack/data/venv/lib/python3.12/site-packages/glance_store/backend.py:215}}
Jun 24 13:40:12.690437 np0000003545 devstack@g-api.service[99478]: DEBUG glance_store.capabilities [-] Store glance_store._drivers.swift.store.SingleTenantStore doesn't support updating dynamic storage capabilities. Please overwrite 'update_capabilities' method of the store to implement updating logics if needed. {{(pid=99478) update_capabilities /opt/stack/data/venv/lib/python3.12/site-packages/glance_store/capabilities.py:91}}
Jun 24 13:40:12.690498 np0000003545 devstack@g-api.service[99478]: DEBUG glance_store.driver [-] Late loading location class glance_store._drivers.swift.store.StoreLocation {{(pid=99478) get_store_location_class /opt/stack/data/venv/lib/python3.12/site-packages/glance_store/driver.py:134}}
Jun 24 13:40:12.690559 np0000003545 devstack@g-api.service[99478]: DEBUG glance_store.location [-] Registering scheme swift+https with {'store': , 'location_class': , 'store_entry': 'swift'} {{(pid=99478) register_scheme_map /opt/stack/data/venv/lib/python3.12/site-packages/glance_store/location.py:146}}
Jun 24 13:40:12.690610 np0000003545 devstack@g-api.service[99478]: DEBUG glance_store.location [-] Registering scheme swift+https with {'store': , 'location_class': , 'store_entry': 'swift'} {{(pid=99478) register_scheme_map /opt/stack/data/venv/lib/python3.12/site-packages/glance_store/location.py:146}}
Jun 24 13:40:12.690663 np0000003545 devstack@g-api.service[99478]: DEBUG glance_store.location [-] Registering scheme swift with {'store': , 'location_class': , 'store_entry': 'swift'} {{(pid=99478) register_scheme_map /opt/stack/data/venv/lib/python3.12/site-packages/glance_store/location.py:146}}
Jun 24 13:40:12.690725 np0000003545 devstack@g-api.service[99478]: DEBUG glance_store.location [-] Registering scheme swift+https with {'store': , 'location_class': , 'store_entry': 'swift'} {{(pid=99478) register_scheme_map /opt/stack/data/venv/lib/python3.12/site-packages/glance_store/location.py:146}}
Jun 24 13:40:12.690805 np0000003545 devstack@g-api.service[99478]: DEBUG glance_store.location [-] Registering scheme swift with {'store': , 'location_class': , 'store_entry': 'swift'} {{(pid=99478) register_scheme_map /opt/stack/data/venv/lib/python3.12/site-packages/glance_store/location.py:146}}
Jun 24 13:40:12.690857 np0000003545 devstack@g-api.service[99478]: DEBUG glance_store.location [-] Registering scheme swift+http with {'store': , 'location_class': , 'store_entry': 'swift'} {{(pid=99478) register_scheme_map /opt/stack/data/venv/lib/python3.12/site-packages/glance_store/location.py:146}}
Jun 24 13:40:12.690908 np0000003545 devstack@g-api.service[99478]: DEBUG glance_store.location [-] Registering scheme swift+https with {'store': , 'location_class': , 'store_entry': 'swift'} {{(pid=99478) register_scheme_map /opt/stack/data/venv/lib/python3.12/site-packages/glance_store/location.py:146}}
Jun 24 13:40:12.690956 np0000003545 devstack@g-api.service[99478]: DEBUG glance_store.location [-] Registering scheme swift with {'store': , 'location_class': , 'store_entry': 'swift'} {{(pid=99478) register_scheme_map /opt/stack/data/venv/lib/python3.12/site-packages/glance_store/location.py:146}}
Jun 24 13:40:12.691007 np0000003545 devstack@g-api.service[99478]: DEBUG glance_store.location [-] Registering scheme swift+http with {'store': , 'location_class': , 'store_entry': 'swift'} {{(pid=99478) register_scheme_map /opt/stack/data/venv/lib/python3.12/site-packages/glance_store/location.py:146}}
Jun 24 13:40:12.691070 np0000003545 devstack@g-api.service[99478]: DEBUG glance_store.location [-] Registering scheme swift+config with {'store': , 'location_class': , 'store_entry': 'swift'} {{(pid=99478) register_scheme_map /opt/stack/data/venv/lib/python3.12/site-packages/glance_store/location.py:146}}
Jun 24 13:40:12.691352 np0000003545 devstack@g-api.service[99478]: DEBUG glance.sqlite_migration [-] SQLite caching database not located, skipping migration {{(pid=99478) get_db_path /opt/stack/glance/glance/sqlite_migration.py:68}}
Jun 24 13:40:12.691531 np0000003545 devstack@g-api.service[99478]: WARNING glance.common.wsgi_app [-] Import methods are enabled but staging directory /tmp/staging/ does not exist; Imports will fail!
Jun 24 13:40:12.789201 np0000003545 devstack@g-api.service[99480]: DEBUG glance.common.config [None req-c58e094a-f3b5-41d9-b118-413266e00ace None None] Loading glance-api-keystone+cachemanagement from /etc/glance/glance-api-paste.ini {{(pid=99480) load_paste_app /opt/stack/glance/glance/common/config.py:758}}
Jun 24 13:40:12.791228 np0000003545 devstack@g-api.service[99479]: DEBUG glance.common.config [None req-8078d5ca-aadd-4e59-a315-fdc469a3b4ea None None] Loading glance-api-keystone+cachemanagement from /etc/glance/glance-api-paste.ini {{(pid=99479) load_paste_app /opt/stack/glance/glance/common/config.py:758}}
Jun 24 13:40:12.828354 np0000003545 devstack@g-api.service[99478]: DEBUG glance.common.config [None req-e2ab9cff-99c1-4a43-b548-cb4336e32ae3 None None] Loading glance-api-keystone+cachemanagement from /etc/glance/glance-api-paste.ini {{(pid=99478) load_paste_app /opt/stack/glance/glance/common/config.py:758}}
Jun 24 13:40:13.411499 np0000003545 devstack@g-api.service[99478]: INFO glance.image_cache [None req-e2ab9cff-99c1-4a43-b548-cb4336e32ae3 None None] Image cache loaded driver 'centralized_db'.
Jun 24 13:40:13.415033 np0000003545 devstack@g-api.service[99479]: INFO glance.image_cache [None req-8078d5ca-aadd-4e59-a315-fdc469a3b4ea None None] Image cache loaded driver 'centralized_db'.
Jun 24 13:40:13.415402 np0000003545 devstack@g-api.service[99480]: INFO glance.image_cache [None req-c58e094a-f3b5-41d9-b118-413266e00ace None None] Image cache loaded driver 'centralized_db'.
Jun 24 13:40:13.454503 np0000003545 devstack@g-api.service[99478]: INFO dbcounter [None req-e2ab9cff-99c1-4a43-b548-cb4336e32ae3 None None] Registered counter for database glance
Jun 24 13:40:13.458959 np0000003545 devstack@g-api.service[99480]: INFO dbcounter [None req-c58e094a-f3b5-41d9-b118-413266e00ace None None] Registered counter for database glance
Jun 24 13:40:13.460500 np0000003545 devstack@g-api.service[99479]: INFO dbcounter [None req-8078d5ca-aadd-4e59-a315-fdc469a3b4ea None None] Registered counter for database glance
Jun 24 13:40:13.495381 np0000003545 devstack@g-api.service[99478]: DEBUG oslo_db.sqlalchemy.engines [None req-e2ab9cff-99c1-4a43-b548-cb4336e32ae3 None None] MySQL server mode set to STRICT_TRANS_TABLES,STRICT_ALL_TABLES,NO_ZERO_IN_DATE,NO_ZERO_DATE,ERROR_FOR_DIVISION_BY_ZERO,TRADITIONAL,NO_ENGINE_SUBSTITUTION {{(pid=99478) _check_effective_sql_mode /opt/stack/data/venv/lib/python3.12/site-packages/oslo_db/sqlalchemy/engines.py:325}}
Jun 24 13:40:13.499798 np0000003545 devstack@g-api.service[99480]: DEBUG oslo_db.sqlalchemy.engines [None req-c58e094a-f3b5-41d9-b118-413266e00ace None None] MySQL server mode set to STRICT_TRANS_TABLES,STRICT_ALL_TABLES,NO_ZERO_IN_DATE,NO_ZERO_DATE,ERROR_FOR_DIVISION_BY_ZERO,TRADITIONAL,NO_ENGINE_SUBSTITUTION {{(pid=99480) _check_effective_sql_mode /opt/stack/data/venv/lib/python3.12/site-packages/oslo_db/sqlalchemy/engines.py:325}}
Jun 24 13:40:13.503064 np0000003545 devstack@g-api.service[99479]: DEBUG oslo_db.sqlalchemy.engines [None req-8078d5ca-aadd-4e59-a315-fdc469a3b4ea None None] MySQL server mode set to STRICT_TRANS_TABLES,STRICT_ALL_TABLES,NO_ZERO_IN_DATE,NO_ZERO_DATE,ERROR_FOR_DIVISION_BY_ZERO,TRADITIONAL,NO_ENGINE_SUBSTITUTION {{(pid=99479) _check_effective_sql_mode /opt/stack/data/venv/lib/python3.12/site-packages/oslo_db/sqlalchemy/engines.py:325}}
Jun 24 13:40:13.517339 np0000003545 devstack@g-api.service[99478]: DEBUG dbcounter [-] [99478] Writer thread running {{(pid=99478) stat_writer /opt/stack/data/venv/lib/python3.12/site-packages/dbcounter.py:102}}
Jun 24 13:40:13.521493 np0000003545 devstack@g-api.service[99480]: DEBUG dbcounter [-] [99480] Writer thread running {{(pid=99480) stat_writer /opt/stack/data/venv/lib/python3.12/site-packages/dbcounter.py:102}}
Jun 24 13:40:13.524371 np0000003545 devstack@g-api.service[99479]: DEBUG dbcounter [-] [99479] Writer thread running {{(pid=99479) stat_writer /opt/stack/data/venv/lib/python3.12/site-packages/dbcounter.py:102}}
Jun 24 13:40:13.531582 np0000003545 devstack@g-api.service[99479]: DEBUG glance.image_cache.drivers.centralized_db [None req-8078d5ca-aadd-4e59-a315-fdc469a3b4ea None None] Node reference is already recorded, ignoring it {{(pid=99479) configure /opt/stack/glance/glance/image_cache/drivers/centralized_db.py:71}}
Jun 24 13:40:13.532501 np0000003545 devstack@g-api.service[99480]: DEBUG glance.image_cache.drivers.centralized_db [None req-c58e094a-f3b5-41d9-b118-413266e00ace None None] Node reference is already recorded, ignoring it {{(pid=99480) configure /opt/stack/glance/glance/image_cache/drivers/centralized_db.py:71}}
Jun 24 13:40:13.537879 np0000003545 devstack@g-api.service[99478]: INFO glance.image_cache [None req-e2ab9cff-99c1-4a43-b548-cb4336e32ae3 None None] Image cache loaded driver 'centralized_db'.
Jun 24 13:40:13.539000 np0000003545 devstack@g-api.service[99480]: INFO glance.image_cache [None req-c58e094a-f3b5-41d9-b118-413266e00ace None None] Image cache loaded driver 'centralized_db'.
Jun 24 13:40:13.539981 np0000003545 devstack@g-api.service[99479]: INFO glance.image_cache [None req-8078d5ca-aadd-4e59-a315-fdc469a3b4ea None None] Image cache loaded driver 'centralized_db'.
Jun 24 13:40:13.546107 np0000003545 devstack@g-api.service[99478]: DEBUG glance.image_cache.drivers.centralized_db [None req-e2ab9cff-99c1-4a43-b548-cb4336e32ae3 None None] Node reference is already recorded, ignoring it {{(pid=99478) configure /opt/stack/glance/glance/image_cache/drivers/centralized_db.py:71}}
Jun 24 13:40:13.546909 np0000003545 devstack@g-api.service[99480]: DEBUG glance.image_cache.drivers.centralized_db [None req-c58e094a-f3b5-41d9-b118-413266e00ace None None] Node reference is already recorded, ignoring it {{(pid=99480) configure /opt/stack/glance/glance/image_cache/drivers/centralized_db.py:71}}
Jun 24 13:40:13.648371 np0000003545 devstack@g-api.service[99478]: DEBUG glance.api.v2.cached_images [None req-e2ab9cff-99c1-4a43-b548-cb4336e32ae3 None None] Started cache worker thread {{(pid=99478) __init__ /opt/stack/glance/glance/api/v2/cached_images.py:69}}
Jun 24 13:40:13.648371 np0000003545 devstack@g-api.service[99478]: INFO glance.image_cache [None req-e2ab9cff-99c1-4a43-b548-cb4336e32ae3 None None] Image cache loaded driver 'centralized_db'.
Jun 24 13:40:13.649234 np0000003545 devstack@g-api.service[99480]: DEBUG glance.api.v2.cached_images [None req-c58e094a-f3b5-41d9-b118-413266e00ace None None] Started cache worker thread {{(pid=99480) __init__ /opt/stack/glance/glance/api/v2/cached_images.py:69}}
Jun 24 13:40:13.649234 np0000003545 devstack@g-api.service[99480]: INFO glance.image_cache [None req-c58e094a-f3b5-41d9-b118-413266e00ace None None] Image cache loaded driver 'centralized_db'.
Jun 24 13:40:13.657257 np0000003545 devstack@g-api.service[99479]: DEBUG glance.image_cache.drivers.centralized_db [None req-8078d5ca-aadd-4e59-a315-fdc469a3b4ea None None] Node reference is already recorded, ignoring it {{(pid=99479) configure /opt/stack/glance/glance/image_cache/drivers/centralized_db.py:71}}
Jun 24 13:40:13.659201 np0000003545 devstack@g-api.service[99478]: DEBUG glance.image_cache.drivers.centralized_db [None req-e2ab9cff-99c1-4a43-b548-cb4336e32ae3 None None] Node reference is already recorded, ignoring it {{(pid=99478) configure /opt/stack/glance/glance/image_cache/drivers/centralized_db.py:71}}
Jun 24 13:40:13.661687 np0000003545 devstack@g-api.service[99480]: DEBUG glance.image_cache.drivers.centralized_db [None req-c58e094a-f3b5-41d9-b118-413266e00ace None None] Node reference is already recorded, ignoring it {{(pid=99480) configure /opt/stack/glance/glance/image_cache/drivers/centralized_db.py:71}}
Jun 24 13:40:13.663708 np0000003545 devstack@g-api.service[99479]: DEBUG glance.api.v2.cached_images [None req-8078d5ca-aadd-4e59-a315-fdc469a3b4ea None None] Started cache worker thread {{(pid=99479) __init__ /opt/stack/glance/glance/api/v2/cached_images.py:69}}
Jun 24 13:40:13.663708 np0000003545 devstack@g-api.service[99479]: INFO glance.image_cache [None req-8078d5ca-aadd-4e59-a315-fdc469a3b4ea None None] Image cache loaded driver 'centralized_db'.
Jun 24 13:40:13.666449 np0000003545 devstack@g-api.service[99478]: INFO glance.api.middleware.cache_manage [None req-e2ab9cff-99c1-4a43-b548-cb4336e32ae3 None None] Initialized image cache management middleware
Jun 24 13:40:13.666449 np0000003545 devstack@g-api.service[99478]: INFO glance.image_cache [None req-e2ab9cff-99c1-4a43-b548-cb4336e32ae3 None None] Image cache loaded driver 'centralized_db'.
Jun 24 13:40:13.668357 np0000003545 devstack@g-api.service[99480]: INFO glance.api.middleware.cache_manage [None req-c58e094a-f3b5-41d9-b118-413266e00ace None None] Initialized image cache management middleware
Jun 24 13:40:13.668357 np0000003545 devstack@g-api.service[99480]: INFO glance.image_cache [None req-c58e094a-f3b5-41d9-b118-413266e00ace None None] Image cache loaded driver 'centralized_db'.
Jun 24 13:40:13.670834 np0000003545 devstack@g-api.service[99478]: DEBUG glance.image_cache.drivers.centralized_db [None req-e2ab9cff-99c1-4a43-b548-cb4336e32ae3 None None] Node reference is already recorded, ignoring it {{(pid=99478) configure /opt/stack/glance/glance/image_cache/drivers/centralized_db.py:71}}
Jun 24 13:40:13.672531 np0000003545 devstack@g-api.service[99479]: DEBUG glance.image_cache.drivers.centralized_db [None req-8078d5ca-aadd-4e59-a315-fdc469a3b4ea None None] Node reference is already recorded, ignoring it {{(pid=99479) configure /opt/stack/glance/glance/image_cache/drivers/centralized_db.py:71}}
Jun 24 13:40:13.674323 np0000003545 devstack@g-api.service[99478]: INFO glance.api.middleware.cache [None req-e2ab9cff-99c1-4a43-b548-cb4336e32ae3 None None] Initialized image cache middleware
Jun 24 13:40:13.675609 np0000003545 devstack@g-api.service[99480]: DEBUG glance.image_cache.drivers.centralized_db [None req-c58e094a-f3b5-41d9-b118-413266e00ace None None] Node reference is already recorded, ignoring it {{(pid=99480) configure /opt/stack/glance/glance/image_cache/drivers/centralized_db.py:71}}
Jun 24 13:40:13.677115 np0000003545 devstack@g-api.service[99479]: INFO glance.api.middleware.cache_manage [None req-8078d5ca-aadd-4e59-a315-fdc469a3b4ea None None] Initialized image cache management middleware
Jun 24 13:40:13.677115 np0000003545 devstack@g-api.service[99479]: INFO glance.image_cache [None req-8078d5ca-aadd-4e59-a315-fdc469a3b4ea None None] Image cache loaded driver 'centralized_db'.
Jun 24 13:40:13.679568 np0000003545 devstack@g-api.service[99480]: INFO glance.api.middleware.cache [None req-c58e094a-f3b5-41d9-b118-413266e00ace None None] Initialized image cache middleware
Jun 24 13:40:13.681704 np0000003545 devstack@g-api.service[99479]: DEBUG glance.image_cache.drivers.centralized_db [None req-8078d5ca-aadd-4e59-a315-fdc469a3b4ea None None] Node reference is already recorded, ignoring it {{(pid=99479) configure /opt/stack/glance/glance/image_cache/drivers/centralized_db.py:71}}
Jun 24 13:40:13.683506 np0000003545 devstack@g-api.service[99478]: DEBUG glance.common.config [None req-e2ab9cff-99c1-4a43-b548-cb4336e32ae3 None None] ******************************************************************************** {{(pid=99478) log_opt_values /opt/stack/data/venv/lib/python3.12/site-packages/oslo_config/cfg.py:3226}}
Jun 24 13:40:13.683506 np0000003545 devstack@g-api.service[99478]: DEBUG glance.common.config [None req-e2ab9cff-99c1-4a43-b548-cb4336e32ae3 None None] Configuration options gathered from: {{(pid=99478) log_opt_values /opt/stack/data/venv/lib/python3.12/site-packages/oslo_config/cfg.py:3227}}
Jun 24 13:40:13.683506 np0000003545 devstack@g-api.service[99478]: DEBUG glance.common.config [None req-e2ab9cff-99c1-4a43-b548-cb4336e32ae3 None None] command line args: [] {{(pid=99478) log_opt_values /opt/stack/data/venv/lib/python3.12/site-packages/oslo_config/cfg.py:3228}}
Jun 24 13:40:13.683506 np0000003545 devstack@g-api.service[99478]: DEBUG glance.common.config [None req-e2ab9cff-99c1-4a43-b548-cb4336e32ae3 None None] config files: ['/etc/glance/glance-image-import.conf', '/etc/glance/glance-api.conf'] {{(pid=99478) log_opt_values /opt/stack/data/venv/lib/python3.12/site-packages/oslo_config/cfg.py:3229}}
Jun 24 13:40:13.683506 np0000003545 devstack@g-api.service[99478]: DEBUG glance.common.config [None req-e2ab9cff-99c1-4a43-b548-cb4336e32ae3 None None] ================================================================================ {{(pid=99478) log_opt_values /opt/stack/data/venv/lib/python3.12/site-packages/oslo_config/cfg.py:3234}}
Jun 24 13:40:13.683506 np0000003545 devstack@g-api.service[99478]: DEBUG glance.common.config [None req-e2ab9cff-99c1-4a43-b548-cb4336e32ae3 None None] allow_anonymous_access = False {{(pid=99478) log_opt_values /opt/stack/data/venv/lib/python3.12/site-packages/oslo_config/cfg.py:3242}}
Jun 24 13:40:13.683506 np0000003545 devstack@g-api.service[99478]: DEBUG glance.common.config [None req-e2ab9cff-99c1-4a43-b548-cb4336e32ae3 None None] api_limit_max = 1000 {{(pid=99478) log_opt_values /opt/stack/data/venv/lib/python3.12/site-packages/oslo_config/cfg.py:3242}}
Jun 24 13:40:13.685031 np0000003545 devstack@g-api.service[99478]: DEBUG glance.common.config [None req-e2ab9cff-99c1-4a43-b548-cb4336e32ae3 None None] backlog = 4096 {{(pid=99478) log_opt_values /opt/stack/data/venv/lib/python3.12/site-packages/oslo_config/cfg.py:3242}}
Jun 24 13:40:13.685031 np0000003545 devstack@g-api.service[99478]: DEBUG glance.common.config [None req-e2ab9cff-99c1-4a43-b548-cb4336e32ae3 None None] bind_host = 0.0.0.0 {{(pid=99478) log_opt_values /opt/stack/data/venv/lib/python3.12/site-packages/oslo_config/cfg.py:3242}}
Jun 24 13:40:13.685031 np0000003545 devstack@g-api.service[99478]: DEBUG glance.common.config [None req-e2ab9cff-99c1-4a43-b548-cb4336e32ae3 None None] bind_port = 19292 {{(pid=99478) log_opt_values /opt/stack/data/venv/lib/python3.12/site-packages/oslo_config/cfg.py:3242}}
Jun 24 13:40:13.685031 np0000003545 devstack@g-api.service[99478]: DEBUG glance.common.config [None req-e2ab9cff-99c1-4a43-b548-cb4336e32ae3 None None] client_socket_timeout = 900 {{(pid=99478) log_opt_values /opt/stack/data/venv/lib/python3.12/site-packages/oslo_config/cfg.py:3242}}
Jun 24 13:40:13.685031 np0000003545 devstack@g-api.service[99478]: DEBUG glance.common.config [None req-e2ab9cff-99c1-4a43-b548-cb4336e32ae3 None None] config_dir = [] {{(pid=99478) log_opt_values /opt/stack/data/venv/lib/python3.12/site-packages/oslo_config/cfg.py:3242}}
Jun 24 13:40:13.685031 np0000003545 devstack@g-api.service[99478]: DEBUG glance.common.config [None req-e2ab9cff-99c1-4a43-b548-cb4336e32ae3 None None] config_file = ['/etc/glance/glance-image-import.conf', '/etc/glance/glance-api.conf'] {{(pid=99478) log_opt_values /opt/stack/data/venv/lib/python3.12/site-packages/oslo_config/cfg.py:3242}}
Jun 24 13:40:13.685031 np0000003545 devstack@g-api.service[99478]: DEBUG glance.common.config [None req-e2ab9cff-99c1-4a43-b548-cb4336e32ae3 None None] config_source = [] {{(pid=99478) log_opt_values /opt/stack/data/venv/lib/python3.12/site-packages/oslo_config/cfg.py:3242}}
Jun 24 13:40:13.686732 np0000003545 devstack@g-api.service[99478]: DEBUG glance.common.config [None req-e2ab9cff-99c1-4a43-b548-cb4336e32ae3 None None] control_exchange = glance {{(pid=99478) log_opt_values /opt/stack/data/venv/lib/python3.12/site-packages/oslo_config/cfg.py:3242}}
Jun 24 13:40:13.686732 np0000003545 devstack@g-api.service[99478]: DEBUG glance.common.config [None req-e2ab9cff-99c1-4a43-b548-cb4336e32ae3 None None] debug = True {{(pid=99478) log_opt_values /opt/stack/data/venv/lib/python3.12/site-packages/oslo_config/cfg.py:3242}}
Jun 24 13:40:13.686732 np0000003545 devstack@g-api.service[99478]: DEBUG glance.common.config [None req-e2ab9cff-99c1-4a43-b548-cb4336e32ae3 None None] default_log_levels = ['amqp=WARN', 'boto=WARN', 'sqlalchemy=WARN', 'suds=INFO', 'oslo.messaging=INFO', 'oslo_messaging=INFO', 'iso8601=WARN', 'requests.packages.urllib3.connectionpool=WARN', 'urllib3.connectionpool=WARN', 'websocket=WARN', 'requests.packages.urllib3.util.retry=WARN', 'urllib3.util.retry=WARN', 'keystonemiddleware=WARN', 'routes.middleware=WARN', 'stevedore=WARN', 'taskflow=WARN', 'keystoneauth=WARN', 'oslo.cache=INFO', 'oslo_policy=INFO', 'dogpile.core.dogpile=INFO'] {{(pid=99478) log_opt_values /opt/stack/data/venv/lib/python3.12/site-packages/oslo_config/cfg.py:3242}}
Jun 24 13:40:13.686732 np0000003545 devstack@g-api.service[99478]: DEBUG glance.common.config [None req-e2ab9cff-99c1-4a43-b548-cb4336e32ae3 None None] default_publisher_id = image.localhost {{(pid=99478) log_opt_values /opt/stack/data/venv/lib/python3.12/site-packages/oslo_config/cfg.py:3242}}
Jun 24 13:40:13.688976 np0000003545 devstack@g-api.service[99479]: INFO glance.api.middleware.cache [None req-8078d5ca-aadd-4e59-a315-fdc469a3b4ea None None] Initialized image cache middleware
Jun 24 13:40:13.691195 np0000003545 devstack@g-api.service[99478]: DEBUG glance.common.config [None req-e2ab9cff-99c1-4a43-b548-cb4336e32ae3 None None] delayed_delete = False {{(pid=99478) log_opt_values /opt/stack/data/venv/lib/python3.12/site-packages/oslo_config/cfg.py:3242}}
Jun 24 13:40:13.691195 np0000003545 devstack@g-api.service[99478]: DEBUG glance.common.config [None req-e2ab9cff-99c1-4a43-b548-cb4336e32ae3 None None] digest_algorithm = sha256 {{(pid=99478) log_opt_values /opt/stack/data/venv/lib/python3.12/site-packages/oslo_config/cfg.py:3242}}
Jun 24 13:40:13.691195 np0000003545 devstack@g-api.service[99478]: DEBUG glance.common.config [None req-e2ab9cff-99c1-4a43-b548-cb4336e32ae3 None None] disabled_notifications = [] {{(pid=99478) log_opt_values /opt/stack/data/venv/lib/python3.12/site-packages/oslo_config/cfg.py:3242}}
Jun 24 13:40:13.691195 np0000003545 devstack@g-api.service[99478]: DEBUG glance.common.config [None req-e2ab9cff-99c1-4a43-b548-cb4336e32ae3 None None] do_secure_hash = True {{(pid=99478) log_opt_values /opt/stack/data/venv/lib/python3.12/site-packages/oslo_config/cfg.py:3242}}
Jun 24 13:40:13.691195 np0000003545 devstack@g-api.service[99478]: DEBUG glance.common.config [None req-e2ab9cff-99c1-4a43-b548-cb4336e32ae3 None None] enabled_backends = None {{(pid=99478) log_opt_values /opt/stack/data/venv/lib/python3.12/site-packages/oslo_config/cfg.py:3242}}
Jun 24 13:40:13.691195 np0000003545 devstack@g-api.service[99478]: DEBUG glance.common.config [None req-e2ab9cff-99c1-4a43-b548-cb4336e32ae3 None None] enabled_import_methods = ['glance-direct', 'web-download', 'copy-image'] {{(pid=99478) log_opt_values /opt/stack/data/venv/lib/python3.12/site-packages/oslo_config/cfg.py:3242}}
Jun 24 13:40:13.691195 np0000003545 devstack@g-api.service[99478]: DEBUG glance.common.config [None req-e2ab9cff-99c1-4a43-b548-cb4336e32ae3 None None] fatal_deprecations = False {{(pid=99478) log_opt_values /opt/stack/data/venv/lib/python3.12/site-packages/oslo_config/cfg.py:3242}}
Jun 24 13:40:13.693215 np0000003545 devstack@g-api.service[99478]: DEBUG glance.common.config [None req-e2ab9cff-99c1-4a43-b548-cb4336e32ae3 None None] hashing_algorithm = sha512 {{(pid=99478) log_opt_values /opt/stack/data/venv/lib/python3.12/site-packages/oslo_config/cfg.py:3242}}
Jun 24 13:40:13.693215 np0000003545 devstack@g-api.service[99478]: DEBUG glance.common.config [None req-e2ab9cff-99c1-4a43-b548-cb4336e32ae3 None None] http_keepalive = True {{(pid=99478) log_opt_values /opt/stack/data/venv/lib/python3.12/site-packages/oslo_config/cfg.py:3242}}
Jun 24 13:40:13.693215 np0000003545 devstack@g-api.service[99478]: DEBUG glance.common.config [None req-e2ab9cff-99c1-4a43-b548-cb4336e32ae3 None None] http_retries = 3 {{(pid=99478) log_opt_values /opt/stack/data/venv/lib/python3.12/site-packages/oslo_config/cfg.py:3242}}
Jun 24 13:40:13.693215 np0000003545 devstack@g-api.service[99478]: DEBUG glance.common.config [None req-e2ab9cff-99c1-4a43-b548-cb4336e32ae3 None None] image_cache_dir = /opt/stack/data/glance/cache/ {{(pid=99478) log_opt_values /opt/stack/data/venv/lib/python3.12/site-packages/oslo_config/cfg.py:3242}}
Jun 24 13:40:13.693215 np0000003545 devstack@g-api.service[99478]: DEBUG glance.common.config [None req-e2ab9cff-99c1-4a43-b548-cb4336e32ae3 None None] image_cache_driver = centralized_db {{(pid=99478) log_opt_values /opt/stack/data/venv/lib/python3.12/site-packages/oslo_config/cfg.py:3242}}
Jun 24 13:40:13.693215 np0000003545 devstack@g-api.service[99478]: DEBUG glance.common.config [None req-e2ab9cff-99c1-4a43-b548-cb4336e32ae3 None None] image_cache_max_size = 10737418240 {{(pid=99478) log_opt_values /opt/stack/data/venv/lib/python3.12/site-packages/oslo_config/cfg.py:3242}}
Jun 24 13:40:13.693215 np0000003545 devstack@g-api.service[99478]: DEBUG glance.common.config [None req-e2ab9cff-99c1-4a43-b548-cb4336e32ae3 None None] image_cache_sqlite_db = cache.db {{(pid=99478) log_opt_values /opt/stack/data/venv/lib/python3.12/site-packages/oslo_config/cfg.py:3242}}
Jun 24 13:40:13.694694 np0000003545 devstack@g-api.service[99478]: DEBUG glance.common.config [None req-e2ab9cff-99c1-4a43-b548-cb4336e32ae3 None None] image_cache_stall_time = 86400 {{(pid=99478) log_opt_values /opt/stack/data/venv/lib/python3.12/site-packages/oslo_config/cfg.py:3242}}
Jun 24 13:40:13.694694 np0000003545 devstack@g-api.service[99478]: DEBUG glance.common.config [None req-e2ab9cff-99c1-4a43-b548-cb4336e32ae3 None None] image_location_quota = 10 {{(pid=99478) log_opt_values /opt/stack/data/venv/lib/python3.12/site-packages/oslo_config/cfg.py:3242}}
Jun 24 13:40:13.694694 np0000003545 devstack@g-api.service[99478]: DEBUG glance.common.config [None req-e2ab9cff-99c1-4a43-b548-cb4336e32ae3 None None] image_member_quota = 128 {{(pid=99478) log_opt_values /opt/stack/data/venv/lib/python3.12/site-packages/oslo_config/cfg.py:3242}}
Jun 24 13:40:13.694694 np0000003545 devstack@g-api.service[99478]: DEBUG glance.common.config [None req-e2ab9cff-99c1-4a43-b548-cb4336e32ae3 None None] image_property_quota = 128 {{(pid=99478) log_opt_values /opt/stack/data/venv/lib/python3.12/site-packages/oslo_config/cfg.py:3242}}
Jun 24 13:40:13.694694 np0000003545 devstack@g-api.service[99478]: DEBUG glance.common.config [None req-e2ab9cff-99c1-4a43-b548-cb4336e32ae3 None None] image_size_cap = 1099511627776 {{(pid=99478) log_opt_values /opt/stack/data/venv/lib/python3.12/site-packages/oslo_config/cfg.py:3242}}
Jun 24 13:40:13.694694 np0000003545 devstack@g-api.service[99478]: DEBUG glance.common.config [None req-e2ab9cff-99c1-4a43-b548-cb4336e32ae3 None None] image_tag_quota = 128 {{(pid=99478) log_opt_values /opt/stack/data/venv/lib/python3.12/site-packages/oslo_config/cfg.py:3242}}
Jun 24 13:40:13.694694 np0000003545 devstack@g-api.service[99478]: DEBUG glance.common.config [None req-e2ab9cff-99c1-4a43-b548-cb4336e32ae3 None None] instance_format = [instance: %(uuid)s] {{(pid=99478) log_opt_values /opt/stack/data/venv/lib/python3.12/site-packages/oslo_config/cfg.py:3242}}
Jun 24 13:40:13.696200 np0000003545 devstack@g-api.service[99478]: DEBUG glance.common.config [None req-e2ab9cff-99c1-4a43-b548-cb4336e32ae3 None None] instance_uuid_format = [instance: %(uuid)s] {{(pid=99478) log_opt_values /opt/stack/data/venv/lib/python3.12/site-packages/oslo_config/cfg.py:3242}}
Jun 24 13:40:13.696200 np0000003545 devstack@g-api.service[99478]: DEBUG glance.common.config [None req-e2ab9cff-99c1-4a43-b548-cb4336e32ae3 None None] limit_param_default = 25 {{(pid=99478) log_opt_values /opt/stack/data/venv/lib/python3.12/site-packages/oslo_config/cfg.py:3242}}
Jun 24 13:40:13.696200 np0000003545 devstack@g-api.service[99478]: DEBUG glance.common.config [None req-e2ab9cff-99c1-4a43-b548-cb4336e32ae3 None None] log_color = False {{(pid=99478) log_opt_values /opt/stack/data/venv/lib/python3.12/site-packages/oslo_config/cfg.py:3242}}
Jun 24 13:40:13.696200 np0000003545 devstack@g-api.service[99478]: DEBUG glance.common.config [None req-e2ab9cff-99c1-4a43-b548-cb4336e32ae3 None None] log_config_append = None {{(pid=99478) log_opt_values /opt/stack/data/venv/lib/python3.12/site-packages/oslo_config/cfg.py:3242}}
Jun 24 13:40:13.696200 np0000003545 devstack@g-api.service[99478]: DEBUG glance.common.config [None req-e2ab9cff-99c1-4a43-b548-cb4336e32ae3 None None] log_date_format = %Y-%m-%d %H:%M:%S {{(pid=99478) log_opt_values /opt/stack/data/venv/lib/python3.12/site-packages/oslo_config/cfg.py:3242}}
Jun 24 13:40:13.696200 np0000003545 devstack@g-api.service[99478]: DEBUG glance.common.config [None req-e2ab9cff-99c1-4a43-b548-cb4336e32ae3 None None] log_dir = None {{(pid=99478) log_opt_values /opt/stack/data/venv/lib/python3.12/site-packages/oslo_config/cfg.py:3242}}
Jun 24 13:40:13.696200 np0000003545 devstack@g-api.service[99478]: DEBUG glance.common.config [None req-e2ab9cff-99c1-4a43-b548-cb4336e32ae3 None None] log_file = None {{(pid=99478) log_opt_values /opt/stack/data/venv/lib/python3.12/site-packages/oslo_config/cfg.py:3242}}
Jun 24 13:40:13.698656 np0000003545 devstack@g-api.service[99478]: DEBUG glance.common.config [None req-e2ab9cff-99c1-4a43-b548-cb4336e32ae3 None None] log_rotate_interval = 1 {{(pid=99478) log_opt_values /opt/stack/data/venv/lib/python3.12/site-packages/oslo_config/cfg.py:3242}}
Jun 24 13:40:13.698656 np0000003545 devstack@g-api.service[99478]: DEBUG glance.common.config [None req-e2ab9cff-99c1-4a43-b548-cb4336e32ae3 None None] log_rotate_interval_type = days {{(pid=99478) log_opt_values /opt/stack/data/venv/lib/python3.12/site-packages/oslo_config/cfg.py:3242}}
Jun 24 13:40:13.698656 np0000003545 devstack@g-api.service[99478]: DEBUG glance.common.config [None req-e2ab9cff-99c1-4a43-b548-cb4336e32ae3 None None] log_rotation_type = none {{(pid=99478) log_opt_values /opt/stack/data/venv/lib/python3.12/site-packages/oslo_config/cfg.py:3242}}
Jun 24 13:40:13.698656 np0000003545 devstack@g-api.service[99478]: DEBUG glance.common.config [None req-e2ab9cff-99c1-4a43-b548-cb4336e32ae3 None None] logging_context_format_string = %(color)s%(levelname)s %(name)s [%(global_request_id)s %(request_id)s %(project_name)s %(user_name)s%(color)s] %(instance)s%(color)s%(message)s {{(pid=99478) log_opt_values /opt/stack/data/venv/lib/python3.12/site-packages/oslo_config/cfg.py:3242}}
Jun 24 13:40:13.698656 np0000003545 devstack@g-api.service[99478]: DEBUG glance.common.config [None req-e2ab9cff-99c1-4a43-b548-cb4336e32ae3 None None] logging_debug_format_suffix = {{(pid=%(process)d) %(funcName)s %(pathname)s:%(lineno)d}} {{(pid=99478) log_opt_values /opt/stack/data/venv/lib/python3.12/site-packages/oslo_config/cfg.py:3242}}
Jun 24 13:40:13.698656 np0000003545 devstack@g-api.service[99478]: DEBUG glance.common.config [None req-e2ab9cff-99c1-4a43-b548-cb4336e32ae3 None None] logging_default_format_string = %(color)s%(levelname)s %(name)s [-%(color)s] %(instance)s%(color)s%(message)s {{(pid=99478) log_opt_values /opt/stack/data/venv/lib/python3.12/site-packages/oslo_config/cfg.py:3242}}
Jun 24 13:40:13.701338 np0000003545 devstack@g-api.service[99478]: DEBUG glance.common.config [None req-e2ab9cff-99c1-4a43-b548-cb4336e32ae3 None None] logging_exception_prefix = ERROR %(name)s %(instance)s {{(pid=99478) log_opt_values /opt/stack/data/venv/lib/python3.12/site-packages/oslo_config/cfg.py:3242}}
Jun 24 13:40:13.701338 np0000003545 devstack@g-api.service[99478]: DEBUG glance.common.config [None req-e2ab9cff-99c1-4a43-b548-cb4336e32ae3 None None] logging_user_identity_format = %(user)s %(project)s %(domain)s %(system_scope)s %(user_domain)s %(project_domain)s {{(pid=99478) log_opt_values /opt/stack/data/venv/lib/python3.12/site-packages/oslo_config/cfg.py:3242}}
Jun 24 13:40:13.701338 np0000003545 devstack@g-api.service[99478]: DEBUG glance.common.config [None req-e2ab9cff-99c1-4a43-b548-cb4336e32ae3 None None] max_header_line = 16384 {{(pid=99478) log_opt_values /opt/stack/data/venv/lib/python3.12/site-packages/oslo_config/cfg.py:3242}}
Jun 24 13:40:13.701338 np0000003545 devstack@g-api.service[99478]: DEBUG glance.common.config [None req-e2ab9cff-99c1-4a43-b548-cb4336e32ae3 None None] max_logfile_count = 30 {{(pid=99478) log_opt_values /opt/stack/data/venv/lib/python3.12/site-packages/oslo_config/cfg.py:3242}}
Jun 24 13:40:13.701338 np0000003545 devstack@g-api.service[99478]: DEBUG glance.common.config [None req-e2ab9cff-99c1-4a43-b548-cb4336e32ae3 None None] max_logfile_size_mb = 200 {{(pid=99478) log_opt_values /opt/stack/data/venv/lib/python3.12/site-packages/oslo_config/cfg.py:3242}}
Jun 24 13:40:13.701338 np0000003545 devstack@g-api.service[99478]: DEBUG glance.common.config [None req-e2ab9cff-99c1-4a43-b548-cb4336e32ae3 None None] max_request_id_length = 64 {{(pid=99478) log_opt_values /opt/stack/data/venv/lib/python3.12/site-packages/oslo_config/cfg.py:3242}}
Jun 24 13:40:13.701338 np0000003545 devstack@g-api.service[99478]: DEBUG glance.common.config [None req-e2ab9cff-99c1-4a43-b548-cb4336e32ae3 None None] metadata_encryption_key = **** {{(pid=99478) log_opt_values /opt/stack/data/venv/lib/python3.12/site-packages/oslo_config/cfg.py:3242}}
Jun 24 13:40:13.703452 np0000003545 devstack@g-api.service[99478]: DEBUG glance.common.config [None req-e2ab9cff-99c1-4a43-b548-cb4336e32ae3 None None] node_staging_uri = file:///tmp/staging/ {{(pid=99478) log_opt_values /opt/stack/data/venv/lib/python3.12/site-packages/oslo_config/cfg.py:3242}}
Jun 24 13:40:13.703452 np0000003545 devstack@g-api.service[99478]: DEBUG glance.common.config [None req-e2ab9cff-99c1-4a43-b548-cb4336e32ae3 None None] property_protection_file = None {{(pid=99478) log_opt_values /opt/stack/data/venv/lib/python3.12/site-packages/oslo_config/cfg.py:3242}}
Jun 24 13:40:13.703452 np0000003545 devstack@g-api.service[99478]: DEBUG glance.common.config [None req-e2ab9cff-99c1-4a43-b548-cb4336e32ae3 None None] property_protection_rule_format = roles {{(pid=99478) log_opt_values /opt/stack/data/venv/lib/python3.12/site-packages/oslo_config/cfg.py:3242}}
Jun 24 13:40:13.703452 np0000003545 devstack@g-api.service[99478]: DEBUG glance.common.config [None req-e2ab9cff-99c1-4a43-b548-cb4336e32ae3 None None] public_endpoint = https://10.4.3.132/image {{(pid=99478) log_opt_values /opt/stack/data/venv/lib/python3.12/site-packages/oslo_config/cfg.py:3242}}
Jun 24 13:40:13.703452 np0000003545 devstack@g-api.service[99478]: DEBUG glance.common.config [None req-e2ab9cff-99c1-4a43-b548-cb4336e32ae3 None None] publish_errors = False {{(pid=99478) log_opt_values /opt/stack/data/venv/lib/python3.12/site-packages/oslo_config/cfg.py:3242}}
Jun 24 13:40:13.703452 np0000003545 devstack@g-api.service[99478]: DEBUG glance.common.config [None req-e2ab9cff-99c1-4a43-b548-cb4336e32ae3 None None] pydev_worker_debug_host = None {{(pid=99478) log_opt_values /opt/stack/data/venv/lib/python3.12/site-packages/oslo_config/cfg.py:3242}}
Jun 24 13:40:13.703452 np0000003545 devstack@g-api.service[99478]: DEBUG glance.common.config [None req-e2ab9cff-99c1-4a43-b548-cb4336e32ae3 None None] pydev_worker_debug_port = 5678 {{(pid=99478) log_opt_values /opt/stack/data/venv/lib/python3.12/site-packages/oslo_config/cfg.py:3242}}
Jun 24 13:40:13.704918 np0000003545 devstack@g-api.service[99478]: DEBUG glance.common.config [None req-e2ab9cff-99c1-4a43-b548-cb4336e32ae3 None None] rate_limit_burst = 0 {{(pid=99478) log_opt_values /opt/stack/data/venv/lib/python3.12/site-packages/oslo_config/cfg.py:3242}}
Jun 24 13:40:13.704918 np0000003545 devstack@g-api.service[99478]: DEBUG glance.common.config [None req-e2ab9cff-99c1-4a43-b548-cb4336e32ae3 None None] rate_limit_except_level = CRITICAL {{(pid=99478) log_opt_values /opt/stack/data/venv/lib/python3.12/site-packages/oslo_config/cfg.py:3242}}
Jun 24 13:40:13.704918 np0000003545 devstack@g-api.service[99478]: DEBUG glance.common.config [None req-e2ab9cff-99c1-4a43-b548-cb4336e32ae3 None None] rate_limit_interval = 0 {{(pid=99478) log_opt_values /opt/stack/data/venv/lib/python3.12/site-packages/oslo_config/cfg.py:3242}}
Jun 24 13:40:13.704918 np0000003545 devstack@g-api.service[99478]: DEBUG glance.common.config [None req-e2ab9cff-99c1-4a43-b548-cb4336e32ae3 None None] scrub_pool_size = 1 {{(pid=99478) log_opt_values /opt/stack/data/venv/lib/python3.12/site-packages/oslo_config/cfg.py:3242}}
Jun 24 13:40:13.704918 np0000003545 devstack@g-api.service[99478]: DEBUG glance.common.config [None req-e2ab9cff-99c1-4a43-b548-cb4336e32ae3 None None] scrub_time = 0 {{(pid=99478) log_opt_values /opt/stack/data/venv/lib/python3.12/site-packages/oslo_config/cfg.py:3242}}
Jun 24 13:40:13.704918 np0000003545 devstack@g-api.service[99478]: DEBUG glance.common.config [None req-e2ab9cff-99c1-4a43-b548-cb4336e32ae3 None None] shell_completion = None {{(pid=99478) log_opt_values /opt/stack/data/venv/lib/python3.12/site-packages/oslo_config/cfg.py:3242}}
Jun 24 13:40:13.704918 np0000003545 devstack@g-api.service[99478]: DEBUG glance.common.config [None req-e2ab9cff-99c1-4a43-b548-cb4336e32ae3 None None] show_image_direct_url = False {{(pid=99478) log_opt_values /opt/stack/data/venv/lib/python3.12/site-packages/oslo_config/cfg.py:3242}}
Jun 24 13:40:13.706328 np0000003545 devstack@g-api.service[99478]: WARNING oslo_config.cfg [None req-e2ab9cff-99c1-4a43-b548-cb4336e32ae3 None None] Deprecated: Option "show_multiple_locations" from group "DEFAULT" is deprecated for removal (Use of this option, deprecated since Newton, is a security risk and will be removed once we figure out a way to satisfy those use cases that currently require it. An earlier announcement that the same functionality can be achieved with greater granularity by using policies is incorrect. You cannot work around this option via policy configuration at the present time, though that is the direction we believe the fix will take. Please keep an eye on the Glance release notes to stay up to date on progress in addressing this issue.). Its value may be silently ignored in the future.
Jun 24 13:40:13.706328 np0000003545 devstack@g-api.service[99478]: DEBUG glance.common.config [None req-e2ab9cff-99c1-4a43-b548-cb4336e32ae3 None None] show_multiple_locations = False {{(pid=99478) log_opt_values /opt/stack/data/venv/lib/python3.12/site-packages/oslo_config/cfg.py:3242}}
Jun 24 13:40:13.706328 np0000003545 devstack@g-api.service[99478]: DEBUG glance.common.config [None req-e2ab9cff-99c1-4a43-b548-cb4336e32ae3 None None] syslog_log_facility = LOG_USER {{(pid=99478) log_opt_values /opt/stack/data/venv/lib/python3.12/site-packages/oslo_config/cfg.py:3242}}
Jun 24 13:40:13.706328 np0000003545 devstack@g-api.service[99478]: DEBUG glance.common.config [None req-e2ab9cff-99c1-4a43-b548-cb4336e32ae3 None None] tcp_keepidle = 600 {{(pid=99478) log_opt_values /opt/stack/data/venv/lib/python3.12/site-packages/oslo_config/cfg.py:3242}}
Jun 24 13:40:13.706328 np0000003545 devstack@g-api.service[99478]: DEBUG glance.common.config [None req-e2ab9cff-99c1-4a43-b548-cb4336e32ae3 None None] transport_url = **** {{(pid=99478) log_opt_values /opt/stack/data/venv/lib/python3.12/site-packages/oslo_config/cfg.py:3242}}
Jun 24 13:40:13.708933 np0000003545 devstack@g-api.service[99478]: DEBUG glance.common.config [None req-e2ab9cff-99c1-4a43-b548-cb4336e32ae3 None None] use_journal = False {{(pid=99478) log_opt_values /opt/stack/data/venv/lib/python3.12/site-packages/oslo_config/cfg.py:3242}}
Jun 24 13:40:13.708933 np0000003545 devstack@g-api.service[99478]: DEBUG glance.common.config [None req-e2ab9cff-99c1-4a43-b548-cb4336e32ae3 None None] use_json = False {{(pid=99478) log_opt_values /opt/stack/data/venv/lib/python3.12/site-packages/oslo_config/cfg.py:3242}}
Jun 24 13:40:13.708933 np0000003545 devstack@g-api.service[99478]: DEBUG glance.common.config [None req-e2ab9cff-99c1-4a43-b548-cb4336e32ae3 None None] use_keystone_limits = True {{(pid=99478) log_opt_values /opt/stack/data/venv/lib/python3.12/site-packages/oslo_config/cfg.py:3242}}
Jun 24 13:40:13.708933 np0000003545 devstack@g-api.service[99478]: DEBUG glance.common.config [None req-e2ab9cff-99c1-4a43-b548-cb4336e32ae3 None None] use_stderr = False {{(pid=99478) log_opt_values /opt/stack/data/venv/lib/python3.12/site-packages/oslo_config/cfg.py:3242}}
Jun 24 13:40:13.708933 np0000003545 devstack@g-api.service[99478]: DEBUG glance.common.config [None req-e2ab9cff-99c1-4a43-b548-cb4336e32ae3 None None] use_syslog = False {{(pid=99478) log_opt_values /opt/stack/data/venv/lib/python3.12/site-packages/oslo_config/cfg.py:3242}}
Jun 24 13:40:13.708933 np0000003545 devstack@g-api.service[99478]: DEBUG glance.common.config [None req-e2ab9cff-99c1-4a43-b548-cb4336e32ae3 None None] user_storage_quota = 0 {{(pid=99478) log_opt_values /opt/stack/data/venv/lib/python3.12/site-packages/oslo_config/cfg.py:3242}}
Jun 24 13:40:13.708933 np0000003545 devstack@g-api.service[99478]: DEBUG glance.common.config [None req-e2ab9cff-99c1-4a43-b548-cb4336e32ae3 None None] worker_self_reference_url = http://127.0.0.1:60999 {{(pid=99478) log_opt_values /opt/stack/data/venv/lib/python3.12/site-packages/oslo_config/cfg.py:3242}}
Jun 24 13:40:13.711596 np0000003545 devstack@g-api.service[99478]: DEBUG glance.common.config [None req-e2ab9cff-99c1-4a43-b548-cb4336e32ae3 None None] workers = None {{(pid=99478) log_opt_values /opt/stack/data/venv/lib/python3.12/site-packages/oslo_config/cfg.py:3242}}
Jun 24 13:40:13.711596 np0000003545 devstack@g-api.service[99478]: DEBUG glance.common.config [None req-e2ab9cff-99c1-4a43-b548-cb4336e32ae3 None None] oslo_concurrency.disable_process_locking = False {{(pid=99478) log_opt_values /opt/stack/data/venv/lib/python3.12/site-packages/oslo_config/cfg.py:3253}}
Jun 24 13:40:13.711596 np0000003545 devstack@g-api.service[99478]: DEBUG glance.common.config [None req-e2ab9cff-99c1-4a43-b548-cb4336e32ae3 None None] oslo_concurrency.lock_path = /opt/stack/data/glance/locks {{(pid=99478) log_opt_values /opt/stack/data/venv/lib/python3.12/site-packages/oslo_config/cfg.py:3253}}
Jun 24 13:40:13.711596 np0000003545 devstack@g-api.service[99478]: DEBUG glance.common.config [None req-e2ab9cff-99c1-4a43-b548-cb4336e32ae3 None None] oslo_middleware.enable_proxy_headers_parsing = False {{(pid=99478) log_opt_values /opt/stack/data/venv/lib/python3.12/site-packages/oslo_config/cfg.py:3253}}
Jun 24 13:40:13.711596 np0000003545 devstack@g-api.service[99478]: DEBUG glance.common.config [None req-e2ab9cff-99c1-4a43-b548-cb4336e32ae3 None None] oslo_middleware.http_basic_auth_user_file = /etc/htpasswd {{(pid=99478) log_opt_values /opt/stack/data/venv/lib/python3.12/site-packages/oslo_config/cfg.py:3253}}
Jun 24 13:40:13.711596 np0000003545 devstack@g-api.service[99478]: DEBUG glance.common.config [None req-e2ab9cff-99c1-4a43-b548-cb4336e32ae3 None None] paste_deploy.config_file = None {{(pid=99478) log_opt_values /opt/stack/data/venv/lib/python3.12/site-packages/oslo_config/cfg.py:3253}}
Jun 24 13:40:13.713716 np0000003545 devstack@g-api.service[99480]: DEBUG glance.common.config [None req-c58e094a-f3b5-41d9-b118-413266e00ace None None] ******************************************************************************** {{(pid=99480) log_opt_values /opt/stack/data/venv/lib/python3.12/site-packages/oslo_config/cfg.py:3226}}
Jun 24 13:40:13.716262 np0000003545 devstack@g-api.service[99478]: DEBUG glance.common.config [None req-e2ab9cff-99c1-4a43-b548-cb4336e32ae3 None None] paste_deploy.flavor = keystone+cachemanagement {{(pid=99478) log_opt_values /opt/stack/data/venv/lib/python3.12/site-packages/oslo_config/cfg.py:3253}}
Jun 24 13:40:13.718049 np0000003545 devstack@g-api.service[99480]: DEBUG glance.common.config [None req-c58e094a-f3b5-41d9-b118-413266e00ace None None] Configuration options gathered from: {{(pid=99480) log_opt_values /opt/stack/data/venv/lib/python3.12/site-packages/oslo_config/cfg.py:3227}}
Jun 24 13:40:13.720496 np0000003545 devstack@g-api.service[99478]: DEBUG glance.common.config [None req-e2ab9cff-99c1-4a43-b548-cb4336e32ae3 None None] image_format.container_formats = ['ami', 'ari', 'aki', 'bare', 'ovf', 'ova', 'docker', 'compressed'] {{(pid=99478) log_opt_values /opt/stack/data/venv/lib/python3.12/site-packages/oslo_config/cfg.py:3253}}
Jun 24 13:40:13.720496 np0000003545 devstack@g-api.service[99478]: DEBUG glance.common.config [None req-e2ab9cff-99c1-4a43-b548-cb4336e32ae3 None None] image_format.disk_formats = ['ami', 'ari', 'aki', 'vhd', 'vhdx', 'vmdk', 'raw', 'qcow2', 'vdi', 'iso', 'ploop'] {{(pid=99478) log_opt_values /opt/stack/data/venv/lib/python3.12/site-packages/oslo_config/cfg.py:3253}}
Jun 24 13:40:13.720496 np0000003545 devstack@g-api.service[99478]: DEBUG glance.common.config [None req-e2ab9cff-99c1-4a43-b548-cb4336e32ae3 None None] image_format.gpt_safety_checks_nonfatal = [] {{(pid=99478) log_opt_values /opt/stack/data/venv/lib/python3.12/site-packages/oslo_config/cfg.py:3253}}
Jun 24 13:40:13.720496 np0000003545 devstack@g-api.service[99478]: DEBUG glance.common.config [None req-e2ab9cff-99c1-4a43-b548-cb4336e32ae3 None None] image_format.require_image_format_match = True {{(pid=99478) log_opt_values /opt/stack/data/venv/lib/python3.12/site-packages/oslo_config/cfg.py:3253}}
Jun 24 13:40:13.720496 np0000003545 devstack@g-api.service[99478]: DEBUG glance.common.config [None req-e2ab9cff-99c1-4a43-b548-cb4336e32ae3 None None] image_format.vmdk_allowed_types = ['streamOptimized', 'monolithicSparse'] {{(pid=99478) log_opt_values /opt/stack/data/venv/lib/python3.12/site-packages/oslo_config/cfg.py:3253}}
Jun 24 13:40:13.721916 np0000003545 devstack@g-api.service[99480]: DEBUG glance.common.config [None req-c58e094a-f3b5-41d9-b118-413266e00ace None None] command line args: [] {{(pid=99480) log_opt_values /opt/stack/data/venv/lib/python3.12/site-packages/oslo_config/cfg.py:3228}}
