Jul 31 21:13:19.421156 np0000006275 devstack@c-api.service[97084]: INFO cinder.api.openstack.wsgi [None req-40ec095e-2918-4488-9561-2ce6c9bc76e5 tempest-GroupSnapshotsTest-1323495050 tempest-GroupSnapshotsTest-1323495050-project-member] https://10.4.3.226/volume/v3/volumes/f6772672-daa5-4ddf-8dbb-774c8cac4351 returned with HTTP 200
Jul 31 21:13:19.421841 np0000006275 devstack@c-api.service[97084]: [pid: 97084|app: 0|req: 162/477] 10.4.3.226 () {68 vars in 1389 bytes} [Fri Jul 31 21:13:19 2026] GET /volume/v3/volumes/f6772672-daa5-4ddf-8dbb-774c8cac4351 => generated 914 bytes in 92 msecs (HTTP/1.1 200) 7 headers in 286 bytes (1 switches on core 0)
Jul 31 21:13:20.146325 np0000006275 devstack@c-api.service[97081]: DEBUG cinder.api.middleware.request_id [None req-7d774bf1-3e60-45d9-a217-b46dcecf3d4f None None] RequestId filter calling following filter/app {{(pid=97081) _context_setter /opt/stack/cinder/cinder/api/middleware/request_id.py:62}}
Jul 31 21:13:20.340300 np0000006275 devstack@c-api.service[97081]: INFO cinder.api.openstack.wsgi [None req-7d774bf1-3e60-45d9-a217-b46dcecf3d4f tempest-VolumeTypesExtraSpecsTest-1114082640 tempest-VolumeTypesExtraSpecsTest-1114082640-project-admin] POST https://10.4.3.226/volume/v3/types
Jul 31 21:13:20.340727 np0000006275 devstack@c-api.service[97081]: DEBUG cinder.api.openstack.wsgi [None req-7d774bf1-3e60-45d9-a217-b46dcecf3d4f tempest-VolumeTypesExtraSpecsTest-1114082640 tempest-VolumeTypesExtraSpecsTest-1114082640-project-admin] Action: 'create', calling method: _create, body: {"volume_type": {"name": "tempest-VolumeTypesExtraSpecsTest-volume-type-1875561131"}} {{(pid=97081) _process_stack /opt/stack/cinder/cinder/api/openstack/wsgi.py:876}}
Jul 31 21:13:20.359313 np0000006275 devstack@c-api.service[97081]: INFO cinder.api.openstack.wsgi [None req-7d774bf1-3e60-45d9-a217-b46dcecf3d4f tempest-VolumeTypesExtraSpecsTest-1114082640 tempest-VolumeTypesExtraSpecsTest-1114082640-project-admin] https://10.4.3.226/volume/v3/types returned with HTTP 200
Jul 31 21:13:20.359647 np0000006275 devstack@c-api.service[97081]: [pid: 97081|app: 0|req: 158/478] 10.4.3.226 () {68 vars in 1252 bytes} [Fri Jul 31 21:13:20 2026] POST /volume/v3/types => generated 231 bytes in 215 msecs (HTTP/1.1 200) 7 headers in 285 bytes (1 switches on core 0)
Jul 31 21:13:20.371479 np0000006275 devstack@c-api.service[97083]: DEBUG cinder.api.middleware.request_id [None req-50adb46f-9216-4280-adb9-11e4784a6b8b None None] RequestId filter calling following filter/app {{(pid=97083) _context_setter /opt/stack/cinder/cinder/api/middleware/request_id.py:62}}
Jul 31 21:13:20.378483 np0000006275 devstack@c-api.service[97083]: INFO cinder.api.openstack.wsgi [None req-50adb46f-9216-4280-adb9-11e4784a6b8b tempest-VolumeTypesExtraSpecsTest-1114082640 tempest-VolumeTypesExtraSpecsTest-1114082640-project-admin] POST https://10.4.3.226/volume/v3/types/3784b5db-53b3-42df-ba84-8052d7f70c71/extra_specs
Jul 31 21:13:20.379202 np0000006275 devstack@c-api.service[97083]: DEBUG cinder.api.openstack.wsgi [None req-50adb46f-9216-4280-adb9-11e4784a6b8b tempest-VolumeTypesExtraSpecsTest-1114082640 tempest-VolumeTypesExtraSpecsTest-1114082640-project-admin] Action: 'create', calling method: create, body: {"extra_specs": {"spec3": "val1"}} {{(pid=97083) _process_stack /opt/stack/cinder/cinder/api/openstack/wsgi.py:876}}
Jul 31 21:13:20.415891 np0000006275 devstack@c-api.service[97083]: INFO cinder.api.openstack.wsgi [None req-50adb46f-9216-4280-adb9-11e4784a6b8b tempest-VolumeTypesExtraSpecsTest-1114082640 tempest-VolumeTypesExtraSpecsTest-1114082640-project-admin] https://10.4.3.226/volume/v3/types/3784b5db-53b3-42df-ba84-8052d7f70c71/extra_specs returned with HTTP 200
Jul 31 21:13:20.415891 np0000006275 devstack@c-api.service[97083]: [pid: 97083|app: 0|req: 159/479] 10.4.3.226 () {68 vars in 1399 bytes} [Fri Jul 31 21:13:20 2026] POST /volume/v3/types/3784b5db-53b3-42df-ba84-8052d7f70c71/extra_specs => generated 34 bytes in 45 msecs (HTTP/1.1 200) 7 headers in 284 bytes (1 switches on core 0)
Jul 31 21:13:20.424490 np0000006275 devstack@c-api.service[97084]: DEBUG cinder.api.middleware.request_id [None req-c216850c-1630-41c5-8843-c876fcb65743 None None] RequestId filter calling following filter/app {{(pid=97084) _context_setter /opt/stack/cinder/cinder/api/middleware/request_id.py:62}}
Jul 31 21:13:20.430368 np0000006275 devstack@c-api.service[97084]: INFO cinder.api.openstack.wsgi [None req-c216850c-1630-41c5-8843-c876fcb65743 tempest-VolumeTypesExtraSpecsTest-1114082640 tempest-VolumeTypesExtraSpecsTest-1114082640-project-admin] GET https://10.4.3.226/volume/v3/types/3784b5db-53b3-42df-ba84-8052d7f70c71/extra_specs/spec3
Jul 31 21:13:20.432228 np0000006275 devstack@c-api.service[97084]: DEBUG cinder.api.openstack.wsgi [None req-c216850c-1630-41c5-8843-c876fcb65743 tempest-VolumeTypesExtraSpecsTest-1114082640 tempest-VolumeTypesExtraSpecsTest-1114082640-project-admin] Empty body provided in request {{(pid=97084) get_body /opt/stack/cinder/cinder/api/openstack/wsgi.py:725}}
Jul 31 21:13:20.432546 np0000006275 devstack@c-api.service[97084]: DEBUG cinder.api.openstack.wsgi [None req-c216850c-1630-41c5-8843-c876fcb65743 tempest-VolumeTypesExtraSpecsTest-1114082640 tempest-VolumeTypesExtraSpecsTest-1114082640-project-admin] Calling method 'show' {{(pid=97084) _process_stack /opt/stack/cinder/cinder/api/openstack/wsgi.py:878}}
Jul 31 21:13:20.436168 np0000006275 devstack@c-api.service[97081]: DEBUG cinder.api.middleware.request_id [None req-eba3706c-c2b0-4f46-88aa-3849edc761ee None None] RequestId filter calling following filter/app {{(pid=97081) _context_setter /opt/stack/cinder/cinder/api/middleware/request_id.py:62}}
Jul 31 21:13:20.443472 np0000006275 devstack@c-api.service[97084]: INFO cinder.api.openstack.wsgi [None req-c216850c-1630-41c5-8843-c876fcb65743 tempest-VolumeTypesExtraSpecsTest-1114082640 tempest-VolumeTypesExtraSpecsTest-1114082640-project-admin] https://10.4.3.226/volume/v3/types/3784b5db-53b3-42df-ba84-8052d7f70c71/extra_specs/spec3 returned with HTTP 200
Jul 31 21:13:20.444054 np0000006275 devstack@c-api.service[97084]: [pid: 97084|app: 0|req: 163/480] 10.4.3.226 () {66 vars in 1396 bytes} [Fri Jul 31 21:13:20 2026] GET /volume/v3/types/3784b5db-53b3-42df-ba84-8052d7f70c71/extra_specs/spec3 => generated 17 bytes in 20 msecs (HTTP/1.1 200) 7 headers in 284 bytes (1 switches on core 0)
Jul 31 21:13:20.445317 np0000006275 devstack@c-api.service[97081]: INFO cinder.api.openstack.wsgi [None req-eba3706c-c2b0-4f46-88aa-3849edc761ee tempest-GroupSnapshotsTest-1323495050 tempest-GroupSnapshotsTest-1323495050-project-member] GET https://10.4.3.226/volume/v3/volumes/f6772672-daa5-4ddf-8dbb-774c8cac4351
Jul 31 21:13:20.445584 np0000006275 devstack@c-api.service[97081]: DEBUG cinder.api.openstack.wsgi [None req-eba3706c-c2b0-4f46-88aa-3849edc761ee tempest-GroupSnapshotsTest-1323495050 tempest-GroupSnapshotsTest-1323495050-project-member] Empty body provided in request {{(pid=97081) get_body /opt/stack/cinder/cinder/api/openstack/wsgi.py:725}}
Jul 31 21:13:20.445814 np0000006275 devstack@c-api.service[97081]: DEBUG cinder.api.openstack.wsgi [None req-eba3706c-c2b0-4f46-88aa-3849edc761ee tempest-GroupSnapshotsTest-1323495050 tempest-GroupSnapshotsTest-1323495050-project-member] Calling method 'show' {{(pid=97081) _process_stack /opt/stack/cinder/cinder/api/openstack/wsgi.py:878}}
Jul 31 21:13:20.453608 np0000006275 devstack@c-api.service[97083]: DEBUG cinder.api.middleware.request_id [None req-adb30813-3393-41d4-857a-5741cfc53e5c None None] RequestId filter calling following filter/app {{(pid=97083) _context_setter /opt/stack/cinder/cinder/api/middleware/request_id.py:62}}
Jul 31 21:13:20.456017 np0000006275 devstack@c-api.service[97081]: INFO cinder.api.openstack.wsgi [None req-eba3706c-c2b0-4f46-88aa-3849edc761ee tempest-GroupSnapshotsTest-1323495050 tempest-GroupSnapshotsTest-1323495050-project-member] https://10.4.3.226/volume/v3/volumes/f6772672-daa5-4ddf-8dbb-774c8cac4351 returned with HTTP 404
Jul 31 21:13:20.456224 np0000006275 devstack@c-api.service[97083]: INFO cinder.api.openstack.wsgi [None req-adb30813-3393-41d4-857a-5741cfc53e5c tempest-VolumeTypesExtraSpecsTest-1114082640 tempest-VolumeTypesExtraSpecsTest-1114082640-project-admin] DELETE https://10.4.3.226/volume/v3/types/3784b5db-53b3-42df-ba84-8052d7f70c71/extra_specs/spec3
Jul 31 21:13:20.456516 np0000006275 devstack@c-api.service[97083]: DEBUG cinder.api.openstack.wsgi [None req-adb30813-3393-41d4-857a-5741cfc53e5c tempest-VolumeTypesExtraSpecsTest-1114082640 tempest-VolumeTypesExtraSpecsTest-1114082640-project-admin] Empty body provided in request {{(pid=97083) get_body /opt/stack/cinder/cinder/api/openstack/wsgi.py:725}}
Jul 31 21:13:20.456825 np0000006275 devstack@c-api.service[97083]: DEBUG cinder.api.openstack.wsgi [None req-adb30813-3393-41d4-857a-5741cfc53e5c tempest-VolumeTypesExtraSpecsTest-1114082640 tempest-VolumeTypesExtraSpecsTest-1114082640-project-admin] Calling method 'delete' {{(pid=97083) _process_stack /opt/stack/cinder/cinder/api/openstack/wsgi.py:878}}
Jul 31 21:13:20.457524 np0000006275 devstack@c-api.service[97081]: [pid: 97081|app: 0|req: 159/481] 10.4.3.226 () {68 vars in 1389 bytes} [Fri Jul 31 21:13:20 2026] GET /volume/v3/volumes/f6772672-daa5-4ddf-8dbb-774c8cac4351 => generated 109 bytes in 22 msecs (HTTP/1.1 404) 7 headers in 293 bytes (1 switches on core 0)
Jul 31 21:13:20.472263 np0000006275 devstack@c-api.service[97084]: DEBUG cinder.api.middleware.request_id [None req-cb136144-e545-49fd-8f40-5bab0a8aa19c None None] RequestId filter calling following filter/app {{(pid=97084) _context_setter /opt/stack/cinder/cinder/api/middleware/request_id.py:62}}
Jul 31 21:13:20.478048 np0000006275 devstack@c-api.service[97084]: INFO cinder.api.openstack.wsgi [None req-cb136144-e545-49fd-8f40-5bab0a8aa19c tempest-GroupSnapshotsTest-1323495050 tempest-GroupSnapshotsTest-1323495050-project-member] GET https://10.4.3.226/volume/v3/groups/7e1be589-f1c0-4854-93ad-7a357db8c207
Jul 31 21:13:20.478292 np0000006275 devstack@c-api.service[97084]: DEBUG cinder.api.openstack.wsgi [None req-cb136144-e545-49fd-8f40-5bab0a8aa19c tempest-GroupSnapshotsTest-1323495050 tempest-GroupSnapshotsTest-1323495050-project-member] Empty body provided in request {{(pid=97084) get_body /opt/stack/cinder/cinder/api/openstack/wsgi.py:725}}
Jul 31 21:13:20.479402 np0000006275 devstack@c-api.service[97084]: DEBUG cinder.api.openstack.wsgi [None req-cb136144-e545-49fd-8f40-5bab0a8aa19c tempest-GroupSnapshotsTest-1323495050 tempest-GroupSnapshotsTest-1323495050-project-member] Calling method 'version_select' {{(pid=97084) _process_stack /opt/stack/cinder/cinder/api/openstack/wsgi.py:878}}
Jul 31 21:13:20.480090 np0000006275 devstack@c-api.service[97084]: DEBUG cinder.api.v3.groups [None req-cb136144-e545-49fd-8f40-5bab0a8aa19c tempest-GroupSnapshotsTest-1323495050 tempest-GroupSnapshotsTest-1323495050-project-member] show called for member 7e1be589-f1c0-4854-93ad-7a357db8c207 {{(pid=97084) show /opt/stack/cinder/cinder/api/v3/groups.py:58}}
Jul 31 21:13:20.484766 np0000006275 devstack@c-api.service[97084]: INFO cinder.api.openstack.wsgi [None req-cb136144-e545-49fd-8f40-5bab0a8aa19c tempest-GroupSnapshotsTest-1323495050 tempest-GroupSnapshotsTest-1323495050-project-member] https://10.4.3.226/volume/v3/groups/7e1be589-f1c0-4854-93ad-7a357db8c207 returned with HTTP 404
Jul 31 21:13:20.485262 np0000006275 devstack@c-api.service[97084]: [pid: 97084|app: 0|req: 164/482] 10.4.3.226 () {68 vars in 1386 bytes} [Fri Jul 31 21:13:20 2026] GET /volume/v3/groups/7e1be589-f1c0-4854-93ad-7a357db8c207 => generated 108 bytes in 18 msecs (HTTP/1.1 404) 7 headers in 293 bytes (1 switches on core 0)
Jul 31 21:13:20.493294 np0000006275 devstack@c-api.service[97081]: DEBUG cinder.api.middleware.request_id [None req-583973db-4888-413e-8f00-b666c70184a5 None None] RequestId filter calling following filter/app {{(pid=97081) _context_setter /opt/stack/cinder/cinder/api/middleware/request_id.py:62}}
Jul 31 21:13:20.496302 np0000006275 devstack@c-api.service[97081]: INFO cinder.api.openstack.wsgi [None req-583973db-4888-413e-8f00-b666c70184a5 tempest-GroupSnapshotsTest-1720346566 tempest-GroupSnapshotsTest-1720346566-project-admin] DELETE https://10.4.3.226/volume/v3/group_types/dabd13f6-62e4-4d49-81be-ba2eac33315e
Jul 31 21:13:20.496693 np0000006275 devstack@c-api.service[97081]: DEBUG cinder.api.openstack.wsgi [None req-583973db-4888-413e-8f00-b666c70184a5 tempest-GroupSnapshotsTest-1720346566 tempest-GroupSnapshotsTest-1720346566-project-admin] Empty body provided in request {{(pid=97081) get_body /opt/stack/cinder/cinder/api/openstack/wsgi.py:725}}
Jul 31 21:13:20.496899 np0000006275 devstack@c-api.service[97081]: DEBUG cinder.api.openstack.wsgi [None req-583973db-4888-413e-8f00-b666c70184a5 tempest-GroupSnapshotsTest-1720346566 tempest-GroupSnapshotsTest-1720346566-project-admin] Calling method 'version_select' {{(pid=97081) _process_stack /opt/stack/cinder/cinder/api/openstack/wsgi.py:878}}
Jul 31 21:13:20.499096 np0000006275 devstack@c-api.service[97083]: INFO cinder.api.openstack.wsgi [None req-adb30813-3393-41d4-857a-5741cfc53e5c tempest-VolumeTypesExtraSpecsTest-1114082640 tempest-VolumeTypesExtraSpecsTest-1114082640-project-admin] https://10.4.3.226/volume/v3/types/3784b5db-53b3-42df-ba84-8052d7f70c71/extra_specs/spec3 returned with HTTP 202
Jul 31 21:13:20.499558 np0000006275 devstack@c-api.service[97083]: [pid: 97083|app: 0|req: 160/483] 10.4.3.226 () {66 vars in 1399 bytes} [Fri Jul 31 21:13:20 2026] DELETE /volume/v3/types/3784b5db-53b3-42df-ba84-8052d7f70c71/extra_specs/spec3 => generated 0 bytes in 47 msecs (HTTP/1.1 202) 7 headers in 289 bytes (1 switches on core 0)
Jul 31 21:13:20.509437 np0000006275 devstack@c-api.service[97084]: DEBUG cinder.api.middleware.request_id [None req-5935d37c-04c1-49db-b2c6-4fc23079df6d None None] RequestId filter calling following filter/app {{(pid=97084) _context_setter /opt/stack/cinder/cinder/api/middleware/request_id.py:62}}
Jul 31 21:13:20.512479 np0000006275 devstack@c-api.service[97084]: INFO cinder.api.openstack.wsgi [None req-5935d37c-04c1-49db-b2c6-4fc23079df6d tempest-VolumeTypesExtraSpecsTest-1114082640 tempest-VolumeTypesExtraSpecsTest-1114082640-project-admin] GET https://10.4.3.226/volume/v3/types/3784b5db-53b3-42df-ba84-8052d7f70c71/extra_specs/spec3
Jul 31 21:13:20.512926 np0000006275 devstack@c-api.service[97084]: DEBUG cinder.api.openstack.wsgi [None req-5935d37c-04c1-49db-b2c6-4fc23079df6d tempest-VolumeTypesExtraSpecsTest-1114082640 tempest-VolumeTypesExtraSpecsTest-1114082640-project-admin] Empty body provided in request {{(pid=97084) get_body /opt/stack/cinder/cinder/api/openstack/wsgi.py:725}}
Jul 31 21:13:20.513252 np0000006275 devstack@c-api.service[97084]: DEBUG cinder.api.openstack.wsgi [None req-5935d37c-04c1-49db-b2c6-4fc23079df6d tempest-VolumeTypesExtraSpecsTest-1114082640 tempest-VolumeTypesExtraSpecsTest-1114082640-project-admin] Calling method 'show' {{(pid=97084) _process_stack /opt/stack/cinder/cinder/api/openstack/wsgi.py:878}}
Jul 31 21:13:20.514901 np0000006275 devstack@c-api.service[97081]: INFO cinder.api.openstack.wsgi [None req-583973db-4888-413e-8f00-b666c70184a5 tempest-GroupSnapshotsTest-1720346566 tempest-GroupSnapshotsTest-1720346566-project-admin] https://10.4.3.226/volume/v3/group_types/dabd13f6-62e4-4d49-81be-ba2eac33315e returned with HTTP 202
Jul 31 21:13:20.515462 np0000006275 devstack@c-api.service[97081]: [pid: 97081|app: 0|req: 160/484] 10.4.3.226 () {68 vars in 1404 bytes} [Fri Jul 31 21:13:20 2026] DELETE /volume/v3/group_types/dabd13f6-62e4-4d49-81be-ba2eac33315e => generated 0 bytes in 22 msecs (HTTP/1.1 202) 6 headers in 234 bytes (2 switches on core 0)
Jul 31 21:13:20.524864 np0000006275 devstack@c-api.service[97083]: DEBUG cinder.api.middleware.request_id [None req-9d027a11-4842-4098-b792-7367b4fc080a None None] RequestId filter calling following filter/app {{(pid=97083) _context_setter /opt/stack/cinder/cinder/api/middleware/request_id.py:62}}
Jul 31 21:13:20.527603 np0000006275 devstack@c-api.service[97083]: INFO cinder.api.openstack.wsgi [None req-9d027a11-4842-4098-b792-7367b4fc080a tempest-GroupSnapshotsTest-1720346566 tempest-GroupSnapshotsTest-1720346566-project-admin] DELETE https://10.4.3.226/volume/v3/types/e0004bca-d6dd-4411-b9a7-8eb4f39be05a
Jul 31 21:13:20.527603 np0000006275 devstack@c-api.service[97083]: DEBUG cinder.api.openstack.wsgi [None req-9d027a11-4842-4098-b792-7367b4fc080a tempest-GroupSnapshotsTest-1720346566 tempest-GroupSnapshotsTest-1720346566-project-admin] Empty body provided in request {{(pid=97083) get_body /opt/stack/cinder/cinder/api/openstack/wsgi.py:725}}
Jul 31 21:13:20.527724 np0000006275 devstack@c-api.service[97083]: DEBUG cinder.api.openstack.wsgi [None req-9d027a11-4842-4098-b792-7367b4fc080a tempest-GroupSnapshotsTest-1720346566 tempest-GroupSnapshotsTest-1720346566-project-admin] Calling method '_delete' {{(pid=97083) _process_stack /opt/stack/cinder/cinder/api/openstack/wsgi.py:878}}
Jul 31 21:13:20.530663 np0000006275 devstack@c-api.service[97084]: INFO cinder.api.openstack.wsgi [None req-5935d37c-04c1-49db-b2c6-4fc23079df6d tempest-VolumeTypesExtraSpecsTest-1114082640 tempest-VolumeTypesExtraSpecsTest-1114082640-project-admin] https://10.4.3.226/volume/v3/types/3784b5db-53b3-42df-ba84-8052d7f70c71/extra_specs/spec3 returned with HTTP 404
Jul 31 21:13:20.531500 np0000006275 devstack@c-api.service[97084]: [pid: 97084|app: 0|req: 165/485] 10.4.3.226 () {66 vars in 1396 bytes} [Fri Jul 31 21:13:20 2026] GET /volume/v3/types/3784b5db-53b3-42df-ba84-8052d7f70c71/extra_specs/spec3 => generated 129 bytes in 23 msecs (HTTP/1.1 404) 7 headers in 292 bytes (1 switches on core 0)
Jul 31 21:13:20.547001 np0000006275 devstack@c-api.service[97081]: DEBUG cinder.api.middleware.request_id [None req-f2948627-3981-45ef-8a0d-50931a3f1b2e None None] RequestId filter calling following filter/app {{(pid=97081) _context_setter /opt/stack/cinder/cinder/api/middleware/request_id.py:62}}
Jul 31 21:13:20.549247 np0000006275 devstack@c-api.service[97081]: INFO cinder.api.openstack.wsgi [None req-f2948627-3981-45ef-8a0d-50931a3f1b2e tempest-VolumeTypesExtraSpecsTest-1114082640 tempest-VolumeTypesExtraSpecsTest-1114082640-project-admin] POST https://10.4.3.226/volume/v3/types/3784b5db-53b3-42df-ba84-8052d7f70c71/extra_specs
Jul 31 21:13:20.549960 np0000006275 devstack@c-api.service[97081]: DEBUG cinder.api.openstack.wsgi [None req-f2948627-3981-45ef-8a0d-50931a3f1b2e tempest-VolumeTypesExtraSpecsTest-1114082640 tempest-VolumeTypesExtraSpecsTest-1114082640-project-admin] Action: 'create', calling method: create, body: {"extra_specs": {"spec1": "val1"}} {{(pid=97081) _process_stack /opt/stack/cinder/cinder/api/openstack/wsgi.py:876}}
Jul 31 21:13:20.576653 np0000006275 devstack@c-api.service[97083]: INFO cinder.api.openstack.wsgi [None req-9d027a11-4842-4098-b792-7367b4fc080a tempest-GroupSnapshotsTest-1720346566 tempest-GroupSnapshotsTest-1720346566-project-admin] https://10.4.3.226/volume/v3/types/e0004bca-d6dd-4411-b9a7-8eb4f39be05a returned with HTTP 202
Jul 31 21:13:20.577590 np0000006275 devstack@c-api.service[97083]: [pid: 97083|app: 0|req: 161/486] 10.4.3.226 () {66 vars in 1345 bytes} [Fri Jul 31 21:13:20 2026] DELETE /volume/v3/types/e0004bca-d6dd-4411-b9a7-8eb4f39be05a => generated 0 bytes in 53 msecs (HTTP/1.1 202) 6 headers in 233 bytes (1 switches on core 0)
Jul 31 21:13:20.587741 np0000006275 devstack@c-api.service[97084]: DEBUG cinder.api.middleware.request_id [None req-5d3149ba-eac2-4440-859f-134357d5f564 None None] RequestId filter calling following filter/app {{(pid=97084) _context_setter /opt/stack/cinder/cinder/api/middleware/request_id.py:62}}
Jul 31 21:13:20.592431 np0000006275 devstack@c-api.service[97084]: INFO cinder.api.openstack.wsgi [None req-5d3149ba-eac2-4440-859f-134357d5f564 tempest-GroupSnapshotsTest-1720346566 tempest-GroupSnapshotsTest-1720346566-project-admin] GET https://10.4.3.226/volume/v3/types/e0004bca-d6dd-4411-b9a7-8eb4f39be05a
Jul 31 21:13:20.592718 np0000006275 devstack@c-api.service[97084]: DEBUG cinder.api.openstack.wsgi [None req-5d3149ba-eac2-4440-859f-134357d5f564 tempest-GroupSnapshotsTest-1720346566 tempest-GroupSnapshotsTest-1720346566-project-admin] Empty body provided in request {{(pid=97084) get_body /opt/stack/cinder/cinder/api/openstack/wsgi.py:725}}
Jul 31 21:13:20.592976 np0000006275 devstack@c-api.service[97084]: DEBUG cinder.api.openstack.wsgi [None req-5d3149ba-eac2-4440-859f-134357d5f564 tempest-GroupSnapshotsTest-1720346566 tempest-GroupSnapshotsTest-1720346566-project-admin] Calling method 'show' {{(pid=97084) _process_stack /opt/stack/cinder/cinder/api/openstack/wsgi.py:878}}
Jul 31 21:13:20.596213 np0000006275 devstack@c-api.service[97084]: INFO cinder.api.openstack.wsgi [None req-5d3149ba-eac2-4440-859f-134357d5f564 tempest-GroupSnapshotsTest-1720346566 tempest-GroupSnapshotsTest-1720346566-project-admin] https://10.4.3.226/volume/v3/types/e0004bca-d6dd-4411-b9a7-8eb4f39be05a returned with HTTP 404
Jul 31 21:13:20.596812 np0000006275 devstack@c-api.service[97084]: [pid: 97084|app: 0|req: 166/487] 10.4.3.226 () {66 vars in 1342 bytes} [Fri Jul 31 21:13:20 2026] GET /volume/v3/types/e0004bca-d6dd-4411-b9a7-8eb4f39be05a => generated 114 bytes in 10 msecs (HTTP/1.1 404) 7 headers in 292 bytes (2 switches on core 0)
Jul 31 21:13:20.607777 np0000006275 devstack@c-api.service[97083]: DEBUG cinder.api.middleware.request_id [None req-147fc549-bb57-42e0-a1c8-c2dd41786efd None None] RequestId filter calling following filter/app {{(pid=97083) _context_setter /opt/stack/cinder/cinder/api/middleware/request_id.py:62}}
Jul 31 21:13:20.610007 np0000006275 devstack@c-api.service[97083]: INFO cinder.api.openstack.wsgi [None req-147fc549-bb57-42e0-a1c8-c2dd41786efd tempest-GroupSnapshotsTest-1720346566 tempest-GroupSnapshotsTest-1720346566-project-admin] POST https://10.4.3.226/volume/v3/types
Jul 31 21:13:20.610798 np0000006275 devstack@c-api.service[97083]: DEBUG cinder.api.openstack.wsgi [None req-147fc549-bb57-42e0-a1c8-c2dd41786efd tempest-GroupSnapshotsTest-1720346566 tempest-GroupSnapshotsTest-1720346566-project-admin] Action: 'create', calling method: _create, body: {"volume_type": {"name": "tempest-GroupSnapshotsTest-volume-type-1615101629"}} {{(pid=97083) _process_stack /opt/stack/cinder/cinder/api/openstack/wsgi.py:876}}
Jul 31 21:13:20.624466 np0000006275 devstack@c-api.service[97081]: INFO cinder.api.openstack.wsgi [None req-f2948627-3981-45ef-8a0d-50931a3f1b2e tempest-VolumeTypesExtraSpecsTest-1114082640 tempest-VolumeTypesExtraSpecsTest-1114082640-project-admin] https://10.4.3.226/volume/v3/types/3784b5db-53b3-42df-ba84-8052d7f70c71/extra_specs returned with HTTP 200
Jul 31 21:13:20.625424 np0000006275 devstack@c-api.service[97081]: [pid: 97081|app: 0|req: 161/488] 10.4.3.226 () {68 vars in 1399 bytes} [Fri Jul 31 21:13:20 2026] POST /volume/v3/types/3784b5db-53b3-42df-ba84-8052d7f70c71/extra_specs => generated 34 bytes in 80 msecs (HTTP/1.1 200) 7 headers in 284 bytes (1 switches on core 0)
Jul 31 21:13:20.631458 np0000006275 devstack@c-api.service[97083]: INFO cinder.api.openstack.wsgi [None req-147fc549-bb57-42e0-a1c8-c2dd41786efd tempest-GroupSnapshotsTest-1720346566 tempest-GroupSnapshotsTest-1720346566-project-admin] https://10.4.3.226/volume/v3/types returned with HTTP 200
Jul 31 21:13:20.632071 np0000006275 devstack@c-api.service[97083]: [pid: 97083|app: 0|req: 162/489] 10.4.3.226 () {68 vars in 1252 bytes} [Fri Jul 31 21:13:20 2026] POST /volume/v3/types => generated 224 bytes in 25 msecs (HTTP/1.1 200) 7 headers in 285 bytes (1 switches on core 0)
Jul 31 21:13:20.638204 np0000006275 devstack@c-api.service[97084]: DEBUG cinder.api.middleware.request_id [None req-fbcc192e-e337-4d82-b2ac-431978638949 None None] RequestId filter calling following filter/app {{(pid=97084) _context_setter /opt/stack/cinder/cinder/api/middleware/request_id.py:62}}
Jul 31 21:13:20.641714 np0000006275 devstack@c-api.service[97084]: INFO cinder.api.openstack.wsgi [None req-fbcc192e-e337-4d82-b2ac-431978638949 tempest-VolumeTypesExtraSpecsTest-1114082640 tempest-VolumeTypesExtraSpecsTest-1114082640-project-admin] GET https://10.4.3.226/volume/v3/types/3784b5db-53b3-42df-ba84-8052d7f70c71/extra_specs
Jul 31 21:13:20.642017 np0000006275 devstack@c-api.service[97084]: DEBUG cinder.api.openstack.wsgi [None req-fbcc192e-e337-4d82-b2ac-431978638949 tempest-VolumeTypesExtraSpecsTest-1114082640 tempest-VolumeTypesExtraSpecsTest-1114082640-project-admin] Empty body provided in request {{(pid=97084) get_body /opt/stack/cinder/cinder/api/openstack/wsgi.py:725}}
Jul 31 21:13:20.642300 np0000006275 devstack@c-api.service[97084]: DEBUG cinder.api.openstack.wsgi [None req-fbcc192e-e337-4d82-b2ac-431978638949 tempest-VolumeTypesExtraSpecsTest-1114082640 tempest-VolumeTypesExtraSpecsTest-1114082640-project-admin] Calling method 'index' {{(pid=97084) _process_stack /opt/stack/cinder/cinder/api/openstack/wsgi.py:878}}
Jul 31 21:13:20.642444 np0000006275 devstack@c-api.service[97081]: DEBUG cinder.api.middleware.request_id [None req-6cc6a721-a98f-48d4-997d-4764dc66407a None None] RequestId filter calling following filter/app {{(pid=97081) _context_setter /opt/stack/cinder/cinder/api/middleware/request_id.py:62}}
Jul 31 21:13:20.644406 np0000006275 devstack@c-api.service[97081]: INFO cinder.api.openstack.wsgi [None req-6cc6a721-a98f-48d4-997d-4764dc66407a tempest-GroupSnapshotsTest-1720346566 tempest-GroupSnapshotsTest-1720346566-project-admin] POST https://10.4.3.226/volume/v3/group_types
Jul 31 21:13:20.644831 np0000006275 devstack@c-api.service[97081]: DEBUG cinder.api.openstack.wsgi [None req-6cc6a721-a98f-48d4-997d-4764dc66407a tempest-GroupSnapshotsTest-1720346566 tempest-GroupSnapshotsTest-1720346566-project-admin] Action: 'create', calling method: version_select, body: {"group_type": {"name": "tempest-GroupSnapshotsTest-group-type-1552802544"}} {{(pid=97081) _process_stack /opt/stack/cinder/cinder/api/openstack/wsgi.py:876}}
Jul 31 21:13:20.652620 np0000006275 devstack@c-api.service[97084]: INFO cinder.api.openstack.wsgi [None req-fbcc192e-e337-4d82-b2ac-431978638949 tempest-VolumeTypesExtraSpecsTest-1114082640 tempest-VolumeTypesExtraSpecsTest-1114082640-project-admin] https://10.4.3.226/volume/v3/types/3784b5db-53b3-42df-ba84-8052d7f70c71/extra_specs returned with HTTP 200
Jul 31 21:13:20.653145 np0000006275 devstack@c-api.service[97084]: [pid: 97084|app: 0|req: 167/490] 10.4.3.226 () {66 vars in 1378 bytes} [Fri Jul 31 21:13:20 2026] GET /volume/v3/types/3784b5db-53b3-42df-ba84-8052d7f70c71/extra_specs => generated 34 bytes in 18 msecs (HTTP/1.1 200) 7 headers in 284 bytes (1 switches on core 0)
Jul 31 21:13:20.663333 np0000006275 devstack@c-api.service[97083]: DEBUG cinder.api.middleware.request_id [None req-372e9fab-0579-4ab9-a617-1cc875167df5 None None] RequestId filter calling following filter/app {{(pid=97083) _context_setter /opt/stack/cinder/cinder/api/middleware/request_id.py:62}}
Jul 31 21:13:20.666095 np0000006275 devstack@c-api.service[97083]: INFO cinder.api.openstack.wsgi [None req-372e9fab-0579-4ab9-a617-1cc875167df5 tempest-VolumeTypesExtraSpecsTest-1114082640 tempest-VolumeTypesExtraSpecsTest-1114082640-project-admin] POST https://10.4.3.226/volume/v3/types/3784b5db-53b3-42df-ba84-8052d7f70c71/extra_specs
Jul 31 21:13:20.666095 np0000006275 devstack@c-api.service[97083]: DEBUG cinder.api.openstack.wsgi [None req-372e9fab-0579-4ab9-a617-1cc875167df5 tempest-VolumeTypesExtraSpecsTest-1114082640 tempest-VolumeTypesExtraSpecsTest-1114082640-project-admin] Action: 'create', calling method: create, body: {"extra_specs": {"spec2": "val1"}} {{(pid=97083) _process_stack /opt/stack/cinder/cinder/api/openstack/wsgi.py:876}}
Jul 31 21:13:20.675226 np0000006275 devstack@c-api.service[97081]: INFO cinder.api.openstack.wsgi [None req-6cc6a721-a98f-48d4-997d-4764dc66407a tempest-GroupSnapshotsTest-1720346566 tempest-GroupSnapshotsTest-1720346566-project-admin] https://10.4.3.226/volume/v3/group_types returned with HTTP 202
Jul 31 21:13:20.676028 np0000006275 devstack@c-api.service[97081]: [pid: 97081|app: 0|req: 162/491] 10.4.3.226 () {70 vars in 1311 bytes} [Fri Jul 31 21:13:20 2026] POST /volume/v3/group_types => generated 181 bytes in 34 msecs (HTTP/1.1 202) 7 headers in 292 bytes (1 switches on core 0)
Jul 31 21:13:20.689660 np0000006275 devstack@c-api.service[97084]: DEBUG cinder.api.middleware.request_id [None req-169d2341-5ea7-4f7d-a52b-658b0ae93b60 None None] RequestId filter calling following filter/app {{(pid=97084) _context_setter /opt/stack/cinder/cinder/api/middleware/request_id.py:62}}
Jul 31 21:13:20.692083 np0000006275 devstack@c-api.service[97084]: INFO cinder.api.openstack.wsgi [None req-169d2341-5ea7-4f7d-a52b-658b0ae93b60 tempest-GroupSnapshotsTest-1323495050 tempest-GroupSnapshotsTest-1323495050-project-member] POST https://10.4.3.226/volume/v3/groups
Jul 31 21:13:20.693148 np0000006275 devstack@c-api.service[97084]: DEBUG cinder.api.openstack.wsgi [None req-169d2341-5ea7-4f7d-a52b-658b0ae93b60 tempest-GroupSnapshotsTest-1323495050 tempest-GroupSnapshotsTest-1323495050-project-member] Action: 'create', calling method: version_select, body: {"group": {"group_type": "d01dadc2-16dc-4330-98e3-b14612107b8a", "volume_types": ["fdef9f20-db92-4553-8f64-5a1d0b433045"], "name": "tempest-GroupSnapshotsTest-Group-363080318"}} {{(pid=97084) _process_stack /opt/stack/cinder/cinder/api/openstack/wsgi.py:876}}
Jul 31 21:13:20.698293 np0000006275 devstack@c-api.service[97084]: DEBUG cinder.api.v3.groups [None req-169d2341-5ea7-4f7d-a52b-658b0ae93b60 tempest-GroupSnapshotsTest-1323495050 tempest-GroupSnapshotsTest-1323495050-project-member] Creating new group {'group': {'group_type': 'd01dadc2-16dc-4330-98e3-b14612107b8a', 'volume_types': ['fdef9f20-db92-4553-8f64-5a1d0b433045'], 'name': 'tempest-GroupSnapshotsTest-Group-363080318'}} {{(pid=97084) create /opt/stack/cinder/cinder/api/v3/groups.py:190}}
Jul 31 21:13:20.703717 np0000006275 devstack@c-api.service[97084]: INFO cinder.api.v3.groups [None req-169d2341-5ea7-4f7d-a52b-658b0ae93b60 tempest-GroupSnapshotsTest-1323495050 tempest-GroupSnapshotsTest-1323495050-project-member] Creating group tempest-GroupSnapshotsTest-Group-363080318.
Jul 31 21:13:20.707565 np0000006275 devstack@c-api.service[97083]: INFO cinder.api.openstack.wsgi [None req-372e9fab-0579-4ab9-a617-1cc875167df5 tempest-VolumeTypesExtraSpecsTest-1114082640 tempest-VolumeTypesExtraSpecsTest-1114082640-project-admin] https://10.4.3.226/volume/v3/types/3784b5db-53b3-42df-ba84-8052d7f70c71/extra_specs returned with HTTP 200
Jul 31 21:13:20.708260 np0000006275 devstack@c-api.service[97083]: [pid: 97083|app: 0|req: 163/492] 10.4.3.226 () {68 vars in 1399 bytes} [Fri Jul 31 21:13:20 2026] POST /volume/v3/types/3784b5db-53b3-42df-ba84-8052d7f70c71/extra_specs => generated 34 bytes in 45 msecs (HTTP/1.1 200) 7 headers in 284 bytes (1 switches on core 0)
Jul 31 21:13:20.712122 np0000006275 devstack@c-api.service[97084]: INFO cinder.volume.api [None req-169d2341-5ea7-4f7d-a52b-658b0ae93b60 tempest-GroupSnapshotsTest-1323495050 tempest-GroupSnapshotsTest-1323495050-project-member] Availability Zones retrieved successfully.
Jul 31 21:13:20.718081 np0000006275 devstack@c-api.service[97081]: DEBUG cinder.api.middleware.request_id [None req-11639934-021f-48af-b568-dc60b1fcbd1a None None] RequestId filter calling following filter/app {{(pid=97081) _context_setter /opt/stack/cinder/cinder/api/middleware/request_id.py:62}}
Jul 31 21:13:20.720554 np0000006275 devstack@c-api.service[97081]: INFO cinder.api.openstack.wsgi [None req-11639934-021f-48af-b568-dc60b1fcbd1a tempest-VolumeTypesExtraSpecsTest-1114082640 tempest-VolumeTypesExtraSpecsTest-1114082640-project-admin] PUT https://10.4.3.226/volume/v3/types/3784b5db-53b3-42df-ba84-8052d7f70c71/extra_specs/spec2
Jul 31 21:13:20.721236 np0000006275 devstack@c-api.service[97081]: DEBUG cinder.api.openstack.wsgi [None req-11639934-021f-48af-b568-dc60b1fcbd1a tempest-VolumeTypesExtraSpecsTest-1114082640 tempest-VolumeTypesExtraSpecsTest-1114082640-project-admin] Action: 'update', calling method: update, body: {"spec2": "val2"} {{(pid=97081) _process_stack /opt/stack/cinder/cinder/api/openstack/wsgi.py:876}}
Jul 31 21:13:20.730463 np0000006275 devstack@c-api.service[97084]: DEBUG cinder.quota [None req-169d2341-5ea7-4f7d-a52b-658b0ae93b60 tempest-GroupSnapshotsTest-1323495050 tempest-GroupSnapshotsTest-1323495050-project-member] Created reservations ['8a39d508-ac36-49b2-af6a-e152abdcc32f'] {{(pid=97084) reserve /opt/stack/cinder/cinder/quota.py:752}}
Jul 31 21:13:20.744869 np0000006275 devstack@c-api.service[97081]: INFO cinder.api.openstack.wsgi [None req-11639934-021f-48af-b568-dc60b1fcbd1a tempest-VolumeTypesExtraSpecsTest-1114082640 tempest-VolumeTypesExtraSpecsTest-1114082640-project-admin] https://10.4.3.226/volume/v3/types/3784b5db-53b3-42df-ba84-8052d7f70c71/extra_specs/spec2 returned with HTTP 200
Jul 31 21:13:20.745698 np0000006275 devstack@c-api.service[97081]: [pid: 97081|app: 0|req: 163/493] 10.4.3.226 () {68 vars in 1416 bytes} [Fri Jul 31 21:13:20 2026] PUT /volume/v3/types/3784b5db-53b3-42df-ba84-8052d7f70c71/extra_specs/spec2 => generated 17 bytes in 29 msecs (HTTP/1.1 200) 7 headers in 284 bytes (1 switches on core 0)
Jul 31 21:13:20.755508 np0000006275 devstack@c-api.service[97083]: DEBUG cinder.api.middleware.request_id [None req-82de51e4-c505-4033-9f83-bd20a672b0c0 None None] RequestId filter calling following filter/app {{(pid=97083) _context_setter /opt/stack/cinder/cinder/api/middleware/request_id.py:62}}
Jul 31 21:13:20.756815 np0000006275 devstack@c-api.service[97084]: INFO cinder.api.openstack.wsgi [None req-169d2341-5ea7-4f7d-a52b-658b0ae93b60 tempest-GroupSnapshotsTest-1323495050 tempest-GroupSnapshotsTest-1323495050-project-member] https://10.4.3.226/volume/v3/groups returned with HTTP 202
Jul 31 21:13:20.757098 np0000006275 devstack@c-api.service[97084]: [pid: 97084|app: 0|req: 168/494] 10.4.3.226 () {70 vars in 1297 bytes} [Fri Jul 31 21:13:20 2026] POST /volume/v3/groups => generated 111 bytes in 68 msecs (HTTP/1.1 202) 7 headers in 292 bytes (1 switches on core 0)
Jul 31 21:13:20.758560 np0000006275 devstack@c-api.service[97083]: INFO cinder.api.openstack.wsgi [None req-82de51e4-c505-4033-9f83-bd20a672b0c0 tempest-VolumeTypesExtraSpecsTest-1114082640 tempest-VolumeTypesExtraSpecsTest-1114082640-project-admin] GET https://10.4.3.226/volume/v3/types/3784b5db-53b3-42df-ba84-8052d7f70c71/extra_specs/spec2
Jul 31 21:13:20.758799 np0000006275 devstack@c-api.service[97083]: DEBUG cinder.api.openstack.wsgi [None req-82de51e4-c505-4033-9f83-bd20a672b0c0 tempest-VolumeTypesExtraSpecsTest-1114082640 tempest-VolumeTypesExtraSpecsTest-1114082640-project-admin] Empty body provided in request {{(pid=97083) get_body /opt/stack/cinder/cinder/api/openstack/wsgi.py:725}}
Jul 31 21:13:20.759007 np0000006275 devstack@c-api.service[97083]: DEBUG cinder.api.openstack.wsgi [None req-82de51e4-c505-4033-9f83-bd20a672b0c0 tempest-VolumeTypesExtraSpecsTest-1114082640 tempest-VolumeTypesExtraSpecsTest-1114082640-project-admin] Calling method 'show' {{(pid=97083) _process_stack /opt/stack/cinder/cinder/api/openstack/wsgi.py:878}}
Jul 31 21:13:20.767667 np0000006275 devstack@c-api.service[97083]: INFO cinder.api.openstack.wsgi [None req-82de51e4-c505-4033-9f83-bd20a672b0c0 tempest-VolumeTypesExtraSpecsTest-1114082640 tempest-VolumeTypesExtraSpecsTest-1114082640-project-admin] https://10.4.3.226/volume/v3/types/3784b5db-53b3-42df-ba84-8052d7f70c71/extra_specs/spec2 returned with HTTP 200
Jul 31 21:13:20.768115 np0000006275 devstack@c-api.service[97083]: [pid: 97083|app: 0|req: 164/495] 10.4.3.226 () {66 vars in 1396 bytes} [Fri Jul 31 21:13:20 2026] GET /volume/v3/types/3784b5db-53b3-42df-ba84-8052d7f70c71/extra_specs/spec2 => generated 17 bytes in 13 msecs (HTTP/1.1 200) 7 headers in 284 bytes (1 switches on core 0)
Jul 31 21:13:20.768272 np0000006275 devstack@c-api.service[97081]: DEBUG cinder.api.middleware.request_id [None req-8c448e99-d827-477b-9ed8-62dd6f5b83a0 None None] RequestId filter calling following filter/app {{(pid=97081) _context_setter /opt/stack/cinder/cinder/api/middleware/request_id.py:62}}
Jul 31 21:13:20.776474 np0000006275 devstack@c-api.service[97084]: DEBUG cinder.api.middleware.request_id [None req-bcd33248-d4fe-446e-9123-ccc18eba1248 None None] RequestId filter calling following filter/app {{(pid=97084) _context_setter /opt/stack/cinder/cinder/api/middleware/request_id.py:62}}
Jul 31 21:13:20.778105 np0000006275 devstack@c-api.service[97081]: INFO cinder.api.openstack.wsgi [None req-8c448e99-d827-477b-9ed8-62dd6f5b83a0 tempest-GroupSnapshotsTest-1323495050 tempest-GroupSnapshotsTest-1323495050-project-member] GET https://10.4.3.226/volume/v3/groups/6b6e7d3f-a1f3-4e5c-ac44-c72b0bae3ad3
Jul 31 21:13:20.778418 np0000006275 devstack@c-api.service[97081]: DEBUG cinder.api.openstack.wsgi [None req-8c448e99-d827-477b-9ed8-62dd6f5b83a0 tempest-GroupSnapshotsTest-1323495050 tempest-GroupSnapshotsTest-1323495050-project-member] Empty body provided in request {{(pid=97081) get_body /opt/stack/cinder/cinder/api/openstack/wsgi.py:725}}
Jul 31 21:13:20.778540 np0000006275 devstack@c-api.service[97084]: INFO cinder.api.openstack.wsgi [None req-bcd33248-d4fe-446e-9123-ccc18eba1248 tempest-VolumeTypesExtraSpecsTest-1114082640 tempest-VolumeTypesExtraSpecsTest-1114082640-project-admin] POST https://10.4.3.226/volume/v3/types/3784b5db-53b3-42df-ba84-8052d7f70c71/extra_specs
Jul 31 21:13:20.778727 np0000006275 devstack@c-api.service[97081]: DEBUG cinder.api.openstack.wsgi [None req-8c448e99-d827-477b-9ed8-62dd6f5b83a0 tempest-GroupSnapshotsTest-1323495050 tempest-GroupSnapshotsTest-1323495050-project-member] Calling method 'version_select' {{(pid=97081) _process_stack /opt/stack/cinder/cinder/api/openstack/wsgi.py:878}}
Jul 31 21:13:20.778869 np0000006275 devstack@c-api.service[97081]: DEBUG cinder.api.v3.groups [None req-8c448e99-d827-477b-9ed8-62dd6f5b83a0 tempest-GroupSnapshotsTest-1323495050 tempest-GroupSnapshotsTest-1323495050-project-member] show called for member 6b6e7d3f-a1f3-4e5c-ac44-c72b0bae3ad3 {{(pid=97081) show /opt/stack/cinder/cinder/api/v3/groups.py:58}}
Jul 31 21:13:20.778948 np0000006275 devstack@c-api.service[97084]: DEBUG cinder.api.openstack.wsgi [None req-bcd33248-d4fe-446e-9123-ccc18eba1248 tempest-VolumeTypesExtraSpecsTest-1114082640 tempest-VolumeTypesExtraSpecsTest-1114082640-project-admin] Action: 'create', calling method: create, body: {"extra_specs": {"spec2": "val3", "spec4": "val4"}} {{(pid=97084) _process_stack /opt/stack/cinder/cinder/api/openstack/wsgi.py:876}}
Jul 31 21:13:20.781149 np0000006275 devstack@c-api.service[97084]: /opt/stack/data/venv/lib/python3.12/site-packages/oslo_context/context.py:102: DeprecationWarning: Policy enforcement is depending on the value of is_admin. This key is deprecated. Please update your policy file to use the standard policy values.
Jul 31 21:13:20.781149 np0000006275 devstack@c-api.service[97084]: warnings.warn(
Jul 31 21:13:20.782835 np0000006275 devstack@c-api.service[97081]: /opt/stack/data/venv/lib/python3.12/site-packages/oslo_context/context.py:102: DeprecationWarning: Policy enforcement is depending on the value of is_admin. This key is deprecated. Please update your policy file to use the standard policy values.
Jul 31 21:13:20.782835 np0000006275 devstack@c-api.service[97081]: warnings.warn(
Jul 31 21:13:20.795333 np0000006275 devstack@c-api.service[97081]: INFO cinder.api.openstack.wsgi [None req-8c448e99-d827-477b-9ed8-62dd6f5b83a0 tempest-GroupSnapshotsTest-1323495050 tempest-GroupSnapshotsTest-1323495050-project-member] https://10.4.3.226/volume/v3/groups/6b6e7d3f-a1f3-4e5c-ac44-c72b0bae3ad3 returned with HTTP 200
Jul 31 21:13:20.795897 np0000006275 devstack@c-api.service[97081]: [pid: 97081|app: 0|req: 164/496] 10.4.3.226 () {68 vars in 1386 bytes} [Fri Jul 31 21:13:20 2026] GET /volume/v3/groups/6b6e7d3f-a1f3-4e5c-ac44-c72b0bae3ad3 => generated 391 bytes in 29 msecs (HTTP/1.1 200) 7 headers in 286 bytes (1 switches on core 0)
Jul 31 21:13:20.836545 np0000006275 devstack@c-api.service[97084]: INFO cinder.api.openstack.wsgi [None req-bcd33248-d4fe-446e-9123-ccc18eba1248 tempest-VolumeTypesExtraSpecsTest-1114082640 tempest-VolumeTypesExtraSpecsTest-1114082640-project-admin] https://10.4.3.226/volume/v3/types/3784b5db-53b3-42df-ba84-8052d7f70c71/extra_specs returned with HTTP 200
Jul 31 21:13:20.837001 np0000006275 devstack@c-api.service[97084]: [pid: 97084|app: 0|req: 169/497] 10.4.3.226 () {68 vars in 1399 bytes} [Fri Jul 31 21:13:20 2026] POST /volume/v3/types/3784b5db-53b3-42df-ba84-8052d7f70c71/extra_specs => generated 51 bytes in 61 msecs (HTTP/1.1 200) 7 headers in 284 bytes (1 switches on core 0)
Jul 31 21:13:20.851136 np0000006275 devstack@c-api.service[97083]: DEBUG cinder.api.middleware.request_id [None req-5c46f143-27ce-421d-b541-3f71e80cb9cc None None] RequestId filter calling following filter/app {{(pid=97083) _context_setter /opt/stack/cinder/cinder/api/middleware/request_id.py:62}}
Jul 31 21:13:20.854065 np0000006275 devstack@c-api.service[97083]: INFO cinder.api.openstack.wsgi [None req-5c46f143-27ce-421d-b541-3f71e80cb9cc tempest-VolumeTypesExtraSpecsTest-1114082640 tempest-VolumeTypesExtraSpecsTest-1114082640-project-admin] GET https://10.4.3.226/volume/v3/types/3784b5db-53b3-42df-ba84-8052d7f70c71/extra_specs
Jul 31 21:13:20.854367 np0000006275 devstack@c-api.service[97083]: DEBUG cinder.api.openstack.wsgi [None req-5c46f143-27ce-421d-b541-3f71e80cb9cc tempest-VolumeTypesExtraSpecsTest-1114082640 tempest-VolumeTypesExtraSpecsTest-1114082640-project-admin] Empty body provided in request {{(pid=97083) get_body /opt/stack/cinder/cinder/api/openstack/wsgi.py:725}}
Jul 31 21:13:20.854940 np0000006275 devstack@c-api.service[97083]: DEBUG cinder.api.openstack.wsgi [None req-5c46f143-27ce-421d-b541-3f71e80cb9cc tempest-VolumeTypesExtraSpecsTest-1114082640 tempest-VolumeTypesExtraSpecsTest-1114082640-project-admin] Calling method 'index' {{(pid=97083) _process_stack /opt/stack/cinder/cinder/api/openstack/wsgi.py:878}}
Jul 31 21:13:20.864977 np0000006275 devstack@c-api.service[97083]: INFO cinder.api.openstack.wsgi [None req-5c46f143-27ce-421d-b541-3f71e80cb9cc tempest-VolumeTypesExtraSpecsTest-1114082640 tempest-VolumeTypesExtraSpecsTest-1114082640-project-admin] https://10.4.3.226/volume/v3/types/3784b5db-53b3-42df-ba84-8052d7f70c71/extra_specs returned with HTTP 200
Jul 31 21:13:20.865484 np0000006275 devstack@c-api.service[97083]: [pid: 97083|app: 0|req: 165/498] 10.4.3.226 () {66 vars in 1378 bytes} [Fri Jul 31 21:13:20 2026] GET /volume/v3/types/3784b5db-53b3-42df-ba84-8052d7f70c71/extra_specs => generated 68 bytes in 15 msecs (HTTP/1.1 200) 7 headers in 284 bytes (1 switches on core 0)
Jul 31 21:13:20.878768 np0000006275 devstack@c-api.service[97081]: DEBUG cinder.api.middleware.request_id [None req-150cbdd3-5213-4ce1-b736-1d75fe35c1db None None] RequestId filter calling following filter/app {{(pid=97081) _context_setter /opt/stack/cinder/cinder/api/middleware/request_id.py:62}}
Jul 31 21:13:20.882731 np0000006275 devstack@c-api.service[97081]: INFO cinder.api.openstack.wsgi [None req-150cbdd3-5213-4ce1-b736-1d75fe35c1db tempest-VolumeTypesExtraSpecsTest-1114082640 tempest-VolumeTypesExtraSpecsTest-1114082640-project-admin] DELETE https://10.4.3.226/volume/v3/types/3784b5db-53b3-42df-ba84-8052d7f70c71
Jul 31 21:13:20.882731 np0000006275 devstack@c-api.service[97081]: DEBUG cinder.api.openstack.wsgi [None req-150cbdd3-5213-4ce1-b736-1d75fe35c1db tempest-VolumeTypesExtraSpecsTest-1114082640 tempest-VolumeTypesExtraSpecsTest-1114082640-project-admin] Empty body provided in request {{(pid=97081) get_body /opt/stack/cinder/cinder/api/openstack/wsgi.py:725}}
Jul 31 21:13:20.882731 np0000006275 devstack@c-api.service[97081]: DEBUG cinder.api.openstack.wsgi [None req-150cbdd3-5213-4ce1-b736-1d75fe35c1db tempest-VolumeTypesExtraSpecsTest-1114082640 tempest-VolumeTypesExtraSpecsTest-1114082640-project-admin] Calling method '_delete' {{(pid=97081) _process_stack /opt/stack/cinder/cinder/api/openstack/wsgi.py:878}}
Jul 31 21:13:20.882731 np0000006275 devstack@c-api.service[97081]: /opt/stack/data/venv/lib/python3.12/site-packages/oslo_context/context.py:102: DeprecationWarning: Policy enforcement is depending on the value of is_admin. This key is deprecated. Please update your policy file to use the standard policy values.
Jul 31 21:13:20.882731 np0000006275 devstack@c-api.service[97081]: warnings.warn(
Jul 31 21:13:20.907093 np0000006275 devstack@c-api.service[97081]: INFO cinder.api.openstack.wsgi [None req-150cbdd3-5213-4ce1-b736-1d75fe35c1db tempest-VolumeTypesExtraSpecsTest-1114082640 tempest-VolumeTypesExtraSpecsTest-1114082640-project-admin] https://10.4.3.226/volume/v3/types/3784b5db-53b3-42df-ba84-8052d7f70c71 returned with HTTP 202
Jul 31 21:13:20.907454 np0000006275 devstack@c-api.service[97081]: [pid: 97081|app: 0|req: 165/499] 10.4.3.226 () {66 vars in 1345 bytes} [Fri Jul 31 21:13:20 2026] DELETE /volume/v3/types/3784b5db-53b3-42df-ba84-8052d7f70c71 => generated 0 bytes in 29 msecs (HTTP/1.1 202) 6 headers in 233 bytes (1 switches on core 0)
Jul 31 21:13:20.918795 np0000006275 devstack@c-api.service[97084]: DEBUG cinder.api.middleware.request_id [None req-01017da9-7700-4ab8-af4a-aed277d62c43 None None] RequestId filter calling following filter/app {{(pid=97084) _context_setter /opt/stack/cinder/cinder/api/middleware/request_id.py:62}}
Jul 31 21:13:20.920774 np0000006275 devstack@c-api.service[97084]: INFO cinder.api.openstack.wsgi [None req-01017da9-7700-4ab8-af4a-aed277d62c43 tempest-VolumeTypesExtraSpecsTest-1114082640 tempest-VolumeTypesExtraSpecsTest-1114082640-project-admin] GET https://10.4.3.226/volume/v3/types/3784b5db-53b3-42df-ba84-8052d7f70c71
Jul 31 21:13:20.921038 np0000006275 devstack@c-api.service[97084]: DEBUG cinder.api.openstack.wsgi [None req-01017da9-7700-4ab8-af4a-aed277d62c43 tempest-VolumeTypesExtraSpecsTest-1114082640 tempest-VolumeTypesExtraSpecsTest-1114082640-project-admin] Empty body provided in request {{(pid=97084) get_body /opt/stack/cinder/cinder/api/openstack/wsgi.py:725}}
Jul 31 21:13:20.921280 np0000006275 devstack@c-api.service[97084]: DEBUG cinder.api.openstack.wsgi [None req-01017da9-7700-4ab8-af4a-aed277d62c43 tempest-VolumeTypesExtraSpecsTest-1114082640 tempest-VolumeTypesExtraSpecsTest-1114082640-project-admin] Calling method 'show' {{(pid=97084) _process_stack /opt/stack/cinder/cinder/api/openstack/wsgi.py:878}}
Jul 31 21:13:20.925037 np0000006275 devstack@c-api.service[97084]: INFO cinder.api.openstack.wsgi [None req-01017da9-7700-4ab8-af4a-aed277d62c43 tempest-VolumeTypesExtraSpecsTest-1114082640 tempest-VolumeTypesExtraSpecsTest-1114082640-project-admin] https://10.4.3.226/volume/v3/types/3784b5db-53b3-42df-ba84-8052d7f70c71 returned with HTTP 404
Jul 31 21:13:20.925449 np0000006275 devstack@c-api.service[97084]: [pid: 97084|app: 0|req: 170/500] 10.4.3.226 () {66 vars in 1342 bytes} [Fri Jul 31 21:13:20 2026] GET /volume/v3/types/3784b5db-53b3-42df-ba84-8052d7f70c71 => generated 114 bytes in 7 msecs (HTTP/1.1 404) 7 headers in 292 bytes (1 switches on core 0)
Jul 31 21:13:21.808129 np0000006275 devstack@c-api.service[97083]: DEBUG cinder.api.middleware.request_id [None req-8a7038c4-0fcd-4f63-a385-c8cc2f9ef7b0 None None] RequestId filter calling following filter/app {{(pid=97083) _context_setter /opt/stack/cinder/cinder/api/middleware/request_id.py:62}}
Jul 31 21:13:21.811266 np0000006275 devstack@c-api.service[97083]: INFO cinder.api.openstack.wsgi [None req-8a7038c4-0fcd-4f63-a385-c8cc2f9ef7b0 tempest-GroupSnapshotsTest-1323495050 tempest-GroupSnapshotsTest-1323495050-project-member] GET https://10.4.3.226/volume/v3/groups/6b6e7d3f-a1f3-4e5c-ac44-c72b0bae3ad3
Jul 31 21:13:21.811608 np0000006275 devstack@c-api.service[97083]: DEBUG cinder.api.openstack.wsgi [None req-8a7038c4-0fcd-4f63-a385-c8cc2f9ef7b0 tempest-GroupSnapshotsTest-1323495050 tempest-GroupSnapshotsTest-1323495050-project-member] Empty body provided in request {{(pid=97083) get_body /opt/stack/cinder/cinder/api/openstack/wsgi.py:725}}
Jul 31 21:13:21.811914 np0000006275 devstack@c-api.service[97083]: DEBUG cinder.api.openstack.wsgi [None req-8a7038c4-0fcd-4f63-a385-c8cc2f9ef7b0 tempest-GroupSnapshotsTest-1323495050 tempest-GroupSnapshotsTest-1323495050-project-member] Calling method 'version_select' {{(pid=97083) _process_stack /opt/stack/cinder/cinder/api/openstack/wsgi.py:878}}
Jul 31 21:13:21.812111 np0000006275 devstack@c-api.service[97083]: DEBUG cinder.api.v3.groups [None req-8a7038c4-0fcd-4f63-a385-c8cc2f9ef7b0 tempest-GroupSnapshotsTest-1323495050 tempest-GroupSnapshotsTest-1323495050-project-member] show called for member 6b6e7d3f-a1f3-4e5c-ac44-c72b0bae3ad3 {{(pid=97083) show /opt/stack/cinder/cinder/api/v3/groups.py:58}}
Jul 31 21:13:21.822573 np0000006275 devstack@c-api.service[97083]: /opt/stack/data/venv/lib/python3.12/site-packages/oslo_context/context.py:102: DeprecationWarning: Policy enforcement is depending on the value of is_admin. This key is deprecated. Please update your policy file to use the standard policy values.
Jul 31 21:13:21.822573 np0000006275 devstack@c-api.service[97083]: warnings.warn(
Jul 31 21:13:21.847870 np0000006275 devstack@c-api.service[97083]: INFO cinder.api.openstack.wsgi [None req-8a7038c4-0fcd-4f63-a385-c8cc2f9ef7b0 tempest-GroupSnapshotsTest-1323495050 tempest-GroupSnapshotsTest-1323495050-project-member] https://10.4.3.226/volume/v3/groups/6b6e7d3f-a1f3-4e5c-ac44-c72b0bae3ad3 returned with HTTP 200
