Jul 31 21:11:41.780911 np0000006275 devstack@c-api.service[97081]: [pid: 97081|app: 0|req: 17/52] 10.4.3.226 () {66 vars in 1348 bytes} [Fri Jul 31 21:11:41 2026] GET /volume/v3/volumes/29a3a4a6-9031-40b5-b6da-427bb0b6b396 => generated 823 bytes in 40 msecs (HTTP/1.1 200) 7 headers in 285 bytes (1 switches on core 0)
Jul 31 21:11:42.629669 np0000006275 devstack@c-api.service[97084]: DEBUG cinder.api.middleware.request_id [None req-2bdc3bc6-16ab-4d33-8497-bf6813751ec6 None None] RequestId filter calling following filter/app {{(pid=97084) _context_setter /opt/stack/cinder/cinder/api/middleware/request_id.py:62}}
Jul 31 21:11:42.630152 np0000006275 devstack@c-api.service[97084]: INFO cinder.api.openstack.wsgi [None req-2bdc3bc6-16ab-4d33-8497-bf6813751ec6 None None] GET https://10.4.3.226/volume//
Jul 31 21:11:42.630291 np0000006275 devstack@c-api.service[97084]: DEBUG cinder.api.openstack.wsgi [None req-2bdc3bc6-16ab-4d33-8497-bf6813751ec6 None None] Empty body provided in request {{(pid=97084) get_body /opt/stack/cinder/cinder/api/openstack/wsgi.py:725}}
Jul 31 21:11:42.630570 np0000006275 devstack@c-api.service[97084]: DEBUG cinder.api.openstack.wsgi [None req-2bdc3bc6-16ab-4d33-8497-bf6813751ec6 None None] Calling method 'all' {{(pid=97084) _process_stack /opt/stack/cinder/cinder/api/openstack/wsgi.py:878}}
Jul 31 21:11:42.630924 np0000006275 devstack@c-api.service[97084]: INFO cinder.api.openstack.wsgi [None req-2bdc3bc6-16ab-4d33-8497-bf6813751ec6 None None] https://10.4.3.226/volume// returned with HTTP 300
Jul 31 21:11:42.631558 np0000006275 devstack@c-api.service[97084]: [pid: 97084|app: 0|req: 18/53] 10.4.3.226 () {66 vars in 1426 bytes} [Fri Jul 31 21:11:42 2026] GET /volume/ => generated 386 bytes in 2 msecs (HTTP/1.1 300) 7 headers in 299 bytes (1 switches on core 0)
Jul 31 21:11:42.651524 np0000006275 devstack@c-api.service[97083]: DEBUG cinder.api.middleware.request_id [req-3b831985-59cc-4356-8486-c595c54b6b85 req-9767af7d-724b-44e5-87fb-e22d001ebe48 None None] RequestId filter calling following filter/app {{(pid=97083) _context_setter /opt/stack/cinder/cinder/api/middleware/request_id.py:62}}
Jul 31 21:11:42.659244 np0000006275 devstack@c-api.service[97083]: INFO cinder.api.openstack.wsgi [req-3b831985-59cc-4356-8486-c595c54b6b85 req-9767af7d-724b-44e5-87fb-e22d001ebe48 tempest-TaggedBootDevicesTest_v242-1003073815 tempest-TaggedBootDevicesTest_v242-1003073815-project-member] GET https://10.4.3.226/volume/v3/volumes/4c5d0f92-c976-4338-99dc-b314af02277f
Jul 31 21:11:42.659854 np0000006275 devstack@c-api.service[97083]: DEBUG cinder.api.openstack.wsgi [req-3b831985-59cc-4356-8486-c595c54b6b85 req-9767af7d-724b-44e5-87fb-e22d001ebe48 tempest-TaggedBootDevicesTest_v242-1003073815 tempest-TaggedBootDevicesTest_v242-1003073815-project-member] Empty body provided in request {{(pid=97083) get_body /opt/stack/cinder/cinder/api/openstack/wsgi.py:725}}
Jul 31 21:11:42.659854 np0000006275 devstack@c-api.service[97083]: DEBUG cinder.api.openstack.wsgi [req-3b831985-59cc-4356-8486-c595c54b6b85 req-9767af7d-724b-44e5-87fb-e22d001ebe48 tempest-TaggedBootDevicesTest_v242-1003073815 tempest-TaggedBootDevicesTest_v242-1003073815-project-member] Calling method 'show' {{(pid=97083) _process_stack /opt/stack/cinder/cinder/api/openstack/wsgi.py:878}}
Jul 31 21:11:42.674904 np0000006275 devstack@c-api.service[97083]: /opt/stack/data/venv/lib/python3.12/site-packages/oslo_context/context.py:102: DeprecationWarning: Policy enforcement is depending on the value of is_admin. This key is deprecated. Please update your policy file to use the standard policy values.
Jul 31 21:11:42.674904 np0000006275 devstack@c-api.service[97083]: warnings.warn(
Jul 31 21:11:42.684116 np0000006275 devstack@c-api.service[97083]: INFO cinder.volume.api [req-3b831985-59cc-4356-8486-c595c54b6b85 req-9767af7d-724b-44e5-87fb-e22d001ebe48 tempest-TaggedBootDevicesTest_v242-1003073815 tempest-TaggedBootDevicesTest_v242-1003073815-project-member] Volume info retrieved successfully.
Jul 31 21:11:42.691280 np0000006275 devstack@c-api.service[97083]: INFO cinder.api.openstack.wsgi [req-3b831985-59cc-4356-8486-c595c54b6b85 req-9767af7d-724b-44e5-87fb-e22d001ebe48 tempest-TaggedBootDevicesTest_v242-1003073815 tempest-TaggedBootDevicesTest_v242-1003073815-project-member] https://10.4.3.226/volume/v3/volumes/4c5d0f92-c976-4338-99dc-b314af02277f returned with HTTP 200
Jul 31 21:11:42.691744 np0000006275 devstack@c-api.service[97083]: [pid: 97083|app: 0|req: 19/54] 10.4.3.226 () {70 vars in 1639 bytes} [Fri Jul 31 21:11:42 2026] GET /volume/v3/volumes/4c5d0f92-c976-4338-99dc-b314af02277f => generated 1545 bytes in 41 msecs (HTTP/1.1 200) 7 headers in 287 bytes (1 switches on core 0)
Jul 31 21:11:42.801352 np0000006275 devstack@c-api.service[97081]: DEBUG cinder.api.middleware.request_id [None req-bcb1569a-8379-49de-bb12-52db4ec4ccdd None None] RequestId filter calling following filter/app {{(pid=97081) _context_setter /opt/stack/cinder/cinder/api/middleware/request_id.py:62}}
Jul 31 21:11:42.805790 np0000006275 devstack@c-api.service[97081]: INFO cinder.api.openstack.wsgi [None req-bcb1569a-8379-49de-bb12-52db4ec4ccdd tempest-VolumesAdminNegativeTest-486513926 tempest-VolumesAdminNegativeTest-486513926-project-member] GET https://10.4.3.226/volume/v3/volumes/29a3a4a6-9031-40b5-b6da-427bb0b6b396
Jul 31 21:11:42.806033 np0000006275 devstack@c-api.service[97081]: DEBUG cinder.api.openstack.wsgi [None req-bcb1569a-8379-49de-bb12-52db4ec4ccdd tempest-VolumesAdminNegativeTest-486513926 tempest-VolumesAdminNegativeTest-486513926-project-member] Empty body provided in request {{(pid=97081) get_body /opt/stack/cinder/cinder/api/openstack/wsgi.py:725}}
Jul 31 21:11:42.806214 np0000006275 devstack@c-api.service[97081]: DEBUG cinder.api.openstack.wsgi [None req-bcb1569a-8379-49de-bb12-52db4ec4ccdd tempest-VolumesAdminNegativeTest-486513926 tempest-VolumesAdminNegativeTest-486513926-project-member] Calling method 'show' {{(pid=97081) _process_stack /opt/stack/cinder/cinder/api/openstack/wsgi.py:878}}
Jul 31 21:11:42.814845 np0000006275 devstack@c-api.service[97081]: /opt/stack/data/venv/lib/python3.12/site-packages/oslo_context/context.py:102: DeprecationWarning: Policy enforcement is depending on the value of is_admin. This key is deprecated. Please update your policy file to use the standard policy values.
Jul 31 21:11:42.814845 np0000006275 devstack@c-api.service[97081]: warnings.warn(
Jul 31 21:11:42.820371 np0000006275 devstack@c-api.service[97081]: INFO cinder.volume.api [None req-bcb1569a-8379-49de-bb12-52db4ec4ccdd tempest-VolumesAdminNegativeTest-486513926 tempest-VolumesAdminNegativeTest-486513926-project-member] Volume info retrieved successfully.
Jul 31 21:11:42.826757 np0000006275 devstack@c-api.service[97081]: INFO cinder.api.openstack.wsgi [None req-bcb1569a-8379-49de-bb12-52db4ec4ccdd tempest-VolumesAdminNegativeTest-486513926 tempest-VolumesAdminNegativeTest-486513926-project-member] https://10.4.3.226/volume/v3/volumes/29a3a4a6-9031-40b5-b6da-427bb0b6b396 returned with HTTP 200
Jul 31 21:11:42.828222 np0000006275 devstack@c-api.service[97081]: [pid: 97081|app: 0|req: 18/55] 10.4.3.226 () {66 vars in 1348 bytes} [Fri Jul 31 21:11:42 2026] GET /volume/v3/volumes/29a3a4a6-9031-40b5-b6da-427bb0b6b396 => generated 848 bytes in 27 msecs (HTTP/1.1 200) 7 headers in 285 bytes (1 switches on core 0)
Jul 31 21:11:43.212998 np0000006275 devstack@c-api.service[97084]: DEBUG cinder.api.middleware.request_id [req-a66adb6e-09de-4813-88f1-4ca4b592b09e req-abea556d-2672-4d7a-9ce9-61a818f6f1ca None None] RequestId filter calling following filter/app {{(pid=97084) _context_setter /opt/stack/cinder/cinder/api/middleware/request_id.py:62}}
Jul 31 21:11:43.220350 np0000006275 devstack@c-api.service[97084]: INFO cinder.api.openstack.wsgi [req-a66adb6e-09de-4813-88f1-4ca4b592b09e req-abea556d-2672-4d7a-9ce9-61a818f6f1ca tempest-VolumesAdminNegativeTest-1285194962 tempest-VolumesAdminNegativeTest-1285194962-project] GET https://10.4.3.226/volume/v3/volumes/f922dd19-5f47-42c1-a998-dd5abddfd587
Jul 31 21:11:43.221178 np0000006275 devstack@c-api.service[97084]: DEBUG cinder.api.openstack.wsgi [req-a66adb6e-09de-4813-88f1-4ca4b592b09e req-abea556d-2672-4d7a-9ce9-61a818f6f1ca tempest-VolumesAdminNegativeTest-1285194962 tempest-VolumesAdminNegativeTest-1285194962-project] Empty body provided in request {{(pid=97084) get_body /opt/stack/cinder/cinder/api/openstack/wsgi.py:725}}
Jul 31 21:11:43.221178 np0000006275 devstack@c-api.service[97084]: DEBUG cinder.api.openstack.wsgi [req-a66adb6e-09de-4813-88f1-4ca4b592b09e req-abea556d-2672-4d7a-9ce9-61a818f6f1ca tempest-VolumesAdminNegativeTest-1285194962 tempest-VolumesAdminNegativeTest-1285194962-project] Calling method 'show' {{(pid=97084) _process_stack /opt/stack/cinder/cinder/api/openstack/wsgi.py:878}}
Jul 31 21:11:43.239394 np0000006275 devstack@c-api.service[97084]: INFO cinder.api.openstack.wsgi [req-a66adb6e-09de-4813-88f1-4ca4b592b09e req-abea556d-2672-4d7a-9ce9-61a818f6f1ca tempest-VolumesAdminNegativeTest-1285194962 tempest-VolumesAdminNegativeTest-1285194962-project] https://10.4.3.226/volume/v3/volumes/f922dd19-5f47-42c1-a998-dd5abddfd587 returned with HTTP 404
Jul 31 21:11:43.240155 np0000006275 devstack@c-api.service[97084]: [pid: 97084|app: 0|req: 19/56] 10.4.3.226 () {68 vars in 1598 bytes} [Fri Jul 31 21:11:43 2026] GET /volume/v3/volumes/f922dd19-5f47-42c1-a998-dd5abddfd587 => generated 109 bytes in 27 msecs (HTTP/1.1 404) 7 headers in 292 bytes (1 switches on core 0)
Jul 31 21:11:43.257196 np0000006275 devstack@c-api.service[97083]: DEBUG cinder.api.middleware.request_id [None req-cacf74d1-1b1f-430d-9354-a841968ef280 None None] RequestId filter calling following filter/app {{(pid=97083) _context_setter /opt/stack/cinder/cinder/api/middleware/request_id.py:62}}
Jul 31 21:11:43.262500 np0000006275 devstack@c-api.service[97083]: INFO cinder.api.openstack.wsgi [None req-cacf74d1-1b1f-430d-9354-a841968ef280 tempest-VolumesAdminNegativeTest-486513926 tempest-VolumesAdminNegativeTest-486513926-project-member] DELETE https://10.4.3.226/volume/v3/volumes/29a3a4a6-9031-40b5-b6da-427bb0b6b396
Jul 31 21:11:43.262500 np0000006275 devstack@c-api.service[97083]: DEBUG cinder.api.openstack.wsgi [None req-cacf74d1-1b1f-430d-9354-a841968ef280 tempest-VolumesAdminNegativeTest-486513926 tempest-VolumesAdminNegativeTest-486513926-project-member] Empty body provided in request {{(pid=97083) get_body /opt/stack/cinder/cinder/api/openstack/wsgi.py:725}}
Jul 31 21:11:43.264005 np0000006275 devstack@c-api.service[97083]: DEBUG cinder.api.openstack.wsgi [None req-cacf74d1-1b1f-430d-9354-a841968ef280 tempest-VolumesAdminNegativeTest-486513926 tempest-VolumesAdminNegativeTest-486513926-project-member] Calling method 'delete' {{(pid=97083) _process_stack /opt/stack/cinder/cinder/api/openstack/wsgi.py:878}}
Jul 31 21:11:43.264853 np0000006275 devstack@c-api.service[97083]: INFO cinder.api.v3.volumes [None req-cacf74d1-1b1f-430d-9354-a841968ef280 tempest-VolumesAdminNegativeTest-486513926 tempest-VolumesAdminNegativeTest-486513926-project-member] Delete volume with id: 29a3a4a6-9031-40b5-b6da-427bb0b6b396
Jul 31 21:11:43.274230 np0000006275 devstack@c-api.service[97083]: /opt/stack/data/venv/lib/python3.12/site-packages/oslo_context/context.py:102: DeprecationWarning: Policy enforcement is depending on the value of is_admin. This key is deprecated. Please update your policy file to use the standard policy values.
Jul 31 21:11:43.274230 np0000006275 devstack@c-api.service[97083]: warnings.warn(
Jul 31 21:11:43.274799 np0000006275 devstack@c-api.service[97083]: INFO cinder.volume.api [None req-cacf74d1-1b1f-430d-9354-a841968ef280 tempest-VolumesAdminNegativeTest-486513926 tempest-VolumesAdminNegativeTest-486513926-project-member] Volume info retrieved successfully.
Jul 31 21:11:43.311322 np0000006275 devstack@c-api.service[97083]: INFO cinder.volume.api [None req-cacf74d1-1b1f-430d-9354-a841968ef280 tempest-VolumesAdminNegativeTest-486513926 tempest-VolumesAdminNegativeTest-486513926-project-member] Delete volume request issued successfully.
Jul 31 21:11:43.311322 np0000006275 devstack@c-api.service[97083]: INFO cinder.api.openstack.wsgi [None req-cacf74d1-1b1f-430d-9354-a841968ef280 tempest-VolumesAdminNegativeTest-486513926 tempest-VolumesAdminNegativeTest-486513926-project-member] https://10.4.3.226/volume/v3/volumes/29a3a4a6-9031-40b5-b6da-427bb0b6b396 returned with HTTP 202
Jul 31 21:11:43.311322 np0000006275 devstack@c-api.service[97083]: [pid: 97083|app: 0|req: 20/57] 10.4.3.226 () {66 vars in 1351 bytes} [Fri Jul 31 21:11:43 2026] DELETE /volume/v3/volumes/29a3a4a6-9031-40b5-b6da-427bb0b6b396 => generated 0 bytes in 51 msecs (HTTP/1.1 202) 6 headers in 233 bytes (1 switches on core 0)
Jul 31 21:11:43.317732 np0000006275 devstack@c-api.service[97081]: DEBUG cinder.api.middleware.request_id [None req-e2685de3-8279-49de-9e09-f37d3746cfb9 None None] RequestId filter calling following filter/app {{(pid=97081) _context_setter /opt/stack/cinder/cinder/api/middleware/request_id.py:62}}
Jul 31 21:11:43.318170 np0000006275 devstack@c-api.service[97081]: INFO cinder.api.openstack.wsgi [None req-e2685de3-8279-49de-9e09-f37d3746cfb9 tempest-VolumesAdminNegativeTest-486513926 tempest-VolumesAdminNegativeTest-486513926-project-member] GET https://10.4.3.226/volume/v3/volumes/29a3a4a6-9031-40b5-b6da-427bb0b6b396
Jul 31 21:11:43.318170 np0000006275 devstack@c-api.service[97081]: DEBUG cinder.api.openstack.wsgi [None req-e2685de3-8279-49de-9e09-f37d3746cfb9 tempest-VolumesAdminNegativeTest-486513926 tempest-VolumesAdminNegativeTest-486513926-project-member] Empty body provided in request {{(pid=97081) get_body /opt/stack/cinder/cinder/api/openstack/wsgi.py:725}}
Jul 31 21:11:43.318700 np0000006275 devstack@c-api.service[97081]: DEBUG cinder.api.openstack.wsgi [None req-e2685de3-8279-49de-9e09-f37d3746cfb9 tempest-VolumesAdminNegativeTest-486513926 tempest-VolumesAdminNegativeTest-486513926-project-member] Calling method 'show' {{(pid=97081) _process_stack /opt/stack/cinder/cinder/api/openstack/wsgi.py:878}}
Jul 31 21:11:43.326340 np0000006275 devstack@c-api.service[97081]: /opt/stack/data/venv/lib/python3.12/site-packages/oslo_context/context.py:102: DeprecationWarning: Policy enforcement is depending on the value of is_admin. This key is deprecated. Please update your policy file to use the standard policy values.
Jul 31 21:11:43.326340 np0000006275 devstack@c-api.service[97081]: warnings.warn(
Jul 31 21:11:43.331709 np0000006275 devstack@c-api.service[97081]: INFO cinder.volume.api [None req-e2685de3-8279-49de-9e09-f37d3746cfb9 tempest-VolumesAdminNegativeTest-486513926 tempest-VolumesAdminNegativeTest-486513926-project-member] Volume info retrieved successfully.
Jul 31 21:11:43.336997 np0000006275 devstack@c-api.service[97081]: INFO cinder.api.openstack.wsgi [None req-e2685de3-8279-49de-9e09-f37d3746cfb9 tempest-VolumesAdminNegativeTest-486513926 tempest-VolumesAdminNegativeTest-486513926-project-member] https://10.4.3.226/volume/v3/volumes/29a3a4a6-9031-40b5-b6da-427bb0b6b396 returned with HTTP 200
Jul 31 21:11:43.337454 np0000006275 devstack@c-api.service[97081]: [pid: 97081|app: 0|req: 19/58] 10.4.3.226 () {66 vars in 1348 bytes} [Fri Jul 31 21:11:43 2026] GET /volume/v3/volumes/29a3a4a6-9031-40b5-b6da-427bb0b6b396 => generated 847 bytes in 23 msecs (HTTP/1.1 200) 7 headers in 285 bytes (1 switches on core 0)
Jul 31 21:11:43.431821 np0000006275 devstack@c-api.service[97084]: DEBUG cinder.api.middleware.request_id [None req-73ff81a8-8bde-43c2-a82a-68130c8c2765 None None] RequestId filter calling following filter/app {{(pid=97084) _context_setter /opt/stack/cinder/cinder/api/middleware/request_id.py:62}}
Jul 31 21:11:43.435894 np0000006275 devstack@c-api.service[97084]: INFO cinder.api.openstack.wsgi [None req-73ff81a8-8bde-43c2-a82a-68130c8c2765 None None] GET https://10.4.3.226/volume//
Jul 31 21:11:43.436169 np0000006275 devstack@c-api.service[97084]: DEBUG cinder.api.openstack.wsgi [None req-73ff81a8-8bde-43c2-a82a-68130c8c2765 None None] Empty body provided in request {{(pid=97084) get_body /opt/stack/cinder/cinder/api/openstack/wsgi.py:725}}
Jul 31 21:11:43.436439 np0000006275 devstack@c-api.service[97084]: DEBUG cinder.api.openstack.wsgi [None req-73ff81a8-8bde-43c2-a82a-68130c8c2765 None None] Calling method 'all' {{(pid=97084) _process_stack /opt/stack/cinder/cinder/api/openstack/wsgi.py:878}}
Jul 31 21:11:43.436938 np0000006275 devstack@c-api.service[97084]: INFO cinder.api.openstack.wsgi [None req-73ff81a8-8bde-43c2-a82a-68130c8c2765 None None] https://10.4.3.226/volume// returned with HTTP 300
Jul 31 21:11:43.437557 np0000006275 devstack@c-api.service[97084]: [pid: 97084|app: 0|req: 20/59] 10.4.3.226 () {66 vars in 1426 bytes} [Fri Jul 31 21:11:43 2026] GET /volume/ => generated 386 bytes in 6 msecs (HTTP/1.1 300) 7 headers in 299 bytes (1 switches on core 0)
Jul 31 21:11:43.451133 np0000006275 devstack@c-api.service[97083]: DEBUG cinder.api.middleware.request_id [req-464851dc-2206-4d0a-be7b-1fb107347e5c req-5bee3cd9-c587-40a6-9212-19fce553731b None None] RequestId filter calling following filter/app {{(pid=97083) _context_setter /opt/stack/cinder/cinder/api/middleware/request_id.py:62}}
Jul 31 21:11:43.454591 np0000006275 devstack@c-api.service[97083]: INFO cinder.api.openstack.wsgi [req-464851dc-2206-4d0a-be7b-1fb107347e5c req-5bee3cd9-c587-40a6-9212-19fce553731b tempest-TaggedBootDevicesTest-411518548 tempest-TaggedBootDevicesTest-411518548-project-member] GET https://10.4.3.226/volume/v3/volumes/8d91dbc2-5dcb-4759-81e8-3ac7be0ec168
Jul 31 21:11:43.454591 np0000006275 devstack@c-api.service[97083]: DEBUG cinder.api.openstack.wsgi [req-464851dc-2206-4d0a-be7b-1fb107347e5c req-5bee3cd9-c587-40a6-9212-19fce553731b tempest-TaggedBootDevicesTest-411518548 tempest-TaggedBootDevicesTest-411518548-project-member] Empty body provided in request {{(pid=97083) get_body /opt/stack/cinder/cinder/api/openstack/wsgi.py:725}}
Jul 31 21:11:43.454823 np0000006275 devstack@c-api.service[97083]: DEBUG cinder.api.openstack.wsgi [req-464851dc-2206-4d0a-be7b-1fb107347e5c req-5bee3cd9-c587-40a6-9212-19fce553731b tempest-TaggedBootDevicesTest-411518548 tempest-TaggedBootDevicesTest-411518548-project-member] Calling method 'show' {{(pid=97083) _process_stack /opt/stack/cinder/cinder/api/openstack/wsgi.py:878}}
Jul 31 21:11:43.469457 np0000006275 devstack@c-api.service[97083]: /opt/stack/data/venv/lib/python3.12/site-packages/oslo_context/context.py:102: DeprecationWarning: Policy enforcement is depending on the value of is_admin. This key is deprecated. Please update your policy file to use the standard policy values.
Jul 31 21:11:43.469457 np0000006275 devstack@c-api.service[97083]: warnings.warn(
Jul 31 21:11:43.473992 np0000006275 devstack@c-api.service[97083]: INFO cinder.volume.api [req-464851dc-2206-4d0a-be7b-1fb107347e5c req-5bee3cd9-c587-40a6-9212-19fce553731b tempest-TaggedBootDevicesTest-411518548 tempest-TaggedBootDevicesTest-411518548-project-member] Volume info retrieved successfully.
Jul 31 21:11:43.481756 np0000006275 devstack@c-api.service[97083]: INFO cinder.api.openstack.wsgi [req-464851dc-2206-4d0a-be7b-1fb107347e5c req-5bee3cd9-c587-40a6-9212-19fce553731b tempest-TaggedBootDevicesTest-411518548 tempest-TaggedBootDevicesTest-411518548-project-member] https://10.4.3.226/volume/v3/volumes/8d91dbc2-5dcb-4759-81e8-3ac7be0ec168 returned with HTTP 200
Jul 31 21:11:43.482306 np0000006275 devstack@c-api.service[97083]: [pid: 97083|app: 0|req: 21/60] 10.4.3.226 () {70 vars in 1639 bytes} [Fri Jul 31 21:11:43 2026] GET /volume/v3/volumes/8d91dbc2-5dcb-4759-81e8-3ac7be0ec168 => generated 1571 bytes in 32 msecs (HTTP/1.1 200) 7 headers in 287 bytes (1 switches on core 0)
Jul 31 21:11:43.713400 np0000006275 devstack@c-api.service[97081]: DEBUG cinder.api.middleware.request_id [req-3b831985-59cc-4356-8486-c595c54b6b85 req-1703edca-4c5d-4760-ba82-014971b8c2c3 None None] RequestId filter calling following filter/app {{(pid=97081) _context_setter /opt/stack/cinder/cinder/api/middleware/request_id.py:62}}
Jul 31 21:11:43.718477 np0000006275 devstack@c-api.service[97081]: INFO cinder.api.openstack.wsgi [req-3b831985-59cc-4356-8486-c595c54b6b85 req-1703edca-4c5d-4760-ba82-014971b8c2c3 tempest-TaggedBootDevicesTest_v242-1003073815 tempest-TaggedBootDevicesTest_v242-1003073815-project-member] PUT https://10.4.3.226/volume/v3/attachments/f1a1672f-3abd-4a17-bc35-9bf20dacd39d
Jul 31 21:11:43.718983 np0000006275 devstack@c-api.service[97081]: DEBUG cinder.api.openstack.wsgi [req-3b831985-59cc-4356-8486-c595c54b6b85 req-1703edca-4c5d-4760-ba82-014971b8c2c3 tempest-TaggedBootDevicesTest_v242-1003073815 tempest-TaggedBootDevicesTest_v242-1003073815-project-member] Action: 'update', calling method: version_select, body: {"attachment": {"connector": {"platform": "x86_64", "os_type": "linux", "ip": "10.4.3.226", "host": "np0000006275", "multipath": false, "enforce_multipath": true, "initiator": "iqn.2016-04.com.open-iscsi:ac5e4a49d66", "do_local_attach": false, "nvme_hostid": "defe2637-2405-4e5e-8d60-dd6072605c54", "uuid": "8515de1c-ba7e-467b-adde-6d9f8a8dbc1f", "system uuid": "fbffbe0e-1307-40e6-903a-8cdb20883fec", "nqn": "nqn.2014-08.org.nvmexpress:uuid:fbffbe0e-1307-40e6-903a-8cdb20883fec", "nvme_native_multipath": true, "found_dsc": "", "host_ips": ["10.4.3.226", "fe80::f816:3eff:fe6c:d0ba", "192.168.10.6", "fe80::f816:3eff:fe76:e259", "192.168.20.6", "fe80::f816:3eff:fe52:7c61", "192.168.30.6", "fe80::f816:3eff:fedd:3636", "192.168.122.1", "172.24.5.1", "2001:db8::2", "fe80::8067:feff:fe03:654f", "fe80::f816:3eff:fee6:1880", "fe80::f816:3eff:fef4:41f2", "fe80::f816:3eff:fed8:67a9", "fe80::f816:3eff:fe3f:46c1", "fe80::6885:73ff:fefd:ab89", "fe80::88a9:97ff:feca:93ea", "fe80::3459:f1ff:fea3:14a2", "fe80::9cdf:69ff:fe09:5fdb", "fe80::f816:3eff:fe87:9b0a", "fe80::4871:7cff:fe96:af59"], "mountpoint": "/dev/vda"}}} {{(pid=97081) _process_stack /opt/stack/cinder/cinder/api/openstack/wsgi.py:876}}
Jul 31 21:11:43.727501 np0000006275 devstack@c-api.service[97084]: DEBUG cinder.api.middleware.request_id [req-464851dc-2206-4d0a-be7b-1fb107347e5c req-095ee247-826b-4bb4-9343-e12ecc42f4b3 None None] RequestId filter calling following filter/app {{(pid=97084) _context_setter /opt/stack/cinder/cinder/api/middleware/request_id.py:62}}
Jul 31 21:11:43.731267 np0000006275 devstack@c-api.service[97084]: INFO cinder.api.openstack.wsgi [req-464851dc-2206-4d0a-be7b-1fb107347e5c req-095ee247-826b-4bb4-9343-e12ecc42f4b3 tempest-TaggedBootDevicesTest-411518548 tempest-TaggedBootDevicesTest-411518548-project-member] PUT https://10.4.3.226/volume/v3/attachments/9033b5bc-a9ce-40db-851b-21a34b90aca4
Jul 31 21:11:43.732360 np0000006275 devstack@c-api.service[97084]: DEBUG cinder.api.openstack.wsgi [req-464851dc-2206-4d0a-be7b-1fb107347e5c req-095ee247-826b-4bb4-9343-e12ecc42f4b3 tempest-TaggedBootDevicesTest-411518548 tempest-TaggedBootDevicesTest-411518548-project-member] Action: 'update', calling method: version_select, body: {"attachment": {"connector": {"platform": "x86_64", "os_type": "linux", "ip": "10.4.3.226", "host": "np0000006275", "multipath": false, "enforce_multipath": true, "initiator": "iqn.2016-04.com.open-iscsi:ac5e4a49d66", "do_local_attach": false, "nvme_hostid": "defe2637-2405-4e5e-8d60-dd6072605c54", "uuid": "8515de1c-ba7e-467b-adde-6d9f8a8dbc1f", "system uuid": "fbffbe0e-1307-40e6-903a-8cdb20883fec", "nqn": "nqn.2014-08.org.nvmexpress:uuid:fbffbe0e-1307-40e6-903a-8cdb20883fec", "nvme_native_multipath": true, "found_dsc": "", "host_ips": ["10.4.3.226", "fe80::f816:3eff:fe6c:d0ba", "192.168.10.6", "fe80::f816:3eff:fe76:e259", "192.168.20.6", "fe80::f816:3eff:fe52:7c61", "192.168.30.6", "fe80::f816:3eff:fedd:3636", "192.168.122.1", "172.24.5.1", "2001:db8::2", "fe80::8067:feff:fe03:654f", "fe80::f816:3eff:fee6:1880", "fe80::f816:3eff:fef4:41f2", "fe80::f816:3eff:fed8:67a9", "fe80::f816:3eff:fe3f:46c1", "fe80::6885:73ff:fefd:ab89", "fe80::88a9:97ff:feca:93ea", "fe80::3459:f1ff:fea3:14a2", "fe80::9cdf:69ff:fe09:5fdb", "fe80::f816:3eff:fe87:9b0a", "fe80::4871:7cff:fe96:af59"], "mountpoint": "/dev/vda"}}} {{(pid=97084) _process_stack /opt/stack/cinder/cinder/api/openstack/wsgi.py:876}}
Jul 31 21:11:43.742694 np0000006275 devstack@c-api.service[97081]: DEBUG cinder.coordination [req-3b831985-59cc-4356-8486-c595c54b6b85 req-1703edca-4c5d-4760-ba82-014971b8c2c3 tempest-TaggedBootDevicesTest_v242-1003073815 tempest-TaggedBootDevicesTest_v242-1003073815-project-member] Acquiring lock "cinder-attachment_update-4c5d0f92-c976-4338-99dc-b314af02277f-np0000006275" by "attachment_update" {{(pid=97081) __acquire /opt/stack/cinder/cinder/coordination.py:138}}
Jul 31 21:11:43.749619 np0000006275 devstack@c-api.service[97084]: DEBUG cinder.coordination [req-464851dc-2206-4d0a-be7b-1fb107347e5c req-095ee247-826b-4bb4-9343-e12ecc42f4b3 tempest-TaggedBootDevicesTest-411518548 tempest-TaggedBootDevicesTest-411518548-project-member] Acquiring lock "cinder-attachment_update-8d91dbc2-5dcb-4759-81e8-3ac7be0ec168-np0000006275" by "attachment_update" {{(pid=97084) __acquire /opt/stack/cinder/cinder/coordination.py:138}}
Jul 31 21:11:43.753942 np0000006275 devstack@c-api.service[97081]: DEBUG cinder.coordination [req-3b831985-59cc-4356-8486-c595c54b6b85 req-1703edca-4c5d-4760-ba82-014971b8c2c3 tempest-TaggedBootDevicesTest_v242-1003073815 tempest-TaggedBootDevicesTest_v242-1003073815-project-member] Lock "cinder-attachment_update-4c5d0f92-c976-4338-99dc-b314af02277f-np0000006275" acquired by "attachment_update" :: waited 0.011s {{(pid=97081) __acquire /opt/stack/cinder/cinder/coordination.py:141}}
Jul 31 21:11:43.755286 np0000006275 devstack@c-api.service[97081]: /opt/stack/data/venv/lib/python3.12/site-packages/oslo_context/context.py:102: DeprecationWarning: Policy enforcement is depending on the value of is_admin. This key is deprecated. Please update your policy file to use the standard policy values.
Jul 31 21:11:43.755286 np0000006275 devstack@c-api.service[97081]: warnings.warn(
Jul 31 21:11:43.762561 np0000006275 devstack@c-api.service[97084]: DEBUG cinder.coordination [req-464851dc-2206-4d0a-be7b-1fb107347e5c req-095ee247-826b-4bb4-9343-e12ecc42f4b3 tempest-TaggedBootDevicesTest-411518548 tempest-TaggedBootDevicesTest-411518548-project-member] Lock "cinder-attachment_update-8d91dbc2-5dcb-4759-81e8-3ac7be0ec168-np0000006275" acquired by "attachment_update" :: waited 0.013s {{(pid=97084) __acquire /opt/stack/cinder/cinder/coordination.py:141}}
Jul 31 21:11:43.764850 np0000006275 devstack@c-api.service[97084]: /opt/stack/data/venv/lib/python3.12/site-packages/oslo_context/context.py:102: DeprecationWarning: Policy enforcement is depending on the value of is_admin. This key is deprecated. Please update your policy file to use the standard policy values.
Jul 31 21:11:43.764850 np0000006275 devstack@c-api.service[97084]: warnings.warn(
Jul 31 21:11:43.950246 np0000006275 devstack@c-api.service[97081]: DEBUG cinder.coordination [req-3b831985-59cc-4356-8486-c595c54b6b85 req-1703edca-4c5d-4760-ba82-014971b8c2c3 tempest-TaggedBootDevicesTest_v242-1003073815 tempest-TaggedBootDevicesTest_v242-1003073815-project-member] Lock "cinder-attachment_update-4c5d0f92-c976-4338-99dc-b314af02277f-np0000006275" released by "attachment_update" :: held 0.197s {{(pid=97081) __release /opt/stack/cinder/cinder/coordination.py:152}}
Jul 31 21:11:43.950903 np0000006275 devstack@c-api.service[97081]: INFO cinder.api.openstack.wsgi [req-3b831985-59cc-4356-8486-c595c54b6b85 req-1703edca-4c5d-4760-ba82-014971b8c2c3 tempest-TaggedBootDevicesTest_v242-1003073815 tempest-TaggedBootDevicesTest_v242-1003073815-project-member] https://10.4.3.226/volume/v3/attachments/f1a1672f-3abd-4a17-bc35-9bf20dacd39d returned with HTTP 200
Jul 31 21:11:43.951383 np0000006275 devstack@c-api.service[97081]: [pid: 97081|app: 0|req: 20/61] 10.4.3.226 () {74 vars in 1705 bytes} [Fri Jul 31 21:11:43 2026] PUT /volume/v3/attachments/f1a1672f-3abd-4a17-bc35-9bf20dacd39d => generated 535 bytes in 238 msecs (HTTP/1.1 200) 7 headers in 286 bytes (1 switches on core 0)
Jul 31 21:11:43.958521 np0000006275 devstack@c-api.service[97084]: DEBUG cinder.coordination [req-464851dc-2206-4d0a-be7b-1fb107347e5c req-095ee247-826b-4bb4-9343-e12ecc42f4b3 tempest-TaggedBootDevicesTest-411518548 tempest-TaggedBootDevicesTest-411518548-project-member] Lock "cinder-attachment_update-8d91dbc2-5dcb-4759-81e8-3ac7be0ec168-np0000006275" released by "attachment_update" :: held 0.196s {{(pid=97084) __release /opt/stack/cinder/cinder/coordination.py:152}}
Jul 31 21:11:43.959654 np0000006275 devstack@c-api.service[97084]: INFO cinder.api.openstack.wsgi [req-464851dc-2206-4d0a-be7b-1fb107347e5c req-095ee247-826b-4bb4-9343-e12ecc42f4b3 tempest-TaggedBootDevicesTest-411518548 tempest-TaggedBootDevicesTest-411518548-project-member] https://10.4.3.226/volume/v3/attachments/9033b5bc-a9ce-40db-851b-21a34b90aca4 returned with HTTP 200
Jul 31 21:11:43.960246 np0000006275 devstack@c-api.service[97084]: [pid: 97084|app: 0|req: 21/62] 10.4.3.226 () {74 vars in 1705 bytes} [Fri Jul 31 21:11:43 2026] PUT /volume/v3/attachments/9033b5bc-a9ce-40db-851b-21a34b90aca4 => generated 535 bytes in 234 msecs (HTTP/1.1 200) 7 headers in 286 bytes (1 switches on core 0)
Jul 31 21:11:44.013760 np0000006275 devstack@c-api.service[97081]: DEBUG cinder.api.middleware.request_id [req-464851dc-2206-4d0a-be7b-1fb107347e5c req-085bdeae-d44d-431f-ba9d-ed8f172d2c55 None None] RequestId filter calling following filter/app {{(pid=97081) _context_setter /opt/stack/cinder/cinder/api/middleware/request_id.py:62}}
Jul 31 21:11:44.014834 np0000006275 devstack@c-api.service[97083]: DEBUG cinder.api.middleware.request_id [req-3b831985-59cc-4356-8486-c595c54b6b85 req-7825b356-1938-4645-ba80-92889d833381 None None] RequestId filter calling following filter/app {{(pid=97083) _context_setter /opt/stack/cinder/cinder/api/middleware/request_id.py:62}}
Jul 31 21:11:44.018273 np0000006275 devstack@c-api.service[97081]: INFO cinder.api.openstack.wsgi [req-464851dc-2206-4d0a-be7b-1fb107347e5c req-085bdeae-d44d-431f-ba9d-ed8f172d2c55 tempest-TaggedBootDevicesTest-411518548 tempest-TaggedBootDevicesTest-411518548-project-member] POST https://10.4.3.226/volume/v3/attachments/9033b5bc-a9ce-40db-851b-21a34b90aca4/action
Jul 31 21:11:44.019838 np0000006275 devstack@c-api.service[97083]: INFO cinder.api.openstack.wsgi [req-3b831985-59cc-4356-8486-c595c54b6b85 req-7825b356-1938-4645-ba80-92889d833381 tempest-TaggedBootDevicesTest_v242-1003073815 tempest-TaggedBootDevicesTest_v242-1003073815-project-member] POST https://10.4.3.226/volume/v3/attachments/f1a1672f-3abd-4a17-bc35-9bf20dacd39d/action
Jul 31 21:11:44.019914 np0000006275 devstack@c-api.service[97081]: DEBUG cinder.api.openstack.wsgi [req-464851dc-2206-4d0a-be7b-1fb107347e5c req-085bdeae-d44d-431f-ba9d-ed8f172d2c55 tempest-TaggedBootDevicesTest-411518548 tempest-TaggedBootDevicesTest-411518548-project-member] Action body: b'{"os-complete": null}' {{(pid=97081) get_method /opt/stack/cinder/cinder/api/openstack/wsgi.py:993}}
Jul 31 21:11:44.019914 np0000006275 devstack@c-api.service[97081]: DEBUG cinder.api.openstack.wsgi [req-464851dc-2206-4d0a-be7b-1fb107347e5c req-085bdeae-d44d-431f-ba9d-ed8f172d2c55 tempest-TaggedBootDevicesTest-411518548 tempest-TaggedBootDevicesTest-411518548-project-member] Action: 'action', calling method: version_select, body: {"os-complete": null} {{(pid=97081) _process_stack /opt/stack/cinder/cinder/api/openstack/wsgi.py:876}}
Jul 31 21:11:44.020104 np0000006275 devstack@c-api.service[97083]: DEBUG cinder.api.openstack.wsgi [req-3b831985-59cc-4356-8486-c595c54b6b85 req-7825b356-1938-4645-ba80-92889d833381 tempest-TaggedBootDevicesTest_v242-1003073815 tempest-TaggedBootDevicesTest_v242-1003073815-project-member] Action body: b'{"os-complete": null}' {{(pid=97083) get_method /opt/stack/cinder/cinder/api/openstack/wsgi.py:993}}
Jul 31 21:11:44.020104 np0000006275 devstack@c-api.service[97083]: DEBUG cinder.api.openstack.wsgi [req-3b831985-59cc-4356-8486-c595c54b6b85 req-7825b356-1938-4645-ba80-92889d833381 tempest-TaggedBootDevicesTest_v242-1003073815 tempest-TaggedBootDevicesTest_v242-1003073815-project-member] Action: 'action', calling method: version_select, body: {"os-complete": null} {{(pid=97083) _process_stack /opt/stack/cinder/cinder/api/openstack/wsgi.py:876}}
Jul 31 21:11:44.048246 np0000006275 devstack@c-api.service[97083]: /opt/stack/data/venv/lib/python3.12/site-packages/oslo_context/context.py:102: DeprecationWarning: Policy enforcement is depending on the value of is_admin. This key is deprecated. Please update your policy file to use the standard policy values.
Jul 31 21:11:44.048246 np0000006275 devstack@c-api.service[97083]: warnings.warn(
Jul 31 21:11:44.058235 np0000006275 devstack@c-api.service[97081]: /opt/stack/data/venv/lib/python3.12/site-packages/oslo_context/context.py:102: DeprecationWarning: Policy enforcement is depending on the value of is_admin. This key is deprecated. Please update your policy file to use the standard policy values.
Jul 31 21:11:44.058235 np0000006275 devstack@c-api.service[97081]: warnings.warn(
Jul 31 21:11:44.063259 np0000006275 devstack@c-api.service[97083]: INFO cinder.api.openstack.wsgi [req-3b831985-59cc-4356-8486-c595c54b6b85 req-7825b356-1938-4645-ba80-92889d833381 tempest-TaggedBootDevicesTest_v242-1003073815 tempest-TaggedBootDevicesTest_v242-1003073815-project-member] https://10.4.3.226/volume/v3/attachments/f1a1672f-3abd-4a17-bc35-9bf20dacd39d/action returned with HTTP 204
Jul 31 21:11:44.064050 np0000006275 devstack@c-api.service[97083]: [pid: 97083|app: 0|req: 22/63] 10.4.3.226 () {74 vars in 1725 bytes} [Fri Jul 31 21:11:44 2026] POST /volume/v3/attachments/f1a1672f-3abd-4a17-bc35-9bf20dacd39d/action => generated 0 bytes in 54 msecs (HTTP/1.1 204) 7 headers in 292 bytes (1 switches on core 0)
Jul 31 21:11:44.079686 np0000006275 devstack@c-api.service[97081]: INFO cinder.api.openstack.wsgi [req-464851dc-2206-4d0a-be7b-1fb107347e5c req-085bdeae-d44d-431f-ba9d-ed8f172d2c55 tempest-TaggedBootDevicesTest-411518548 tempest-TaggedBootDevicesTest-411518548-project-member] https://10.4.3.226/volume/v3/attachments/9033b5bc-a9ce-40db-851b-21a34b90aca4/action returned with HTTP 204
Jul 31 21:11:44.080238 np0000006275 devstack@c-api.service[97081]: [pid: 97081|app: 0|req: 21/64] 10.4.3.226 () {74 vars in 1725 bytes} [Fri Jul 31 21:11:44 2026] POST /volume/v3/attachments/9033b5bc-a9ce-40db-851b-21a34b90aca4/action => generated 0 bytes in 69 msecs (HTTP/1.1 204) 7 headers in 292 bytes (1 switches on core 0)
Jul 31 21:11:44.106165 np0000006275 devstack@c-api.service[97084]: DEBUG cinder.api.middleware.request_id [None req-52625c67-8a9c-4bfa-ae10-57a920353c35 None None] RequestId filter calling following filter/app {{(pid=97084) _context_setter /opt/stack/cinder/cinder/api/middleware/request_id.py:62}}
Jul 31 21:11:44.106823 np0000006275 devstack@c-api.service[97084]: INFO cinder.api.openstack.wsgi [None req-52625c67-8a9c-4bfa-ae10-57a920353c35 None None] GET https://10.4.3.226/volume//
Jul 31 21:11:44.107150 np0000006275 devstack@c-api.service[97084]: DEBUG cinder.api.openstack.wsgi [None req-52625c67-8a9c-4bfa-ae10-57a920353c35 None None] Empty body provided in request {{(pid=97084) get_body /opt/stack/cinder/cinder/api/openstack/wsgi.py:725}}
Jul 31 21:11:44.107826 np0000006275 devstack@c-api.service[97084]: DEBUG cinder.api.openstack.wsgi [None req-52625c67-8a9c-4bfa-ae10-57a920353c35 None None] Calling method 'all' {{(pid=97084) _process_stack /opt/stack/cinder/cinder/api/openstack/wsgi.py:878}}
Jul 31 21:11:44.108471 np0000006275 devstack@c-api.service[97084]: INFO cinder.api.openstack.wsgi [None req-52625c67-8a9c-4bfa-ae10-57a920353c35 None None] https://10.4.3.226/volume// returned with HTTP 300
Jul 31 21:11:44.109991 np0000006275 devstack@c-api.service[97084]: [pid: 97084|app: 0|req: 22/65] 10.4.3.226 () {66 vars in 1426 bytes} [Fri Jul 31 21:11:44 2026] GET /volume/ => generated 386 bytes in 4 msecs (HTTP/1.1 300) 7 headers in 299 bytes (1 switches on core 0)
Jul 31 21:11:44.124797 np0000006275 devstack@c-api.service[97083]: DEBUG cinder.api.middleware.request_id [req-3b831985-59cc-4356-8486-c595c54b6b85 req-19b6ff39-e510-4080-80eb-b930043e2b70 None None] RequestId filter calling following filter/app {{(pid=97083) _context_setter /opt/stack/cinder/cinder/api/middleware/request_id.py:62}}
Jul 31 21:11:44.127604 np0000006275 devstack@c-api.service[97083]: INFO cinder.api.openstack.wsgi [req-3b831985-59cc-4356-8486-c595c54b6b85 req-19b6ff39-e510-4080-80eb-b930043e2b70 tempest-TaggedBootDevicesTest_v242-1003073815 tempest-TaggedBootDevicesTest_v242-1003073815-project-member] GET https://10.4.3.226/volume/v3/volumes/d261e87c-20a2-4995-9bd0-e5a7e3bd43fa
Jul 31 21:11:44.127912 np0000006275 devstack@c-api.service[97083]: DEBUG cinder.api.openstack.wsgi [req-3b831985-59cc-4356-8486-c595c54b6b85 req-19b6ff39-e510-4080-80eb-b930043e2b70 tempest-TaggedBootDevicesTest_v242-1003073815 tempest-TaggedBootDevicesTest_v242-1003073815-project-member] Empty body provided in request {{(pid=97083) get_body /opt/stack/cinder/cinder/api/openstack/wsgi.py:725}}
Jul 31 21:11:44.128296 np0000006275 devstack@c-api.service[97083]: DEBUG cinder.api.openstack.wsgi [req-3b831985-59cc-4356-8486-c595c54b6b85 req-19b6ff39-e510-4080-80eb-b930043e2b70 tempest-TaggedBootDevicesTest_v242-1003073815 tempest-TaggedBootDevicesTest_v242-1003073815-project-member] Calling method 'show' {{(pid=97083) _process_stack /opt/stack/cinder/cinder/api/openstack/wsgi.py:878}}
Jul 31 21:11:44.134712 np0000006275 devstack@c-api.service[97081]: DEBUG cinder.api.middleware.request_id [None req-06dee656-a273-45a1-91d2-6862be2d82cf None None] RequestId filter calling following filter/app {{(pid=97081) _context_setter /opt/stack/cinder/cinder/api/middleware/request_id.py:62}}
Jul 31 21:11:44.136967 np0000006275 devstack@c-api.service[97081]: INFO cinder.api.openstack.wsgi [None req-06dee656-a273-45a1-91d2-6862be2d82cf None None] GET https://10.4.3.226/volume//
Jul 31 21:11:44.136967 np0000006275 devstack@c-api.service[97081]: DEBUG cinder.api.openstack.wsgi [None req-06dee656-a273-45a1-91d2-6862be2d82cf None None] Empty body provided in request {{(pid=97081) get_body /opt/stack/cinder/cinder/api/openstack/wsgi.py:725}}
Jul 31 21:11:44.136967 np0000006275 devstack@c-api.service[97081]: DEBUG cinder.api.openstack.wsgi [None req-06dee656-a273-45a1-91d2-6862be2d82cf None None] Calling method 'all' {{(pid=97081) _process_stack /opt/stack/cinder/cinder/api/openstack/wsgi.py:878}}
Jul 31 21:11:44.136967 np0000006275 devstack@c-api.service[97081]: INFO cinder.api.openstack.wsgi [None req-06dee656-a273-45a1-91d2-6862be2d82cf None None] https://10.4.3.226/volume// returned with HTTP 300
Jul 31 21:11:44.136967 np0000006275 devstack@c-api.service[97081]: [pid: 97081|app: 0|req: 22/66] 10.4.3.226 () {66 vars in 1426 bytes} [Fri Jul 31 21:11:44 2026] GET /volume/ => generated 386 bytes in 2 msecs (HTTP/1.1 300) 7 headers in 299 bytes (1 switches on core 0)
Jul 31 21:11:44.143696 np0000006275 devstack@c-api.service[97083]: /opt/stack/data/venv/lib/python3.12/site-packages/oslo_context/context.py:102: DeprecationWarning: Policy enforcement is depending on the value of is_admin. This key is deprecated. Please update your policy file to use the standard policy values.
Jul 31 21:11:44.143696 np0000006275 devstack@c-api.service[97083]: warnings.warn(
Jul 31 21:11:44.147487 np0000006275 devstack@c-api.service[97083]: INFO cinder.volume.api [req-3b831985-59cc-4356-8486-c595c54b6b85 req-19b6ff39-e510-4080-80eb-b930043e2b70 tempest-TaggedBootDevicesTest_v242-1003073815 tempest-TaggedBootDevicesTest_v242-1003073815-project-member] Volume info retrieved successfully.
Jul 31 21:11:44.150761 np0000006275 devstack@c-api.service[97084]: DEBUG cinder.api.middleware.request_id [req-464851dc-2206-4d0a-be7b-1fb107347e5c req-3fe9115e-b68e-4a90-835b-1d0bee021199 None None] RequestId filter calling following filter/app {{(pid=97084) _context_setter /opt/stack/cinder/cinder/api/middleware/request_id.py:62}}
Jul 31 21:11:44.152398 np0000006275 devstack@c-api.service[97083]: INFO cinder.api.openstack.wsgi [req-3b831985-59cc-4356-8486-c595c54b6b85 req-19b6ff39-e510-4080-80eb-b930043e2b70 tempest-TaggedBootDevicesTest_v242-1003073815 tempest-TaggedBootDevicesTest_v242-1003073815-project-member] https://10.4.3.226/volume/v3/volumes/d261e87c-20a2-4995-9bd0-e5a7e3bd43fa returned with HTTP 200
Jul 31 21:11:44.152933 np0000006275 devstack@c-api.service[97083]: [pid: 97083|app: 0|req: 23/67] 10.4.3.226 () {70 vars in 1639 bytes} [Fri Jul 31 21:11:44 2026] GET /volume/v3/volumes/d261e87c-20a2-4995-9bd0-e5a7e3bd43fa => generated 1030 bytes in 28 msecs (HTTP/1.1 200) 7 headers in 287 bytes (1 switches on core 0)
Jul 31 21:11:44.154075 np0000006275 devstack@c-api.service[97084]: INFO cinder.api.openstack.wsgi [req-464851dc-2206-4d0a-be7b-1fb107347e5c req-3fe9115e-b68e-4a90-835b-1d0bee021199 tempest-TaggedBootDevicesTest-411518548 tempest-TaggedBootDevicesTest-411518548-project-member] GET https://10.4.3.226/volume/v3/volumes/ed1e2e55-2440-4aa0-afaf-725bbef43668
Jul 31 21:11:44.155274 np0000006275 devstack@c-api.service[97084]: DEBUG cinder.api.openstack.wsgi [req-464851dc-2206-4d0a-be7b-1fb107347e5c req-3fe9115e-b68e-4a90-835b-1d0bee021199 tempest-TaggedBootDevicesTest-411518548 tempest-TaggedBootDevicesTest-411518548-project-member] Empty body provided in request {{(pid=97084) get_body /opt/stack/cinder/cinder/api/openstack/wsgi.py:725}}
Jul 31 21:11:44.157368 np0000006275 devstack@c-api.service[97084]: DEBUG cinder.api.openstack.wsgi [req-464851dc-2206-4d0a-be7b-1fb107347e5c req-3fe9115e-b68e-4a90-835b-1d0bee021199 tempest-TaggedBootDevicesTest-411518548 tempest-TaggedBootDevicesTest-411518548-project-member] Calling method 'show' {{(pid=97084) _process_stack /opt/stack/cinder/cinder/api/openstack/wsgi.py:878}}
Jul 31 21:11:44.171836 np0000006275 devstack@c-api.service[97084]: /opt/stack/data/venv/lib/python3.12/site-packages/oslo_context/context.py:102: DeprecationWarning: Policy enforcement is depending on the value of is_admin. This key is deprecated. Please update your policy file to use the standard policy values.
Jul 31 21:11:44.171836 np0000006275 devstack@c-api.service[97084]: warnings.warn(
Jul 31 21:11:44.181141 np0000006275 devstack@c-api.service[97084]: INFO cinder.volume.api [req-464851dc-2206-4d0a-be7b-1fb107347e5c req-3fe9115e-b68e-4a90-835b-1d0bee021199 tempest-TaggedBootDevicesTest-411518548 tempest-TaggedBootDevicesTest-411518548-project-member] Volume info retrieved successfully.
Jul 31 21:11:44.186282 np0000006275 devstack@c-api.service[97084]: INFO cinder.api.openstack.wsgi [req-464851dc-2206-4d0a-be7b-1fb107347e5c req-3fe9115e-b68e-4a90-835b-1d0bee021199 tempest-TaggedBootDevicesTest-411518548 tempest-TaggedBootDevicesTest-411518548-project-member] https://10.4.3.226/volume/v3/volumes/ed1e2e55-2440-4aa0-afaf-725bbef43668 returned with HTTP 200
Jul 31 21:11:44.186995 np0000006275 devstack@c-api.service[97084]: [pid: 97084|app: 0|req: 23/68] 10.4.3.226 () {70 vars in 1639 bytes} [Fri Jul 31 21:11:44 2026] GET /volume/v3/volumes/ed1e2e55-2440-4aa0-afaf-725bbef43668 => generated 1024 bytes in 37 msecs (HTTP/1.1 200) 7 headers in 287 bytes (1 switches on core 0)
Jul 31 21:11:44.284464 np0000006275 devstack@c-api.service[97081]: DEBUG cinder.api.middleware.request_id [req-3b831985-59cc-4356-8486-c595c54b6b85 req-6ae28a55-1679-47fc-b3df-161f9514b351 None None] RequestId filter calling following filter/app {{(pid=97081) _context_setter /opt/stack/cinder/cinder/api/middleware/request_id.py:62}}
Jul 31 21:11:44.288511 np0000006275 devstack@c-api.service[97081]: INFO cinder.api.openstack.wsgi [req-3b831985-59cc-4356-8486-c595c54b6b85 req-6ae28a55-1679-47fc-b3df-161f9514b351 tempest-TaggedBootDevicesTest_v242-1003073815 tempest-TaggedBootDevicesTest_v242-1003073815-project-member] PUT https://10.4.3.226/volume/v3/attachments/df1185db-9ca7-47ee-8639-6aa7fc78bf88
Jul 31 21:11:44.289805 np0000006275 devstack@c-api.service[97081]: DEBUG cinder.api.openstack.wsgi [req-3b831985-59cc-4356-8486-c595c54b6b85 req-6ae28a55-1679-47fc-b3df-161f9514b351 tempest-TaggedBootDevicesTest_v242-1003073815 tempest-TaggedBootDevicesTest_v242-1003073815-project-member] Action: 'update', calling method: version_select, body: {"attachment": {"connector": {"platform": "x86_64", "os_type": "linux", "ip": "10.4.3.226", "host": "np0000006275", "multipath": false, "enforce_multipath": true, "initiator": "iqn.2016-04.com.open-iscsi:ac5e4a49d66", "do_local_attach": false, "nvme_hostid": "defe2637-2405-4e5e-8d60-dd6072605c54", "uuid": "8515de1c-ba7e-467b-adde-6d9f8a8dbc1f", "system uuid": "fbffbe0e-1307-40e6-903a-8cdb20883fec", "nqn": "nqn.2014-08.org.nvmexpress:uuid:fbffbe0e-1307-40e6-903a-8cdb20883fec", "nvme_native_multipath": true, "found_dsc": "", "host_ips": ["10.4.3.226", "fe80::f816:3eff:fe6c:d0ba", "192.168.10.6", "fe80::f816:3eff:fe76:e259", "192.168.20.6", "fe80::f816:3eff:fe52:7c61", "192.168.30.6", "fe80::f816:3eff:fedd:3636", "192.168.122.1", "172.24.5.1", "2001:db8::2", "fe80::8067:feff:fe03:654f", "fe80::f816:3eff:fee6:1880", "fe80::f816:3eff:fef4:41f2", "fe80::f816:3eff:fed8:67a9", "fe80::f816:3eff:fe3f:46c1", "fe80::6885:73ff:fefd:ab89", "fe80::88a9:97ff:feca:93ea", "fe80::3459:f1ff:fea3:14a2", "fe80::9cdf:69ff:fe09:5fdb", "fe80::f816:3eff:fe87:9b0a", "fe80::4871:7cff:fe96:af59"], "mountpoint": "/dev/vdb"}}} {{(pid=97081) _process_stack /opt/stack/cinder/cinder/api/openstack/wsgi.py:876}}
Jul 31 21:11:44.300041 np0000006275 devstack@c-api.service[97083]: DEBUG cinder.api.middleware.request_id [req-464851dc-2206-4d0a-be7b-1fb107347e5c req-49882ab7-b5e7-48c2-852d-9f210a4d157e None None] RequestId filter calling following filter/app {{(pid=97083) _context_setter /opt/stack/cinder/cinder/api/middleware/request_id.py:62}}
Jul 31 21:11:44.304658 np0000006275 devstack@c-api.service[97083]: INFO cinder.api.openstack.wsgi [req-464851dc-2206-4d0a-be7b-1fb107347e5c req-49882ab7-b5e7-48c2-852d-9f210a4d157e tempest-TaggedBootDevicesTest-411518548 tempest-TaggedBootDevicesTest-411518548-project-member] PUT https://10.4.3.226/volume/v3/attachments/bc7a4de5-e499-4b37-a31a-484da4361c67
Jul 31 21:11:44.304658 np0000006275 devstack@c-api.service[97083]: DEBUG cinder.api.openstack.wsgi [req-464851dc-2206-4d0a-be7b-1fb107347e5c req-49882ab7-b5e7-48c2-852d-9f210a4d157e tempest-TaggedBootDevicesTest-411518548 tempest-TaggedBootDevicesTest-411518548-project-member] Action: 'update', calling method: version_select, body: {"attachment": {"connector": {"platform": "x86_64", "os_type": "linux", "ip": "10.4.3.226", "host": "np0000006275", "multipath": false, "enforce_multipath": true, "initiator": "iqn.2016-04.com.open-iscsi:ac5e4a49d66", "do_local_attach": false, "nvme_hostid": "defe2637-2405-4e5e-8d60-dd6072605c54", "uuid": "8515de1c-ba7e-467b-adde-6d9f8a8dbc1f", "system uuid": "fbffbe0e-1307-40e6-903a-8cdb20883fec", "nqn": "nqn.2014-08.org.nvmexpress:uuid:fbffbe0e-1307-40e6-903a-8cdb20883fec", "nvme_native_multipath": true, "found_dsc": "", "host_ips": ["10.4.3.226", "fe80::f816:3eff:fe6c:d0ba", "192.168.10.6", "fe80::f816:3eff:fe76:e259", "192.168.20.6", "fe80::f816:3eff:fe52:7c61", "192.168.30.6", "fe80::f816:3eff:fedd:3636", "192.168.122.1", "172.24.5.1", "2001:db8::2", "fe80::8067:feff:fe03:654f", "fe80::f816:3eff:fee6:1880", "fe80::f816:3eff:fef4:41f2", "fe80::f816:3eff:fed8:67a9", "fe80::f816:3eff:fe3f:46c1", "fe80::6885:73ff:fefd:ab89", "fe80::88a9:97ff:feca:93ea", "fe80::3459:f1ff:fea3:14a2", "fe80::9cdf:69ff:fe09:5fdb", "fe80::f816:3eff:fe87:9b0a", "fe80::4871:7cff:fe96:af59"], "mountpoint": "/dev/vdb"}}} {{(pid=97083) _process_stack /opt/stack/cinder/cinder/api/openstack/wsgi.py:876}}
Jul 31 21:11:44.304934 np0000006275 devstack@c-api.service[97081]: DEBUG cinder.coordination [req-3b831985-59cc-4356-8486-c595c54b6b85 req-6ae28a55-1679-47fc-b3df-161f9514b351 tempest-TaggedBootDevicesTest_v242-1003073815 tempest-TaggedBootDevicesTest_v242-1003073815-project-member] Acquiring lock "cinder-attachment_update-d261e87c-20a2-4995-9bd0-e5a7e3bd43fa-np0000006275" by "attachment_update" {{(pid=97081) __acquire /opt/stack/cinder/cinder/coordination.py:138}}
Jul 31 21:11:44.310327 np0000006275 devstack@c-api.service[97081]: DEBUG cinder.coordination [req-3b831985-59cc-4356-8486-c595c54b6b85 req-6ae28a55-1679-47fc-b3df-161f9514b351 tempest-TaggedBootDevicesTest_v242-1003073815 tempest-TaggedBootDevicesTest_v242-1003073815-project-member] Lock "cinder-attachment_update-d261e87c-20a2-4995-9bd0-e5a7e3bd43fa-np0000006275" acquired by "attachment_update" :: waited 0.007s {{(pid=97081) __acquire /opt/stack/cinder/cinder/coordination.py:141}}
Jul 31 21:11:44.312960 np0000006275 devstack@c-api.service[97081]: /opt/stack/data/venv/lib/python3.12/site-packages/oslo_context/context.py:102: DeprecationWarning: Policy enforcement is depending on the value of is_admin. This key is deprecated. Please update your policy file to use the standard policy values.
Jul 31 21:11:44.312960 np0000006275 devstack@c-api.service[97081]: warnings.warn(
Jul 31 21:11:44.314851 np0000006275 devstack@c-api.service[97083]: DEBUG cinder.coordination [req-464851dc-2206-4d0a-be7b-1fb107347e5c req-49882ab7-b5e7-48c2-852d-9f210a4d157e tempest-TaggedBootDevicesTest-411518548 tempest-TaggedBootDevicesTest-411518548-project-member] Acquiring lock "cinder-attachment_update-ed1e2e55-2440-4aa0-afaf-725bbef43668-np0000006275" by "attachment_update" {{(pid=97083) __acquire /opt/stack/cinder/cinder/coordination.py:138}}
