Jul 31 21:15:36.866354 np0000006275 devstack@g-api.service[99811]: DEBUG swiftclient [None req-fb0379c2-8a12-4afe-b8ba-b201b3e0bc6e tempest-VolumesActionsTest-1275154079 tempest-VolumesActionsTest-1275154079-project-member] RESP STATUS: 201 Created {{(pid=99811) http_log /opt/stack/data/venv/lib/python3.12/site-packages/swiftclient/client.py:161}}
Jul 31 21:15:36.866489 np0000006275 devstack@g-api.service[99809]: DEBUG glance.api.middleware.version_negotiation [None req-9ccc519a-f739-4de1-a00e-060368a18f9e tempest-VolumesActionsTest-1275154079 tempest-VolumesActionsTest-1275154079-project-member] Determining version of request: GET /v2/schemas/image Accept: */* {{(pid=99809) process_request /opt/stack/glance/glance/api/middleware/version_negotiation.py:44}}
Jul 31 21:15:36.866541 np0000006275 devstack@g-api.service[99811]: DEBUG swiftclient [None req-fb0379c2-8a12-4afe-b8ba-b201b3e0bc6e tempest-VolumesActionsTest-1275154079 tempest-VolumesActionsTest-1275154079-project-member] RESP HEADERS: {'Date': 'Fri, 31 Jul 2026 21:15:36 GMT', 'Server': 'Apache/2.4.58 (Ubuntu)', 'Content-Type': 'text/html; charset=UTF-8', 'Content-Length': '0', 'Etag': 'd41d8cd98f00b204e9800998ecf8427e', 'Last-Modified': 'Fri, 31 Jul 2026 21:15:37 GMT', 'X-Trans-Id': 'tx4a6d4551dc514fc2ac0f4-006a6d1078', 'X-Openstack-Request-Id': 'tx4a6d4551dc514fc2ac0f4-006a6d1078', 'Connection': 'close'} {{(pid=99811) http_log /opt/stack/data/venv/lib/python3.12/site-packages/swiftclient/client.py:162}}
Jul 31 21:15:36.866591 np0000006275 devstack@g-api.service[99809]: DEBUG glance.api.middleware.version_negotiation [None req-9ccc519a-f739-4de1-a00e-060368a18f9e tempest-VolumesActionsTest-1275154079 tempest-VolumesActionsTest-1275154079-project-member] Using url versioning {{(pid=99809) process_request /opt/stack/glance/glance/api/middleware/version_negotiation.py:57}}
Jul 31 21:15:36.866591 np0000006275 devstack@g-api.service[99809]: DEBUG glance.api.middleware.version_negotiation [None req-9ccc519a-f739-4de1-a00e-060368a18f9e tempest-VolumesActionsTest-1275154079 tempest-VolumesActionsTest-1275154079-project-member] Matched version: v2 {{(pid=99809) process_request /opt/stack/glance/glance/api/middleware/version_negotiation.py:69}}
Jul 31 21:15:36.866591 np0000006275 devstack@g-api.service[99809]: DEBUG glance.api.middleware.version_negotiation [None req-9ccc519a-f739-4de1-a00e-060368a18f9e tempest-VolumesActionsTest-1275154079 tempest-VolumesActionsTest-1275154079-project-member] new path /v2/schemas/image {{(pid=99809) process_request /opt/stack/glance/glance/api/middleware/version_negotiation.py:70}}
Jul 31 21:15:36.866744 np0000006275 devstack@g-api.service[99811]: INFO glance.location [None req-fb0379c2-8a12-4afe-b8ba-b201b3e0bc6e tempest-VolumesActionsTest-1275154079 tempest-VolumesActionsTest-1275154079-project-member] Image format matched and virtual size computed: 1073741824
Jul 31 21:15:36.869096 np0000006275 devstack@g-api.service[99809]: [pid: 99809|app: 0|req: 109/317] 127.0.0.1 () {44 vars in 1055 bytes} [Fri Jul 31 21:15:36 2026] GET /v2/schemas/image => generated 6083 bytes in 3 msecs (HTTP/1.1 200) 4 headers in 158 bytes (1 switches on core 0)
Jul 31 21:15:36.894486 np0000006275 devstack@g-api.service[99811]: DEBUG glance_store.backend [None req-fb0379c2-8a12-4afe-b8ba-b201b3e0bc6e tempest-VolumesActionsTest-1275154079 tempest-VolumesActionsTest-1275154079-project-member] Attempting to import store swift {{(pid=99811) _load_store /opt/stack/data/venv/lib/python3.12/site-packages/glance_store/backend.py:215}}
Jul 31 21:15:36.895837 np0000006275 devstack@g-api.service[99811]: DEBUG glance_store.capabilities [None req-fb0379c2-8a12-4afe-b8ba-b201b3e0bc6e tempest-VolumesActionsTest-1275154079 tempest-VolumesActionsTest-1275154079-project-member] Store glance_store._drivers.swift.store.SingleTenantStore doesn't support updating dynamic storage capabilities. Please overwrite 'update_capabilities' method of the store to implement updating logics if needed. {{(pid=99811) update_capabilities /opt/stack/data/venv/lib/python3.12/site-packages/glance_store/capabilities.py:91}}
Jul 31 21:15:36.896421 np0000006275 devstack@g-api.service[99811]: DEBUG glance_store.driver [None req-fb0379c2-8a12-4afe-b8ba-b201b3e0bc6e tempest-VolumesActionsTest-1275154079 tempest-VolumesActionsTest-1275154079-project-member] Late loading location class glance_store._drivers.swift.store.StoreLocation {{(pid=99811) get_store_location_class /opt/stack/data/venv/lib/python3.12/site-packages/glance_store/driver.py:134}}
Jul 31 21:15:36.896421 np0000006275 devstack@g-api.service[99811]: DEBUG glance_store.location [None req-fb0379c2-8a12-4afe-b8ba-b201b3e0bc6e tempest-VolumesActionsTest-1275154079 tempest-VolumesActionsTest-1275154079-project-member] Registering scheme swift+https with {'store': , 'location_class': , 'store_entry': 'swift'} {{(pid=99811) register_scheme_map /opt/stack/data/venv/lib/python3.12/site-packages/glance_store/location.py:146}}
Jul 31 21:15:36.896421 np0000006275 devstack@g-api.service[99811]: DEBUG glance_store.location [None req-fb0379c2-8a12-4afe-b8ba-b201b3e0bc6e tempest-VolumesActionsTest-1275154079 tempest-VolumesActionsTest-1275154079-project-member] Registering scheme swift+https with {'store': , 'location_class': , 'store_entry': 'swift'} {{(pid=99811) register_scheme_map /opt/stack/data/venv/lib/python3.12/site-packages/glance_store/location.py:146}}
Jul 31 21:15:36.896421 np0000006275 devstack@g-api.service[99811]: DEBUG glance_store.location [None req-fb0379c2-8a12-4afe-b8ba-b201b3e0bc6e tempest-VolumesActionsTest-1275154079 tempest-VolumesActionsTest-1275154079-project-member] Registering scheme swift with {'store': , 'location_class': , 'store_entry': 'swift'} {{(pid=99811) register_scheme_map /opt/stack/data/venv/lib/python3.12/site-packages/glance_store/location.py:146}}
Jul 31 21:15:36.896421 np0000006275 devstack@g-api.service[99811]: DEBUG glance_store.location [None req-fb0379c2-8a12-4afe-b8ba-b201b3e0bc6e tempest-VolumesActionsTest-1275154079 tempest-VolumesActionsTest-1275154079-project-member] Registering scheme swift+https with {'store': , 'location_class': , 'store_entry': 'swift'} {{(pid=99811) register_scheme_map /opt/stack/data/venv/lib/python3.12/site-packages/glance_store/location.py:146}}
Jul 31 21:15:36.896421 np0000006275 devstack@g-api.service[99811]: DEBUG glance_store.location [None req-fb0379c2-8a12-4afe-b8ba-b201b3e0bc6e tempest-VolumesActionsTest-1275154079 tempest-VolumesActionsTest-1275154079-project-member] Registering scheme swift with {'store': , 'location_class': , 'store_entry': 'swift'} {{(pid=99811) register_scheme_map /opt/stack/data/venv/lib/python3.12/site-packages/glance_store/location.py:146}}
Jul 31 21:15:36.896421 np0000006275 devstack@g-api.service[99811]: DEBUG glance_store.location [None req-fb0379c2-8a12-4afe-b8ba-b201b3e0bc6e tempest-VolumesActionsTest-1275154079 tempest-VolumesActionsTest-1275154079-project-member] Registering scheme swift+http with {'store': , 'location_class': , 'store_entry': 'swift'} {{(pid=99811) register_scheme_map /opt/stack/data/venv/lib/python3.12/site-packages/glance_store/location.py:146}}
Jul 31 21:15:36.896864 np0000006275 devstack@g-api.service[99811]: DEBUG glance_store.location [None req-fb0379c2-8a12-4afe-b8ba-b201b3e0bc6e tempest-VolumesActionsTest-1275154079 tempest-VolumesActionsTest-1275154079-project-member] Registering scheme swift+https with {'store': , 'location_class': , 'store_entry': 'swift'} {{(pid=99811) register_scheme_map /opt/stack/data/venv/lib/python3.12/site-packages/glance_store/location.py:146}}
Jul 31 21:15:36.896864 np0000006275 devstack@g-api.service[99811]: DEBUG glance_store.location [None req-fb0379c2-8a12-4afe-b8ba-b201b3e0bc6e tempest-VolumesActionsTest-1275154079 tempest-VolumesActionsTest-1275154079-project-member] Registering scheme swift with {'store': , 'location_class': , 'store_entry': 'swift'} {{(pid=99811) register_scheme_map /opt/stack/data/venv/lib/python3.12/site-packages/glance_store/location.py:146}}
Jul 31 21:15:36.896965 np0000006275 devstack@g-api.service[99811]: DEBUG glance_store.location [None req-fb0379c2-8a12-4afe-b8ba-b201b3e0bc6e tempest-VolumesActionsTest-1275154079 tempest-VolumesActionsTest-1275154079-project-member] Registering scheme swift+http with {'store': , 'location_class': , 'store_entry': 'swift'} {{(pid=99811) register_scheme_map /opt/stack/data/venv/lib/python3.12/site-packages/glance_store/location.py:146}}
Jul 31 21:15:36.897091 np0000006275 devstack@g-api.service[99811]: DEBUG glance_store.location [None req-fb0379c2-8a12-4afe-b8ba-b201b3e0bc6e tempest-VolumesActionsTest-1275154079 tempest-VolumesActionsTest-1275154079-project-member] Registering scheme swift+config with {'store': , 'location_class': , 'store_entry': 'swift'} {{(pid=99811) register_scheme_map /opt/stack/data/venv/lib/python3.12/site-packages/glance_store/location.py:146}}
Jul 31 21:15:36.897218 np0000006275 devstack@g-api.service[99811]: DEBUG glance_store.backend [None req-fb0379c2-8a12-4afe-b8ba-b201b3e0bc6e tempest-VolumesActionsTest-1275154079 tempest-VolumesActionsTest-1275154079-project-member] Skipping store.set_acls... not implemented. {{(pid=99811) set_acls /opt/stack/data/venv/lib/python3.12/site-packages/glance_store/backend.py:507}}
Jul 31 21:15:36.898919 np0000006275 devstack@g-api.service[99811]: [pid: 99811|app: 0|req: 104/318] 127.0.0.1 () {46 vars in 1158 bytes} [Fri Jul 31 21:15:35 2026] PUT /v2/images/af4d5ee8-6f13-47b2-8ab0-9a93c8a0f80b/file => generated 0 bytes in 1456 msecs (HTTP/1.1 204) 4 headers in 171 bytes (1 switches on core 0)
Jul 31 21:15:36.909025 np0000006275 devstack@g-api.service[99812]: DEBUG glance.api.middleware.version_negotiation [None req-f7ad5954-430b-4a85-a4ec-c67e17898c90 tempest-AttachVolumeShelveTestJSON-906458148 tempest-AttachVolumeShelveTestJSON-906458148-project-member] Determining version of request: GET /v2/images/af4d5ee8-6f13-47b2-8ab0-9a93c8a0f80b Accept: */* {{(pid=99812) process_request /opt/stack/glance/glance/api/middleware/version_negotiation.py:44}}
Jul 31 21:15:36.909181 np0000006275 devstack@g-api.service[99812]: DEBUG glance.api.middleware.version_negotiation [None req-f7ad5954-430b-4a85-a4ec-c67e17898c90 tempest-AttachVolumeShelveTestJSON-906458148 tempest-AttachVolumeShelveTestJSON-906458148-project-member] Using url versioning {{(pid=99812) process_request /opt/stack/glance/glance/api/middleware/version_negotiation.py:57}}
Jul 31 21:15:36.909345 np0000006275 devstack@g-api.service[99812]: DEBUG glance.api.middleware.version_negotiation [None req-f7ad5954-430b-4a85-a4ec-c67e17898c90 tempest-AttachVolumeShelveTestJSON-906458148 tempest-AttachVolumeShelveTestJSON-906458148-project-member] Matched version: v2 {{(pid=99812) process_request /opt/stack/glance/glance/api/middleware/version_negotiation.py:69}}
Jul 31 21:15:36.909435 np0000006275 devstack@g-api.service[99812]: DEBUG glance.api.middleware.version_negotiation [None req-f7ad5954-430b-4a85-a4ec-c67e17898c90 tempest-AttachVolumeShelveTestJSON-906458148 tempest-AttachVolumeShelveTestJSON-906458148-project-member] new path /v2/images/af4d5ee8-6f13-47b2-8ab0-9a93c8a0f80b {{(pid=99812) process_request /opt/stack/glance/glance/api/middleware/version_negotiation.py:70}}
Jul 31 21:15:36.920028 np0000006275 devstack@g-api.service[99812]: [pid: 99812|app: 0|req: 106/319] 127.0.0.1 () {44 vars in 1115 bytes} [Fri Jul 31 21:15:36 2026] GET /v2/images/af4d5ee8-6f13-47b2-8ab0-9a93c8a0f80b => generated 819 bytes in 10 msecs (HTTP/1.1 200) 4 headers in 157 bytes (1 switches on core 0)
Jul 31 21:15:36.930461 np0000006275 devstack@g-api.service[99809]: DEBUG glance.api.middleware.version_negotiation [None req-f7ad5954-430b-4a85-a4ec-c67e17898c90 tempest-AttachVolumeShelveTestJSON-906458148 tempest-AttachVolumeShelveTestJSON-906458148-project-member] Determining version of request: GET /v2/schemas/image Accept: */* {{(pid=99809) process_request /opt/stack/glance/glance/api/middleware/version_negotiation.py:44}}
Jul 31 21:15:36.930461 np0000006275 devstack@g-api.service[99809]: DEBUG glance.api.middleware.version_negotiation [None req-f7ad5954-430b-4a85-a4ec-c67e17898c90 tempest-AttachVolumeShelveTestJSON-906458148 tempest-AttachVolumeShelveTestJSON-906458148-project-member] Using url versioning {{(pid=99809) process_request /opt/stack/glance/glance/api/middleware/version_negotiation.py:57}}
Jul 31 21:15:36.930461 np0000006275 devstack@g-api.service[99809]: DEBUG glance.api.middleware.version_negotiation [None req-f7ad5954-430b-4a85-a4ec-c67e17898c90 tempest-AttachVolumeShelveTestJSON-906458148 tempest-AttachVolumeShelveTestJSON-906458148-project-member] Matched version: v2 {{(pid=99809) process_request /opt/stack/glance/glance/api/middleware/version_negotiation.py:69}}
Jul 31 21:15:36.930461 np0000006275 devstack@g-api.service[99809]: DEBUG glance.api.middleware.version_negotiation [None req-f7ad5954-430b-4a85-a4ec-c67e17898c90 tempest-AttachVolumeShelveTestJSON-906458148 tempest-AttachVolumeShelveTestJSON-906458148-project-member] new path /v2/schemas/image {{(pid=99809) process_request /opt/stack/glance/glance/api/middleware/version_negotiation.py:70}}
Jul 31 21:15:36.940607 np0000006275 devstack@g-api.service[99809]: [pid: 99809|app: 0|req: 110/320] 127.0.0.1 () {44 vars in 1055 bytes} [Fri Jul 31 21:15:36 2026] GET /v2/schemas/image => generated 6083 bytes in 11 msecs (HTTP/1.1 200) 4 headers in 158 bytes (1 switches on core 0)
Jul 31 21:15:36.952093 np0000006275 devstack@g-api.service[99811]: DEBUG glance.api.middleware.version_negotiation [None req-fb0379c2-8a12-4afe-b8ba-b201b3e0bc6e tempest-VolumesActionsTest-1275154079 tempest-VolumesActionsTest-1275154079-project-member] Determining version of request: GET /v2/schemas/image Accept: */* {{(pid=99811) process_request /opt/stack/glance/glance/api/middleware/version_negotiation.py:44}}
Jul 31 21:15:36.952093 np0000006275 devstack@g-api.service[99811]: DEBUG glance.api.middleware.version_negotiation [None req-fb0379c2-8a12-4afe-b8ba-b201b3e0bc6e tempest-VolumesActionsTest-1275154079 tempest-VolumesActionsTest-1275154079-project-member] Using url versioning {{(pid=99811) process_request /opt/stack/glance/glance/api/middleware/version_negotiation.py:57}}
Jul 31 21:15:36.952093 np0000006275 devstack@g-api.service[99811]: DEBUG glance.api.middleware.version_negotiation [None req-fb0379c2-8a12-4afe-b8ba-b201b3e0bc6e tempest-VolumesActionsTest-1275154079 tempest-VolumesActionsTest-1275154079-project-member] Matched version: v2 {{(pid=99811) process_request /opt/stack/glance/glance/api/middleware/version_negotiation.py:69}}
Jul 31 21:15:36.952093 np0000006275 devstack@g-api.service[99811]: DEBUG glance.api.middleware.version_negotiation [None req-fb0379c2-8a12-4afe-b8ba-b201b3e0bc6e tempest-VolumesActionsTest-1275154079 tempest-VolumesActionsTest-1275154079-project-member] new path /v2/schemas/image {{(pid=99811) process_request /opt/stack/glance/glance/api/middleware/version_negotiation.py:70}}
Jul 31 21:15:36.953854 np0000006275 devstack@g-api.service[99811]: [pid: 99811|app: 0|req: 105/321] 127.0.0.1 () {44 vars in 1055 bytes} [Fri Jul 31 21:15:36 2026] GET /v2/schemas/image => generated 6083 bytes in 3 msecs (HTTP/1.1 200) 4 headers in 158 bytes (1 switches on core 0)
Jul 31 21:15:37.528173 np0000006275 devstack@g-api.service[99812]: DEBUG glance.api.middleware.version_negotiation [None req-fb0379c2-8a12-4afe-b8ba-b201b3e0bc6e tempest-VolumesActionsTest-1275154079 tempest-VolumesActionsTest-1275154079-project-member] Determining version of request: GET /v2/images/af4d5ee8-6f13-47b2-8ab0-9a93c8a0f80b Accept: application/json {{(pid=99812) process_request /opt/stack/glance/glance/api/middleware/version_negotiation.py:44}}
Jul 31 21:15:37.528498 np0000006275 devstack@g-api.service[99812]: DEBUG glance.api.middleware.version_negotiation [None req-fb0379c2-8a12-4afe-b8ba-b201b3e0bc6e tempest-VolumesActionsTest-1275154079 tempest-VolumesActionsTest-1275154079-project-member] Using url versioning {{(pid=99812) process_request /opt/stack/glance/glance/api/middleware/version_negotiation.py:57}}
Jul 31 21:15:37.529031 np0000006275 devstack@g-api.service[99812]: DEBUG glance.api.middleware.version_negotiation [None req-fb0379c2-8a12-4afe-b8ba-b201b3e0bc6e tempest-VolumesActionsTest-1275154079 tempest-VolumesActionsTest-1275154079-project-member] Matched version: v2 {{(pid=99812) process_request /opt/stack/glance/glance/api/middleware/version_negotiation.py:69}}
Jul 31 21:15:37.529031 np0000006275 devstack@g-api.service[99812]: DEBUG glance.api.middleware.version_negotiation [None req-fb0379c2-8a12-4afe-b8ba-b201b3e0bc6e tempest-VolumesActionsTest-1275154079 tempest-VolumesActionsTest-1275154079-project-member] new path /v2/images/af4d5ee8-6f13-47b2-8ab0-9a93c8a0f80b {{(pid=99812) process_request /opt/stack/glance/glance/api/middleware/version_negotiation.py:70}}
Jul 31 21:15:37.541262 np0000006275 devstack@g-api.service[99812]: [pid: 99812|app: 0|req: 107/322] 127.0.0.1 () {40 vars in 838 bytes} [Fri Jul 31 21:15:37 2026] GET /v2/images/af4d5ee8-6f13-47b2-8ab0-9a93c8a0f80b => generated 819 bytes in 13 msecs (HTTP/1.1 200) 4 headers in 157 bytes (1 switches on core 0)
Jul 31 21:15:37.594868 np0000006275 devstack@g-api.service[99809]: DEBUG glance.api.middleware.version_negotiation [None req-fb0379c2-8a12-4afe-b8ba-b201b3e0bc6e tempest-VolumesActionsTest-1275154079 tempest-VolumesActionsTest-1275154079-project-member] Determining version of request: GET /v2/images/af4d5ee8-6f13-47b2-8ab0-9a93c8a0f80b Accept: application/json {{(pid=99809) process_request /opt/stack/glance/glance/api/middleware/version_negotiation.py:44}}
Jul 31 21:15:37.595316 np0000006275 devstack@g-api.service[99809]: DEBUG glance.api.middleware.version_negotiation [None req-fb0379c2-8a12-4afe-b8ba-b201b3e0bc6e tempest-VolumesActionsTest-1275154079 tempest-VolumesActionsTest-1275154079-project-member] Using url versioning {{(pid=99809) process_request /opt/stack/glance/glance/api/middleware/version_negotiation.py:57}}
Jul 31 21:15:37.595316 np0000006275 devstack@g-api.service[99809]: DEBUG glance.api.middleware.version_negotiation [None req-fb0379c2-8a12-4afe-b8ba-b201b3e0bc6e tempest-VolumesActionsTest-1275154079 tempest-VolumesActionsTest-1275154079-project-member] Matched version: v2 {{(pid=99809) process_request /opt/stack/glance/glance/api/middleware/version_negotiation.py:69}}
Jul 31 21:15:37.595316 np0000006275 devstack@g-api.service[99809]: DEBUG glance.api.middleware.version_negotiation [None req-fb0379c2-8a12-4afe-b8ba-b201b3e0bc6e tempest-VolumesActionsTest-1275154079 tempest-VolumesActionsTest-1275154079-project-member] new path /v2/images/af4d5ee8-6f13-47b2-8ab0-9a93c8a0f80b {{(pid=99809) process_request /opt/stack/glance/glance/api/middleware/version_negotiation.py:70}}
Jul 31 21:15:37.604575 np0000006275 devstack@g-api.service[99809]: [pid: 99809|app: 0|req: 111/323] 127.0.0.1 () {40 vars in 838 bytes} [Fri Jul 31 21:15:37 2026] GET /v2/images/af4d5ee8-6f13-47b2-8ab0-9a93c8a0f80b => generated 819 bytes in 10 msecs (HTTP/1.1 200) 4 headers in 157 bytes (1 switches on core 0)
Jul 31 21:15:37.615875 np0000006275 devstack@g-api.service[99811]: DEBUG glance.api.middleware.version_negotiation [None req-fb0379c2-8a12-4afe-b8ba-b201b3e0bc6e tempest-VolumesActionsTest-1275154079 tempest-VolumesActionsTest-1275154079-project-member] Determining version of request: DELETE /v2/images/af4d5ee8-6f13-47b2-8ab0-9a93c8a0f80b Accept: application/json {{(pid=99811) process_request /opt/stack/glance/glance/api/middleware/version_negotiation.py:44}}
Jul 31 21:15:37.616311 np0000006275 devstack@g-api.service[99811]: DEBUG glance.api.middleware.version_negotiation [None req-fb0379c2-8a12-4afe-b8ba-b201b3e0bc6e tempest-VolumesActionsTest-1275154079 tempest-VolumesActionsTest-1275154079-project-member] Using url versioning {{(pid=99811) process_request /opt/stack/glance/glance/api/middleware/version_negotiation.py:57}}
Jul 31 21:15:37.616311 np0000006275 devstack@g-api.service[99811]: DEBUG glance.api.middleware.version_negotiation [None req-fb0379c2-8a12-4afe-b8ba-b201b3e0bc6e tempest-VolumesActionsTest-1275154079 tempest-VolumesActionsTest-1275154079-project-member] Matched version: v2 {{(pid=99811) process_request /opt/stack/glance/glance/api/middleware/version_negotiation.py:69}}
Jul 31 21:15:37.616311 np0000006275 devstack@g-api.service[99811]: DEBUG glance.api.middleware.version_negotiation [None req-fb0379c2-8a12-4afe-b8ba-b201b3e0bc6e tempest-VolumesActionsTest-1275154079 tempest-VolumesActionsTest-1275154079-project-member] new path /v2/images/af4d5ee8-6f13-47b2-8ab0-9a93c8a0f80b {{(pid=99811) process_request /opt/stack/glance/glance/api/middleware/version_negotiation.py:70}}
Jul 31 21:15:37.625071 np0000006275 devstack@g-api.service[99812]: DEBUG glance.api.middleware.version_negotiation [None req-2d4bf572-b6d4-4ac0-bd21-aa33048cc5c1 tempest-VolumesActionsTest-1275154079 tempest-VolumesActionsTest-1275154079-project-member] Determining version of request: GET /v2/images/b0b2aaf3-b593-40f5-a887-cd83dc254d98 Accept: application/json {{(pid=99812) process_request /opt/stack/glance/glance/api/middleware/version_negotiation.py:44}}
Jul 31 21:15:37.625219 np0000006275 devstack@g-api.service[99812]: DEBUG glance.api.middleware.version_negotiation [None req-2d4bf572-b6d4-4ac0-bd21-aa33048cc5c1 tempest-VolumesActionsTest-1275154079 tempest-VolumesActionsTest-1275154079-project-member] Using url versioning {{(pid=99812) process_request /opt/stack/glance/glance/api/middleware/version_negotiation.py:57}}
Jul 31 21:15:37.625405 np0000006275 devstack@g-api.service[99812]: DEBUG glance.api.middleware.version_negotiation [None req-2d4bf572-b6d4-4ac0-bd21-aa33048cc5c1 tempest-VolumesActionsTest-1275154079 tempest-VolumesActionsTest-1275154079-project-member] Matched version: v2 {{(pid=99812) process_request /opt/stack/glance/glance/api/middleware/version_negotiation.py:69}}
Jul 31 21:15:37.625548 np0000006275 devstack@g-api.service[99812]: DEBUG glance.api.middleware.version_negotiation [None req-2d4bf572-b6d4-4ac0-bd21-aa33048cc5c1 tempest-VolumesActionsTest-1275154079 tempest-VolumesActionsTest-1275154079-project-member] new path /v2/images/b0b2aaf3-b593-40f5-a887-cd83dc254d98 {{(pid=99812) process_request /opt/stack/glance/glance/api/middleware/version_negotiation.py:70}}
Jul 31 21:15:37.628487 np0000006275 devstack@g-api.service[99811]: WARNING glance.api.v2.images [None req-f2847cbf-551b-46c2-95cd-cc766e64553f tempest-VolumesActionsTest-1275154079 tempest-VolumesActionsTest-1275154079-project-member] After upload to backend, deletion of staged image data has failed because it cannot be found at /tmp/staging//af4d5ee8-6f13-47b2-8ab0-9a93c8a0f80b
Jul 31 21:15:37.629051 np0000006275 devstack@g-api.service[99811]: DEBUG glance_store.backend [None req-f2847cbf-551b-46c2-95cd-cc766e64553f tempest-VolumesActionsTest-1275154079 tempest-VolumesActionsTest-1275154079-project-member] Attempting to import store swift {{(pid=99811) _load_store /opt/stack/data/venv/lib/python3.12/site-packages/glance_store/backend.py:215}}
Jul 31 21:15:37.630297 np0000006275 devstack@g-api.service[99811]: DEBUG glance_store.capabilities [None req-f2847cbf-551b-46c2-95cd-cc766e64553f tempest-VolumesActionsTest-1275154079 tempest-VolumesActionsTest-1275154079-project-member] Store glance_store._drivers.swift.store.SingleTenantStore doesn't support updating dynamic storage capabilities. Please overwrite 'update_capabilities' method of the store to implement updating logics if needed. {{(pid=99811) update_capabilities /opt/stack/data/venv/lib/python3.12/site-packages/glance_store/capabilities.py:91}}
Jul 31 21:15:37.630418 np0000006275 devstack@g-api.service[99811]: DEBUG glance_store.driver [None req-f2847cbf-551b-46c2-95cd-cc766e64553f tempest-VolumesActionsTest-1275154079 tempest-VolumesActionsTest-1275154079-project-member] Late loading location class glance_store._drivers.swift.store.StoreLocation {{(pid=99811) get_store_location_class /opt/stack/data/venv/lib/python3.12/site-packages/glance_store/driver.py:134}}
Jul 31 21:15:37.630418 np0000006275 devstack@g-api.service[99811]: DEBUG glance_store.location [None req-f2847cbf-551b-46c2-95cd-cc766e64553f tempest-VolumesActionsTest-1275154079 tempest-VolumesActionsTest-1275154079-project-member] Registering scheme swift+https with {'store': , 'location_class': , 'store_entry': 'swift'} {{(pid=99811) register_scheme_map /opt/stack/data/venv/lib/python3.12/site-packages/glance_store/location.py:146}}
Jul 31 21:15:37.630497 np0000006275 devstack@g-api.service[99811]: DEBUG glance_store.location [None req-f2847cbf-551b-46c2-95cd-cc766e64553f tempest-VolumesActionsTest-1275154079 tempest-VolumesActionsTest-1275154079-project-member] Registering scheme swift+https with {'store': , 'location_class': , 'store_entry': 'swift'} {{(pid=99811) register_scheme_map /opt/stack/data/venv/lib/python3.12/site-packages/glance_store/location.py:146}}
Jul 31 21:15:37.630596 np0000006275 devstack@g-api.service[99811]: DEBUG glance_store.location [None req-f2847cbf-551b-46c2-95cd-cc766e64553f tempest-VolumesActionsTest-1275154079 tempest-VolumesActionsTest-1275154079-project-member] Registering scheme swift with {'store': , 'location_class': , 'store_entry': 'swift'} {{(pid=99811) register_scheme_map /opt/stack/data/venv/lib/python3.12/site-packages/glance_store/location.py:146}}
Jul 31 21:15:37.630727 np0000006275 devstack@g-api.service[99811]: DEBUG glance_store.location [None req-f2847cbf-551b-46c2-95cd-cc766e64553f tempest-VolumesActionsTest-1275154079 tempest-VolumesActionsTest-1275154079-project-member] Registering scheme swift+https with {'store': , 'location_class': , 'store_entry': 'swift'} {{(pid=99811) register_scheme_map /opt/stack/data/venv/lib/python3.12/site-packages/glance_store/location.py:146}}
Jul 31 21:15:37.630788 np0000006275 devstack@g-api.service[99811]: DEBUG glance_store.location [None req-f2847cbf-551b-46c2-95cd-cc766e64553f tempest-VolumesActionsTest-1275154079 tempest-VolumesActionsTest-1275154079-project-member] Registering scheme swift with {'store': , 'location_class': , 'store_entry': 'swift'} {{(pid=99811) register_scheme_map /opt/stack/data/venv/lib/python3.12/site-packages/glance_store/location.py:146}}
Jul 31 21:15:37.630839 np0000006275 devstack@g-api.service[99811]: DEBUG glance_store.location [None req-f2847cbf-551b-46c2-95cd-cc766e64553f tempest-VolumesActionsTest-1275154079 tempest-VolumesActionsTest-1275154079-project-member] Registering scheme swift+http with {'store': , 'location_class': , 'store_entry': 'swift'} {{(pid=99811) register_scheme_map /opt/stack/data/venv/lib/python3.12/site-packages/glance_store/location.py:146}}
Jul 31 21:15:37.630896 np0000006275 devstack@g-api.service[99811]: DEBUG glance_store.location [None req-f2847cbf-551b-46c2-95cd-cc766e64553f tempest-VolumesActionsTest-1275154079 tempest-VolumesActionsTest-1275154079-project-member] Registering scheme swift+https with {'store': , 'location_class': , 'store_entry': 'swift'} {{(pid=99811) register_scheme_map /opt/stack/data/venv/lib/python3.12/site-packages/glance_store/location.py:146}}
Jul 31 21:15:37.630965 np0000006275 devstack@g-api.service[99811]: DEBUG glance_store.location [None req-f2847cbf-551b-46c2-95cd-cc766e64553f tempest-VolumesActionsTest-1275154079 tempest-VolumesActionsTest-1275154079-project-member] Registering scheme swift with {'store': , 'location_class': , 'store_entry': 'swift'} {{(pid=99811) register_scheme_map /opt/stack/data/venv/lib/python3.12/site-packages/glance_store/location.py:146}}
Jul 31 21:15:37.631024 np0000006275 devstack@g-api.service[99811]: DEBUG glance_store.location [None req-f2847cbf-551b-46c2-95cd-cc766e64553f tempest-VolumesActionsTest-1275154079 tempest-VolumesActionsTest-1275154079-project-member] Registering scheme swift+http with {'store': , 'location_class': , 'store_entry': 'swift'} {{(pid=99811) register_scheme_map /opt/stack/data/venv/lib/python3.12/site-packages/glance_store/location.py:146}}
Jul 31 21:15:37.631114 np0000006275 devstack@g-api.service[99811]: DEBUG glance_store.location [None req-f2847cbf-551b-46c2-95cd-cc766e64553f tempest-VolumesActionsTest-1275154079 tempest-VolumesActionsTest-1275154079-project-member] Registering scheme swift+config with {'store': , 'location_class': , 'store_entry': 'swift'} {{(pid=99811) register_scheme_map /opt/stack/data/venv/lib/python3.12/site-packages/glance_store/location.py:146}}
Jul 31 21:15:37.631647 np0000006275 devstack@g-api.service[99811]: DEBUG keystoneclient.auth.identity.v3.base [None req-f2847cbf-551b-46c2-95cd-cc766e64553f tempest-VolumesActionsTest-1275154079 tempest-VolumesActionsTest-1275154079-project-member] Making authentication request to https://10.4.3.226/identity/v3/auth/tokens {{(pid=99811) get_auth_ref /opt/stack/data/venv/lib/python3.12/site-packages/keystoneclient/auth/identity/v3/base.py:185}}
Jul 31 21:15:37.637294 np0000006275 devstack@g-api.service[99812]: [pid: 99812|app: 0|req: 108/324] 127.0.0.1 () {40 vars in 838 bytes} [Fri Jul 31 21:15:37 2026] GET /v2/images/b0b2aaf3-b593-40f5-a887-cd83dc254d98 => generated 1044 bytes in 12 msecs (HTTP/1.1 200) 4 headers in 158 bytes (1 switches on core 0)
Jul 31 21:15:37.656194 np0000006275 devstack@g-api.service[99809]: DEBUG glance.api.middleware.version_negotiation [None req-151d85be-af51-400c-a052-56750fb7e7d9 tempest-VolumesActionsTest-1275154079 tempest-VolumesActionsTest-1275154079-project-member] Determining version of request: GET /v2/images/b0b2aaf3-b593-40f5-a887-cd83dc254d98 Accept: */* {{(pid=99809) process_request /opt/stack/glance/glance/api/middleware/version_negotiation.py:44}}
Jul 31 21:15:37.656350 np0000006275 devstack@g-api.service[99809]: DEBUG glance.api.middleware.version_negotiation [None req-151d85be-af51-400c-a052-56750fb7e7d9 tempest-VolumesActionsTest-1275154079 tempest-VolumesActionsTest-1275154079-project-member] Using url versioning {{(pid=99809) process_request /opt/stack/glance/glance/api/middleware/version_negotiation.py:57}}
Jul 31 21:15:37.656472 np0000006275 devstack@g-api.service[99809]: DEBUG glance.api.middleware.version_negotiation [None req-151d85be-af51-400c-a052-56750fb7e7d9 tempest-VolumesActionsTest-1275154079 tempest-VolumesActionsTest-1275154079-project-member] Matched version: v2 {{(pid=99809) process_request /opt/stack/glance/glance/api/middleware/version_negotiation.py:69}}
Jul 31 21:15:37.656577 np0000006275 devstack@g-api.service[99809]: DEBUG glance.api.middleware.version_negotiation [None req-151d85be-af51-400c-a052-56750fb7e7d9 tempest-VolumesActionsTest-1275154079 tempest-VolumesActionsTest-1275154079-project-member] new path /v2/images/b0b2aaf3-b593-40f5-a887-cd83dc254d98 {{(pid=99809) process_request /opt/stack/glance/glance/api/middleware/version_negotiation.py:70}}
Jul 31 21:15:37.668424 np0000006275 devstack@g-api.service[99809]: [pid: 99809|app: 0|req: 112/325] 127.0.0.1 () {44 vars in 1115 bytes} [Fri Jul 31 21:15:37 2026] GET /v2/images/b0b2aaf3-b593-40f5-a887-cd83dc254d98 => generated 1044 bytes in 12 msecs (HTTP/1.1 200) 4 headers in 158 bytes (1 switches on core 0)
Jul 31 21:15:37.675117 np0000006275 devstack@g-api.service[99812]: DEBUG glance.api.middleware.version_negotiation [None req-32eaf005-1a55-4c2a-b5b7-0ec8744da90e tempest-VolumesBackupsTest-1285084284 tempest-VolumesBackupsTest-1285084284-project-member] Determining version of request: GET /v2/schemas/image Accept: */* {{(pid=99812) process_request /opt/stack/glance/glance/api/middleware/version_negotiation.py:44}}
Jul 31 21:15:37.675263 np0000006275 devstack@g-api.service[99812]: DEBUG glance.api.middleware.version_negotiation [None req-32eaf005-1a55-4c2a-b5b7-0ec8744da90e tempest-VolumesBackupsTest-1285084284 tempest-VolumesBackupsTest-1285084284-project-member] Using url versioning {{(pid=99812) process_request /opt/stack/glance/glance/api/middleware/version_negotiation.py:57}}
Jul 31 21:15:37.675351 np0000006275 devstack@g-api.service[99812]: DEBUG glance.api.middleware.version_negotiation [None req-32eaf005-1a55-4c2a-b5b7-0ec8744da90e tempest-VolumesBackupsTest-1285084284 tempest-VolumesBackupsTest-1285084284-project-member] Matched version: v2 {{(pid=99812) process_request /opt/stack/glance/glance/api/middleware/version_negotiation.py:69}}
Jul 31 21:15:37.675453 np0000006275 devstack@g-api.service[99812]: DEBUG glance.api.middleware.version_negotiation [None req-32eaf005-1a55-4c2a-b5b7-0ec8744da90e tempest-VolumesBackupsTest-1285084284 tempest-VolumesBackupsTest-1285084284-project-member] new path /v2/schemas/image {{(pid=99812) process_request /opt/stack/glance/glance/api/middleware/version_negotiation.py:70}}
Jul 31 21:15:37.679272 np0000006275 devstack@g-api.service[99812]: [pid: 99812|app: 0|req: 109/326] 127.0.0.1 () {44 vars in 1055 bytes} [Fri Jul 31 21:15:37 2026] GET /v2/schemas/image => generated 6083 bytes in 4 msecs (HTTP/1.1 200) 4 headers in 158 bytes (1 switches on core 0)
Jul 31 21:15:37.689489 np0000006275 devstack@g-api.service[99809]: DEBUG glance.api.middleware.version_negotiation [None req-3b7f124b-be80-4460-9ebd-75069d8d93e1 tempest-VolumesBackupsTest-1285084284 tempest-VolumesBackupsTest-1285084284-project-member] Determining version of request: GET /v2/schemas/image Accept: */* {{(pid=99809) process_request /opt/stack/glance/glance/api/middleware/version_negotiation.py:44}}
Jul 31 21:15:37.689803 np0000006275 devstack@g-api.service[99809]: DEBUG glance.api.middleware.version_negotiation [None req-3b7f124b-be80-4460-9ebd-75069d8d93e1 tempest-VolumesBackupsTest-1285084284 tempest-VolumesBackupsTest-1285084284-project-member] Using url versioning {{(pid=99809) process_request /opt/stack/glance/glance/api/middleware/version_negotiation.py:57}}
Jul 31 21:15:37.689994 np0000006275 devstack@g-api.service[99809]: DEBUG glance.api.middleware.version_negotiation [None req-3b7f124b-be80-4460-9ebd-75069d8d93e1 tempest-VolumesBackupsTest-1285084284 tempest-VolumesBackupsTest-1285084284-project-member] Matched version: v2 {{(pid=99809) process_request /opt/stack/glance/glance/api/middleware/version_negotiation.py:69}}
Jul 31 21:15:37.690122 np0000006275 devstack@g-api.service[99809]: DEBUG glance.api.middleware.version_negotiation [None req-3b7f124b-be80-4460-9ebd-75069d8d93e1 tempest-VolumesBackupsTest-1285084284 tempest-VolumesBackupsTest-1285084284-project-member] new path /v2/schemas/image {{(pid=99809) process_request /opt/stack/glance/glance/api/middleware/version_negotiation.py:70}}
Jul 31 21:15:37.705757 np0000006275 devstack@g-api.service[99809]: [pid: 99809|app: 0|req: 113/327] 127.0.0.1 () {44 vars in 1055 bytes} [Fri Jul 31 21:15:37 2026] GET /v2/schemas/image => generated 6083 bytes in 16 msecs (HTTP/1.1 200) 4 headers in 158 bytes (1 switches on core 0)
Jul 31 21:15:37.714095 np0000006275 devstack@g-api.service[99812]: DEBUG glance.api.middleware.version_negotiation [None req-3b7f124b-be80-4460-9ebd-75069d8d93e1 tempest-VolumesBackupsTest-1285084284 tempest-VolumesBackupsTest-1285084284-project-member] Determining version of request: GET /v2/images/b0b2aaf3-b593-40f5-a887-cd83dc254d98 Accept: */* {{(pid=99812) process_request /opt/stack/glance/glance/api/middleware/version_negotiation.py:44}}
Jul 31 21:15:37.714234 np0000006275 devstack@g-api.service[99812]: DEBUG glance.api.middleware.version_negotiation [None req-3b7f124b-be80-4460-9ebd-75069d8d93e1 tempest-VolumesBackupsTest-1285084284 tempest-VolumesBackupsTest-1285084284-project-member] Using url versioning {{(pid=99812) process_request /opt/stack/glance/glance/api/middleware/version_negotiation.py:57}}
Jul 31 21:15:37.714374 np0000006275 devstack@g-api.service[99812]: DEBUG glance.api.middleware.version_negotiation [None req-3b7f124b-be80-4460-9ebd-75069d8d93e1 tempest-VolumesBackupsTest-1285084284 tempest-VolumesBackupsTest-1285084284-project-member] Matched version: v2 {{(pid=99812) process_request /opt/stack/glance/glance/api/middleware/version_negotiation.py:69}}
Jul 31 21:15:37.714460 np0000006275 devstack@g-api.service[99812]: DEBUG glance.api.middleware.version_negotiation [None req-3b7f124b-be80-4460-9ebd-75069d8d93e1 tempest-VolumesBackupsTest-1285084284 tempest-VolumesBackupsTest-1285084284-project-member] new path /v2/images/b0b2aaf3-b593-40f5-a887-cd83dc254d98 {{(pid=99812) process_request /opt/stack/glance/glance/api/middleware/version_negotiation.py:70}}
Jul 31 21:15:37.715065 np0000006275 devstack@g-api.service[99811]: DEBUG keystoneclient.auth.identity.v3.base [None req-f2847cbf-551b-46c2-95cd-cc766e64553f tempest-VolumesActionsTest-1275154079 tempest-VolumesActionsTest-1275154079-project-member] {"token": {"methods": ["password"], "user": {"domain": {"id": "default", "name": "Default"}, "id": "7b510502443c4934b0a157bf1dcf4f14", "name": "glance-swift", "password_expires_at": null}, "audit_ids": ["0XToyYcdRlCxi6gVZiDzyg"], "expires_at": "2026-07-31T22:15:37.000000Z", "issued_at": "2026-07-31T21:15:37.000000Z", "project": {"domain": {"id": "default", "name": "Default"}, "id": "d2cb79eee0e0414fa1b58099446fca3b", "name": "service"}, "is_domain": false, "roles": [{"id": "cb76e02a800f42c4962d19aaf43fd426", "name": "service"}, {"id": "b5298879779e49bbb15c5ca423628b98", "name": "ResellerAdmin"}], "catalog": [{"endpoints": [{"id": "6f7a5d89dba74e87b8f8dc70a41f249c", "interface": "public", "region_id": "RegionOne", "url": "https://10.4.3.226/compute/v2.1", "region": "RegionOne"}], "id": "0f9662493d5f4cb9a587745793bd1c66", "type": "compute", "name": "nova"}, {"endpoints": [{"id": "9cd8870051d04b6f9de39846ed50115d", "interface": "public", "region_id": "RegionOne", "url": "https://10.4.3.226/identity", "region": "RegionOne"}], "id": "1c7761c1231740b2bc4f2f8023538d78", "type": "identity", "name": "keystone"}, {"endpoints": [{"id": "d239d054982d48738a045cd12c9f28b9", "interface": "public", "region_id": "RegionOne", "url": "https://10.4.3.226/networking", "region": "RegionOne"}], "id": "2a601e7d9c6e45fc96bddd1f9885cfd4", "type": "network", "name": "neutron"}, {"endpoints": [{"id": "96c570b043d04cd1b59e5ca7cd3f9e17", "interface": "public", "region_id": "RegionOne", "url": "https://10.4.3.226/volume/v3", "region": "RegionOne"}], "id": "7b54711fafb34236a66d9e99d87b8c07", "type": "block-storage", "name": "cinder"}, {"endpoints": [{"id": "27728ad69e944bdc9b2d8f64b2a9ee6f", "interface": "public", "region_id": "RegionOne", "url": "https://10.4.3.226/image", "region": "RegionOne"}], "id": "90587e7cb0b84775b70d098cf1ceb61f", "type": "image", "name": "glance"}, {"endpoints": [{"id": "00400fcfb00b4dc8909b01befb1ab489", "interface": "public", "region_id": "RegionOne", "url": "https://10.4.3.226/placement", "region": "RegionOne"}], "id": "aacf98e1709c4596833cff99fd60693b", "type": "placement", "name": "placement"}, {"endpoints": [{"id": "c4fd3ca6dbb3436daea69ae571080186", "interface": "public", "region_id": "RegionOne", "url": "https://10.4.3.226/compute/v2/d2cb79eee0e0414fa1b58099446fca3b", "region": "RegionOne"}], "id": "aafb4effa7aa4a219d5ea5b1fab53133", "type": "compute_legacy", "name": "nova_legacy"}, {"endpoints": [{"id": "100ed79cc99941c98e33b88eaf1a2eed", "interface": "public", "region_id": "RegionOne", "url": "https://10.4.3.226:8080/v1/AUTH_d2cb79eee0e0414fa1b58099446fca3b", "region": "RegionOne"}, {"id": "69ad4f09f3cb43329f0cb2130f4974ae", "interface": "admin", "region_id": "RegionOne", "url": "https://10.4.3.226:8080", "region": "RegionOne"}], "id": "e435a64c2a904dcfabc1654a8de643cb", "type": "object-store", "name": "swift"}]}} {{(pid=99811) get_auth_ref /opt/stack/data/venv/lib/python3.12/site-packages/keystoneclient/auth/identity/v3/base.py:190}}
Jul 31 21:15:37.715592 np0000006275 devstack@g-api.service[99811]: DEBUG keystoneclient.httpclient [None req-f2847cbf-551b-46c2-95cd-cc766e64553f tempest-VolumesActionsTest-1275154079 tempest-VolumesActionsTest-1275154079-project-member] Failed to find endpoint for management url admin endpoint for identity service not found {{(pid=99811) _process_management_url /opt/stack/data/venv/lib/python3.12/site-packages/keystoneclient/httpclient.py:670}}
Jul 31 21:15:37.728468 np0000006275 devstack@g-api.service[99812]: [pid: 99812|app: 0|req: 110/328] 127.0.0.1 () {44 vars in 1115 bytes} [Fri Jul 31 21:15:37 2026] GET /v2/images/b0b2aaf3-b593-40f5-a887-cd83dc254d98 => generated 1044 bytes in 14 msecs (HTTP/1.1 200) 4 headers in 158 bytes (1 switches on core 0)
Jul 31 21:15:37.736224 np0000006275 devstack@g-api.service[99809]: DEBUG glance.api.middleware.version_negotiation [None req-3b7f124b-be80-4460-9ebd-75069d8d93e1 tempest-VolumesBackupsTest-1285084284 tempest-VolumesBackupsTest-1285084284-project-member] Determining version of request: GET /v2/schemas/image Accept: */* {{(pid=99809) process_request /opt/stack/glance/glance/api/middleware/version_negotiation.py:44}}
Jul 31 21:15:37.736452 np0000006275 devstack@g-api.service[99809]: DEBUG glance.api.middleware.version_negotiation [None req-3b7f124b-be80-4460-9ebd-75069d8d93e1 tempest-VolumesBackupsTest-1285084284 tempest-VolumesBackupsTest-1285084284-project-member] Using url versioning {{(pid=99809) process_request /opt/stack/glance/glance/api/middleware/version_negotiation.py:57}}
Jul 31 21:15:37.736588 np0000006275 devstack@g-api.service[99809]: DEBUG glance.api.middleware.version_negotiation [None req-3b7f124b-be80-4460-9ebd-75069d8d93e1 tempest-VolumesBackupsTest-1285084284 tempest-VolumesBackupsTest-1285084284-project-member] Matched version: v2 {{(pid=99809) process_request /opt/stack/glance/glance/api/middleware/version_negotiation.py:69}}
Jul 31 21:15:37.736738 np0000006275 devstack@g-api.service[99809]: DEBUG glance.api.middleware.version_negotiation [None req-3b7f124b-be80-4460-9ebd-75069d8d93e1 tempest-VolumesBackupsTest-1285084284 tempest-VolumesBackupsTest-1285084284-project-member] new path /v2/schemas/image {{(pid=99809) process_request /opt/stack/glance/glance/api/middleware/version_negotiation.py:70}}
Jul 31 21:15:37.739254 np0000006275 devstack@g-api.service[99809]: [pid: 99809|app: 0|req: 114/329] 127.0.0.1 () {44 vars in 1055 bytes} [Fri Jul 31 21:15:37 2026] GET /v2/schemas/image => generated 6083 bytes in 3 msecs (HTTP/1.1 200) 4 headers in 158 bytes (1 switches on core 0)
Jul 31 21:15:37.747171 np0000006275 devstack@g-api.service[99812]: DEBUG glance.api.middleware.version_negotiation [None req-3b7f124b-be80-4460-9ebd-75069d8d93e1 tempest-VolumesBackupsTest-1285084284 tempest-VolumesBackupsTest-1285084284-project-member] Determining version of request: GET /v2/schemas/image Accept: */* {{(pid=99812) process_request /opt/stack/glance/glance/api/middleware/version_negotiation.py:44}}
Jul 31 21:15:37.747389 np0000006275 devstack@g-api.service[99812]: DEBUG glance.api.middleware.version_negotiation [None req-3b7f124b-be80-4460-9ebd-75069d8d93e1 tempest-VolumesBackupsTest-1285084284 tempest-VolumesBackupsTest-1285084284-project-member] Using url versioning {{(pid=99812) process_request /opt/stack/glance/glance/api/middleware/version_negotiation.py:57}}
Jul 31 21:15:37.747573 np0000006275 devstack@g-api.service[99812]: DEBUG glance.api.middleware.version_negotiation [None req-3b7f124b-be80-4460-9ebd-75069d8d93e1 tempest-VolumesBackupsTest-1285084284 tempest-VolumesBackupsTest-1285084284-project-member] Matched version: v2 {{(pid=99812) process_request /opt/stack/glance/glance/api/middleware/version_negotiation.py:69}}
Jul 31 21:15:37.747753 np0000006275 devstack@g-api.service[99812]: DEBUG glance.api.middleware.version_negotiation [None req-3b7f124b-be80-4460-9ebd-75069d8d93e1 tempest-VolumesBackupsTest-1285084284 tempest-VolumesBackupsTest-1285084284-project-member] new path /v2/schemas/image {{(pid=99812) process_request /opt/stack/glance/glance/api/middleware/version_negotiation.py:70}}
Jul 31 21:15:37.752016 np0000006275 devstack@g-api.service[99812]: [pid: 99812|app: 0|req: 111/330] 127.0.0.1 () {44 vars in 1055 bytes} [Fri Jul 31 21:15:37 2026] GET /v2/schemas/image => generated 6083 bytes in 5 msecs (HTTP/1.1 200) 4 headers in 158 bytes (1 switches on core 0)
Jul 31 21:15:37.780494 np0000006275 devstack@g-api.service[99809]: DEBUG glance.api.middleware.version_negotiation [None req-3b7f124b-be80-4460-9ebd-75069d8d93e1 tempest-VolumesBackupsTest-1285084284 tempest-VolumesBackupsTest-1285084284-project-member] Determining version of request: GET /v2/images/b0b2aaf3-b593-40f5-a887-cd83dc254d98 Accept: */* {{(pid=99809) process_request /opt/stack/glance/glance/api/middleware/version_negotiation.py:44}}
Jul 31 21:15:37.780801 np0000006275 devstack@g-api.service[99809]: DEBUG glance.api.middleware.version_negotiation [None req-3b7f124b-be80-4460-9ebd-75069d8d93e1 tempest-VolumesBackupsTest-1285084284 tempest-VolumesBackupsTest-1285084284-project-member] Using url versioning {{(pid=99809) process_request /opt/stack/glance/glance/api/middleware/version_negotiation.py:57}}
Jul 31 21:15:37.781716 np0000006275 devstack@g-api.service[99809]: DEBUG glance.api.middleware.version_negotiation [None req-3b7f124b-be80-4460-9ebd-75069d8d93e1 tempest-VolumesBackupsTest-1285084284 tempest-VolumesBackupsTest-1285084284-project-member] Matched version: v2 {{(pid=99809) process_request /opt/stack/glance/glance/api/middleware/version_negotiation.py:69}}
Jul 31 21:15:37.781804 np0000006275 devstack@g-api.service[99809]: DEBUG glance.api.middleware.version_negotiation [None req-3b7f124b-be80-4460-9ebd-75069d8d93e1 tempest-VolumesBackupsTest-1285084284 tempest-VolumesBackupsTest-1285084284-project-member] new path /v2/images/b0b2aaf3-b593-40f5-a887-cd83dc254d98 {{(pid=99809) process_request /opt/stack/glance/glance/api/middleware/version_negotiation.py:70}}
Jul 31 21:15:37.806244 np0000006275 devstack@g-api.service[99809]: [pid: 99809|app: 0|req: 115/331] 127.0.0.1 () {44 vars in 1115 bytes} [Fri Jul 31 21:15:37 2026] GET /v2/images/b0b2aaf3-b593-40f5-a887-cd83dc254d98 => generated 1044 bytes in 26 msecs (HTTP/1.1 200) 4 headers in 158 bytes (1 switches on core 0)
Jul 31 21:15:37.822226 np0000006275 devstack@g-api.service[99812]: DEBUG glance.api.middleware.version_negotiation [None req-3b7f124b-be80-4460-9ebd-75069d8d93e1 tempest-VolumesBackupsTest-1285084284 tempest-VolumesBackupsTest-1285084284-project-member] Determining version of request: GET /v2/schemas/image Accept: */* {{(pid=99812) process_request /opt/stack/glance/glance/api/middleware/version_negotiation.py:44}}
Jul 31 21:15:37.824862 np0000006275 devstack@g-api.service[99812]: DEBUG glance.api.middleware.version_negotiation [None req-3b7f124b-be80-4460-9ebd-75069d8d93e1 tempest-VolumesBackupsTest-1285084284 tempest-VolumesBackupsTest-1285084284-project-member] Using url versioning {{(pid=99812) process_request /opt/stack/glance/glance/api/middleware/version_negotiation.py:57}}
Jul 31 21:15:37.824862 np0000006275 devstack@g-api.service[99812]: DEBUG glance.api.middleware.version_negotiation [None req-3b7f124b-be80-4460-9ebd-75069d8d93e1 tempest-VolumesBackupsTest-1285084284 tempest-VolumesBackupsTest-1285084284-project-member] Matched version: v2 {{(pid=99812) process_request /opt/stack/glance/glance/api/middleware/version_negotiation.py:69}}
Jul 31 21:15:37.824862 np0000006275 devstack@g-api.service[99812]: DEBUG glance.api.middleware.version_negotiation [None req-3b7f124b-be80-4460-9ebd-75069d8d93e1 tempest-VolumesBackupsTest-1285084284 tempest-VolumesBackupsTest-1285084284-project-member] new path /v2/schemas/image {{(pid=99812) process_request /opt/stack/glance/glance/api/middleware/version_negotiation.py:70}}
Jul 31 21:15:37.826309 np0000006275 devstack@g-api.service[99812]: [pid: 99812|app: 0|req: 112/332] 127.0.0.1 () {44 vars in 1055 bytes} [Fri Jul 31 21:15:37 2026] GET /v2/schemas/image => generated 6083 bytes in 4 msecs (HTTP/1.1 200) 4 headers in 158 bytes (1 switches on core 0)
Jul 31 21:15:37.959185 np0000006275 devstack@g-api.service[99811]: DEBUG swiftclient [None req-f2847cbf-551b-46c2-95cd-cc766e64553f tempest-VolumesActionsTest-1275154079 tempest-VolumesActionsTest-1275154079-project-member] REQ: curl -i https://10.4.3.226:8080/v1/AUTH_d2cb79eee0e0414fa1b58099446fca3b/glance/af4d5ee8-6f13-47b2-8ab0-9a93c8a0f80b -I -H "X-Auth-Token: gAAAAABqbRB5aOTx..." {{(pid=99811) http_log /opt/stack/data/venv/lib/python3.12/site-packages/swiftclient/client.py:160}}
Jul 31 21:15:37.959185 np0000006275 devstack@g-api.service[99811]: DEBUG swiftclient [None req-f2847cbf-551b-46c2-95cd-cc766e64553f tempest-VolumesActionsTest-1275154079 tempest-VolumesActionsTest-1275154079-project-member] RESP STATUS: 200 OK {{(pid=99811) http_log /opt/stack/data/venv/lib/python3.12/site-packages/swiftclient/client.py:161}}
Jul 31 21:15:37.959335 np0000006275 devstack@g-api.service[99811]: DEBUG swiftclient [None req-f2847cbf-551b-46c2-95cd-cc766e64553f tempest-VolumesActionsTest-1275154079 tempest-VolumesActionsTest-1275154079-project-member] RESP HEADERS: {'Date': 'Fri, 31 Jul 2026 21:15:37 GMT', 'Server': 'Apache/2.4.58 (Ubuntu)', 'Content-Type': 'application/octet-stream', 'Content-Length': '197120', 'X-Object-Manifest': 'glance/af4d5ee8-6f13-47b2-8ab0-9a93c8a0f80b-', 'Last-Modified': 'Fri, 31 Jul 2026 21:15:37 GMT', 'X-Timestamp': '1785532536.84929', 'Accept-Ranges': 'bytes', 'Etag': '"5a4398e4aa5fee4b4fe314a7c47aa547"', 'X-Trans-Id': 'tx8b1f0f9fcf654b2ea700e-006a6d1079', 'X-Openstack-Request-Id': 'tx8b1f0f9fcf654b2ea700e-006a6d1079', 'Connection': 'close'} {{(pid=99811) http_log /opt/stack/data/venv/lib/python3.12/site-packages/swiftclient/client.py:162}}
