Jul 31 21:15:18.329006 np0000006275 devstack@g-api.service[99812]: DEBUG glance.api.middleware.version_negotiation [None req-79b76acf-339f-43c4-8847-ab8b73100d1e tempest-VolumesActionsTest-1275154079 tempest-VolumesActionsTest-1275154079-project-member] Matched version: v2 {{(pid=99812) process_request /opt/stack/glance/glance/api/middleware/version_negotiation.py:69}}
Jul 31 21:15:18.329088 np0000006275 devstack@g-api.service[99812]: DEBUG glance.api.middleware.version_negotiation [None req-79b76acf-339f-43c4-8847-ab8b73100d1e tempest-VolumesActionsTest-1275154079 tempest-VolumesActionsTest-1275154079-project-member] new path /v2/images/0e174d33-2c14-4e97-85e9-ad1dae76e5af {{(pid=99812) process_request /opt/stack/glance/glance/api/middleware/version_negotiation.py:70}}
Jul 31 21:15:18.339797 np0000006275 devstack@g-api.service[99812]: [pid: 99812|app: 0|req: 93/288] 127.0.0.1 () {40 vars in 838 bytes} [Fri Jul 31 21:15:18 2026] GET /v2/images/0e174d33-2c14-4e97-85e9-ad1dae76e5af => generated 649 bytes in 12 msecs (HTTP/1.1 200) 4 headers in 157 bytes (1 switches on core 0)
Jul 31 21:15:18.562522 np0000006275 devstack@g-api.service[99811]: DEBUG glance.api.middleware.version_negotiation [None req-79b76acf-339f-43c4-8847-ab8b73100d1e tempest-VolumesActionsTest-1275154079 tempest-VolumesActionsTest-1275154079-project-member] Determining version of request: PUT /v2/images/0e174d33-2c14-4e97-85e9-ad1dae76e5af/file Accept: */* {{(pid=99811) process_request /opt/stack/glance/glance/api/middleware/version_negotiation.py:44}}
Jul 31 21:15:18.562707 np0000006275 devstack@g-api.service[99811]: DEBUG glance.api.middleware.version_negotiation [None req-79b76acf-339f-43c4-8847-ab8b73100d1e tempest-VolumesActionsTest-1275154079 tempest-VolumesActionsTest-1275154079-project-member] Using url versioning {{(pid=99811) process_request /opt/stack/glance/glance/api/middleware/version_negotiation.py:57}}
Jul 31 21:15:18.562826 np0000006275 devstack@g-api.service[99811]: DEBUG glance.api.middleware.version_negotiation [None req-79b76acf-339f-43c4-8847-ab8b73100d1e tempest-VolumesActionsTest-1275154079 tempest-VolumesActionsTest-1275154079-project-member] Matched version: v2 {{(pid=99811) process_request /opt/stack/glance/glance/api/middleware/version_negotiation.py:69}}
Jul 31 21:15:18.562957 np0000006275 devstack@g-api.service[99811]: DEBUG glance.api.middleware.version_negotiation [None req-79b76acf-339f-43c4-8847-ab8b73100d1e tempest-VolumesActionsTest-1275154079 tempest-VolumesActionsTest-1275154079-project-member] new path /v2/images/0e174d33-2c14-4e97-85e9-ad1dae76e5af/file {{(pid=99811) process_request /opt/stack/glance/glance/api/middleware/version_negotiation.py:70}}
Jul 31 21:15:18.989608 np0000006275 devstack@g-api.service[99811]: INFO glance.api.v2.image_data [None req-79b76acf-339f-43c4-8847-ab8b73100d1e tempest-VolumesActionsTest-1275154079 tempest-VolumesActionsTest-1275154079-project-member] Unable to create trust: no such option collect_timing in group [keystone_authtoken] Use the existing user token.
Jul 31 21:15:19.347164 np0000006275 devstack@g-api.service[99809]: DEBUG glance.api.middleware.version_negotiation [None req-79b76acf-339f-43c4-8847-ab8b73100d1e tempest-VolumesActionsTest-1275154079 tempest-VolumesActionsTest-1275154079-project-member] Determining version of request: GET /v2/images/0e174d33-2c14-4e97-85e9-ad1dae76e5af Accept: application/json {{(pid=99809) process_request /opt/stack/glance/glance/api/middleware/version_negotiation.py:44}}
Jul 31 21:15:19.347508 np0000006275 devstack@g-api.service[99809]: DEBUG glance.api.middleware.version_negotiation [None req-79b76acf-339f-43c4-8847-ab8b73100d1e tempest-VolumesActionsTest-1275154079 tempest-VolumesActionsTest-1275154079-project-member] Using url versioning {{(pid=99809) process_request /opt/stack/glance/glance/api/middleware/version_negotiation.py:57}}
Jul 31 21:15:19.347508 np0000006275 devstack@g-api.service[99809]: DEBUG glance.api.middleware.version_negotiation [None req-79b76acf-339f-43c4-8847-ab8b73100d1e tempest-VolumesActionsTest-1275154079 tempest-VolumesActionsTest-1275154079-project-member] Matched version: v2 {{(pid=99809) process_request /opt/stack/glance/glance/api/middleware/version_negotiation.py:69}}
Jul 31 21:15:19.347508 np0000006275 devstack@g-api.service[99809]: DEBUG glance.api.middleware.version_negotiation [None req-79b76acf-339f-43c4-8847-ab8b73100d1e tempest-VolumesActionsTest-1275154079 tempest-VolumesActionsTest-1275154079-project-member] new path /v2/images/0e174d33-2c14-4e97-85e9-ad1dae76e5af {{(pid=99809) process_request /opt/stack/glance/glance/api/middleware/version_negotiation.py:70}}
Jul 31 21:15:19.355941 np0000006275 devstack@g-api.service[99809]: [pid: 99809|app: 0|req: 97/289] 127.0.0.1 () {40 vars in 838 bytes} [Fri Jul 31 21:15:19 2026] GET /v2/images/0e174d33-2c14-4e97-85e9-ad1dae76e5af => generated 649 bytes in 9 msecs (HTTP/1.1 200) 4 headers in 157 bytes (1 switches on core 0)
Jul 31 21:15:19.431647 np0000006275 devstack@g-api.service[99811]: DEBUG glance.location [None req-79b76acf-339f-43c4-8847-ab8b73100d1e tempest-VolumesActionsTest-1275154079 tempest-VolumesActionsTest-1275154079-project-member] Enabling in-flight format inspection for raw {{(pid=99811) set_data /opt/stack/glance/glance/location.py:596}}
Jul 31 21:15:19.432586 np0000006275 devstack@g-api.service[99811]: DEBUG glance_store.backend [None req-79b76acf-339f-43c4-8847-ab8b73100d1e tempest-VolumesActionsTest-1275154079 tempest-VolumesActionsTest-1275154079-project-member] Attempting to import store swift {{(pid=99811) _load_store /opt/stack/data/venv/lib/python3.12/site-packages/glance_store/backend.py:215}}
Jul 31 21:15:19.434538 np0000006275 devstack@g-api.service[99811]: DEBUG glance_store.capabilities [None req-79b76acf-339f-43c4-8847-ab8b73100d1e tempest-VolumesActionsTest-1275154079 tempest-VolumesActionsTest-1275154079-project-member] Store glance_store._drivers.swift.store.SingleTenantStore doesn't support updating dynamic storage capabilities. Please overwrite 'update_capabilities' method of the store to implement updating logics if needed. {{(pid=99811) update_capabilities /opt/stack/data/venv/lib/python3.12/site-packages/glance_store/capabilities.py:91}}
Jul 31 21:15:19.434777 np0000006275 devstack@g-api.service[99811]: DEBUG glance_store.driver [None req-79b76acf-339f-43c4-8847-ab8b73100d1e tempest-VolumesActionsTest-1275154079 tempest-VolumesActionsTest-1275154079-project-member] Late loading location class glance_store._drivers.swift.store.StoreLocation {{(pid=99811) get_store_location_class /opt/stack/data/venv/lib/python3.12/site-packages/glance_store/driver.py:134}}
Jul 31 21:15:19.435022 np0000006275 devstack@g-api.service[99811]: DEBUG glance_store.location [None req-79b76acf-339f-43c4-8847-ab8b73100d1e tempest-VolumesActionsTest-1275154079 tempest-VolumesActionsTest-1275154079-project-member] Registering scheme swift+https with {'store': , 'location_class': , 'store_entry': 'swift'} {{(pid=99811) register_scheme_map /opt/stack/data/venv/lib/python3.12/site-packages/glance_store/location.py:146}}
Jul 31 21:15:19.435333 np0000006275 devstack@g-api.service[99811]: DEBUG glance_store.location [None req-79b76acf-339f-43c4-8847-ab8b73100d1e tempest-VolumesActionsTest-1275154079 tempest-VolumesActionsTest-1275154079-project-member] Registering scheme swift+https with {'store': , 'location_class': , 'store_entry': 'swift'} {{(pid=99811) register_scheme_map /opt/stack/data/venv/lib/python3.12/site-packages/glance_store/location.py:146}}
Jul 31 21:15:19.435484 np0000006275 devstack@g-api.service[99811]: DEBUG glance_store.location [None req-79b76acf-339f-43c4-8847-ab8b73100d1e tempest-VolumesActionsTest-1275154079 tempest-VolumesActionsTest-1275154079-project-member] Registering scheme swift with {'store': , 'location_class': , 'store_entry': 'swift'} {{(pid=99811) register_scheme_map /opt/stack/data/venv/lib/python3.12/site-packages/glance_store/location.py:146}}
Jul 31 21:15:19.435617 np0000006275 devstack@g-api.service[99811]: DEBUG glance_store.location [None req-79b76acf-339f-43c4-8847-ab8b73100d1e tempest-VolumesActionsTest-1275154079 tempest-VolumesActionsTest-1275154079-project-member] Registering scheme swift+https with {'store': , 'location_class': , 'store_entry': 'swift'} {{(pid=99811) register_scheme_map /opt/stack/data/venv/lib/python3.12/site-packages/glance_store/location.py:146}}
Jul 31 21:15:19.435831 np0000006275 devstack@g-api.service[99811]: DEBUG glance_store.location [None req-79b76acf-339f-43c4-8847-ab8b73100d1e tempest-VolumesActionsTest-1275154079 tempest-VolumesActionsTest-1275154079-project-member] Registering scheme swift with {'store': , 'location_class': , 'store_entry': 'swift'} {{(pid=99811) register_scheme_map /opt/stack/data/venv/lib/python3.12/site-packages/glance_store/location.py:146}}
Jul 31 21:15:19.436006 np0000006275 devstack@g-api.service[99811]: DEBUG glance_store.location [None req-79b76acf-339f-43c4-8847-ab8b73100d1e tempest-VolumesActionsTest-1275154079 tempest-VolumesActionsTest-1275154079-project-member] Registering scheme swift+http with {'store': , 'location_class': , 'store_entry': 'swift'} {{(pid=99811) register_scheme_map /opt/stack/data/venv/lib/python3.12/site-packages/glance_store/location.py:146}}
Jul 31 21:15:19.436460 np0000006275 devstack@g-api.service[99811]: DEBUG glance_store.location [None req-79b76acf-339f-43c4-8847-ab8b73100d1e tempest-VolumesActionsTest-1275154079 tempest-VolumesActionsTest-1275154079-project-member] Registering scheme swift+https with {'store': , 'location_class': , 'store_entry': 'swift'} {{(pid=99811) register_scheme_map /opt/stack/data/venv/lib/python3.12/site-packages/glance_store/location.py:146}}
Jul 31 21:15:19.436460 np0000006275 devstack@g-api.service[99811]: DEBUG glance_store.location [None req-79b76acf-339f-43c4-8847-ab8b73100d1e tempest-VolumesActionsTest-1275154079 tempest-VolumesActionsTest-1275154079-project-member] Registering scheme swift with {'store': , 'location_class': , 'store_entry': 'swift'} {{(pid=99811) register_scheme_map /opt/stack/data/venv/lib/python3.12/site-packages/glance_store/location.py:146}}
Jul 31 21:15:19.436460 np0000006275 devstack@g-api.service[99811]: DEBUG glance_store.location [None req-79b76acf-339f-43c4-8847-ab8b73100d1e tempest-VolumesActionsTest-1275154079 tempest-VolumesActionsTest-1275154079-project-member] Registering scheme swift+http with {'store': , 'location_class': , 'store_entry': 'swift'} {{(pid=99811) register_scheme_map /opt/stack/data/venv/lib/python3.12/site-packages/glance_store/location.py:146}}
Jul 31 21:15:19.436460 np0000006275 devstack@g-api.service[99811]: DEBUG glance_store.location [None req-79b76acf-339f-43c4-8847-ab8b73100d1e tempest-VolumesActionsTest-1275154079 tempest-VolumesActionsTest-1275154079-project-member] Registering scheme swift+config with {'store': , 'location_class': , 'store_entry': 'swift'} {{(pid=99811) register_scheme_map /opt/stack/data/venv/lib/python3.12/site-packages/glance_store/location.py:146}}
Jul 31 21:15:19.618721 np0000006275 devstack@g-api.service[99811]: DEBUG swiftclient [None req-79b76acf-339f-43c4-8847-ab8b73100d1e tempest-VolumesActionsTest-1275154079 tempest-VolumesActionsTest-1275154079-project-member] REQ: curl -i https://10.4.3.226:8080/v1/AUTH_d2cb79eee0e0414fa1b58099446fca3b/glance -I -H "X-Auth-Token: gAAAAABqbRBnrwQA..." {{(pid=99811) http_log /opt/stack/data/venv/lib/python3.12/site-packages/swiftclient/client.py:160}}
Jul 31 21:15:19.618721 np0000006275 devstack@g-api.service[99811]: DEBUG swiftclient [None req-79b76acf-339f-43c4-8847-ab8b73100d1e tempest-VolumesActionsTest-1275154079 tempest-VolumesActionsTest-1275154079-project-member] RESP STATUS: 204 No Content {{(pid=99811) http_log /opt/stack/data/venv/lib/python3.12/site-packages/swiftclient/client.py:161}}
Jul 31 21:15:19.618721 np0000006275 devstack@g-api.service[99811]: DEBUG swiftclient [None req-79b76acf-339f-43c4-8847-ab8b73100d1e tempest-VolumesActionsTest-1275154079 tempest-VolumesActionsTest-1275154079-project-member] RESP HEADERS: {'Date': 'Fri, 31 Jul 2026 21:15:19 GMT', 'Server': 'Apache/2.4.58 (Ubuntu)', 'Content-Type': 'text/plain; charset=utf-8', 'X-Container-Object-Count': '3', 'X-Container-Bytes-Used': '64356352', 'X-Timestamp': '1785532170.64813', 'Last-Modified': 'Fri, 31 Jul 2026 21:09:31 GMT', 'Accept-Ranges': 'bytes', 'X-Storage-Policy': 'Policy-0', 'X-Container-Sharding': 'False', 'Vary': 'Accept', 'X-Trans-Id': 'tx636397715c9f4c1a80778-006a6d1067', 'X-Openstack-Request-Id': 'tx636397715c9f4c1a80778-006a6d1067', 'Connection': 'close'} {{(pid=99811) http_log /opt/stack/data/venv/lib/python3.12/site-packages/swiftclient/client.py:162}}
Jul 31 21:15:19.618721 np0000006275 devstack@g-api.service[99811]: DEBUG glance_store._drivers.swift.store [None req-79b76acf-339f-43c4-8847-ab8b73100d1e tempest-VolumesActionsTest-1275154079 tempest-VolumesActionsTest-1275154079-project-member] Adding image object '0e174d33-2c14-4e97-85e9-ad1dae76e5af' to Swift {{(pid=99811) add /opt/stack/data/venv/lib/python3.12/site-packages/glance_store/_drivers/swift/store.py:970}}
Jul 31 21:15:19.618721 np0000006275 devstack@g-api.service[99811]: DEBUG glance_store._drivers.swift.store [None req-79b76acf-339f-43c4-8847-ab8b73100d1e tempest-VolumesActionsTest-1275154079 tempest-VolumesActionsTest-1275154079-project-member] Cannot determine image size because it is either not provided in the request or chunked-transfer encoding is used. Adding image as a segmented object to Swift. {{(pid=99811) add /opt/stack/data/venv/lib/python3.12/site-packages/glance_store/_drivers/swift/store.py:994}}
Jul 31 21:15:19.624135 np0000006275 devstack@g-api.service[99811]: DEBUG oslo_utils.imageutils.format_inspector [None req-79b76acf-339f-43c4-8847-ab8b73100d1e tempest-VolumesActionsTest-1275154079 tempest-VolumesActionsTest-1275154079-project-member] Format inspector for vmdk does not match, excluding from consideration (Signature KDMV not found: b'\x00\x00\x00\x00') {{(pid=99811) _process_chunk /opt/stack/data/venv/lib/python3.12/site-packages/oslo_utils/imageutils/format_inspector.py:1758}}
Jul 31 21:15:19.627621 np0000006275 devstack@g-api.service[99811]: DEBUG oslo_utils.imageutils.format_inspector [None req-79b76acf-339f-43c4-8847-ab8b73100d1e tempest-VolumesActionsTest-1275154079 tempest-VolumesActionsTest-1275154079-project-member] Format inspector for vhdx does not match, excluding from consideration (Region signature not found at 30000) {{(pid=99811) _process_chunk /opt/stack/data/venv/lib/python3.12/site-packages/oslo_utils/imageutils/format_inspector.py:1758}}
Jul 31 21:15:20.371618 np0000006275 devstack@g-api.service[99812]: DEBUG glance.api.middleware.version_negotiation [None req-0c6e57bf-8944-490c-af98-20a830046768 tempest-VolumesActionsTest-1275154079 tempest-VolumesActionsTest-1275154079-project-member] Determining version of request: GET /v2/images/0e174d33-2c14-4e97-85e9-ad1dae76e5af Accept: application/json {{(pid=99812) process_request /opt/stack/glance/glance/api/middleware/version_negotiation.py:44}}
Jul 31 21:15:20.372177 np0000006275 devstack@g-api.service[99812]: DEBUG glance.api.middleware.version_negotiation [None req-0c6e57bf-8944-490c-af98-20a830046768 tempest-VolumesActionsTest-1275154079 tempest-VolumesActionsTest-1275154079-project-member] Using url versioning {{(pid=99812) process_request /opt/stack/glance/glance/api/middleware/version_negotiation.py:57}}
Jul 31 21:15:20.372177 np0000006275 devstack@g-api.service[99812]: DEBUG glance.api.middleware.version_negotiation [None req-0c6e57bf-8944-490c-af98-20a830046768 tempest-VolumesActionsTest-1275154079 tempest-VolumesActionsTest-1275154079-project-member] Matched version: v2 {{(pid=99812) process_request /opt/stack/glance/glance/api/middleware/version_negotiation.py:69}}
Jul 31 21:15:20.372276 np0000006275 devstack@g-api.service[99812]: DEBUG glance.api.middleware.version_negotiation [None req-0c6e57bf-8944-490c-af98-20a830046768 tempest-VolumesActionsTest-1275154079 tempest-VolumesActionsTest-1275154079-project-member] new path /v2/images/0e174d33-2c14-4e97-85e9-ad1dae76e5af {{(pid=99812) process_request /opt/stack/glance/glance/api/middleware/version_negotiation.py:70}}
Jul 31 21:15:20.399164 np0000006275 devstack@g-api.service[99812]: [pid: 99812|app: 0|req: 94/290] 127.0.0.1 () {40 vars in 838 bytes} [Fri Jul 31 21:15:20 2026] GET /v2/images/0e174d33-2c14-4e97-85e9-ad1dae76e5af => generated 649 bytes in 26 msecs (HTTP/1.1 200) 4 headers in 157 bytes (1 switches on core 0)
Jul 31 21:15:20.818957 np0000006275 devstack@g-api.service[99809]: DEBUG glance.api.middleware.version_negotiation [None req-43753f69-52ac-4234-b9f3-9def3ac7e4cf tempest-VolumesActionsTest-1275154079 tempest-VolumesActionsTest-1275154079-project-member] Determining version of request: GET /v2/images/b0b2aaf3-b593-40f5-a887-cd83dc254d98 Accept: */* {{(pid=99809) process_request /opt/stack/glance/glance/api/middleware/version_negotiation.py:44}}
Jul 31 21:15:20.819320 np0000006275 devstack@g-api.service[99809]: DEBUG glance.api.middleware.version_negotiation [None req-43753f69-52ac-4234-b9f3-9def3ac7e4cf tempest-VolumesActionsTest-1275154079 tempest-VolumesActionsTest-1275154079-project-member] Using url versioning {{(pid=99809) process_request /opt/stack/glance/glance/api/middleware/version_negotiation.py:57}}
Jul 31 21:15:20.819320 np0000006275 devstack@g-api.service[99809]: DEBUG glance.api.middleware.version_negotiation [None req-43753f69-52ac-4234-b9f3-9def3ac7e4cf tempest-VolumesActionsTest-1275154079 tempest-VolumesActionsTest-1275154079-project-member] Matched version: v2 {{(pid=99809) process_request /opt/stack/glance/glance/api/middleware/version_negotiation.py:69}}
Jul 31 21:15:20.819320 np0000006275 devstack@g-api.service[99809]: DEBUG glance.api.middleware.version_negotiation [None req-43753f69-52ac-4234-b9f3-9def3ac7e4cf tempest-VolumesActionsTest-1275154079 tempest-VolumesActionsTest-1275154079-project-member] new path /v2/images/b0b2aaf3-b593-40f5-a887-cd83dc254d98 {{(pid=99809) process_request /opt/stack/glance/glance/api/middleware/version_negotiation.py:70}}
Jul 31 21:15:20.837191 np0000006275 devstack@g-api.service[99809]: [pid: 99809|app: 0|req: 98/291] 127.0.0.1 () {44 vars in 1115 bytes} [Fri Jul 31 21:15:20 2026] GET /v2/images/b0b2aaf3-b593-40f5-a887-cd83dc254d98 => generated 1044 bytes in 18 msecs (HTTP/1.1 200) 4 headers in 158 bytes (1 switches on core 0)
Jul 31 21:15:20.871841 np0000006275 devstack@g-api.service[99812]: DEBUG glance.api.middleware.version_negotiation [None req-4e54e0a3-7d1b-49bd-bdb4-415df07520fc tempest-VolumesActionsTest-1275154079 tempest-VolumesActionsTest-1275154079-project-member] Determining version of request: GET /v2/schemas/image Accept: */* {{(pid=99812) process_request /opt/stack/glance/glance/api/middleware/version_negotiation.py:44}}
Jul 31 21:15:20.872610 np0000006275 devstack@g-api.service[99812]: DEBUG glance.api.middleware.version_negotiation [None req-4e54e0a3-7d1b-49bd-bdb4-415df07520fc tempest-VolumesActionsTest-1275154079 tempest-VolumesActionsTest-1275154079-project-member] Using url versioning {{(pid=99812) process_request /opt/stack/glance/glance/api/middleware/version_negotiation.py:57}}
Jul 31 21:15:20.873199 np0000006275 devstack@g-api.service[99812]: DEBUG glance.api.middleware.version_negotiation [None req-4e54e0a3-7d1b-49bd-bdb4-415df07520fc tempest-VolumesActionsTest-1275154079 tempest-VolumesActionsTest-1275154079-project-member] Matched version: v2 {{(pid=99812) process_request /opt/stack/glance/glance/api/middleware/version_negotiation.py:69}}
Jul 31 21:15:20.873826 np0000006275 devstack@g-api.service[99812]: DEBUG glance.api.middleware.version_negotiation [None req-4e54e0a3-7d1b-49bd-bdb4-415df07520fc tempest-VolumesActionsTest-1275154079 tempest-VolumesActionsTest-1275154079-project-member] new path /v2/schemas/image {{(pid=99812) process_request /opt/stack/glance/glance/api/middleware/version_negotiation.py:70}}
Jul 31 21:15:20.877273 np0000006275 devstack@g-api.service[99812]: [pid: 99812|app: 0|req: 95/292] 127.0.0.1 () {44 vars in 1055 bytes} [Fri Jul 31 21:15:20 2026] GET /v2/schemas/image => generated 6083 bytes in 5 msecs (HTTP/1.1 200) 4 headers in 158 bytes (1 switches on core 0)
Jul 31 21:15:21.408353 np0000006275 devstack@g-api.service[99809]: DEBUG glance.api.middleware.version_negotiation [None req-9c3f6dc6-addd-4617-96dc-c4a31bd7610f tempest-VolumesSnapshotTestJSON-1001266204 tempest-VolumesSnapshotTestJSON-1001266204-project-member] Determining version of request: GET /v2/images/0e174d33-2c14-4e97-85e9-ad1dae76e5af Accept: application/json {{(pid=99809) process_request /opt/stack/glance/glance/api/middleware/version_negotiation.py:44}}
Jul 31 21:15:21.408477 np0000006275 devstack@g-api.service[99809]: DEBUG glance.api.middleware.version_negotiation [None req-9c3f6dc6-addd-4617-96dc-c4a31bd7610f tempest-VolumesSnapshotTestJSON-1001266204 tempest-VolumesSnapshotTestJSON-1001266204-project-member] Using url versioning {{(pid=99809) process_request /opt/stack/glance/glance/api/middleware/version_negotiation.py:57}}
Jul 31 21:15:21.408588 np0000006275 devstack@g-api.service[99809]: DEBUG glance.api.middleware.version_negotiation [None req-9c3f6dc6-addd-4617-96dc-c4a31bd7610f tempest-VolumesSnapshotTestJSON-1001266204 tempest-VolumesSnapshotTestJSON-1001266204-project-member] Matched version: v2 {{(pid=99809) process_request /opt/stack/glance/glance/api/middleware/version_negotiation.py:69}}
Jul 31 21:15:21.408715 np0000006275 devstack@g-api.service[99809]: DEBUG glance.api.middleware.version_negotiation [None req-9c3f6dc6-addd-4617-96dc-c4a31bd7610f tempest-VolumesSnapshotTestJSON-1001266204 tempest-VolumesSnapshotTestJSON-1001266204-project-member] new path /v2/images/0e174d33-2c14-4e97-85e9-ad1dae76e5af {{(pid=99809) process_request /opt/stack/glance/glance/api/middleware/version_negotiation.py:70}}
Jul 31 21:15:21.422507 np0000006275 devstack@g-api.service[99809]: [pid: 99809|app: 0|req: 99/293] 127.0.0.1 () {40 vars in 838 bytes} [Fri Jul 31 21:15:21 2026] GET /v2/images/0e174d33-2c14-4e97-85e9-ad1dae76e5af => generated 649 bytes in 14 msecs (HTTP/1.1 200) 4 headers in 157 bytes (1 switches on core 0)
Jul 31 21:15:21.589005 np0000006275 devstack@g-api.service[99811]: DEBUG swiftclient [None req-79b76acf-339f-43c4-8847-ab8b73100d1e tempest-VolumesActionsTest-1275154079 tempest-VolumesActionsTest-1275154079-project-member] REQ: curl -i https://10.4.3.226:8080/v1/AUTH_d2cb79eee0e0414fa1b58099446fca3b/glance/0e174d33-2c14-4e97-85e9-ad1dae76e5af-00001 -X PUT -H "X-Auth-Token: gAAAAABqbRBnrwQA..." {{(pid=99811) http_log /opt/stack/data/venv/lib/python3.12/site-packages/swiftclient/client.py:160}}
Jul 31 21:15:21.589259 np0000006275 devstack@g-api.service[99811]: DEBUG swiftclient [None req-79b76acf-339f-43c4-8847-ab8b73100d1e tempest-VolumesActionsTest-1275154079 tempest-VolumesActionsTest-1275154079-project-member] RESP STATUS: 201 Created {{(pid=99811) http_log /opt/stack/data/venv/lib/python3.12/site-packages/swiftclient/client.py:161}}
Jul 31 21:15:21.589309 np0000006275 devstack@g-api.service[99811]: DEBUG swiftclient [None req-79b76acf-339f-43c4-8847-ab8b73100d1e tempest-VolumesActionsTest-1275154079 tempest-VolumesActionsTest-1275154079-project-member] RESP HEADERS: {'Date': 'Fri, 31 Jul 2026 21:15:21 GMT', 'Server': 'Apache/2.4.58 (Ubuntu)', 'Content-Type': 'text/html; charset=UTF-8', 'Content-Length': '0', 'Etag': 'eda9a9889837ac4bc81d6387d92c1bec', 'Last-Modified': 'Fri, 31 Jul 2026 21:15:20 GMT', 'X-Trans-Id': 'tx1d9c4993615049a7b9e16-006a6d1067', 'X-Openstack-Request-Id': 'tx1d9c4993615049a7b9e16-006a6d1067', 'Connection': 'close'} {{(pid=99811) http_log /opt/stack/data/venv/lib/python3.12/site-packages/swiftclient/client.py:162}}
Jul 31 21:15:21.589451 np0000006275 devstack@g-api.service[99811]: DEBUG glance_store._drivers.swift.store [None req-79b76acf-339f-43c4-8847-ab8b73100d1e tempest-VolumesActionsTest-1275154079 tempest-VolumesActionsTest-1275154079-project-member] Wrote chunk 0e174d33-2c14-4e97-85e9-ad1dae76e5af-00001 (1/?) of length 204800000 to Swift returning MD5 of content: eda9a9889837ac4bc81d6387d92c1bec {{(pid=99811) add /opt/stack/data/venv/lib/python3.12/site-packages/glance_store/_drivers/swift/store.py:1059}}
Jul 31 21:15:22.431893 np0000006275 devstack@g-api.service[99812]: DEBUG glance.api.middleware.version_negotiation [None req-9c3f6dc6-addd-4617-96dc-c4a31bd7610f tempest-VolumesSnapshotTestJSON-1001266204 tempest-VolumesSnapshotTestJSON-1001266204-project-member] Determining version of request: GET /v2/images/0e174d33-2c14-4e97-85e9-ad1dae76e5af Accept: application/json {{(pid=99812) process_request /opt/stack/glance/glance/api/middleware/version_negotiation.py:44}}
Jul 31 21:15:22.432371 np0000006275 devstack@g-api.service[99812]: DEBUG glance.api.middleware.version_negotiation [None req-9c3f6dc6-addd-4617-96dc-c4a31bd7610f tempest-VolumesSnapshotTestJSON-1001266204 tempest-VolumesSnapshotTestJSON-1001266204-project-member] Using url versioning {{(pid=99812) process_request /opt/stack/glance/glance/api/middleware/version_negotiation.py:57}}
Jul 31 21:15:22.432371 np0000006275 devstack@g-api.service[99812]: DEBUG glance.api.middleware.version_negotiation [None req-9c3f6dc6-addd-4617-96dc-c4a31bd7610f tempest-VolumesSnapshotTestJSON-1001266204 tempest-VolumesSnapshotTestJSON-1001266204-project-member] Matched version: v2 {{(pid=99812) process_request /opt/stack/glance/glance/api/middleware/version_negotiation.py:69}}
Jul 31 21:15:22.432472 np0000006275 devstack@g-api.service[99812]: DEBUG glance.api.middleware.version_negotiation [None req-9c3f6dc6-addd-4617-96dc-c4a31bd7610f tempest-VolumesSnapshotTestJSON-1001266204 tempest-VolumesSnapshotTestJSON-1001266204-project-member] new path /v2/images/0e174d33-2c14-4e97-85e9-ad1dae76e5af {{(pid=99812) process_request /opt/stack/glance/glance/api/middleware/version_negotiation.py:70}}
Jul 31 21:15:22.451605 np0000006275 devstack@g-api.service[99812]: [pid: 99812|app: 0|req: 96/294] 127.0.0.1 () {40 vars in 838 bytes} [Fri Jul 31 21:15:22 2026] GET /v2/images/0e174d33-2c14-4e97-85e9-ad1dae76e5af => generated 649 bytes in 18 msecs (HTTP/1.1 200) 4 headers in 157 bytes (1 switches on core 0)
Jul 31 21:15:23.460789 np0000006275 devstack@g-api.service[99809]: DEBUG glance.api.middleware.version_negotiation [None req-37679305-8bf1-4f5d-8d3f-21a9bb400150 tempest-VolumesActionsTest-1275154079 tempest-VolumesActionsTest-1275154079-project-member] Determining version of request: GET /v2/images/0e174d33-2c14-4e97-85e9-ad1dae76e5af Accept: application/json {{(pid=99809) process_request /opt/stack/glance/glance/api/middleware/version_negotiation.py:44}}
Jul 31 21:15:23.461077 np0000006275 devstack@g-api.service[99809]: DEBUG glance.api.middleware.version_negotiation [None req-37679305-8bf1-4f5d-8d3f-21a9bb400150 tempest-VolumesActionsTest-1275154079 tempest-VolumesActionsTest-1275154079-project-member] Using url versioning {{(pid=99809) process_request /opt/stack/glance/glance/api/middleware/version_negotiation.py:57}}
Jul 31 21:15:23.461125 np0000006275 devstack@g-api.service[99809]: DEBUG glance.api.middleware.version_negotiation [None req-37679305-8bf1-4f5d-8d3f-21a9bb400150 tempest-VolumesActionsTest-1275154079 tempest-VolumesActionsTest-1275154079-project-member] Matched version: v2 {{(pid=99809) process_request /opt/stack/glance/glance/api/middleware/version_negotiation.py:69}}
Jul 31 21:15:23.461235 np0000006275 devstack@g-api.service[99809]: DEBUG glance.api.middleware.version_negotiation [None req-37679305-8bf1-4f5d-8d3f-21a9bb400150 tempest-VolumesActionsTest-1275154079 tempest-VolumesActionsTest-1275154079-project-member] new path /v2/images/0e174d33-2c14-4e97-85e9-ad1dae76e5af {{(pid=99809) process_request /opt/stack/glance/glance/api/middleware/version_negotiation.py:70}}
Jul 31 21:15:23.471918 np0000006275 devstack@g-api.service[99809]: [pid: 99809|app: 0|req: 100/295] 127.0.0.1 () {40 vars in 838 bytes} [Fri Jul 31 21:15:23 2026] GET /v2/images/0e174d33-2c14-4e97-85e9-ad1dae76e5af => generated 649 bytes in 11 msecs (HTTP/1.1 200) 4 headers in 157 bytes (1 switches on core 0)
Jul 31 21:15:23.633679 np0000006275 devstack@g-api.service[99811]: DEBUG swiftclient [None req-79b76acf-339f-43c4-8847-ab8b73100d1e tempest-VolumesActionsTest-1275154079 tempest-VolumesActionsTest-1275154079-project-member] REQ: curl -i https://10.4.3.226:8080/v1/AUTH_d2cb79eee0e0414fa1b58099446fca3b/glance/0e174d33-2c14-4e97-85e9-ad1dae76e5af-00002 -X PUT -H "X-Auth-Token: gAAAAABqbRBnrwQA..." {{(pid=99811) http_log /opt/stack/data/venv/lib/python3.12/site-packages/swiftclient/client.py:160}}
Jul 31 21:15:23.634196 np0000006275 devstack@g-api.service[99811]: DEBUG swiftclient [None req-79b76acf-339f-43c4-8847-ab8b73100d1e tempest-VolumesActionsTest-1275154079 tempest-VolumesActionsTest-1275154079-project-member] RESP STATUS: 201 Created {{(pid=99811) http_log /opt/stack/data/venv/lib/python3.12/site-packages/swiftclient/client.py:161}}
Jul 31 21:15:23.634196 np0000006275 devstack@g-api.service[99811]: DEBUG swiftclient [None req-79b76acf-339f-43c4-8847-ab8b73100d1e tempest-VolumesActionsTest-1275154079 tempest-VolumesActionsTest-1275154079-project-member] RESP HEADERS: {'Date': 'Fri, 31 Jul 2026 21:15:23 GMT', 'Server': 'Apache/2.4.58 (Ubuntu)', 'Content-Type': 'text/html; charset=UTF-8', 'Content-Length': '0', 'Etag': 'eda9a9889837ac4bc81d6387d92c1bec', 'Last-Modified': 'Fri, 31 Jul 2026 21:15:22 GMT', 'X-Trans-Id': 'txaf4b27013d1742ac9f33c-006a6d1069', 'X-Openstack-Request-Id': 'txaf4b27013d1742ac9f33c-006a6d1069', 'Connection': 'close'} {{(pid=99811) http_log /opt/stack/data/venv/lib/python3.12/site-packages/swiftclient/client.py:162}}
Jul 31 21:15:23.634196 np0000006275 devstack@g-api.service[99811]: DEBUG glance_store._drivers.swift.store [None req-79b76acf-339f-43c4-8847-ab8b73100d1e tempest-VolumesActionsTest-1275154079 tempest-VolumesActionsTest-1275154079-project-member] Wrote chunk 0e174d33-2c14-4e97-85e9-ad1dae76e5af-00002 (2/?) of length 204800000 to Swift returning MD5 of content: eda9a9889837ac4bc81d6387d92c1bec {{(pid=99811) add /opt/stack/data/venv/lib/python3.12/site-packages/glance_store/_drivers/swift/store.py:1059}}
Jul 31 21:15:24.487564 np0000006275 devstack@g-api.service[99812]: DEBUG glance.api.middleware.version_negotiation [None req-9aa6647d-9134-4d0a-8dae-1a069c02d0c4 tempest-VolumesActionsTest-1275154079 tempest-VolumesActionsTest-1275154079-project-member] Determining version of request: GET /v2/images/0e174d33-2c14-4e97-85e9-ad1dae76e5af Accept: application/json {{(pid=99812) process_request /opt/stack/glance/glance/api/middleware/version_negotiation.py:44}}
Jul 31 21:15:24.488113 np0000006275 devstack@g-api.service[99812]: DEBUG glance.api.middleware.version_negotiation [None req-9aa6647d-9134-4d0a-8dae-1a069c02d0c4 tempest-VolumesActionsTest-1275154079 tempest-VolumesActionsTest-1275154079-project-member] Using url versioning {{(pid=99812) process_request /opt/stack/glance/glance/api/middleware/version_negotiation.py:57}}
Jul 31 21:15:24.488113 np0000006275 devstack@g-api.service[99812]: DEBUG glance.api.middleware.version_negotiation [None req-9aa6647d-9134-4d0a-8dae-1a069c02d0c4 tempest-VolumesActionsTest-1275154079 tempest-VolumesActionsTest-1275154079-project-member] Matched version: v2 {{(pid=99812) process_request /opt/stack/glance/glance/api/middleware/version_negotiation.py:69}}
Jul 31 21:15:24.488245 np0000006275 devstack@g-api.service[99812]: DEBUG glance.api.middleware.version_negotiation [None req-9aa6647d-9134-4d0a-8dae-1a069c02d0c4 tempest-VolumesActionsTest-1275154079 tempest-VolumesActionsTest-1275154079-project-member] new path /v2/images/0e174d33-2c14-4e97-85e9-ad1dae76e5af {{(pid=99812) process_request /opt/stack/glance/glance/api/middleware/version_negotiation.py:70}}
Jul 31 21:15:24.505048 np0000006275 devstack@g-api.service[99812]: [pid: 99812|app: 0|req: 97/296] 127.0.0.1 () {40 vars in 838 bytes} [Fri Jul 31 21:15:24 2026] GET /v2/images/0e174d33-2c14-4e97-85e9-ad1dae76e5af => generated 649 bytes in 19 msecs (HTTP/1.1 200) 4 headers in 157 bytes (1 switches on core 0)
Jul 31 21:15:25.516855 np0000006275 devstack@g-api.service[99809]: DEBUG glance.api.middleware.version_negotiation [None req-cafe0717-da49-4fa1-a82e-becefb3da248 tempest-VolumesActionsTest-1275154079 tempest-VolumesActionsTest-1275154079-project-member] Determining version of request: GET /v2/images/0e174d33-2c14-4e97-85e9-ad1dae76e5af Accept: application/json {{(pid=99809) process_request /opt/stack/glance/glance/api/middleware/version_negotiation.py:44}}
Jul 31 21:15:25.517182 np0000006275 devstack@g-api.service[99809]: DEBUG glance.api.middleware.version_negotiation [None req-cafe0717-da49-4fa1-a82e-becefb3da248 tempest-VolumesActionsTest-1275154079 tempest-VolumesActionsTest-1275154079-project-member] Using url versioning {{(pid=99809) process_request /opt/stack/glance/glance/api/middleware/version_negotiation.py:57}}
Jul 31 21:15:25.517182 np0000006275 devstack@g-api.service[99809]: DEBUG glance.api.middleware.version_negotiation [None req-cafe0717-da49-4fa1-a82e-becefb3da248 tempest-VolumesActionsTest-1275154079 tempest-VolumesActionsTest-1275154079-project-member] Matched version: v2 {{(pid=99809) process_request /opt/stack/glance/glance/api/middleware/version_negotiation.py:69}}
Jul 31 21:15:25.517278 np0000006275 devstack@g-api.service[99809]: DEBUG glance.api.middleware.version_negotiation [None req-cafe0717-da49-4fa1-a82e-becefb3da248 tempest-VolumesActionsTest-1275154079 tempest-VolumesActionsTest-1275154079-project-member] new path /v2/images/0e174d33-2c14-4e97-85e9-ad1dae76e5af {{(pid=99809) process_request /opt/stack/glance/glance/api/middleware/version_negotiation.py:70}}
Jul 31 21:15:25.530043 np0000006275 devstack@g-api.service[99809]: [pid: 99809|app: 0|req: 101/297] 127.0.0.1 () {40 vars in 838 bytes} [Fri Jul 31 21:15:25 2026] GET /v2/images/0e174d33-2c14-4e97-85e9-ad1dae76e5af => generated 649 bytes in 13 msecs (HTTP/1.1 200) 4 headers in 157 bytes (1 switches on core 0)
Jul 31 21:15:25.810691 np0000006275 devstack@g-api.service[99811]: DEBUG swiftclient [None req-79b76acf-339f-43c4-8847-ab8b73100d1e tempest-VolumesActionsTest-1275154079 tempest-VolumesActionsTest-1275154079-project-member] REQ: curl -i https://10.4.3.226:8080/v1/AUTH_d2cb79eee0e0414fa1b58099446fca3b/glance/0e174d33-2c14-4e97-85e9-ad1dae76e5af-00003 -X PUT -H "X-Auth-Token: gAAAAABqbRBnrwQA..." {{(pid=99811) http_log /opt/stack/data/venv/lib/python3.12/site-packages/swiftclient/client.py:160}}
Jul 31 21:15:25.811002 np0000006275 devstack@g-api.service[99811]: DEBUG swiftclient [None req-79b76acf-339f-43c4-8847-ab8b73100d1e tempest-VolumesActionsTest-1275154079 tempest-VolumesActionsTest-1275154079-project-member] RESP STATUS: 201 Created {{(pid=99811) http_log /opt/stack/data/venv/lib/python3.12/site-packages/swiftclient/client.py:161}}
Jul 31 21:15:25.811002 np0000006275 devstack@g-api.service[99811]: DEBUG swiftclient [None req-79b76acf-339f-43c4-8847-ab8b73100d1e tempest-VolumesActionsTest-1275154079 tempest-VolumesActionsTest-1275154079-project-member] RESP HEADERS: {'Date': 'Fri, 31 Jul 2026 21:15:25 GMT', 'Server': 'Apache/2.4.58 (Ubuntu)', 'Content-Type': 'text/html; charset=UTF-8', 'Content-Length': '0', 'Etag': 'eda9a9889837ac4bc81d6387d92c1bec', 'Last-Modified': 'Fri, 31 Jul 2026 21:15:24 GMT', 'X-Trans-Id': 'tx5e79fd577c3a4a7dae759-006a6d106b', 'X-Openstack-Request-Id': 'tx5e79fd577c3a4a7dae759-006a6d106b', 'Connection': 'close'} {{(pid=99811) http_log /opt/stack/data/venv/lib/python3.12/site-packages/swiftclient/client.py:162}}
Jul 31 21:15:25.811002 np0000006275 devstack@g-api.service[99811]: DEBUG glance_store._drivers.swift.store [None req-79b76acf-339f-43c4-8847-ab8b73100d1e tempest-VolumesActionsTest-1275154079 tempest-VolumesActionsTest-1275154079-project-member] Wrote chunk 0e174d33-2c14-4e97-85e9-ad1dae76e5af-00003 (3/?) of length 204800000 to Swift returning MD5 of content: eda9a9889837ac4bc81d6387d92c1bec {{(pid=99811) add /opt/stack/data/venv/lib/python3.12/site-packages/glance_store/_drivers/swift/store.py:1059}}
Jul 31 21:15:26.544460 np0000006275 devstack@g-api.service[99812]: DEBUG glance.api.middleware.version_negotiation [None req-1d3841ec-28f2-4299-a1c1-a0ed5c97157f tempest-VolumesActionsTest-1275154079 tempest-VolumesActionsTest-1275154079-project-member] Determining version of request: GET /v2/images/0e174d33-2c14-4e97-85e9-ad1dae76e5af Accept: application/json {{(pid=99812) process_request /opt/stack/glance/glance/api/middleware/version_negotiation.py:44}}
Jul 31 21:15:26.545022 np0000006275 devstack@g-api.service[99812]: DEBUG glance.api.middleware.version_negotiation [None req-1d3841ec-28f2-4299-a1c1-a0ed5c97157f tempest-VolumesActionsTest-1275154079 tempest-VolumesActionsTest-1275154079-project-member] Using url versioning {{(pid=99812) process_request /opt/stack/glance/glance/api/middleware/version_negotiation.py:57}}
Jul 31 21:15:26.548280 np0000006275 devstack@g-api.service[99812]: DEBUG glance.api.middleware.version_negotiation [None req-1d3841ec-28f2-4299-a1c1-a0ed5c97157f tempest-VolumesActionsTest-1275154079 tempest-VolumesActionsTest-1275154079-project-member] Matched version: v2 {{(pid=99812) process_request /opt/stack/glance/glance/api/middleware/version_negotiation.py:69}}
Jul 31 21:15:26.548542 np0000006275 devstack@g-api.service[99812]: DEBUG glance.api.middleware.version_negotiation [None req-1d3841ec-28f2-4299-a1c1-a0ed5c97157f tempest-VolumesActionsTest-1275154079 tempest-VolumesActionsTest-1275154079-project-member] new path /v2/images/0e174d33-2c14-4e97-85e9-ad1dae76e5af {{(pid=99812) process_request /opt/stack/glance/glance/api/middleware/version_negotiation.py:70}}
Jul 31 21:15:26.568235 np0000006275 devstack@g-api.service[99812]: [pid: 99812|app: 0|req: 98/298] 127.0.0.1 () {40 vars in 838 bytes} [Fri Jul 31 21:15:26 2026] GET /v2/images/0e174d33-2c14-4e97-85e9-ad1dae76e5af => generated 649 bytes in 22 msecs (HTTP/1.1 200) 4 headers in 157 bytes (1 switches on core 0)
Jul 31 21:15:27.580391 np0000006275 devstack@g-api.service[99809]: DEBUG glance.api.middleware.version_negotiation [None req-4216389f-4a7d-4e1e-b8e8-2a30c583b9df tempest-VolumesActionsTest-1275154079 tempest-VolumesActionsTest-1275154079-project-member] Determining version of request: GET /v2/images/0e174d33-2c14-4e97-85e9-ad1dae76e5af Accept: application/json {{(pid=99809) process_request /opt/stack/glance/glance/api/middleware/version_negotiation.py:44}}
Jul 31 21:15:27.580723 np0000006275 devstack@g-api.service[99809]: DEBUG glance.api.middleware.version_negotiation [None req-4216389f-4a7d-4e1e-b8e8-2a30c583b9df tempest-VolumesActionsTest-1275154079 tempest-VolumesActionsTest-1275154079-project-member] Using url versioning {{(pid=99809) process_request /opt/stack/glance/glance/api/middleware/version_negotiation.py:57}}
Jul 31 21:15:27.580723 np0000006275 devstack@g-api.service[99809]: DEBUG glance.api.middleware.version_negotiation [None req-4216389f-4a7d-4e1e-b8e8-2a30c583b9df tempest-VolumesActionsTest-1275154079 tempest-VolumesActionsTest-1275154079-project-member] Matched version: v2 {{(pid=99809) process_request /opt/stack/glance/glance/api/middleware/version_negotiation.py:69}}
Jul 31 21:15:27.580792 np0000006275 devstack@g-api.service[99809]: DEBUG glance.api.middleware.version_negotiation [None req-4216389f-4a7d-4e1e-b8e8-2a30c583b9df tempest-VolumesActionsTest-1275154079 tempest-VolumesActionsTest-1275154079-project-member] new path /v2/images/0e174d33-2c14-4e97-85e9-ad1dae76e5af {{(pid=99809) process_request /opt/stack/glance/glance/api/middleware/version_negotiation.py:70}}
Jul 31 21:15:27.599422 np0000006275 devstack@g-api.service[99809]: [pid: 99809|app: 0|req: 102/299] 127.0.0.1 () {40 vars in 838 bytes} [Fri Jul 31 21:15:27 2026] GET /v2/images/0e174d33-2c14-4e97-85e9-ad1dae76e5af => generated 649 bytes in 18 msecs (HTTP/1.1 200) 4 headers in 157 bytes (1 switches on core 0)
Jul 31 21:15:27.888268 np0000006275 devstack@g-api.service[99811]: DEBUG swiftclient [None req-79b76acf-339f-43c4-8847-ab8b73100d1e tempest-VolumesActionsTest-1275154079 tempest-VolumesActionsTest-1275154079-project-member] REQ: curl -i https://10.4.3.226:8080/v1/AUTH_d2cb79eee0e0414fa1b58099446fca3b/glance/0e174d33-2c14-4e97-85e9-ad1dae76e5af-00004 -X PUT -H "X-Auth-Token: gAAAAABqbRBnrwQA..." {{(pid=99811) http_log /opt/stack/data/venv/lib/python3.12/site-packages/swiftclient/client.py:160}}
Jul 31 21:15:27.888576 np0000006275 devstack@g-api.service[99811]: DEBUG swiftclient [None req-79b76acf-339f-43c4-8847-ab8b73100d1e tempest-VolumesActionsTest-1275154079 tempest-VolumesActionsTest-1275154079-project-member] RESP STATUS: 201 Created {{(pid=99811) http_log /opt/stack/data/venv/lib/python3.12/site-packages/swiftclient/client.py:161}}
Jul 31 21:15:27.888576 np0000006275 devstack@g-api.service[99811]: DEBUG swiftclient [None req-79b76acf-339f-43c4-8847-ab8b73100d1e tempest-VolumesActionsTest-1275154079 tempest-VolumesActionsTest-1275154079-project-member] RESP HEADERS: {'Date': 'Fri, 31 Jul 2026 21:15:27 GMT', 'Server': 'Apache/2.4.58 (Ubuntu)', 'Content-Type': 'text/html; charset=UTF-8', 'Content-Length': '0', 'Etag': 'eda9a9889837ac4bc81d6387d92c1bec', 'Last-Modified': 'Fri, 31 Jul 2026 21:15:26 GMT', 'X-Trans-Id': 'txf23993be809144a0a94f7-006a6d106d', 'X-Openstack-Request-Id': 'txf23993be809144a0a94f7-006a6d106d', 'Connection': 'close'} {{(pid=99811) http_log /opt/stack/data/venv/lib/python3.12/site-packages/swiftclient/client.py:162}}
Jul 31 21:15:27.888692 np0000006275 devstack@g-api.service[99811]: DEBUG glance_store._drivers.swift.store [None req-79b76acf-339f-43c4-8847-ab8b73100d1e tempest-VolumesActionsTest-1275154079 tempest-VolumesActionsTest-1275154079-project-member] Wrote chunk 0e174d33-2c14-4e97-85e9-ad1dae76e5af-00004 (4/?) of length 204800000 to Swift returning MD5 of content: eda9a9889837ac4bc81d6387d92c1bec {{(pid=99811) add /opt/stack/data/venv/lib/python3.12/site-packages/glance_store/_drivers/swift/store.py:1059}}
Jul 31 21:15:28.609333 np0000006275 devstack@g-api.service[99812]: DEBUG glance.api.middleware.version_negotiation [None req-f09045d7-2c28-4793-8d72-297762355534 tempest-VolumesActionsTest-1275154079 tempest-VolumesActionsTest-1275154079-project-member] Determining version of request: GET /v2/images/0e174d33-2c14-4e97-85e9-ad1dae76e5af Accept: application/json {{(pid=99812) process_request /opt/stack/glance/glance/api/middleware/version_negotiation.py:44}}
Jul 31 21:15:28.609736 np0000006275 devstack@g-api.service[99812]: DEBUG glance.api.middleware.version_negotiation [None req-f09045d7-2c28-4793-8d72-297762355534 tempest-VolumesActionsTest-1275154079 tempest-VolumesActionsTest-1275154079-project-member] Using url versioning {{(pid=99812) process_request /opt/stack/glance/glance/api/middleware/version_negotiation.py:57}}
Jul 31 21:15:28.609736 np0000006275 devstack@g-api.service[99812]: DEBUG glance.api.middleware.version_negotiation [None req-f09045d7-2c28-4793-8d72-297762355534 tempest-VolumesActionsTest-1275154079 tempest-VolumesActionsTest-1275154079-project-member] Matched version: v2 {{(pid=99812) process_request /opt/stack/glance/glance/api/middleware/version_negotiation.py:69}}
Jul 31 21:15:28.609996 np0000006275 devstack@g-api.service[99812]: DEBUG glance.api.middleware.version_negotiation [None req-f09045d7-2c28-4793-8d72-297762355534 tempest-VolumesActionsTest-1275154079 tempest-VolumesActionsTest-1275154079-project-member] new path /v2/images/0e174d33-2c14-4e97-85e9-ad1dae76e5af {{(pid=99812) process_request /opt/stack/glance/glance/api/middleware/version_negotiation.py:70}}
Jul 31 21:15:28.625033 np0000006275 devstack@g-api.service[99812]: [pid: 99812|app: 0|req: 99/300] 127.0.0.1 () {40 vars in 838 bytes} [Fri Jul 31 21:15:28 2026] GET /v2/images/0e174d33-2c14-4e97-85e9-ad1dae76e5af => generated 649 bytes in 16 msecs (HTTP/1.1 200) 4 headers in 157 bytes (1 switches on core 0)
Jul 31 21:15:29.429363 np0000006275 devstack@g-api.service[99811]: DEBUG dbcounter [-] [99811] Writing DB stats glance:SELECT=14,glance:INSERT=1,glance:UPDATE=1 {{(pid=99811) stat_writer /opt/stack/data/venv/lib/python3.12/site-packages/dbcounter.py:115}}
Jul 31 21:15:29.634824 np0000006275 devstack@g-api.service[99809]: DEBUG glance.api.middleware.version_negotiation [None req-0c7d37b0-58e1-4def-8bf9-6d8cbf3bc35d tempest-VolumesActionsTest-1275154079 tempest-VolumesActionsTest-1275154079-project-member] Determining version of request: GET /v2/images/0e174d33-2c14-4e97-85e9-ad1dae76e5af Accept: application/json {{(pid=99809) process_request /opt/stack/glance/glance/api/middleware/version_negotiation.py:44}}
Jul 31 21:15:29.634824 np0000006275 devstack@g-api.service[99809]: DEBUG glance.api.middleware.version_negotiation [None req-0c7d37b0-58e1-4def-8bf9-6d8cbf3bc35d tempest-VolumesActionsTest-1275154079 tempest-VolumesActionsTest-1275154079-project-member] Using url versioning {{(pid=99809) process_request /opt/stack/glance/glance/api/middleware/version_negotiation.py:57}}
Jul 31 21:15:29.634824 np0000006275 devstack@g-api.service[99809]: DEBUG glance.api.middleware.version_negotiation [None req-0c7d37b0-58e1-4def-8bf9-6d8cbf3bc35d tempest-VolumesActionsTest-1275154079 tempest-VolumesActionsTest-1275154079-project-member] Matched version: v2 {{(pid=99809) process_request /opt/stack/glance/glance/api/middleware/version_negotiation.py:69}}
Jul 31 21:15:29.634824 np0000006275 devstack@g-api.service[99809]: DEBUG glance.api.middleware.version_negotiation [None req-0c7d37b0-58e1-4def-8bf9-6d8cbf3bc35d tempest-VolumesActionsTest-1275154079 tempest-VolumesActionsTest-1275154079-project-member] new path /v2/images/0e174d33-2c14-4e97-85e9-ad1dae76e5af {{(pid=99809) process_request /opt/stack/glance/glance/api/middleware/version_negotiation.py:70}}
Jul 31 21:15:29.645855 np0000006275 devstack@g-api.service[99809]: [pid: 99809|app: 0|req: 103/301] 127.0.0.1 () {40 vars in 838 bytes} [Fri Jul 31 21:15:29 2026] GET /v2/images/0e174d33-2c14-4e97-85e9-ad1dae76e5af => generated 649 bytes in 12 msecs (HTTP/1.1 200) 4 headers in 157 bytes (1 switches on core 0)
Jul 31 21:15:29.904975 np0000006275 devstack@g-api.service[99811]: DEBUG swiftclient [None req-79b76acf-339f-43c4-8847-ab8b73100d1e tempest-VolumesActionsTest-1275154079 tempest-VolumesActionsTest-1275154079-project-member] REQ: curl -i https://10.4.3.226:8080/v1/AUTH_d2cb79eee0e0414fa1b58099446fca3b/glance/0e174d33-2c14-4e97-85e9-ad1dae76e5af-00005 -X PUT -H "X-Auth-Token: gAAAAABqbRBnrwQA..." {{(pid=99811) http_log /opt/stack/data/venv/lib/python3.12/site-packages/swiftclient/client.py:160}}
Jul 31 21:15:29.905091 np0000006275 devstack@g-api.service[99811]: DEBUG swiftclient [None req-79b76acf-339f-43c4-8847-ab8b73100d1e tempest-VolumesActionsTest-1275154079 tempest-VolumesActionsTest-1275154079-project-member] RESP STATUS: 201 Created {{(pid=99811) http_log /opt/stack/data/venv/lib/python3.12/site-packages/swiftclient/client.py:161}}
Jul 31 21:15:29.905267 np0000006275 devstack@g-api.service[99811]: DEBUG swiftclient [None req-79b76acf-339f-43c4-8847-ab8b73100d1e tempest-VolumesActionsTest-1275154079 tempest-VolumesActionsTest-1275154079-project-member] RESP HEADERS: {'Date': 'Fri, 31 Jul 2026 21:15:29 GMT', 'Server': 'Apache/2.4.58 (Ubuntu)', 'Content-Type': 'text/html; charset=UTF-8', 'Content-Length': '0', 'Etag': 'eda9a9889837ac4bc81d6387d92c1bec', 'Last-Modified': 'Fri, 31 Jul 2026 21:15:28 GMT', 'X-Trans-Id': 'txd45d383489284b888b0a1-006a6d106f', 'X-Openstack-Request-Id': 'txd45d383489284b888b0a1-006a6d106f', 'Connection': 'close'} {{(pid=99811) http_log /opt/stack/data/venv/lib/python3.12/site-packages/swiftclient/client.py:162}}
Jul 31 21:15:29.905372 np0000006275 devstack@g-api.service[99811]: DEBUG glance_store._drivers.swift.store [None req-79b76acf-339f-43c4-8847-ab8b73100d1e tempest-VolumesActionsTest-1275154079 tempest-VolumesActionsTest-1275154079-project-member] Wrote chunk 0e174d33-2c14-4e97-85e9-ad1dae76e5af-00005 (5/?) of length 204800000 to Swift returning MD5 of content: eda9a9889837ac4bc81d6387d92c1bec {{(pid=99811) add /opt/stack/data/venv/lib/python3.12/site-packages/glance_store/_drivers/swift/store.py:1059}}
Jul 31 21:15:30.368406 np0000006275 devstack@g-api.service[99811]: DEBUG swiftclient [None req-79b76acf-339f-43c4-8847-ab8b73100d1e tempest-VolumesActionsTest-1275154079 tempest-VolumesActionsTest-1275154079-project-member] REQ: curl -i https://10.4.3.226:8080/v1/AUTH_d2cb79eee0e0414fa1b58099446fca3b/glance/0e174d33-2c14-4e97-85e9-ad1dae76e5af-00006 -X PUT -H "X-Auth-Token: gAAAAABqbRBnrwQA..." {{(pid=99811) http_log /opt/stack/data/venv/lib/python3.12/site-packages/swiftclient/client.py:160}}
Jul 31 21:15:30.368534 np0000006275 devstack@g-api.service[99811]: DEBUG swiftclient [None req-79b76acf-339f-43c4-8847-ab8b73100d1e tempest-VolumesActionsTest-1275154079 tempest-VolumesActionsTest-1275154079-project-member] RESP STATUS: 201 Created {{(pid=99811) http_log /opt/stack/data/venv/lib/python3.12/site-packages/swiftclient/client.py:161}}
Jul 31 21:15:30.368751 np0000006275 devstack@g-api.service[99811]: DEBUG swiftclient [None req-79b76acf-339f-43c4-8847-ab8b73100d1e tempest-VolumesActionsTest-1275154079 tempest-VolumesActionsTest-1275154079-project-member] RESP HEADERS: {'Date': 'Fri, 31 Jul 2026 21:15:30 GMT', 'Server': 'Apache/2.4.58 (Ubuntu)', 'Content-Type': 'text/html; charset=UTF-8', 'Content-Length': '0', 'Etag': '708761f3b8777ec77058e63da08eeeb6', 'Last-Modified': 'Fri, 31 Jul 2026 21:15:30 GMT', 'X-Trans-Id': 'tx2410676e0b9b419185c07-006a6d1071', 'X-Openstack-Request-Id': 'tx2410676e0b9b419185c07-006a6d1071', 'Connection': 'close'} {{(pid=99811) http_log /opt/stack/data/venv/lib/python3.12/site-packages/swiftclient/client.py:162}}
