Jul 31 21:15:54.745217 np0000006275 devstack@g-api.service[99811]: DEBUG glance.api.middleware.version_negotiation [None req-38b7e77d-6fd4-4b98-b623-b8ffa5ca6fc1 tempest-TestShelveInstance-261271766 tempest-TestShelveInstance-261271766-project-member] Matched version: v2 {{(pid=99811) process_request /opt/stack/glance/glance/api/middleware/version_negotiation.py:69}}
Jul 31 21:15:54.745217 np0000006275 devstack@g-api.service[99811]: DEBUG glance.api.middleware.version_negotiation [None req-38b7e77d-6fd4-4b98-b623-b8ffa5ca6fc1 tempest-TestShelveInstance-261271766 tempest-TestShelveInstance-261271766-project-member] new path /v2/schemas/image {{(pid=99811) process_request /opt/stack/glance/glance/api/middleware/version_negotiation.py:70}}
Jul 31 21:15:54.751441 np0000006275 devstack@g-api.service[99811]: [pid: 99811|app: 0|req: 120/372] 127.0.0.1 () {44 vars in 1055 bytes} [Fri Jul 31 21:15:54 2026] GET /v2/schemas/image => generated 6083 bytes in 7 msecs (HTTP/1.1 200) 4 headers in 158 bytes (1 switches on core 0)
Jul 31 21:15:55.102818 np0000006275 devstack@g-api.service[99812]: DEBUG glance.api.middleware.version_negotiation [None req-5c101c40-f935-462b-bfd2-389cc604120c tempest-ServerActionsV293TestJSON-452736850 tempest-ServerActionsV293TestJSON-452736850-project-member] Determining version of request: GET /v2/images/357b4708-fae8-42f3-b134-9275c35937b7 Accept: */* {{(pid=99812) process_request /opt/stack/glance/glance/api/middleware/version_negotiation.py:44}}
Jul 31 21:15:55.102972 np0000006275 devstack@g-api.service[99812]: DEBUG glance.api.middleware.version_negotiation [None req-5c101c40-f935-462b-bfd2-389cc604120c tempest-ServerActionsV293TestJSON-452736850 tempest-ServerActionsV293TestJSON-452736850-project-member] Using url versioning {{(pid=99812) process_request /opt/stack/glance/glance/api/middleware/version_negotiation.py:57}}
Jul 31 21:15:55.103073 np0000006275 devstack@g-api.service[99812]: DEBUG glance.api.middleware.version_negotiation [None req-5c101c40-f935-462b-bfd2-389cc604120c tempest-ServerActionsV293TestJSON-452736850 tempest-ServerActionsV293TestJSON-452736850-project-member] Matched version: v2 {{(pid=99812) process_request /opt/stack/glance/glance/api/middleware/version_negotiation.py:69}}
Jul 31 21:15:55.103163 np0000006275 devstack@g-api.service[99812]: DEBUG glance.api.middleware.version_negotiation [None req-5c101c40-f935-462b-bfd2-389cc604120c tempest-ServerActionsV293TestJSON-452736850 tempest-ServerActionsV293TestJSON-452736850-project-member] new path /v2/images/357b4708-fae8-42f3-b134-9275c35937b7 {{(pid=99812) process_request /opt/stack/glance/glance/api/middleware/version_negotiation.py:70}}
Jul 31 21:15:55.111755 np0000006275 devstack@g-api.service[99812]: [pid: 99812|app: 0|req: 127/373] 127.0.0.1 () {44 vars in 1115 bytes} [Fri Jul 31 21:15:55 2026] GET /v2/images/357b4708-fae8-42f3-b134-9275c35937b7 => generated 1044 bytes in 9 msecs (HTTP/1.1 200) 4 headers in 158 bytes (1 switches on core 0)
Jul 31 21:15:55.153850 np0000006275 devstack@g-api.service[99811]: DEBUG glance.api.middleware.version_negotiation [None req-5c101c40-f935-462b-bfd2-389cc604120c tempest-ServerActionsV293TestJSON-452736850 tempest-ServerActionsV293TestJSON-452736850-project-member] Determining version of request: GET /v2/schemas/image Accept: */* {{(pid=99811) process_request /opt/stack/glance/glance/api/middleware/version_negotiation.py:44}}
Jul 31 21:15:55.154017 np0000006275 devstack@g-api.service[99811]: DEBUG glance.api.middleware.version_negotiation [None req-5c101c40-f935-462b-bfd2-389cc604120c tempest-ServerActionsV293TestJSON-452736850 tempest-ServerActionsV293TestJSON-452736850-project-member] Using url versioning {{(pid=99811) process_request /opt/stack/glance/glance/api/middleware/version_negotiation.py:57}}
Jul 31 21:15:55.154150 np0000006275 devstack@g-api.service[99811]: DEBUG glance.api.middleware.version_negotiation [None req-5c101c40-f935-462b-bfd2-389cc604120c tempest-ServerActionsV293TestJSON-452736850 tempest-ServerActionsV293TestJSON-452736850-project-member] Matched version: v2 {{(pid=99811) process_request /opt/stack/glance/glance/api/middleware/version_negotiation.py:69}}
Jul 31 21:15:55.154239 np0000006275 devstack@g-api.service[99811]: DEBUG glance.api.middleware.version_negotiation [None req-5c101c40-f935-462b-bfd2-389cc604120c tempest-ServerActionsV293TestJSON-452736850 tempest-ServerActionsV293TestJSON-452736850-project-member] new path /v2/schemas/image {{(pid=99811) process_request /opt/stack/glance/glance/api/middleware/version_negotiation.py:70}}
Jul 31 21:15:55.160182 np0000006275 devstack@g-api.service[99811]: [pid: 99811|app: 0|req: 121/374] 127.0.0.1 () {44 vars in 1055 bytes} [Fri Jul 31 21:15:55 2026] GET /v2/schemas/image => generated 6083 bytes in 6 msecs (HTTP/1.1 200) 4 headers in 158 bytes (1 switches on core 0)
Jul 31 21:15:55.294927 np0000006275 devstack@g-api.service[99809]: [pid: 99809|app: 0|req: 127/375] 127.0.0.1 () {42 vars in 786 bytes} [Fri Jul 31 21:15:54 2026] POST /v2/images => generated 651 bytes in 609 msecs (HTTP/1.1 201) 6 headers in 315 bytes (1 switches on core 0)
Jul 31 21:15:55.304549 np0000006275 devstack@g-api.service[99812]: DEBUG glance.api.middleware.version_negotiation [None req-5c101c40-f935-462b-bfd2-389cc604120c tempest-ServerActionsV293TestJSON-452736850 tempest-ServerActionsV293TestJSON-452736850-project-member] Determining version of request: PUT /v2/images/c1eab002-eea3-4481-a3b2-10f7f2123d36/file Accept: {{(pid=99812) process_request /opt/stack/glance/glance/api/middleware/version_negotiation.py:44}}
Jul 31 21:15:55.304549 np0000006275 devstack@g-api.service[99812]: DEBUG glance.api.middleware.version_negotiation [None req-5c101c40-f935-462b-bfd2-389cc604120c tempest-ServerActionsV293TestJSON-452736850 tempest-ServerActionsV293TestJSON-452736850-project-member] Using url versioning {{(pid=99812) process_request /opt/stack/glance/glance/api/middleware/version_negotiation.py:57}}
Jul 31 21:15:55.304549 np0000006275 devstack@g-api.service[99812]: DEBUG glance.api.middleware.version_negotiation [None req-5c101c40-f935-462b-bfd2-389cc604120c tempest-ServerActionsV293TestJSON-452736850 tempest-ServerActionsV293TestJSON-452736850-project-member] Matched version: v2 {{(pid=99812) process_request /opt/stack/glance/glance/api/middleware/version_negotiation.py:69}}
Jul 31 21:15:55.304549 np0000006275 devstack@g-api.service[99812]: DEBUG glance.api.middleware.version_negotiation [None req-5c101c40-f935-462b-bfd2-389cc604120c tempest-ServerActionsV293TestJSON-452736850 tempest-ServerActionsV293TestJSON-452736850-project-member] new path /v2/images/c1eab002-eea3-4481-a3b2-10f7f2123d36/file {{(pid=99812) process_request /opt/stack/glance/glance/api/middleware/version_negotiation.py:70}}
Jul 31 21:15:55.318101 np0000006275 devstack@g-api.service[99811]: DEBUG glance.api.middleware.version_negotiation [None req-5c101c40-f935-462b-bfd2-389cc604120c tempest-ServerActionsV293TestJSON-452736850 tempest-ServerActionsV293TestJSON-452736850-project-member] Determining version of request: GET /v2/images/357b4708-fae8-42f3-b134-9275c35937b7 Accept: */* {{(pid=99811) process_request /opt/stack/glance/glance/api/middleware/version_negotiation.py:44}}
Jul 31 21:15:55.318295 np0000006275 devstack@g-api.service[99811]: DEBUG glance.api.middleware.version_negotiation [None req-5c101c40-f935-462b-bfd2-389cc604120c tempest-ServerActionsV293TestJSON-452736850 tempest-ServerActionsV293TestJSON-452736850-project-member] Using url versioning {{(pid=99811) process_request /opt/stack/glance/glance/api/middleware/version_negotiation.py:57}}
Jul 31 21:15:55.318451 np0000006275 devstack@g-api.service[99811]: DEBUG glance.api.middleware.version_negotiation [None req-5c101c40-f935-462b-bfd2-389cc604120c tempest-ServerActionsV293TestJSON-452736850 tempest-ServerActionsV293TestJSON-452736850-project-member] Matched version: v2 {{(pid=99811) process_request /opt/stack/glance/glance/api/middleware/version_negotiation.py:69}}
Jul 31 21:15:55.318613 np0000006275 devstack@g-api.service[99811]: DEBUG glance.api.middleware.version_negotiation [None req-5c101c40-f935-462b-bfd2-389cc604120c tempest-ServerActionsV293TestJSON-452736850 tempest-ServerActionsV293TestJSON-452736850-project-member] new path /v2/images/357b4708-fae8-42f3-b134-9275c35937b7 {{(pid=99811) process_request /opt/stack/glance/glance/api/middleware/version_negotiation.py:70}}
Jul 31 21:15:55.329286 np0000006275 devstack@g-api.service[99811]: [pid: 99811|app: 0|req: 122/376] 127.0.0.1 () {44 vars in 1115 bytes} [Fri Jul 31 21:15:55 2026] GET /v2/images/357b4708-fae8-42f3-b134-9275c35937b7 => generated 1044 bytes in 11 msecs (HTTP/1.1 200) 4 headers in 158 bytes (1 switches on core 0)
Jul 31 21:15:55.381398 np0000006275 devstack@g-api.service[99809]: DEBUG glance.api.middleware.version_negotiation [None req-f2ff0708-8ce6-4553-a77d-7015ddda174f tempest-VolumesNegativeTest-1533621950 tempest-VolumesNegativeTest-1533621950-project-member] Determining version of request: GET /v2/schemas/image Accept: */* {{(pid=99809) process_request /opt/stack/glance/glance/api/middleware/version_negotiation.py:44}}
Jul 31 21:15:55.381554 np0000006275 devstack@g-api.service[99809]: DEBUG glance.api.middleware.version_negotiation [None req-f2ff0708-8ce6-4553-a77d-7015ddda174f tempest-VolumesNegativeTest-1533621950 tempest-VolumesNegativeTest-1533621950-project-member] Using url versioning {{(pid=99809) process_request /opt/stack/glance/glance/api/middleware/version_negotiation.py:57}}
Jul 31 21:15:55.381766 np0000006275 devstack@g-api.service[99809]: DEBUG glance.api.middleware.version_negotiation [None req-f2ff0708-8ce6-4553-a77d-7015ddda174f tempest-VolumesNegativeTest-1533621950 tempest-VolumesNegativeTest-1533621950-project-member] Matched version: v2 {{(pid=99809) process_request /opt/stack/glance/glance/api/middleware/version_negotiation.py:69}}
Jul 31 21:15:55.381909 np0000006275 devstack@g-api.service[99809]: DEBUG glance.api.middleware.version_negotiation [None req-f2ff0708-8ce6-4553-a77d-7015ddda174f tempest-VolumesNegativeTest-1533621950 tempest-VolumesNegativeTest-1533621950-project-member] new path /v2/schemas/image {{(pid=99809) process_request /opt/stack/glance/glance/api/middleware/version_negotiation.py:70}}
Jul 31 21:15:55.389582 np0000006275 devstack@g-api.service[99809]: [pid: 99809|app: 0|req: 128/377] 127.0.0.1 () {44 vars in 1055 bytes} [Fri Jul 31 21:15:55 2026] GET /v2/schemas/image => generated 6083 bytes in 8 msecs (HTTP/1.1 200) 4 headers in 158 bytes (1 switches on core 0)
Jul 31 21:15:55.845932 np0000006275 devstack@g-api.service[99812]: INFO glance.api.v2.image_data [None req-ae09ad29-18f8-4005-897e-7dcce919d12e tempest-VolumesNegativeTest-1533621950 tempest-VolumesNegativeTest-1533621950-project-member] Unable to create trust: no such option collect_timing in group [keystone_authtoken] Use the existing user token.
Jul 31 21:15:56.361000 np0000006275 devstack@g-api.service[99811]: DEBUG glance.api.middleware.version_negotiation [None req-5c101c40-f935-462b-bfd2-389cc604120c tempest-ServerActionsV293TestJSON-452736850 tempest-ServerActionsV293TestJSON-452736850-project-member] Determining version of request: GET /v2/images/357b4708-fae8-42f3-b134-9275c35937b7 Accept: */* {{(pid=99811) process_request /opt/stack/glance/glance/api/middleware/version_negotiation.py:44}}
Jul 31 21:15:56.361370 np0000006275 devstack@g-api.service[99811]: DEBUG glance.api.middleware.version_negotiation [None req-5c101c40-f935-462b-bfd2-389cc604120c tempest-ServerActionsV293TestJSON-452736850 tempest-ServerActionsV293TestJSON-452736850-project-member] Using url versioning {{(pid=99811) process_request /opt/stack/glance/glance/api/middleware/version_negotiation.py:57}}
Jul 31 21:15:56.361420 np0000006275 devstack@g-api.service[99811]: DEBUG glance.api.middleware.version_negotiation [None req-5c101c40-f935-462b-bfd2-389cc604120c tempest-ServerActionsV293TestJSON-452736850 tempest-ServerActionsV293TestJSON-452736850-project-member] Matched version: v2 {{(pid=99811) process_request /opt/stack/glance/glance/api/middleware/version_negotiation.py:69}}
Jul 31 21:15:56.361510 np0000006275 devstack@g-api.service[99811]: DEBUG glance.api.middleware.version_negotiation [None req-5c101c40-f935-462b-bfd2-389cc604120c tempest-ServerActionsV293TestJSON-452736850 tempest-ServerActionsV293TestJSON-452736850-project-member] new path /v2/images/357b4708-fae8-42f3-b134-9275c35937b7 {{(pid=99811) process_request /opt/stack/glance/glance/api/middleware/version_negotiation.py:70}}
Jul 31 21:15:56.370224 np0000006275 devstack@g-api.service[99811]: [pid: 99811|app: 0|req: 123/378] 127.0.0.1 () {44 vars in 1115 bytes} [Fri Jul 31 21:15:56 2026] GET /v2/images/357b4708-fae8-42f3-b134-9275c35937b7 => generated 1044 bytes in 9 msecs (HTTP/1.1 200) 4 headers in 158 bytes (1 switches on core 0)
Jul 31 21:15:56.392844 np0000006275 devstack@g-api.service[99812]: DEBUG glance.location [None req-ae09ad29-18f8-4005-897e-7dcce919d12e tempest-VolumesNegativeTest-1533621950 tempest-VolumesNegativeTest-1533621950-project-member] Enabling in-flight format inspection for raw {{(pid=99812) set_data /opt/stack/glance/glance/location.py:596}}
Jul 31 21:15:56.394529 np0000006275 devstack@g-api.service[99812]: DEBUG glance_store.backend [None req-ae09ad29-18f8-4005-897e-7dcce919d12e tempest-VolumesNegativeTest-1533621950 tempest-VolumesNegativeTest-1533621950-project-member] Attempting to import store swift {{(pid=99812) _load_store /opt/stack/data/venv/lib/python3.12/site-packages/glance_store/backend.py:215}}
Jul 31 21:15:56.395343 np0000006275 devstack@g-api.service[99812]: DEBUG glance_store.capabilities [None req-ae09ad29-18f8-4005-897e-7dcce919d12e tempest-VolumesNegativeTest-1533621950 tempest-VolumesNegativeTest-1533621950-project-member] Store glance_store._drivers.swift.store.SingleTenantStore doesn't support updating dynamic storage capabilities. Please overwrite 'update_capabilities' method of the store to implement updating logics if needed. {{(pid=99812) update_capabilities /opt/stack/data/venv/lib/python3.12/site-packages/glance_store/capabilities.py:91}}
Jul 31 21:15:56.395490 np0000006275 devstack@g-api.service[99812]: DEBUG glance_store.driver [None req-ae09ad29-18f8-4005-897e-7dcce919d12e tempest-VolumesNegativeTest-1533621950 tempest-VolumesNegativeTest-1533621950-project-member] Late loading location class glance_store._drivers.swift.store.StoreLocation {{(pid=99812) get_store_location_class /opt/stack/data/venv/lib/python3.12/site-packages/glance_store/driver.py:134}}
Jul 31 21:15:56.395733 np0000006275 devstack@g-api.service[99812]: DEBUG glance_store.location [None req-ae09ad29-18f8-4005-897e-7dcce919d12e tempest-VolumesNegativeTest-1533621950 tempest-VolumesNegativeTest-1533621950-project-member] Registering scheme swift+https with {'store': , 'location_class': , 'store_entry': 'swift'} {{(pid=99812) register_scheme_map /opt/stack/data/venv/lib/python3.12/site-packages/glance_store/location.py:146}}
Jul 31 21:15:56.395905 np0000006275 devstack@g-api.service[99812]: DEBUG glance_store.location [None req-ae09ad29-18f8-4005-897e-7dcce919d12e tempest-VolumesNegativeTest-1533621950 tempest-VolumesNegativeTest-1533621950-project-member] Registering scheme swift+https with {'store': , 'location_class': , 'store_entry': 'swift'} {{(pid=99812) register_scheme_map /opt/stack/data/venv/lib/python3.12/site-packages/glance_store/location.py:146}}
Jul 31 21:15:56.396028 np0000006275 devstack@g-api.service[99812]: DEBUG glance_store.location [None req-ae09ad29-18f8-4005-897e-7dcce919d12e tempest-VolumesNegativeTest-1533621950 tempest-VolumesNegativeTest-1533621950-project-member] Registering scheme swift with {'store': , 'location_class': , 'store_entry': 'swift'} {{(pid=99812) register_scheme_map /opt/stack/data/venv/lib/python3.12/site-packages/glance_store/location.py:146}}
Jul 31 21:15:56.396131 np0000006275 devstack@g-api.service[99812]: DEBUG glance_store.location [None req-ae09ad29-18f8-4005-897e-7dcce919d12e tempest-VolumesNegativeTest-1533621950 tempest-VolumesNegativeTest-1533621950-project-member] Registering scheme swift+https with {'store': , 'location_class': , 'store_entry': 'swift'} {{(pid=99812) register_scheme_map /opt/stack/data/venv/lib/python3.12/site-packages/glance_store/location.py:146}}
Jul 31 21:15:56.396233 np0000006275 devstack@g-api.service[99812]: DEBUG glance_store.location [None req-ae09ad29-18f8-4005-897e-7dcce919d12e tempest-VolumesNegativeTest-1533621950 tempest-VolumesNegativeTest-1533621950-project-member] Registering scheme swift with {'store': , 'location_class': , 'store_entry': 'swift'} {{(pid=99812) register_scheme_map /opt/stack/data/venv/lib/python3.12/site-packages/glance_store/location.py:146}}
Jul 31 21:15:56.396336 np0000006275 devstack@g-api.service[99812]: DEBUG glance_store.location [None req-ae09ad29-18f8-4005-897e-7dcce919d12e tempest-VolumesNegativeTest-1533621950 tempest-VolumesNegativeTest-1533621950-project-member] Registering scheme swift+http with {'store': , 'location_class': , 'store_entry': 'swift'} {{(pid=99812) register_scheme_map /opt/stack/data/venv/lib/python3.12/site-packages/glance_store/location.py:146}}
Jul 31 21:15:56.396452 np0000006275 devstack@g-api.service[99812]: DEBUG glance_store.location [None req-ae09ad29-18f8-4005-897e-7dcce919d12e tempest-VolumesNegativeTest-1533621950 tempest-VolumesNegativeTest-1533621950-project-member] Registering scheme swift+https with {'store': , 'location_class': , 'store_entry': 'swift'} {{(pid=99812) register_scheme_map /opt/stack/data/venv/lib/python3.12/site-packages/glance_store/location.py:146}}
Jul 31 21:15:56.396584 np0000006275 devstack@g-api.service[99812]: DEBUG glance_store.location [None req-ae09ad29-18f8-4005-897e-7dcce919d12e tempest-VolumesNegativeTest-1533621950 tempest-VolumesNegativeTest-1533621950-project-member] Registering scheme swift with {'store': , 'location_class': , 'store_entry': 'swift'} {{(pid=99812) register_scheme_map /opt/stack/data/venv/lib/python3.12/site-packages/glance_store/location.py:146}}
Jul 31 21:15:56.396734 np0000006275 devstack@g-api.service[99812]: DEBUG glance_store.location [None req-ae09ad29-18f8-4005-897e-7dcce919d12e tempest-VolumesNegativeTest-1533621950 tempest-VolumesNegativeTest-1533621950-project-member] Registering scheme swift+http with {'store': , 'location_class': , 'store_entry': 'swift'} {{(pid=99812) register_scheme_map /opt/stack/data/venv/lib/python3.12/site-packages/glance_store/location.py:146}}
Jul 31 21:15:56.396936 np0000006275 devstack@g-api.service[99812]: DEBUG glance_store.location [None req-ae09ad29-18f8-4005-897e-7dcce919d12e tempest-VolumesNegativeTest-1533621950 tempest-VolumesNegativeTest-1533621950-project-member] Registering scheme swift+config with {'store': , 'location_class': , 'store_entry': 'swift'} {{(pid=99812) register_scheme_map /opt/stack/data/venv/lib/python3.12/site-packages/glance_store/location.py:146}}
Jul 31 21:15:56.399160 np0000006275 devstack@g-api.service[99809]: DEBUG glance.api.middleware.version_negotiation [None req-5c101c40-f935-462b-bfd2-389cc604120c tempest-ServerActionsV293TestJSON-452736850 tempest-ServerActionsV293TestJSON-452736850-project-member] Determining version of request: GET /v2/schemas/image Accept: */* {{(pid=99809) process_request /opt/stack/glance/glance/api/middleware/version_negotiation.py:44}}
Jul 31 21:15:56.399588 np0000006275 devstack@g-api.service[99809]: DEBUG glance.api.middleware.version_negotiation [None req-5c101c40-f935-462b-bfd2-389cc604120c tempest-ServerActionsV293TestJSON-452736850 tempest-ServerActionsV293TestJSON-452736850-project-member] Using url versioning {{(pid=99809) process_request /opt/stack/glance/glance/api/middleware/version_negotiation.py:57}}
Jul 31 21:15:56.399588 np0000006275 devstack@g-api.service[99809]: DEBUG glance.api.middleware.version_negotiation [None req-5c101c40-f935-462b-bfd2-389cc604120c tempest-ServerActionsV293TestJSON-452736850 tempest-ServerActionsV293TestJSON-452736850-project-member] Matched version: v2 {{(pid=99809) process_request /opt/stack/glance/glance/api/middleware/version_negotiation.py:69}}
Jul 31 21:15:56.399588 np0000006275 devstack@g-api.service[99809]: DEBUG glance.api.middleware.version_negotiation [None req-5c101c40-f935-462b-bfd2-389cc604120c tempest-ServerActionsV293TestJSON-452736850 tempest-ServerActionsV293TestJSON-452736850-project-member] new path /v2/schemas/image {{(pid=99809) process_request /opt/stack/glance/glance/api/middleware/version_negotiation.py:70}}
Jul 31 21:15:56.402544 np0000006275 devstack@g-api.service[99809]: [pid: 99809|app: 0|req: 129/379] 127.0.0.1 () {44 vars in 1055 bytes} [Fri Jul 31 21:15:56 2026] GET /v2/schemas/image => generated 6083 bytes in 3 msecs (HTTP/1.1 200) 4 headers in 158 bytes (1 switches on core 0)
Jul 31 21:15:56.452907 np0000006275 devstack@g-api.service[99811]: DEBUG glance.api.middleware.version_negotiation [None req-5c101c40-f935-462b-bfd2-389cc604120c tempest-ServerActionsV293TestJSON-452736850 tempest-ServerActionsV293TestJSON-452736850-project-member] Determining version of request: GET /v2/images/357b4708-fae8-42f3-b134-9275c35937b7 Accept: */* {{(pid=99811) process_request /opt/stack/glance/glance/api/middleware/version_negotiation.py:44}}
Jul 31 21:15:56.453060 np0000006275 devstack@g-api.service[99811]: DEBUG glance.api.middleware.version_negotiation [None req-5c101c40-f935-462b-bfd2-389cc604120c tempest-ServerActionsV293TestJSON-452736850 tempest-ServerActionsV293TestJSON-452736850-project-member] Using url versioning {{(pid=99811) process_request /opt/stack/glance/glance/api/middleware/version_negotiation.py:57}}
Jul 31 21:15:56.453195 np0000006275 devstack@g-api.service[99811]: DEBUG glance.api.middleware.version_negotiation [None req-5c101c40-f935-462b-bfd2-389cc604120c tempest-ServerActionsV293TestJSON-452736850 tempest-ServerActionsV293TestJSON-452736850-project-member] Matched version: v2 {{(pid=99811) process_request /opt/stack/glance/glance/api/middleware/version_negotiation.py:69}}
Jul 31 21:15:56.453889 np0000006275 devstack@g-api.service[99811]: DEBUG glance.api.middleware.version_negotiation [None req-5c101c40-f935-462b-bfd2-389cc604120c tempest-ServerActionsV293TestJSON-452736850 tempest-ServerActionsV293TestJSON-452736850-project-member] new path /v2/images/357b4708-fae8-42f3-b134-9275c35937b7 {{(pid=99811) process_request /opt/stack/glance/glance/api/middleware/version_negotiation.py:70}}
Jul 31 21:15:56.475491 np0000006275 devstack@g-api.service[99811]: [pid: 99811|app: 0|req: 124/380] 127.0.0.1 () {44 vars in 1115 bytes} [Fri Jul 31 21:15:56 2026] GET /v2/images/357b4708-fae8-42f3-b134-9275c35937b7 => generated 1044 bytes in 19 msecs (HTTP/1.1 200) 4 headers in 158 bytes (1 switches on core 0)
Jul 31 21:15:56.479815 np0000006275 devstack@g-api.service[99809]: DEBUG glance.api.middleware.version_negotiation [None req-5c101c40-f935-462b-bfd2-389cc604120c tempest-ServerActionsV293TestJSON-452736850 tempest-ServerActionsV293TestJSON-452736850-project-member] Determining version of request: GET /v2/schemas/image Accept: */* {{(pid=99809) process_request /opt/stack/glance/glance/api/middleware/version_negotiation.py:44}}
Jul 31 21:15:56.480140 np0000006275 devstack@g-api.service[99809]: DEBUG glance.api.middleware.version_negotiation [None req-5c101c40-f935-462b-bfd2-389cc604120c tempest-ServerActionsV293TestJSON-452736850 tempest-ServerActionsV293TestJSON-452736850-project-member] Using url versioning {{(pid=99809) process_request /opt/stack/glance/glance/api/middleware/version_negotiation.py:57}}
Jul 31 21:15:56.480386 np0000006275 devstack@g-api.service[99809]: DEBUG glance.api.middleware.version_negotiation [None req-5c101c40-f935-462b-bfd2-389cc604120c tempest-ServerActionsV293TestJSON-452736850 tempest-ServerActionsV293TestJSON-452736850-project-member] Matched version: v2 {{(pid=99809) process_request /opt/stack/glance/glance/api/middleware/version_negotiation.py:69}}
Jul 31 21:15:56.480542 np0000006275 devstack@g-api.service[99809]: DEBUG glance.api.middleware.version_negotiation [None req-5c101c40-f935-462b-bfd2-389cc604120c tempest-ServerActionsV293TestJSON-452736850 tempest-ServerActionsV293TestJSON-452736850-project-member] new path /v2/schemas/image {{(pid=99809) process_request /opt/stack/glance/glance/api/middleware/version_negotiation.py:70}}
Jul 31 21:15:56.484905 np0000006275 devstack@g-api.service[99809]: [pid: 99809|app: 0|req: 130/381] 127.0.0.1 () {44 vars in 1055 bytes} [Fri Jul 31 21:15:56 2026] GET /v2/schemas/image => generated 6083 bytes in 6 msecs (HTTP/1.1 200) 4 headers in 158 bytes (1 switches on core 0)
Jul 31 21:15:56.494596 np0000006275 devstack@g-api.service[99811]: DEBUG glance.api.middleware.version_negotiation [None req-5c101c40-f935-462b-bfd2-389cc604120c tempest-ServerActionsV293TestJSON-452736850 tempest-ServerActionsV293TestJSON-452736850-project-member] Determining version of request: GET /v2/schemas/image Accept: */* {{(pid=99811) process_request /opt/stack/glance/glance/api/middleware/version_negotiation.py:44}}
Jul 31 21:15:56.494596 np0000006275 devstack@g-api.service[99811]: DEBUG glance.api.middleware.version_negotiation [None req-5c101c40-f935-462b-bfd2-389cc604120c tempest-ServerActionsV293TestJSON-452736850 tempest-ServerActionsV293TestJSON-452736850-project-member] Using url versioning {{(pid=99811) process_request /opt/stack/glance/glance/api/middleware/version_negotiation.py:57}}
Jul 31 21:15:56.494596 np0000006275 devstack@g-api.service[99811]: DEBUG glance.api.middleware.version_negotiation [None req-5c101c40-f935-462b-bfd2-389cc604120c tempest-ServerActionsV293TestJSON-452736850 tempest-ServerActionsV293TestJSON-452736850-project-member] Matched version: v2 {{(pid=99811) process_request /opt/stack/glance/glance/api/middleware/version_negotiation.py:69}}
Jul 31 21:15:56.494776 np0000006275 devstack@g-api.service[99811]: DEBUG glance.api.middleware.version_negotiation [None req-5c101c40-f935-462b-bfd2-389cc604120c tempest-ServerActionsV293TestJSON-452736850 tempest-ServerActionsV293TestJSON-452736850-project-member] new path /v2/schemas/image {{(pid=99811) process_request /opt/stack/glance/glance/api/middleware/version_negotiation.py:70}}
Jul 31 21:15:56.497666 np0000006275 devstack@g-api.service[99811]: [pid: 99811|app: 0|req: 125/382] 127.0.0.1 () {44 vars in 1055 bytes} [Fri Jul 31 21:15:56 2026] GET /v2/schemas/image => generated 6083 bytes in 3 msecs (HTTP/1.1 200) 4 headers in 158 bytes (1 switches on core 0)
Jul 31 21:15:56.526006 np0000006275 devstack@g-api.service[99809]: DEBUG glance.api.middleware.version_negotiation [None req-5c101c40-f935-462b-bfd2-389cc604120c tempest-ServerActionsV293TestJSON-452736850 tempest-ServerActionsV293TestJSON-452736850-project-member] Determining version of request: GET /v2/images/357b4708-fae8-42f3-b134-9275c35937b7 Accept: */* {{(pid=99809) process_request /opt/stack/glance/glance/api/middleware/version_negotiation.py:44}}
Jul 31 21:15:56.526902 np0000006275 devstack@g-api.service[99809]: DEBUG glance.api.middleware.version_negotiation [None req-5c101c40-f935-462b-bfd2-389cc604120c tempest-ServerActionsV293TestJSON-452736850 tempest-ServerActionsV293TestJSON-452736850-project-member] Using url versioning {{(pid=99809) process_request /opt/stack/glance/glance/api/middleware/version_negotiation.py:57}}
Jul 31 21:15:56.526902 np0000006275 devstack@g-api.service[99809]: DEBUG glance.api.middleware.version_negotiation [None req-5c101c40-f935-462b-bfd2-389cc604120c tempest-ServerActionsV293TestJSON-452736850 tempest-ServerActionsV293TestJSON-452736850-project-member] Matched version: v2 {{(pid=99809) process_request /opt/stack/glance/glance/api/middleware/version_negotiation.py:69}}
Jul 31 21:15:56.526902 np0000006275 devstack@g-api.service[99809]: DEBUG glance.api.middleware.version_negotiation [None req-5c101c40-f935-462b-bfd2-389cc604120c tempest-ServerActionsV293TestJSON-452736850 tempest-ServerActionsV293TestJSON-452736850-project-member] new path /v2/images/357b4708-fae8-42f3-b134-9275c35937b7 {{(pid=99809) process_request /opt/stack/glance/glance/api/middleware/version_negotiation.py:70}}
Jul 31 21:15:56.537113 np0000006275 devstack@g-api.service[99809]: [pid: 99809|app: 0|req: 131/383] 127.0.0.1 () {44 vars in 1115 bytes} [Fri Jul 31 21:15:56 2026] GET /v2/images/357b4708-fae8-42f3-b134-9275c35937b7 => generated 1044 bytes in 11 msecs (HTTP/1.1 200) 4 headers in 158 bytes (1 switches on core 0)
Jul 31 21:15:56.548786 np0000006275 devstack@g-api.service[99811]: DEBUG glance.api.middleware.version_negotiation [None req-5c101c40-f935-462b-bfd2-389cc604120c tempest-ServerActionsV293TestJSON-452736850 tempest-ServerActionsV293TestJSON-452736850-project-member] Determining version of request: GET /v2/schemas/image Accept: */* {{(pid=99811) process_request /opt/stack/glance/glance/api/middleware/version_negotiation.py:44}}
Jul 31 21:15:56.549193 np0000006275 devstack@g-api.service[99811]: DEBUG glance.api.middleware.version_negotiation [None req-5c101c40-f935-462b-bfd2-389cc604120c tempest-ServerActionsV293TestJSON-452736850 tempest-ServerActionsV293TestJSON-452736850-project-member] Using url versioning {{(pid=99811) process_request /opt/stack/glance/glance/api/middleware/version_negotiation.py:57}}
Jul 31 21:15:56.549341 np0000006275 devstack@g-api.service[99811]: DEBUG glance.api.middleware.version_negotiation [None req-5c101c40-f935-462b-bfd2-389cc604120c tempest-ServerActionsV293TestJSON-452736850 tempest-ServerActionsV293TestJSON-452736850-project-member] Matched version: v2 {{(pid=99811) process_request /opt/stack/glance/glance/api/middleware/version_negotiation.py:69}}
Jul 31 21:15:56.549976 np0000006275 devstack@g-api.service[99811]: DEBUG glance.api.middleware.version_negotiation [None req-5c101c40-f935-462b-bfd2-389cc604120c tempest-ServerActionsV293TestJSON-452736850 tempest-ServerActionsV293TestJSON-452736850-project-member] new path /v2/schemas/image {{(pid=99811) process_request /opt/stack/glance/glance/api/middleware/version_negotiation.py:70}}
Jul 31 21:15:56.552650 np0000006275 devstack@g-api.service[99811]: [pid: 99811|app: 0|req: 126/384] 127.0.0.1 () {44 vars in 1055 bytes} [Fri Jul 31 21:15:56 2026] GET /v2/schemas/image => generated 6083 bytes in 4 msecs (HTTP/1.1 200) 4 headers in 158 bytes (1 switches on core 0)
Jul 31 21:15:56.614907 np0000006275 devstack@g-api.service[99812]: DEBUG swiftclient [None req-ae09ad29-18f8-4005-897e-7dcce919d12e tempest-VolumesNegativeTest-1533621950 tempest-VolumesNegativeTest-1533621950-project-member] REQ: curl -i https://10.4.3.226:8080/v1/AUTH_d2cb79eee0e0414fa1b58099446fca3b/glance -I -H "X-Auth-Token: gAAAAABqbRCMSVTV..." {{(pid=99812) http_log /opt/stack/data/venv/lib/python3.12/site-packages/swiftclient/client.py:160}}
Jul 31 21:15:56.614907 np0000006275 devstack@g-api.service[99812]: DEBUG swiftclient [None req-ae09ad29-18f8-4005-897e-7dcce919d12e tempest-VolumesNegativeTest-1533621950 tempest-VolumesNegativeTest-1533621950-project-member] RESP STATUS: 204 No Content {{(pid=99812) http_log /opt/stack/data/venv/lib/python3.12/site-packages/swiftclient/client.py:161}}
Jul 31 21:15:56.615249 np0000006275 devstack@g-api.service[99812]: DEBUG swiftclient [None req-ae09ad29-18f8-4005-897e-7dcce919d12e tempest-VolumesNegativeTest-1533621950 tempest-VolumesNegativeTest-1533621950-project-member] RESP HEADERS: {'Date': 'Fri, 31 Jul 2026 21:15:56 GMT', 'Server': 'Apache/2.4.58 (Ubuntu)', 'Content-Type': 'text/plain; charset=utf-8', 'X-Container-Object-Count': '3', 'X-Container-Bytes-Used': '64356352', 'X-Timestamp': '1785532170.64813', 'Last-Modified': 'Fri, 31 Jul 2026 21:09:31 GMT', 'Accept-Ranges': 'bytes', 'X-Storage-Policy': 'Policy-0', 'X-Container-Sharding': 'False', 'Vary': 'Accept', 'X-Trans-Id': 'txede52099852747b5bbca5-006a6d108c', 'X-Openstack-Request-Id': 'txede52099852747b5bbca5-006a6d108c', 'Connection': 'close'} {{(pid=99812) http_log /opt/stack/data/venv/lib/python3.12/site-packages/swiftclient/client.py:162}}
Jul 31 21:15:56.615518 np0000006275 devstack@g-api.service[99812]: DEBUG glance_store._drivers.swift.store [None req-ae09ad29-18f8-4005-897e-7dcce919d12e tempest-VolumesNegativeTest-1533621950 tempest-VolumesNegativeTest-1533621950-project-member] Adding image object 'c1eab002-eea3-4481-a3b2-10f7f2123d36' to Swift {{(pid=99812) add /opt/stack/data/venv/lib/python3.12/site-packages/glance_store/_drivers/swift/store.py:970}}
Jul 31 21:15:56.631819 np0000006275 devstack@g-api.service[99812]: DEBUG oslo_utils.imageutils.format_inspector [None req-ae09ad29-18f8-4005-897e-7dcce919d12e tempest-VolumesNegativeTest-1533621950 tempest-VolumesNegativeTest-1533621950-project-member] Format inspector for vmdk does not match, excluding from consideration (Signature KDMV not found: b'5\xc5\xf8N') {{(pid=99812) _process_chunk /opt/stack/data/venv/lib/python3.12/site-packages/oslo_utils/imageutils/format_inspector.py:1758}}
Jul 31 21:15:56.659964 np0000006275 devstack@g-api.service[99812]: DEBUG swiftclient [None req-ae09ad29-18f8-4005-897e-7dcce919d12e tempest-VolumesNegativeTest-1533621950 tempest-VolumesNegativeTest-1533621950-project-member] REQ: curl -i https://10.4.3.226:8080/v1/AUTH_d2cb79eee0e0414fa1b58099446fca3b/glance/c1eab002-eea3-4481-a3b2-10f7f2123d36 -X PUT -H "X-Auth-Token: gAAAAABqbRCMSVTV..." -H "Content-Length: 1024" {{(pid=99812) http_log /opt/stack/data/venv/lib/python3.12/site-packages/swiftclient/client.py:160}}
Jul 31 21:15:56.660110 np0000006275 devstack@g-api.service[99812]: DEBUG swiftclient [None req-ae09ad29-18f8-4005-897e-7dcce919d12e tempest-VolumesNegativeTest-1533621950 tempest-VolumesNegativeTest-1533621950-project-member] RESP STATUS: 201 Created {{(pid=99812) http_log /opt/stack/data/venv/lib/python3.12/site-packages/swiftclient/client.py:161}}
Jul 31 21:15:56.660308 np0000006275 devstack@g-api.service[99812]: DEBUG swiftclient [None req-ae09ad29-18f8-4005-897e-7dcce919d12e tempest-VolumesNegativeTest-1533621950 tempest-VolumesNegativeTest-1533621950-project-member] RESP HEADERS: {'Date': 'Fri, 31 Jul 2026 21:15:56 GMT', 'Server': 'Apache/2.4.58 (Ubuntu)', 'Content-Type': 'text/html; charset=UTF-8', 'Content-Length': '0', 'Etag': 'a6f2cd956c43df22f2750188f6ecf5dd', 'Last-Modified': 'Fri, 31 Jul 2026 21:15:57 GMT', 'X-Trans-Id': 'txd2a433ac8c2043558dc55-006a6d108c', 'X-Openstack-Request-Id': 'txd2a433ac8c2043558dc55-006a6d108c', 'Connection': 'close'} {{(pid=99812) http_log /opt/stack/data/venv/lib/python3.12/site-packages/swiftclient/client.py:162}}
Jul 31 21:15:56.660915 np0000006275 devstack@g-api.service[99812]: INFO glance.location [None req-ae09ad29-18f8-4005-897e-7dcce919d12e tempest-VolumesNegativeTest-1533621950 tempest-VolumesNegativeTest-1533621950-project-member] Image format matched and virtual size computed: 1024
Jul 31 21:15:56.687382 np0000006275 devstack@g-api.service[99809]: DEBUG glance.api.middleware.version_negotiation [None req-5c101c40-f935-462b-bfd2-389cc604120c tempest-ServerActionsV293TestJSON-452736850 tempest-ServerActionsV293TestJSON-452736850-project-member] Determining version of request: GET /versions Accept: */* {{(pid=99809) process_request /opt/stack/glance/glance/api/middleware/version_negotiation.py:44}}
Jul 31 21:15:56.688678 np0000006275 devstack@g-api.service[99809]: [pid: 99809|app: 0|req: 132/385] 127.0.0.1 () {44 vars in 1039 bytes} [Fri Jul 31 21:15:56 2026] GET /versions => generated 1515 bytes in 1 msecs (HTTP/1.1 200) 3 headers in 92 bytes (1 switches on core 0)
Jul 31 21:15:56.695583 np0000006275 devstack@g-api.service[99811]: DEBUG glance.api.middleware.version_negotiation [None req-5c101c40-f935-462b-bfd2-389cc604120c tempest-ServerActionsV293TestJSON-452736850 tempest-ServerActionsV293TestJSON-452736850-project-member] Determining version of request: GET /v2/images/357b4708-fae8-42f3-b134-9275c35937b7/locations Accept: */* {{(pid=99811) process_request /opt/stack/glance/glance/api/middleware/version_negotiation.py:44}}
Jul 31 21:15:56.695847 np0000006275 devstack@g-api.service[99811]: DEBUG glance.api.middleware.version_negotiation [None req-5c101c40-f935-462b-bfd2-389cc604120c tempest-ServerActionsV293TestJSON-452736850 tempest-ServerActionsV293TestJSON-452736850-project-member] Using url versioning {{(pid=99811) process_request /opt/stack/glance/glance/api/middleware/version_negotiation.py:57}}
Jul 31 21:15:56.696014 np0000006275 devstack@g-api.service[99811]: DEBUG glance.api.middleware.version_negotiation [None req-5c101c40-f935-462b-bfd2-389cc604120c tempest-ServerActionsV293TestJSON-452736850 tempest-ServerActionsV293TestJSON-452736850-project-member] Matched version: v2 {{(pid=99811) process_request /opt/stack/glance/glance/api/middleware/version_negotiation.py:69}}
Jul 31 21:15:56.696166 np0000006275 devstack@g-api.service[99811]: DEBUG glance.api.middleware.version_negotiation [None req-5c101c40-f935-462b-bfd2-389cc604120c tempest-ServerActionsV293TestJSON-452736850 tempest-ServerActionsV293TestJSON-452736850-project-member] new path /v2/images/357b4708-fae8-42f3-b134-9275c35937b7/locations {{(pid=99811) process_request /opt/stack/glance/glance/api/middleware/version_negotiation.py:70}}
Jul 31 21:15:56.705611 np0000006275 devstack@g-api.service[99812]: DEBUG glance_store.backend [None req-ae09ad29-18f8-4005-897e-7dcce919d12e tempest-VolumesNegativeTest-1533621950 tempest-VolumesNegativeTest-1533621950-project-member] Attempting to import store swift {{(pid=99812) _load_store /opt/stack/data/venv/lib/python3.12/site-packages/glance_store/backend.py:215}}
Jul 31 21:15:56.707642 np0000006275 devstack@g-api.service[99812]: DEBUG glance_store.capabilities [None req-ae09ad29-18f8-4005-897e-7dcce919d12e tempest-VolumesNegativeTest-1533621950 tempest-VolumesNegativeTest-1533621950-project-member] Store glance_store._drivers.swift.store.SingleTenantStore doesn't support updating dynamic storage capabilities. Please overwrite 'update_capabilities' method of the store to implement updating logics if needed. {{(pid=99812) update_capabilities /opt/stack/data/venv/lib/python3.12/site-packages/glance_store/capabilities.py:91}}
Jul 31 21:15:56.708132 np0000006275 devstack@g-api.service[99812]: DEBUG glance_store.driver [None req-ae09ad29-18f8-4005-897e-7dcce919d12e tempest-VolumesNegativeTest-1533621950 tempest-VolumesNegativeTest-1533621950-project-member] Late loading location class glance_store._drivers.swift.store.StoreLocation {{(pid=99812) get_store_location_class /opt/stack/data/venv/lib/python3.12/site-packages/glance_store/driver.py:134}}
Jul 31 21:15:56.708132 np0000006275 devstack@g-api.service[99812]: DEBUG glance_store.location [None req-ae09ad29-18f8-4005-897e-7dcce919d12e tempest-VolumesNegativeTest-1533621950 tempest-VolumesNegativeTest-1533621950-project-member] Registering scheme swift+https with {'store': , 'location_class': , 'store_entry': 'swift'} {{(pid=99812) register_scheme_map /opt/stack/data/venv/lib/python3.12/site-packages/glance_store/location.py:146}}
Jul 31 21:15:56.708132 np0000006275 devstack@g-api.service[99812]: DEBUG glance_store.location [None req-ae09ad29-18f8-4005-897e-7dcce919d12e tempest-VolumesNegativeTest-1533621950 tempest-VolumesNegativeTest-1533621950-project-member] Registering scheme swift+https with {'store': , 'location_class': , 'store_entry': 'swift'} {{(pid=99812) register_scheme_map /opt/stack/data/venv/lib/python3.12/site-packages/glance_store/location.py:146}}
Jul 31 21:15:56.708295 np0000006275 devstack@g-api.service[99812]: DEBUG glance_store.location [None req-ae09ad29-18f8-4005-897e-7dcce919d12e tempest-VolumesNegativeTest-1533621950 tempest-VolumesNegativeTest-1533621950-project-member] Registering scheme swift with {'store': , 'location_class': , 'store_entry': 'swift'} {{(pid=99812) register_scheme_map /opt/stack/data/venv/lib/python3.12/site-packages/glance_store/location.py:146}}
Jul 31 21:15:56.708385 np0000006275 devstack@g-api.service[99812]: DEBUG glance_store.location [None req-ae09ad29-18f8-4005-897e-7dcce919d12e tempest-VolumesNegativeTest-1533621950 tempest-VolumesNegativeTest-1533621950-project-member] Registering scheme swift+https with {'store': , 'location_class': , 'store_entry': 'swift'} {{(pid=99812) register_scheme_map /opt/stack/data/venv/lib/python3.12/site-packages/glance_store/location.py:146}}
Jul 31 21:15:56.708492 np0000006275 devstack@g-api.service[99812]: DEBUG glance_store.location [None req-ae09ad29-18f8-4005-897e-7dcce919d12e tempest-VolumesNegativeTest-1533621950 tempest-VolumesNegativeTest-1533621950-project-member] Registering scheme swift with {'store': , 'location_class': , 'store_entry': 'swift'} {{(pid=99812) register_scheme_map /opt/stack/data/venv/lib/python3.12/site-packages/glance_store/location.py:146}}
Jul 31 21:15:56.708605 np0000006275 devstack@g-api.service[99812]: DEBUG glance_store.location [None req-ae09ad29-18f8-4005-897e-7dcce919d12e tempest-VolumesNegativeTest-1533621950 tempest-VolumesNegativeTest-1533621950-project-member] Registering scheme swift+http with {'store': , 'location_class': , 'store_entry': 'swift'} {{(pid=99812) register_scheme_map /opt/stack/data/venv/lib/python3.12/site-packages/glance_store/location.py:146}}
Jul 31 21:15:56.708742 np0000006275 devstack@g-api.service[99812]: DEBUG glance_store.location [None req-ae09ad29-18f8-4005-897e-7dcce919d12e tempest-VolumesNegativeTest-1533621950 tempest-VolumesNegativeTest-1533621950-project-member] Registering scheme swift+https with {'store': , 'location_class': , 'store_entry': 'swift'} {{(pid=99812) register_scheme_map /opt/stack/data/venv/lib/python3.12/site-packages/glance_store/location.py:146}}
Jul 31 21:15:56.708848 np0000006275 devstack@g-api.service[99812]: DEBUG glance_store.location [None req-ae09ad29-18f8-4005-897e-7dcce919d12e tempest-VolumesNegativeTest-1533621950 tempest-VolumesNegativeTest-1533621950-project-member] Registering scheme swift with {'store': , 'location_class': , 'store_entry': 'swift'} {{(pid=99812) register_scheme_map /opt/stack/data/venv/lib/python3.12/site-packages/glance_store/location.py:146}}
Jul 31 21:15:56.708942 np0000006275 devstack@g-api.service[99812]: DEBUG glance_store.location [None req-ae09ad29-18f8-4005-897e-7dcce919d12e tempest-VolumesNegativeTest-1533621950 tempest-VolumesNegativeTest-1533621950-project-member] Registering scheme swift+http with {'store': , 'location_class': , 'store_entry': 'swift'} {{(pid=99812) register_scheme_map /opt/stack/data/venv/lib/python3.12/site-packages/glance_store/location.py:146}}
Jul 31 21:15:56.709084 np0000006275 devstack@g-api.service[99812]: DEBUG glance_store.location [None req-ae09ad29-18f8-4005-897e-7dcce919d12e tempest-VolumesNegativeTest-1533621950 tempest-VolumesNegativeTest-1533621950-project-member] Registering scheme swift+config with {'store': , 'location_class': , 'store_entry': 'swift'} {{(pid=99812) register_scheme_map /opt/stack/data/venv/lib/python3.12/site-packages/glance_store/location.py:146}}
Jul 31 21:15:56.709178 np0000006275 devstack@g-api.service[99812]: DEBUG glance_store.backend [None req-ae09ad29-18f8-4005-897e-7dcce919d12e tempest-VolumesNegativeTest-1533621950 tempest-VolumesNegativeTest-1533621950-project-member] Skipping store.set_acls... not implemented. {{(pid=99812) set_acls /opt/stack/data/venv/lib/python3.12/site-packages/glance_store/backend.py:507}}
Jul 31 21:15:56.711241 np0000006275 devstack@g-api.service[99812]: [pid: 99812|app: 0|req: 128/386] 127.0.0.1 () {40 vars in 847 bytes} [Fri Jul 31 21:15:55 2026] PUT /v2/images/c1eab002-eea3-4481-a3b2-10f7f2123d36/file => generated 0 bytes in 1407 msecs (HTTP/1.1 204) 4 headers in 171 bytes (1 switches on core 0)
Jul 31 21:15:56.725215 np0000006275 devstack@g-api.service[99809]: DEBUG glance.api.middleware.version_negotiation [None req-5c101c40-f935-462b-bfd2-389cc604120c tempest-ServerActionsV293TestJSON-452736850 tempest-ServerActionsV293TestJSON-452736850-project-member] Determining version of request: GET /v2/images/c1eab002-eea3-4481-a3b2-10f7f2123d36 Accept: application/json {{(pid=99809) process_request /opt/stack/glance/glance/api/middleware/version_negotiation.py:44}}
Jul 31 21:15:56.725442 np0000006275 devstack@g-api.service[99809]: DEBUG glance.api.middleware.version_negotiation [None req-5c101c40-f935-462b-bfd2-389cc604120c tempest-ServerActionsV293TestJSON-452736850 tempest-ServerActionsV293TestJSON-452736850-project-member] Using url versioning {{(pid=99809) process_request /opt/stack/glance/glance/api/middleware/version_negotiation.py:57}}
Jul 31 21:15:56.725666 np0000006275 devstack@g-api.service[99809]: DEBUG glance.api.middleware.version_negotiation [None req-5c101c40-f935-462b-bfd2-389cc604120c tempest-ServerActionsV293TestJSON-452736850 tempest-ServerActionsV293TestJSON-452736850-project-member] Matched version: v2 {{(pid=99809) process_request /opt/stack/glance/glance/api/middleware/version_negotiation.py:69}}
Jul 31 21:15:56.725848 np0000006275 devstack@g-api.service[99809]: DEBUG glance.api.middleware.version_negotiation [None req-5c101c40-f935-462b-bfd2-389cc604120c tempest-ServerActionsV293TestJSON-452736850 tempest-ServerActionsV293TestJSON-452736850-project-member] new path /v2/images/c1eab002-eea3-4481-a3b2-10f7f2123d36 {{(pid=99809) process_request /opt/stack/glance/glance/api/middleware/version_negotiation.py:70}}
Jul 31 21:15:56.738854 np0000006275 devstack@g-api.service[99809]: [pid: 99809|app: 0|req: 133/387] 127.0.0.1 () {40 vars in 838 bytes} [Fri Jul 31 21:15:56 2026] GET /v2/images/c1eab002-eea3-4481-a3b2-10f7f2123d36 => generated 811 bytes in 14 msecs (HTTP/1.1 200) 4 headers in 157 bytes (1 switches on core 0)
Jul 31 21:15:56.749413 np0000006275 devstack@g-api.service[99812]: DEBUG glance.api.middleware.version_negotiation [None req-ae09ad29-18f8-4005-897e-7dcce919d12e tempest-VolumesNegativeTest-1533621950 tempest-VolumesNegativeTest-1533621950-project-member] Determining version of request: POST /v2/images/c1eab002-eea3-4481-a3b2-10f7f2123d36/actions/deactivate Accept: application/json {{(pid=99812) process_request /opt/stack/glance/glance/api/middleware/version_negotiation.py:44}}
Jul 31 21:15:56.749641 np0000006275 devstack@g-api.service[99812]: DEBUG glance.api.middleware.version_negotiation [None req-ae09ad29-18f8-4005-897e-7dcce919d12e tempest-VolumesNegativeTest-1533621950 tempest-VolumesNegativeTest-1533621950-project-member] Using url versioning {{(pid=99812) process_request /opt/stack/glance/glance/api/middleware/version_negotiation.py:57}}
Jul 31 21:15:56.749758 np0000006275 devstack@g-api.service[99812]: DEBUG glance.api.middleware.version_negotiation [None req-ae09ad29-18f8-4005-897e-7dcce919d12e tempest-VolumesNegativeTest-1533621950 tempest-VolumesNegativeTest-1533621950-project-member] Matched version: v2 {{(pid=99812) process_request /opt/stack/glance/glance/api/middleware/version_negotiation.py:69}}
Jul 31 21:15:56.749856 np0000006275 devstack@g-api.service[99812]: DEBUG glance.api.middleware.version_negotiation [None req-ae09ad29-18f8-4005-897e-7dcce919d12e tempest-VolumesNegativeTest-1533621950 tempest-VolumesNegativeTest-1533621950-project-member] new path /v2/images/c1eab002-eea3-4481-a3b2-10f7f2123d36/actions/deactivate {{(pid=99812) process_request /opt/stack/glance/glance/api/middleware/version_negotiation.py:70}}
Jul 31 21:15:56.766394 np0000006275 devstack@g-api.service[99811]: [pid: 99811|app: 0|req: 127/388] 127.0.0.1 () {44 vars in 1135 bytes} [Fri Jul 31 21:15:56 2026] GET /v2/images/357b4708-fae8-42f3-b134-9275c35937b7/locations => generated 92 bytes in 71 msecs (HTTP/1.1 200) 4 headers in 156 bytes (1 switches on core 0)
Jul 31 21:15:56.794534 np0000006275 devstack@g-api.service[99812]: DEBUG glance_store.backend [None req-3656b397-4ca4-4a3e-b853-22f6434fdf73 tempest-VolumesNegativeTest-1533621950 tempest-VolumesNegativeTest-1533621950-project-member] Attempting to import store swift {{(pid=99812) _load_store /opt/stack/data/venv/lib/python3.12/site-packages/glance_store/backend.py:215}}
Jul 31 21:15:56.796081 np0000006275 devstack@g-api.service[99812]: DEBUG glance_store.capabilities [None req-3656b397-4ca4-4a3e-b853-22f6434fdf73 tempest-VolumesNegativeTest-1533621950 tempest-VolumesNegativeTest-1533621950-project-member] Store glance_store._drivers.swift.store.SingleTenantStore doesn't support updating dynamic storage capabilities. Please overwrite 'update_capabilities' method of the store to implement updating logics if needed. {{(pid=99812) update_capabilities /opt/stack/data/venv/lib/python3.12/site-packages/glance_store/capabilities.py:91}}
Jul 31 21:15:56.796216 np0000006275 devstack@g-api.service[99812]: DEBUG glance_store.driver [None req-3656b397-4ca4-4a3e-b853-22f6434fdf73 tempest-VolumesNegativeTest-1533621950 tempest-VolumesNegativeTest-1533621950-project-member] Late loading location class glance_store._drivers.swift.store.StoreLocation {{(pid=99812) get_store_location_class /opt/stack/data/venv/lib/python3.12/site-packages/glance_store/driver.py:134}}
Jul 31 21:15:56.796292 np0000006275 devstack@g-api.service[99812]: DEBUG glance_store.location [None req-3656b397-4ca4-4a3e-b853-22f6434fdf73 tempest-VolumesNegativeTest-1533621950 tempest-VolumesNegativeTest-1533621950-project-member] Registering scheme swift+https with {'store': , 'location_class': , 'store_entry': 'swift'} {{(pid=99812) register_scheme_map /opt/stack/data/venv/lib/python3.12/site-packages/glance_store/location.py:146}}
Jul 31 21:15:56.796553 np0000006275 devstack@g-api.service[99812]: DEBUG glance_store.location [None req-3656b397-4ca4-4a3e-b853-22f6434fdf73 tempest-VolumesNegativeTest-1533621950 tempest-VolumesNegativeTest-1533621950-project-member] Registering scheme swift+https with {'store': , 'location_class': , 'store_entry': 'swift'} {{(pid=99812) register_scheme_map /opt/stack/data/venv/lib/python3.12/site-packages/glance_store/location.py:146}}
