Jul 31 21:08:55.822376 np0000006275 devstack@neutron-api.service[87643]: DEBUG ovsdbapp.backend.ovs_idl.transaction [None req-7a210f37-64be-47e5-b1a5-45282e25ceff None None] Running txn n=1 command(idx=1): SetLSwitchPortCommand(_result=None, lport=d63c055e-7476-440b-8707-01f32fc817e1, external_ids_update=None, columns={'external_ids': {'neutron:port_name': '', 'neutron:device_id': 'dc552716-7afc-45ea-ac63-155ecb99982a', 'neutron:project_id': '', 'neutron:cidrs': '172.24.5.83/24 2001:db8::370/64', 'neutron:device_owner': 'network:router_gateway', 'neutron:subnet_pool_addr_scope4': '', 'neutron:subnet_pool_addr_scope6': '', 'neutron:network_name': 'neutron-8d9f9a26-7434-4c26-bd2f-12af065e3132', 'neutron:security_group_ids': '', 'neutron:revision_number': '6', 'neutron:vnic_type': 'normal', 'neutron:port_capabilities': '', 'neutron:mtu': '', 'neutron:host_id': 'np0000006275'}, 'parent_name': [], 'options': {'requested-chassis': 'np0000006275', 'exclude-lb-vips-from-garp': 'true', 'nat-addresses': 'router', 'router-port': 'lrp-d63c055e-7476-440b-8707-01f32fc817e1'}, 'enabled': True, 'port_security': [], 'dhcpv4_options': [], 'dhcpv6_options': [], 'type': 'router', 'ha_chassis_group': [], 'tag_request': []}, if_exists=False) {{(pid=87643) do_commit /opt/stack/data/venv/lib/python3.12/site-packages/ovsdbapp/backend/ovs_idl/transaction.py:89}}
Jul 31 21:08:55.823035 np0000006275 devstack@neutron-api.service[87643]: DEBUG ovsdbapp.backend.ovs_idl.transaction [None req-7a210f37-64be-47e5-b1a5-45282e25ceff None None] Running txn n=1 command(idx=2): PgDelPortCommand(_result=None, port_group=neutron_pg_drop, lsp=['d63c055e-7476-440b-8707-01f32fc817e1'], if_exists=False) {{(pid=87643) do_commit /opt/stack/data/venv/lib/python3.12/site-packages/ovsdbapp/backend/ovs_idl/transaction.py:89}}
Jul 31 21:08:55.844764 np0000006275 devstack@neutron-api.service[87643]: DEBUG ovsdbapp.backend.ovs_idl.transaction [None req-7a210f37-64be-47e5-b1a5-45282e25ceff None None] Running txn n=1 command(idx=0): DbSetCommand(_result=None, table=Logical_Switch_Port, record=d63c055e-7476-440b-8707-01f32fc817e1, col_values=(('external_ids', {'neutron:host_id': 'np0000006275'}),), if_exists=True) {{(pid=87643) do_commit /opt/stack/data/venv/lib/python3.12/site-packages/ovsdbapp/backend/ovs_idl/transaction.py:89}}
Jul 31 21:08:55.845294 np0000006275 devstack@neutron-api.service[87643]: DEBUG ovsdbapp.backend.ovs_idl.transaction [None req-7a210f37-64be-47e5-b1a5-45282e25ceff None None] Transaction caused no change {{(pid=87643) do_commit /opt/stack/data/venv/lib/python3.12/site-packages/ovsdbapp/backend/ovs_idl/transaction.py:129}}
Jul 31 21:08:56.035768 np0000006275 devstack@neutron-api.service[87643]: DEBUG neutron.api.wsgi [None req-f79918b6-8ea4-45ea-b22f-f4a536625df7 admin admin] Missing Content-Type {{(pid=87643) get_content_type /opt/stack/neutron/neutron/api/wsgi.py:80}}
Jul 31 21:08:56.079771 np0000006275 devstack@neutron-api.service[87643]: [pid: 87643|app: 0|req: 12/32] 10.4.3.226 () {64 vars in 1381 bytes} [Fri Jul 31 21:08:56 2026] GET /networking/v2.0/routers/dc552716-7afc-45ea-ac63-155ecb99982a => generated 1112 bytes in 46 msecs (HTTP/1.1 200) 4 headers in 158 bytes (1 switches on core 0)
Jul 31 21:08:56.138350 np0000006275 devstack@neutron-api.service[87644]: DEBUG neutron.pecan_wsgi.hooks.policy_enforcement [None req-441a7aa8-e082-4519-a34b-295dba774581 admin admin] Attributes excluded by policy engine: ['standard_attr_id'] {{(pid=87644) _exclude_attributes_by_policy /opt/stack/neutron/neutron/pecan_wsgi/hooks/policy_enforcement.py:259}}
Jul 31 21:08:56.140433 np0000006275 devstack@neutron-api.service[87644]: [pid: 87644|app: 0|req: 11/33] 10.4.3.226 () {64 vars in 1370 bytes} [Fri Jul 31 21:08:56 2026] GET /networking/v2.0/ports?device_id=dc552716-7afc-45ea-ac63-155ecb99982a => generated 2595 bytes in 53 msecs (HTTP/1.1 200) 4 headers in 158 bytes (1 switches on core 0)
Jul 31 21:08:58.143071 np0000006275 devstack@neutron-api.service[87643]: DEBUG neutron.plugins.ml2.drivers.ovn.mech_driver.ovsdb.ovsdb_monitor [None req-7a210f37-64be-47e5-b1a5-45282e25ceff None None] Touching Hash Ring node "413d5d33f8f9546daf427bd770384e47" from IDL notify handler {{(pid=87643) notify /opt/stack/neutron/neutron/plugins/ml2/drivers/ovn/mech_driver/ovsdb/ovsdb_monitor.py:1005}}
Jul 31 21:08:58.149351 np0000006275 devstack@neutron-api.service[87643]: DEBUG neutron.plugins.ml2.drivers.ovn.mech_driver.ovsdb.ovsdb_monitor [None req-7a210f37-64be-47e5-b1a5-45282e25ceff None None] Hash Ring: Node 413d5d33f8f9546daf427bd770384e47 (host: np0000006275) handling event "update" for row bd2b63ec-127a-43cb-a391-15ab6ad2091d (table: NB_Global) {{(pid=87643) notify /opt/stack/neutron/neutron/plugins/ml2/drivers/ovn/mech_driver/ovsdb/ovsdb_monitor.py:1013}}
Jul 31 21:08:58.360477 np0000006275 devstack@neutron-api.service[87643]: DEBUG neutron.plugins.ml2.drivers.ovn.mech_driver.ovsdb.ovsdb_monitor [None req-7a210f37-64be-47e5-b1a5-45282e25ceff None None] Touching Hash Ring node "413d5d33f8f9546daf427bd770384e47" from IDL notify handler {{(pid=87643) notify /opt/stack/neutron/neutron/plugins/ml2/drivers/ovn/mech_driver/ovsdb/ovsdb_monitor.py:1005}}
Jul 31 21:08:58.365115 np0000006275 devstack@neutron-api.service[87643]: DEBUG neutron.plugins.ml2.drivers.ovn.mech_driver.ovsdb.ovsdb_monitor [None req-7a210f37-64be-47e5-b1a5-45282e25ceff None None] Hash Ring: Node 413d5d33f8f9546daf427bd770384e47 (host: np0000006275) handling event "update" for row bd2b63ec-127a-43cb-a391-15ab6ad2091d (table: NB_Global) {{(pid=87643) notify /opt/stack/neutron/neutron/plugins/ml2/drivers/ovn/mech_driver/ovsdb/ovsdb_monitor.py:1013}}
Jul 31 21:08:58.368576 np0000006275 devstack@neutron-api.service[87643]: DEBUG neutron.plugins.ml2.drivers.ovn.mech_driver.ovsdb.ovsdb_monitor [None req-7a210f37-64be-47e5-b1a5-45282e25ceff None None] Touching Hash Ring node "413d5d33f8f9546daf427bd770384e47" from IDL notify handler {{(pid=87643) notify /opt/stack/neutron/neutron/plugins/ml2/drivers/ovn/mech_driver/ovsdb/ovsdb_monitor.py:1005}}
Jul 31 21:08:58.371041 np0000006275 devstack@neutron-api.service[87643]: DEBUG neutron.plugins.ml2.drivers.ovn.mech_driver.ovsdb.ovsdb_monitor [None req-7a210f37-64be-47e5-b1a5-45282e25ceff None None] Hash Ring: Node 413d5d33f8f9546daf427bd770384e47 (host: np0000006275) handling event "update" for row bd2b63ec-127a-43cb-a391-15ab6ad2091d (table: NB_Global) {{(pid=87643) notify /opt/stack/neutron/neutron/plugins/ml2/drivers/ovn/mech_driver/ovsdb/ovsdb_monitor.py:1013}}
Jul 31 21:08:58.380008 np0000006275 devstack@neutron-api.service[87643]: DEBUG neutron.plugins.ml2.drivers.ovn.mech_driver.ovsdb.ovsdb_monitor [None req-7a210f37-64be-47e5-b1a5-45282e25ceff None None] Touching Hash Ring node "413d5d33f8f9546daf427bd770384e47" from IDL notify handler {{(pid=87643) notify /opt/stack/neutron/neutron/plugins/ml2/drivers/ovn/mech_driver/ovsdb/ovsdb_monitor.py:1005}}
Jul 31 21:08:58.384657 np0000006275 devstack@neutron-api.service[87643]: DEBUG neutron.plugins.ml2.drivers.ovn.mech_driver.ovsdb.ovsdb_monitor [None req-7a210f37-64be-47e5-b1a5-45282e25ceff None None] Hash Ring: Node 413d5d33f8f9546daf427bd770384e47 (host: np0000006275) handling event "update" for row bd2b63ec-127a-43cb-a391-15ab6ad2091d (table: NB_Global) {{(pid=87643) notify /opt/stack/neutron/neutron/plugins/ml2/drivers/ovn/mech_driver/ovsdb/ovsdb_monitor.py:1013}}
Jul 31 21:09:05.253448 np0000006275 devstack@neutron-api.service[87643]: DEBUG futurist.periodics [-] Submitting periodic callback 'neutron.plugins.ml2.drivers.ovn.mech_driver.ovsdb.maintenance.HashRingHealthCheckPeriodics.touch_hash_ring_node' {{(pid=87643) _process_scheduled /opt/stack/data/venv/lib/python3.12/site-packages/futurist/periodics.py:784}}
Jul 31 21:09:05.254059 np0000006275 devstack@neutron-api.service[87643]: DEBUG neutron.plugins.ml2.drivers.ovn.mech_driver.ovsdb.maintenance [-] Touching Hash Ring node "413d5d33f8f9546daf427bd770384e47" from periodic health check thread {{(pid=87643) touch_hash_ring_node /opt/stack/neutron/neutron/plugins/ml2/drivers/ovn/mech_driver/ovsdb/maintenance.py:1417}}
Jul 31 21:09:05.680522 np0000006275 devstack@neutron-api.service[87642]: DEBUG dbcounter [-] [87642] Writing DB stats neutron:SELECT=1927,neutron:INSERT=56,neutron:DELETE=9,neutron:UPDATE=44 {{(pid=87642) stat_writer /opt/stack/data/venv/lib/python3.12/site-packages/dbcounter.py:115}}
Jul 31 21:09:06.084561 np0000006275 devstack@neutron-api.service[87644]: DEBUG futurist.periodics [-] Submitting periodic callback 'neutron.plugins.ml2.drivers.ovn.mech_driver.ovsdb.maintenance.HashRingHealthCheckPeriodics.touch_hash_ring_node' {{(pid=87644) _process_scheduled /opt/stack/data/venv/lib/python3.12/site-packages/futurist/periodics.py:784}}
Jul 31 21:09:06.084987 np0000006275 devstack@neutron-api.service[87644]: DEBUG neutron.plugins.ml2.drivers.ovn.mech_driver.ovsdb.maintenance [-] Touching Hash Ring node "354c4446cdbc5f10af94a819cce17fb2" from periodic health check thread {{(pid=87644) touch_hash_ring_node /opt/stack/neutron/neutron/plugins/ml2/drivers/ovn/mech_driver/ovsdb/maintenance.py:1417}}
Jul 31 21:09:06.108922 np0000006275 devstack@neutron-api.service[87642]: DEBUG futurist.periodics [-] Submitting periodic callback 'neutron.plugins.ml2.drivers.ovn.mech_driver.ovsdb.maintenance.HashRingHealthCheckPeriodics.touch_hash_ring_node' {{(pid=87642) _process_scheduled /opt/stack/data/venv/lib/python3.12/site-packages/futurist/periodics.py:784}}
Jul 31 21:09:06.109416 np0000006275 devstack@neutron-api.service[87642]: DEBUG neutron.plugins.ml2.drivers.ovn.mech_driver.ovsdb.maintenance [-] Touching Hash Ring node "3471779eab155e0d94fd3425ebe551fa" from periodic health check thread {{(pid=87642) touch_hash_ring_node /opt/stack/neutron/neutron/plugins/ml2/drivers/ovn/mech_driver/ovsdb/maintenance.py:1417}}
Jul 31 21:09:15.266549 np0000006275 devstack@neutron-api.service[87643]: DEBUG dbcounter [-] [87643] Writing DB stats neutron:SELECT=2847,neutron:INSERT=728,neutron:DELETE=12,neutron:UPDATE=120 {{(pid=87643) stat_writer /opt/stack/data/venv/lib/python3.12/site-packages/dbcounter.py:115}}
Jul 31 21:09:16.093507 np0000006275 devstack@neutron-api.service[87644]: DEBUG dbcounter [-] [87644] Writing DB stats neutron:SELECT=1149,neutron:INSERT=19,neutron:DELETE=6,neutron:UPDATE=34 {{(pid=87644) stat_writer /opt/stack/data/venv/lib/python3.12/site-packages/dbcounter.py:115}}
Jul 31 21:09:16.118916 np0000006275 devstack@neutron-api.service[87642]: DEBUG dbcounter [-] [87642] Writing DB stats neutron:UPDATE=1,neutron:SELECT=1 {{(pid=87642) stat_writer /opt/stack/data/venv/lib/python3.12/site-packages/dbcounter.py:115}}
Jul 31 21:09:20.254006 np0000006275 devstack@neutron-api.service[87643]: DEBUG futurist.periodics [-] Submitting periodic callback 'neutron.plugins.ml2.drivers.ovn.mech_driver.ovsdb.maintenance.HashRingHealthCheckPeriodics.touch_hash_ring_node' {{(pid=87643) _process_scheduled /opt/stack/data/venv/lib/python3.12/site-packages/futurist/periodics.py:784}}
Jul 31 21:09:20.254609 np0000006275 devstack@neutron-api.service[87643]: DEBUG neutron.plugins.ml2.drivers.ovn.mech_driver.ovsdb.maintenance [-] Touching Hash Ring node "413d5d33f8f9546daf427bd770384e47" from periodic health check thread {{(pid=87643) touch_hash_ring_node /opt/stack/neutron/neutron/plugins/ml2/drivers/ovn/mech_driver/ovsdb/maintenance.py:1417}}
Jul 31 21:09:21.085438 np0000006275 devstack@neutron-api.service[87644]: DEBUG futurist.periodics [-] Submitting periodic callback 'neutron.plugins.ml2.drivers.ovn.mech_driver.ovsdb.maintenance.HashRingHealthCheckPeriodics.touch_hash_ring_node' {{(pid=87644) _process_scheduled /opt/stack/data/venv/lib/python3.12/site-packages/futurist/periodics.py:784}}
Jul 31 21:09:21.085882 np0000006275 devstack@neutron-api.service[87644]: DEBUG neutron.plugins.ml2.drivers.ovn.mech_driver.ovsdb.maintenance [-] Touching Hash Ring node "354c4446cdbc5f10af94a819cce17fb2" from periodic health check thread {{(pid=87644) touch_hash_ring_node /opt/stack/neutron/neutron/plugins/ml2/drivers/ovn/mech_driver/ovsdb/maintenance.py:1417}}
Jul 31 21:09:21.109433 np0000006275 devstack@neutron-api.service[87642]: DEBUG futurist.periodics [-] Submitting periodic callback 'neutron.plugins.ml2.drivers.ovn.mech_driver.ovsdb.maintenance.HashRingHealthCheckPeriodics.touch_hash_ring_node' {{(pid=87642) _process_scheduled /opt/stack/data/venv/lib/python3.12/site-packages/futurist/periodics.py:784}}
Jul 31 21:09:21.109905 np0000006275 devstack@neutron-api.service[87642]: DEBUG neutron.plugins.ml2.drivers.ovn.mech_driver.ovsdb.maintenance [-] Touching Hash Ring node "3471779eab155e0d94fd3425ebe551fa" from periodic health check thread {{(pid=87642) touch_hash_ring_node /opt/stack/neutron/neutron/plugins/ml2/drivers/ovn/mech_driver/ovsdb/maintenance.py:1417}}
Jul 31 21:09:30.269660 np0000006275 devstack@neutron-api.service[87643]: DEBUG dbcounter [-] [87643] Writing DB stats neutron:UPDATE=1,neutron:SELECT=1 {{(pid=87643) stat_writer /opt/stack/data/venv/lib/python3.12/site-packages/dbcounter.py:115}}
Jul 31 21:09:31.095993 np0000006275 devstack@neutron-api.service[87644]: DEBUG dbcounter [-] [87644] Writing DB stats neutron:UPDATE=1,neutron:SELECT=1 {{(pid=87644) stat_writer /opt/stack/data/venv/lib/python3.12/site-packages/dbcounter.py:115}}
Jul 31 21:09:31.118560 np0000006275 devstack@neutron-api.service[87642]: DEBUG dbcounter [-] [87642] Writing DB stats neutron:UPDATE=1,neutron:SELECT=1 {{(pid=87642) stat_writer /opt/stack/data/venv/lib/python3.12/site-packages/dbcounter.py:115}}
Jul 31 21:09:35.254797 np0000006275 devstack@neutron-api.service[87643]: DEBUG futurist.periodics [-] Submitting periodic callback 'neutron.plugins.ml2.drivers.ovn.mech_driver.ovsdb.maintenance.HashRingHealthCheckPeriodics.touch_hash_ring_node' {{(pid=87643) _process_scheduled /opt/stack/data/venv/lib/python3.12/site-packages/futurist/periodics.py:784}}
Jul 31 21:09:35.255260 np0000006275 devstack@neutron-api.service[87643]: DEBUG neutron.plugins.ml2.drivers.ovn.mech_driver.ovsdb.maintenance [-] Touching Hash Ring node "413d5d33f8f9546daf427bd770384e47" from periodic health check thread {{(pid=87643) touch_hash_ring_node /opt/stack/neutron/neutron/plugins/ml2/drivers/ovn/mech_driver/ovsdb/maintenance.py:1417}}
Jul 31 21:09:36.085929 np0000006275 devstack@neutron-api.service[87644]: DEBUG futurist.periodics [-] Submitting periodic callback 'neutron.plugins.ml2.drivers.ovn.mech_driver.ovsdb.maintenance.HashRingHealthCheckPeriodics.touch_hash_ring_node' {{(pid=87644) _process_scheduled /opt/stack/data/venv/lib/python3.12/site-packages/futurist/periodics.py:784}}
Jul 31 21:09:36.086314 np0000006275 devstack@neutron-api.service[87644]: DEBUG neutron.plugins.ml2.drivers.ovn.mech_driver.ovsdb.maintenance [-] Touching Hash Ring node "354c4446cdbc5f10af94a819cce17fb2" from periodic health check thread {{(pid=87644) touch_hash_ring_node /opt/stack/neutron/neutron/plugins/ml2/drivers/ovn/mech_driver/ovsdb/maintenance.py:1417}}
Jul 31 21:09:36.109916 np0000006275 devstack@neutron-api.service[87642]: DEBUG futurist.periodics [-] Submitting periodic callback 'neutron.plugins.ml2.drivers.ovn.mech_driver.ovsdb.maintenance.HashRingHealthCheckPeriodics.touch_hash_ring_node' {{(pid=87642) _process_scheduled /opt/stack/data/venv/lib/python3.12/site-packages/futurist/periodics.py:784}}
Jul 31 21:09:36.120643 np0000006275 devstack@neutron-api.service[87642]: DEBUG neutron.plugins.ml2.drivers.ovn.mech_driver.ovsdb.maintenance [-] Touching Hash Ring node "3471779eab155e0d94fd3425ebe551fa" from periodic health check thread {{(pid=87642) touch_hash_ring_node /opt/stack/neutron/neutron/plugins/ml2/drivers/ovn/mech_driver/ovsdb/maintenance.py:1417}}
Jul 31 21:09:45.262439 np0000006275 devstack@neutron-api.service[87643]: DEBUG dbcounter [-] [87643] Writing DB stats neutron:UPDATE=1,neutron:SELECT=1 {{(pid=87643) stat_writer /opt/stack/data/venv/lib/python3.12/site-packages/dbcounter.py:115}}
Jul 31 21:09:46.093279 np0000006275 devstack@neutron-api.service[87644]: DEBUG dbcounter [-] [87644] Writing DB stats neutron:UPDATE=1,neutron:SELECT=1 {{(pid=87644) stat_writer /opt/stack/data/venv/lib/python3.12/site-packages/dbcounter.py:115}}
Jul 31 21:09:46.127515 np0000006275 devstack@neutron-api.service[87642]: DEBUG dbcounter [-] [87642] Writing DB stats neutron:UPDATE=1,neutron:SELECT=1 {{(pid=87642) stat_writer /opt/stack/data/venv/lib/python3.12/site-packages/dbcounter.py:115}}
Jul 31 21:09:50.255331 np0000006275 devstack@neutron-api.service[87643]: DEBUG futurist.periodics [-] Submitting periodic callback 'neutron.plugins.ml2.drivers.ovn.mech_driver.ovsdb.maintenance.HashRingHealthCheckPeriodics.touch_hash_ring_node' {{(pid=87643) _process_scheduled /opt/stack/data/venv/lib/python3.12/site-packages/futurist/periodics.py:784}}
Jul 31 21:09:50.255866 np0000006275 devstack@neutron-api.service[87643]: DEBUG neutron.plugins.ml2.drivers.ovn.mech_driver.ovsdb.maintenance [-] Touching Hash Ring node "413d5d33f8f9546daf427bd770384e47" from periodic health check thread {{(pid=87643) touch_hash_ring_node /opt/stack/neutron/neutron/plugins/ml2/drivers/ovn/mech_driver/ovsdb/maintenance.py:1417}}
Jul 31 21:09:51.086386 np0000006275 devstack@neutron-api.service[87644]: DEBUG futurist.periodics [-] Submitting periodic callback 'neutron.plugins.ml2.drivers.ovn.mech_driver.ovsdb.maintenance.HashRingHealthCheckPeriodics.touch_hash_ring_node' {{(pid=87644) _process_scheduled /opt/stack/data/venv/lib/python3.12/site-packages/futurist/periodics.py:784}}
Jul 31 21:09:51.086838 np0000006275 devstack@neutron-api.service[87644]: DEBUG neutron.plugins.ml2.drivers.ovn.mech_driver.ovsdb.maintenance [-] Touching Hash Ring node "354c4446cdbc5f10af94a819cce17fb2" from periodic health check thread {{(pid=87644) touch_hash_ring_node /opt/stack/neutron/neutron/plugins/ml2/drivers/ovn/mech_driver/ovsdb/maintenance.py:1417}}
Jul 31 21:09:51.120895 np0000006275 devstack@neutron-api.service[87642]: DEBUG futurist.periodics [-] Submitting periodic callback 'neutron.plugins.ml2.drivers.ovn.mech_driver.ovsdb.maintenance.HashRingHealthCheckPeriodics.touch_hash_ring_node' {{(pid=87642) _process_scheduled /opt/stack/data/venv/lib/python3.12/site-packages/futurist/periodics.py:784}}
Jul 31 21:09:51.121324 np0000006275 devstack@neutron-api.service[87642]: DEBUG neutron.plugins.ml2.drivers.ovn.mech_driver.ovsdb.maintenance [-] Touching Hash Ring node "3471779eab155e0d94fd3425ebe551fa" from periodic health check thread {{(pid=87642) touch_hash_ring_node /opt/stack/neutron/neutron/plugins/ml2/drivers/ovn/mech_driver/ovsdb/maintenance.py:1417}}
Jul 31 21:09:56.081714 np0000006275 devstack@neutron-api.service[87642]: DEBUG neutron.api.wsgi [None req-574f5bfc-b2e1-4f53-a66d-4b5be12c699a admin admin] Missing Content-Type {{(pid=87642) get_content_type /opt/stack/neutron/neutron/api/wsgi.py:80}}
Jul 31 21:09:56.082175 np0000006275 devstack@neutron-api.service[87642]: DEBUG neutron.api.wsgi [None req-574f5bfc-b2e1-4f53-a66d-4b5be12c699a admin admin] https://10.4.3.226/networking/v2.0/extensions returned with HTTP 200 {{(pid=87642) __call__ /opt/stack/neutron/neutron/api/wsgi.py:540}}
Jul 31 21:09:56.082374 np0000006275 devstack@neutron-api.service[87642]: [pid: 87642|app: 0|req: 11/34] 10.4.3.226 () {64 vars in 1292 bytes} [Fri Jul 31 21:09:56 2026] GET /networking/v2.0/extensions => generated 16171 bytes in 4 msecs (HTTP/1.1 200) 4 headers in 159 bytes (1 switches on core 0)
Jul 31 21:09:56.339271 np0000006275 devstack@neutron-api.service[87643]: INFO neutron.pecan_wsgi.hooks.translation [None req-5b59f654-275a-48b8-9390-1390be2c5eaa admin admin] GET failed (client error): The resource could not be found.
Jul 31 21:09:56.339969 np0000006275 devstack@neutron-api.service[87643]: [pid: 87643|app: 0|req: 13/35] 10.4.3.226 () {64 vars in 1294 bytes} [Fri Jul 31 21:09:56 2026] GET /networking/v2.0/networks/public => generated 108 bytes in 8 msecs (HTTP/1.1 404) 4 headers in 164 bytes (1 switches on core 0)
Jul 31 21:09:56.382938 np0000006275 devstack@neutron-api.service[87644]: DEBUG neutron.pecan_wsgi.hooks.policy_enforcement [None req-587d0ac2-9e11-4c7f-9062-e82b0bd31764 admin admin] Attributes excluded by policy engine: ['standard_attr_id'] {{(pid=87644) _exclude_attributes_by_policy /opt/stack/neutron/neutron/pecan_wsgi/hooks/policy_enforcement.py:259}}
Jul 31 21:09:56.384100 np0000006275 devstack@neutron-api.service[87644]: [pid: 87644|app: 0|req: 12/36] 10.4.3.226 () {64 vars in 1309 bytes} [Fri Jul 31 21:09:56 2026] GET /networking/v2.0/networks?name=public => generated 759 bytes in 38 msecs (HTTP/1.1 200) 4 headers in 157 bytes (1 switches on core 0)
Jul 31 21:09:56.579108 np0000006275 devstack@neutron-api.service[87642]: DEBUG neutron.api.v2.base [None req-18251776-fe8a-4827-bbb8-e20801a3ba06 admin admin] Request body: {'network': {'admin_state_up': True, 'shared': True, 'name': 'shared'}} {{(pid=87642) prepare_request_body /opt/stack/neutron/neutron/api/v2/base.py:727}}
Jul 31 21:09:56.590375 np0000006275 devstack@neutron-api.service[87642]: DEBUG neutron.pecan_wsgi.hooks.quota_enforcement [None req-18251776-fe8a-4827-bbb8-e20801a3ba06 admin admin] Made reservation on behalf of fa2f1401a3e04458a5b682652cce376a for: {'network': 1} {{(pid=87642) before /opt/stack/neutron/neutron/pecan_wsgi/hooks/quota_enforcement.py:66}}
Jul 31 21:09:56.592755 np0000006275 devstack@neutron-api.service[87642]: DEBUG neutron_lib.callbacks.manager [None req-18251776-fe8a-4827-bbb8-e20801a3ba06 admin admin] Publish callbacks ['neutron.plugins.ml2.plugin.SecurityGroupDbMixin._ensure_default_security_group_handler-7144723'] for network (None), before_create {{(pid=87642) _notify_loop /opt/stack/data/venv/lib/python3.12/site-packages/neutron_lib/callbacks/manager.py:184}}
Jul 31 21:09:56.618132 np0000006275 devstack@neutron-api.service[87642]: WARNING neutron.services.revisions.revision_plugin [None req-18251776-fe8a-4827-bbb8-e20801a3ba06 admin admin] Could not find related network for resource to bump revision.
Jul 31 21:09:56.643136 np0000006275 devstack@neutron-api.service[87642]: DEBUG neutron.plugins.ml2.drivers.helpers [None req-18251776-fe8a-4827-bbb8-e20801a3ba06 admin admin] geneve segment allocate from pool success with {'geneve_vni': 31298} {{(pid=87642) allocate_partially_specified_segment /opt/stack/neutron/neutron/plugins/ml2/drivers/helpers.py:142}}
Jul 31 21:09:56.648767 np0000006275 devstack@neutron-api.service[87642]: DEBUG neutron_lib.callbacks.manager [None req-18251776-fe8a-4827-bbb8-e20801a3ba06 admin admin] Publish callbacks ['neutron.plugins.ml2.plugin.Ml2Plugin._handle_segment_change-6904093'] for segment (31b82b9d-2678-4320-b831-23407b9e8234), precommit_create {{(pid=87642) _notify_loop /opt/stack/data/venv/lib/python3.12/site-packages/neutron_lib/callbacks/manager.py:184}}
Jul 31 21:09:56.648897 np0000006275 devstack@neutron-api.service[87642]: INFO neutron.db.segments_db [None req-18251776-fe8a-4827-bbb8-e20801a3ba06 admin admin] Added segment 31b82b9d-2678-4320-b831-23407b9e8234 of type geneve for network 7683310e-1f52-4191-92ec-9d3e0f821cdb
Jul 31 21:09:56.659085 np0000006275 devstack@neutron-api.service[87642]: DEBUG neutron_lib.callbacks.manager [None req-18251776-fe8a-4827-bbb8-e20801a3ba06 admin admin] Publish callbacks ['neutron.services.auto_allocate.db._ensure_external_network_default_value_callback-8110787534168'] for network (7683310e-1f52-4191-92ec-9d3e0f821cdb), precommit_create {{(pid=87642) _notify_loop /opt/stack/data/venv/lib/python3.12/site-packages/neutron_lib/callbacks/manager.py:184}}
Jul 31 21:09:56.668569 np0000006275 devstack@neutron-api.service[87642]: DEBUG neutron.plugins.ml2.drivers.ovn.mech_driver.mech_driver [None req-18251776-fe8a-4827-bbb8-e20801a3ba06 admin admin] Validating network segment with type geneve, segmentation ID 31298, physical network None {{(pid=87642) _validate_network_segments /opt/stack/neutron/neutron/plugins/ml2/drivers/ovn/mech_driver/mech_driver.py:646}}
Jul 31 21:09:56.668694 np0000006275 devstack@neutron-api.service[87642]: DEBUG neutron.db.ovn_revision_numbers_db [None req-18251776-fe8a-4827-bbb8-e20801a3ba06 admin admin] create_initial_revision uuid=7683310e-1f52-4191-92ec-9d3e0f821cdb, type=networks, rev=-1 {{(pid=87642) create_initial_revision /opt/stack/neutron/neutron/db/ovn_revision_numbers_db.py:98}}
Jul 31 21:09:56.675280 np0000006275 devstack@neutron-api.service[87642]: DEBUG neutron_lib.callbacks.manager [None req-18251776-fe8a-4827-bbb8-e20801a3ba06 admin admin] Publish callbacks ['neutron.plugins.ml2.ovo_rpc._ObjectChangeHandler.handle_event-3726789'] for network (7683310e-1f52-4191-92ec-9d3e0f821cdb), after_create {{(pid=87642) _notify_loop /opt/stack/data/venv/lib/python3.12/site-packages/neutron_lib/callbacks/manager.py:184}}
Jul 31 21:09:56.687077 np0000006275 devstack@neutron-api.service[87642]: DEBUG neutron.api.rpc.handlers.resources_rpc [None req-18251776-fe8a-4827-bbb8-e20801a3ba06 admin admin] Pushing event updated for resources: {'Network': ['ID=7683310e-1f52-4191-92ec-9d3e0f821cdb,revision_number=1']} {{(pid=87642) push /opt/stack/neutron/neutron/api/rpc/handlers/resources_rpc.py:237}}
Jul 31 21:09:56.690654 np0000006275 devstack@neutron-api.service[87642]: DEBUG ovsdbapp.backend.ovs_idl.transaction [None req-60dd2e52-91f5-43ae-af1b-a4efcbb77c60 None None] Running txn n=1 command(idx=0): CheckLivenessCommand(_result=None) {{(pid=87642) do_commit /opt/stack/data/venv/lib/python3.12/site-packages/ovsdbapp/backend/ovs_idl/transaction.py:89}}
Jul 31 21:09:56.697049 np0000006275 devstack@neutron-api.service[87644]: DEBUG ovsdbapp.backend.ovs_idl.event [None req-a0464205-b1c0-4799-8763-9e0762d5c784 None None] Matched UPDATE: ChassisAgentWriteEvent(events=('create', 'update'), table='Chassis_Private', conditions=None, old_conditions=None), priority=20 to row=Chassis_Private(uuid=f770be5e-75b5-4c5a-a92c-62d597c0fd09, chassis=823e1188-a0df-4289-8460-91ed11edbd4c, external_ids={'neutron:ovn-bridge': 'br-int', 'neutron:ovn-neutron-agent-id': 'e7d9ecf3-75e0-5e40-8fbe-945bcf90e312', 'neutron:ovn-neutron-agent-sb-cfg': '1'}, name='c6fae604-8ca1-428f-ab5b-b2f4c61d1d2e', nb_cfg=2, nb_cfg_timestamp=1785532196692) old=Chassis_Private(uuid=f770be5e-75b5-4c5a-a92c-62d597c0fd09, nb_cfg=1, nb_cfg_timestamp=1785532122114) {{(pid=87644) matches /opt/stack/data/venv/lib/python3.12/site-packages/ovsdbapp/backend/ovs_idl/event.py:55}}
Jul 31 21:09:56.697396 np0000006275 devstack@neutron-api.service[87642]: DEBUG ovsdbapp.backend.ovs_idl.event [-] Matched UPDATE: ChassisAgentWriteEvent(events=('create', 'update'), table='Chassis_Private', conditions=None, old_conditions=None), priority=20 to row=Chassis_Private(uuid=f770be5e-75b5-4c5a-a92c-62d597c0fd09, chassis=823e1188-a0df-4289-8460-91ed11edbd4c, external_ids={'neutron:ovn-bridge': 'br-int', 'neutron:ovn-neutron-agent-id': 'e7d9ecf3-75e0-5e40-8fbe-945bcf90e312', 'neutron:ovn-neutron-agent-sb-cfg': '1'}, name='c6fae604-8ca1-428f-ab5b-b2f4c61d1d2e', nb_cfg=2, nb_cfg_timestamp=1785532196692) old=Chassis_Private(uuid=f770be5e-75b5-4c5a-a92c-62d597c0fd09, nb_cfg=1, nb_cfg_timestamp=1785532122114) {{(pid=87642) matches /opt/stack/data/venv/lib/python3.12/site-packages/ovsdbapp/backend/ovs_idl/event.py:55}}
Jul 31 21:09:56.697567 np0000006275 devstack@neutron-api.service[87643]: DEBUG ovsdbapp.backend.ovs_idl.event [None req-be7bb479-c8c7-4621-b14e-8f6fb19a5df5 None None] Matched UPDATE: ChassisAgentWriteEvent(events=('create', 'update'), table='Chassis_Private', conditions=None, old_conditions=None), priority=20 to row=Chassis_Private(uuid=f770be5e-75b5-4c5a-a92c-62d597c0fd09, chassis=823e1188-a0df-4289-8460-91ed11edbd4c, external_ids={'neutron:ovn-bridge': 'br-int', 'neutron:ovn-neutron-agent-id': 'e7d9ecf3-75e0-5e40-8fbe-945bcf90e312', 'neutron:ovn-neutron-agent-sb-cfg': '1'}, name='c6fae604-8ca1-428f-ab5b-b2f4c61d1d2e', nb_cfg=2, nb_cfg_timestamp=1785532196692) old=Chassis_Private(uuid=f770be5e-75b5-4c5a-a92c-62d597c0fd09, nb_cfg=1, nb_cfg_timestamp=1785532122114) {{(pid=87643) matches /opt/stack/data/venv/lib/python3.12/site-packages/ovsdbapp/backend/ovs_idl/event.py:55}}
Jul 31 21:09:56.704200 np0000006275 devstack@neutron-api.service[87644]: DEBUG neutron.common.ovn.hash_ring_manager [None req-1551b47b-b434-447f-a327-a23d7e234167 None None] Hash Ring loaded. 3 active nodes. 0 offline nodes {{(pid=87644) _load_hash_ring /opt/stack/neutron/neutron/common/ovn/hash_ring_manager.py:110}}
Jul 31 21:09:56.705982 np0000006275 devstack@neutron-api.service[87644]: DEBUG neutron.common.ovn.hash_ring_manager [None req-a0464205-b1c0-4799-8763-9e0762d5c784 None None] Hash Ring loaded. 3 active nodes. 0 offline nodes {{(pid=87644) _load_hash_ring /opt/stack/neutron/neutron/common/ovn/hash_ring_manager.py:110}}
Jul 31 21:09:56.706584 np0000006275 devstack@neutron-api.service[87643]: DEBUG neutron.common.ovn.hash_ring_manager [None req-7a210f37-64be-47e5-b1a5-45282e25ceff None None] Hash Ring loaded. 3 active nodes. 0 offline nodes {{(pid=87643) _load_hash_ring /opt/stack/neutron/neutron/common/ovn/hash_ring_manager.py:110}}
Jul 31 21:09:56.706826 np0000006275 devstack@neutron-api.service[87643]: DEBUG neutron.plugins.ml2.drivers.ovn.mech_driver.ovsdb.ovsdb_monitor [None req-7a210f37-64be-47e5-b1a5-45282e25ceff None None] Hash Ring: Node 413d5d33f8f9546daf427bd770384e47 (host: np0000006275) handling event "update" for row bd2b63ec-127a-43cb-a391-15ab6ad2091d (table: NB_Global) {{(pid=87643) notify /opt/stack/neutron/neutron/plugins/ml2/drivers/ovn/mech_driver/ovsdb/ovsdb_monitor.py:1013}}
Jul 31 21:09:56.707013 np0000006275 devstack@neutron-api.service[87642]: DEBUG neutron.common.ovn.hash_ring_manager [None req-60dd2e52-91f5-43ae-af1b-a4efcbb77c60 None None] Hash Ring loaded. 3 active nodes. 0 offline nodes {{(pid=87642) _load_hash_ring /opt/stack/neutron/neutron/common/ovn/hash_ring_manager.py:110}}
Jul 31 21:09:56.707359 np0000006275 devstack@neutron-api.service[87642]: DEBUG neutron.common.ovn.hash_ring_manager [-] Hash Ring loaded. 3 active nodes. 0 offline nodes {{(pid=87642) _load_hash_ring /opt/stack/neutron/neutron/common/ovn/hash_ring_manager.py:110}}
Jul 31 21:09:56.707639 np0000006275 devstack@neutron-api.service[87643]: DEBUG neutron.plugins.ml2.drivers.ovn.mech_driver.ovsdb.ovsdb_monitor [None req-7a210f37-64be-47e5-b1a5-45282e25ceff None None] Hash Ring: Node 413d5d33f8f9546daf427bd770384e47 (host: np0000006275) handling event "update" for row bd2b63ec-127a-43cb-a391-15ab6ad2091d (table: NB_Global) {{(pid=87643) notify /opt/stack/neutron/neutron/plugins/ml2/drivers/ovn/mech_driver/ovsdb/ovsdb_monitor.py:1013}}
Jul 31 21:09:56.708175 np0000006275 devstack@neutron-api.service[87643]: DEBUG neutron.plugins.ml2.drivers.ovn.mech_driver.ovsdb.ovsdb_monitor [None req-7a210f37-64be-47e5-b1a5-45282e25ceff None None] Hash Ring: Node 413d5d33f8f9546daf427bd770384e47 (host: np0000006275) handling event "update" for row bd2b63ec-127a-43cb-a391-15ab6ad2091d (table: NB_Global) {{(pid=87643) notify /opt/stack/neutron/neutron/plugins/ml2/drivers/ovn/mech_driver/ovsdb/ovsdb_monitor.py:1013}}
Jul 31 21:09:56.708462 np0000006275 devstack@neutron-api.service[87643]: DEBUG neutron.common.ovn.hash_ring_manager [None req-be7bb479-c8c7-4621-b14e-8f6fb19a5df5 None None] Hash Ring loaded. 3 active nodes. 0 offline nodes {{(pid=87643) _load_hash_ring /opt/stack/neutron/neutron/common/ovn/hash_ring_manager.py:110}}
Jul 31 21:09:56.708756 np0000006275 devstack@neutron-api.service[87643]: DEBUG neutron.plugins.ml2.drivers.ovn.mech_driver.ovsdb.ovsdb_monitor [None req-be7bb479-c8c7-4621-b14e-8f6fb19a5df5 None None] Hash Ring: Node 413d5d33f8f9546daf427bd770384e47 (host: np0000006275) handling event "update" for row f770be5e-75b5-4c5a-a92c-62d597c0fd09 (table: Chassis_Private) {{(pid=87643) notify /opt/stack/neutron/neutron/plugins/ml2/drivers/ovn/mech_driver/ovsdb/ovsdb_monitor.py:1013}}
Jul 31 21:09:56.709315 np0000006275 devstack@neutron-api.service[87643]: DEBUG neutron.plugins.ml2.drivers.ovn.mech_driver.ovsdb.ovsdb_monitor [None req-7a210f37-64be-47e5-b1a5-45282e25ceff None None] Hash Ring: Node 413d5d33f8f9546daf427bd770384e47 (host: np0000006275) handling event "update" for row bd2b63ec-127a-43cb-a391-15ab6ad2091d (table: NB_Global) {{(pid=87643) notify /opt/stack/neutron/neutron/plugins/ml2/drivers/ovn/mech_driver/ovsdb/ovsdb_monitor.py:1013}}
Jul 31 21:09:56.717720 np0000006275 devstack@neutron-api.service[87642]: DEBUG ovsdbapp.backend.ovs_idl.transaction [None req-60dd2e52-91f5-43ae-af1b-a4efcbb77c60 None None] Running txn n=1 command(idx=0): AddNetworkCommand(_result=None, network_uuid=7683310e-1f52-4191-92ec-9d3e0f821cdb, may_exist=True, columns={'external_ids': {'neutron:network_name': 'shared', 'neutron:mtu': '1372', 'neutron:revision_number': '1', 'neutron:availability_zone_hints': '', 'neutron:provnet-network-type': 'geneve'}, 'other_config': {'mcast_snoop': 'false', 'mcast_flood_unregistered': 'false', 'vlan-passthru': 'false'}}) {{(pid=87642) do_commit /opt/stack/data/venv/lib/python3.12/site-packages/ovsdbapp/backend/ovs_idl/transaction.py:89}}
Jul 31 21:09:56.720361 np0000006275 devstack@neutron-api.service[87644]: DEBUG neutron.plugins.ml2.drivers.ovn.mech_driver.ovsdb.ovsdb_monitor [None req-1551b47b-b434-447f-a327-a23d7e234167 None None] Hash Ring: Node 354c4446cdbc5f10af94a819cce17fb2 (host: np0000006275) handling event "create" for row 7683310e-1f52-4191-92ec-9d3e0f821cdb (table: Logical_Switch) {{(pid=87644) notify /opt/stack/neutron/neutron/plugins/ml2/drivers/ovn/mech_driver/ovsdb/ovsdb_monitor.py:1013}}
Jul 31 21:09:56.724747 np0000006275 devstack@neutron-api.service[87643]: DEBUG neutron.plugins.ml2.drivers.ovn.mech_driver.ovsdb.ovsdb_monitor [None req-be7bb479-c8c7-4621-b14e-8f6fb19a5df5 None None] Hash Ring: Node 413d5d33f8f9546daf427bd770384e47 (host: np0000006275) handling event "create" for row 2ce01b84-68f9-4e39-9a20-df7a59d1ea4b (table: Datapath_Binding) {{(pid=87643) notify /opt/stack/neutron/neutron/plugins/ml2/drivers/ovn/mech_driver/ovsdb/ovsdb_monitor.py:1013}}
Jul 31 21:09:56.737647 np0000006275 devstack@neutron-api.service[87642]: INFO neutron.db.ovn_revision_numbers_db [None req-18251776-fe8a-4827-bbb8-e20801a3ba06 admin admin] Successfully bumped revision number for resource 7683310e-1f52-4191-92ec-9d3e0f821cdb (type: networks) to 1
Jul 31 21:09:56.748990 np0000006275 devstack@neutron-api.service[87642]: DEBUG neutron_lib.callbacks.manager [None req-18251776-fe8a-4827-bbb8-e20801a3ba06 admin admin] Publish callbacks ['neutron.plugins.ml2.plugin.SecurityGroupDbMixin._ensure_default_security_group_handler-7144723'] for port (None), before_create {{(pid=87642) _notify_loop /opt/stack/data/venv/lib/python3.12/site-packages/neutron_lib/callbacks/manager.py:184}}
Jul 31 21:09:56.812735 np0000006275 devstack@neutron-api.service[87642]: DEBUG neutron_lib.callbacks.manager [None req-18251776-fe8a-4827-bbb8-e20801a3ba06 admin admin] Publish callbacks ['neutron.plugins.ml2.drivers.ovn.mech_driver.mech_driver.OVNMechanismDriver._validate_allowed_address_pairs-788709'] for allowed_address_pair (0b70bf90-5199-4842-8158-9e5e83e02263), before_create {{(pid=87642) _notify_loop /opt/stack/data/venv/lib/python3.12/site-packages/neutron_lib/callbacks/manager.py:184}}
Jul 31 21:09:56.813255 np0000006275 devstack@neutron-api.service[87642]: DEBUG neutron_lib.callbacks.manager [None req-18251776-fe8a-4827-bbb8-e20801a3ba06 admin admin] Publish callbacks [] for port (0b70bf90-5199-4842-8158-9e5e83e02263), precommit_create {{(pid=87642) _notify_loop /opt/stack/data/venv/lib/python3.12/site-packages/neutron_lib/callbacks/manager.py:184}}
Jul 31 21:09:56.813401 np0000006275 devstack@neutron-api.service[87642]: DEBUG neutron.plugins.ml2.drivers.ovn.mech_driver.mech_driver [None req-18251776-fe8a-4827-bbb8-e20801a3ba06 admin admin] No provisioning block for port 0b70bf90-5199-4842-8158-9e5e83e02263 since it does not have a host {{(pid=87642) _is_port_provisioning_required /opt/stack/neutron/neutron/plugins/ml2/drivers/ovn/mech_driver/mech_driver.py:899}}
Jul 31 21:09:56.813532 np0000006275 devstack@neutron-api.service[87642]: DEBUG neutron.db.ovn_revision_numbers_db [None req-18251776-fe8a-4827-bbb8-e20801a3ba06 admin admin] create_initial_revision uuid=0b70bf90-5199-4842-8158-9e5e83e02263, type=ports, rev=-1 {{(pid=87642) create_initial_revision /opt/stack/neutron/neutron/db/ovn_revision_numbers_db.py:98}}
Jul 31 21:09:56.839178 np0000006275 devstack@neutron-api.service[87642]: DEBUG neutron_lib.callbacks.manager [None req-18251776-fe8a-4827-bbb8-e20801a3ba06 admin admin] Publish callbacks ['neutron.plugins.ml2.ovo_rpc._ObjectChangeHandler.handle_event-3726813'] for port (0b70bf90-5199-4842-8158-9e5e83e02263), after_create {{(pid=87642) _notify_loop /opt/stack/data/venv/lib/python3.12/site-packages/neutron_lib/callbacks/manager.py:184}}
Jul 31 21:09:56.867611 np0000006275 devstack@neutron-api.service[87642]: DEBUG neutron.api.rpc.handlers.resources_rpc [None req-18251776-fe8a-4827-bbb8-e20801a3ba06 admin admin] Pushing event updated for resources: {'Port': ['ID=0b70bf90-5199-4842-8158-9e5e83e02263,revision_number=1']} {{(pid=87642) push /opt/stack/neutron/neutron/api/rpc/handlers/resources_rpc.py:237}}
Jul 31 21:09:56.872513 np0000006275 devstack@neutron-api.service[87642]: DEBUG neutron.plugins.ml2.drivers.ovn.mech_driver.ovsdb.commands [None req-18251776-fe8a-4827-bbb8-e20801a3ba06 admin admin] Converting tag [] to a tag_request {{(pid=87642) _tag_column_to_tag_request /opt/stack/neutron/neutron/plugins/ml2/drivers/ovn/mech_driver/ovsdb/commands.py:205}}
Jul 31 21:09:56.873286 np0000006275 devstack@neutron-api.service[87642]: DEBUG ovsdbapp.backend.ovs_idl.transaction [None req-60dd2e52-91f5-43ae-af1b-a4efcbb77c60 None None] Running txn n=1 command(idx=0): AddLSwitchPortCommand(_result=None, lport=0b70bf90-5199-4842-8158-9e5e83e02263, lswitch=neutron-7683310e-1f52-4191-92ec-9d3e0f821cdb, may_exist=True, network_uuid=7683310e-1f52-4191-92ec-9d3e0f821cdb, columns={'addresses': ['fa:16:3e:93:39:71'], 'external_ids': {'neutron:port_name': '', 'neutron:device_id': 'ovnmeta-7683310e-1f52-4191-92ec-9d3e0f821cdb', 'neutron:project_id': 'fa2f1401a3e04458a5b682652cce376a', 'neutron:cidrs': '', 'neutron:device_owner': 'network:distributed', 'neutron:subnet_pool_addr_scope4': '', 'neutron:subnet_pool_addr_scope6': '', 'neutron:network_name': 'neutron-7683310e-1f52-4191-92ec-9d3e0f821cdb', 'neutron:security_group_ids': '', 'neutron:revision_number': '1', 'neutron:vnic_type': 'normal', 'neutron:port_capabilities': '', 'neutron:mtu': '1372'}, 'parent_name': [], 'enabled': True, 'options': {}, 'type': 'localport', 'port_security': [], 'dhcpv4_options': [], 'dhcpv6_options': [], 'tag_request': []}) {{(pid=87642) do_commit /opt/stack/data/venv/lib/python3.12/site-packages/ovsdbapp/backend/ovs_idl/transaction.py:89}}
Jul 31 21:09:56.873888 np0000006275 devstack@neutron-api.service[87642]: DEBUG ovsdbapp.backend.ovs_idl.transaction [None req-60dd2e52-91f5-43ae-af1b-a4efcbb77c60 None None] Running txn n=1 command(idx=1): QoSDelCommand(_result=None, switch=neutron-7683310e-1f52-4191-92ec-9d3e0f821cdb, conditions=[('direction', '=', 'to-lport'), ('priority', '=', 2002), ('match', '=', 'outport == "0b70bf90-5199-4842-8158-9e5e83e02263"')], if_exists=True) {{(pid=87642) do_commit /opt/stack/data/venv/lib/python3.12/site-packages/ovsdbapp/backend/ovs_idl/transaction.py:89}}
Jul 31 21:09:56.874126 np0000006275 devstack@neutron-api.service[87642]: DEBUG ovsdbapp.backend.ovs_idl.transaction [None req-60dd2e52-91f5-43ae-af1b-a4efcbb77c60 None None] Running txn n=1 command(idx=2): QoSDelCommand(_result=None, switch=neutron-7683310e-1f52-4191-92ec-9d3e0f821cdb, conditions=[('direction', '=', 'from-lport'), ('priority', '=', 2002), ('match', '=', 'inport == "0b70bf90-5199-4842-8158-9e5e83e02263"')], if_exists=True) {{(pid=87642) do_commit /opt/stack/data/venv/lib/python3.12/site-packages/ovsdbapp/backend/ovs_idl/transaction.py:89}}
Jul 31 21:09:56.877049 np0000006275 devstack@neutron-api.service[87642]: DEBUG neutron.plugins.ml2.drivers.ovn.mech_driver.ovsdb.ovsdb_monitor [None req-60dd2e52-91f5-43ae-af1b-a4efcbb77c60 None None] Hash Ring: Node 3471779eab155e0d94fd3425ebe551fa (host: np0000006275) handling event "create" for row f7dadf17-fa19-4e26-bba7-6fcdeefe0dd6 (table: Logical_Switch_Port) {{(pid=87642) notify /opt/stack/neutron/neutron/plugins/ml2/drivers/ovn/mech_driver/ovsdb/ovsdb_monitor.py:1013}}
Jul 31 21:09:56.878524 np0000006275 devstack@neutron-api.service[87642]: DEBUG ovsdbapp.backend.ovs_idl.event [None req-60dd2e52-91f5-43ae-af1b-a4efcbb77c60 None None] Matched CREATE: LogicalSwitchPortCreateEvent(events=('create',), table='Logical_Switch_Port', conditions=[], old_conditions=None), priority=20 to row=Logical_Switch_Port(uuid=f7dadf17-fa19-4e26-bba7-6fcdeefe0dd6, addresses=['fa:16:3e:93:39:71'], dhcpv4_options=[], dhcpv6_options=[], dynamic_addresses=[], enabled=True, external_ids={'neutron:cidrs': '', 'neutron:device_id': 'ovnmeta-7683310e-1f52-4191-92ec-9d3e0f821cdb', 'neutron:device_owner': 'network:distributed', 'neutron:mtu': '1372', 'neutron:network_name': 'neutron-7683310e-1f52-4191-92ec-9d3e0f821cdb', 'neutron:port_capabilities': '', 'neutron:port_name': '', 'neutron:project_id': 'fa2f1401a3e04458a5b682652cce376a', 'neutron:revision_number': '1', 'neutron:security_group_ids': '', 'neutron:subnet_pool_addr_scope4': '', 'neutron:subnet_pool_addr_scope6': '', 'neutron:vnic_type': 'normal'}, ha_chassis_group=[], mirror_rules=[], name='0b70bf90-5199-4842-8158-9e5e83e02263', options={}, parent_name=[], port_security=[], tag=[], tag_request=[], type='localport', up=[]) old= {{(pid=87642) matches /opt/stack/data/venv/lib/python3.12/site-packages/ovsdbapp/backend/ovs_idl/event.py:55}}
Jul 31 21:09:56.879926 np0000006275 devstack@neutron-api.service[87644]: DEBUG neutron.plugins.ml2.drivers.ovn.mech_driver.ovsdb.ovsdb_monitor [None req-1551b47b-b434-447f-a327-a23d7e234167 None None] Hash Ring: Node 354c4446cdbc5f10af94a819cce17fb2 (host: np0000006275) handling event "update" for row 7683310e-1f52-4191-92ec-9d3e0f821cdb (table: Logical_Switch) {{(pid=87644) notify /opt/stack/neutron/neutron/plugins/ml2/drivers/ovn/mech_driver/ovsdb/ovsdb_monitor.py:1013}}
Jul 31 21:09:56.881014 np0000006275 devstack@neutron-api.service[87642]: INFO neutron.plugins.ml2.drivers.ovn.mech_driver.mech_driver [None req-d1e56ea2-a551-4411-9680-79b8e3d16b89 None None] OVN reports status down for port: 0b70bf90-5199-4842-8158-9e5e83e02263
Jul 31 21:09:56.881536 np0000006275 devstack@neutron-api.service[87642]: DEBUG neutron.plugins.ml2.drivers.ovn.mech_driver.ovsdb.ovsdb_monitor [None req-60dd2e52-91f5-43ae-af1b-a4efcbb77c60 None None] Hash Ring: Node 3471779eab155e0d94fd3425ebe551fa (host: np0000006275) handling event "update" for row f7dadf17-fa19-4e26-bba7-6fcdeefe0dd6 (table: Logical_Switch_Port) {{(pid=87642) notify /opt/stack/neutron/neutron/plugins/ml2/drivers/ovn/mech_driver/ovsdb/ovsdb_monitor.py:1013}}
Jul 31 21:09:56.882061 np0000006275 devstack@neutron-api.service[87643]: DEBUG neutron.plugins.ml2.drivers.ovn.mech_driver.ovsdb.ovsdb_monitor [None req-be7bb479-c8c7-4621-b14e-8f6fb19a5df5 None None] Hash Ring: Node 413d5d33f8f9546daf427bd770384e47 (host: np0000006275) handling event "create" for row bb49e556-fc35-4fe3-ad0f-b50dcc56c767 (table: Port_Binding) {{(pid=87643) notify /opt/stack/neutron/neutron/plugins/ml2/drivers/ovn/mech_driver/ovsdb/ovsdb_monitor.py:1013}}
Jul 31 21:09:56.924109 np0000006275 devstack@neutron-api.service[87642]: DEBUG neutron.db.provisioning_blocks [None req-d1e56ea2-a551-4411-9680-79b8e3d16b89 None None] Transition to ACTIVE for port object 0b70bf90-5199-4842-8158-9e5e83e02263 will not be triggered until provisioned by entity L2. {{(pid=87642) add_provisioning_component /opt/stack/neutron/neutron/db/provisioning_blocks.py:74}}
Jul 31 21:09:56.924679 np0000006275 devstack@neutron-api.service[87642]: INFO neutron.db.ovn_revision_numbers_db [None req-18251776-fe8a-4827-bbb8-e20801a3ba06 admin admin] Successfully bumped revision number for resource 0b70bf90-5199-4842-8158-9e5e83e02263 (type: ports) to 1
Jul 31 21:09:56.932408 np0000006275 devstack@neutron-api.service[87642]: DEBUG neutron.pecan_wsgi.hooks.policy_enforcement [None req-18251776-fe8a-4827-bbb8-e20801a3ba06 admin admin] Attributes excluded by policy engine: ['standard_attr_id'] {{(pid=87642) _exclude_attributes_by_policy /opt/stack/neutron/neutron/pecan_wsgi/hooks/policy_enforcement.py:259}}
Jul 31 21:09:56.933238 np0000006275 devstack@neutron-api.service[87642]: DEBUG neutron_lib.callbacks.manager [None req-18251776-fe8a-4827-bbb8-e20801a3ba06 admin admin] Publish callbacks [] for network (None), before_response {{(pid=87642) _notify_loop /opt/stack/data/venv/lib/python3.12/site-packages/neutron_lib/callbacks/manager.py:184}}
Jul 31 21:09:56.951569 np0000006275 devstack@neutron-api.service[87642]: [pid: 87642|app: 0|req: 12/37] 10.4.3.226 () {68 vars in 1326 bytes} [Fri Jul 31 21:09:56 2026] POST /networking/v2.0/networks => generated 679 bytes in 375 msecs (HTTP/1.1 201) 4 headers in 162 bytes (1 switches on core 0)
Jul 31 21:09:56.953754 np0000006275 devstack@neutron-api.service[87642]: DEBUG neutron.plugins.ml2.plugin [None req-d1e56ea2-a551-4411-9680-79b8e3d16b89 None None] Current status of the port 0b70bf90-5199-4842-8158-9e5e83e02263 is: DOWN; New status is: DOWN {{(pid=87642) _update_individual_port_db_status /opt/stack/neutron/neutron/plugins/ml2/plugin.py:2473}}
Jul 31 21:09:56.954772 np0000006275 devstack@neutron-api.service[87642]: DEBUG ovsdbapp.backend.ovs_idl.transaction [None req-60dd2e52-91f5-43ae-af1b-a4efcbb77c60 None None] Running txn n=1 command(idx=0): DbRemoveCommand(_result=None, table=Logical_Switch_Port, record=0b70bf90-5199-4842-8158-9e5e83e02263, column=external_ids, values=('neutron:host_id',), keyvalues={}, if_exists=True) {{(pid=87642) do_commit /opt/stack/data/venv/lib/python3.12/site-packages/ovsdbapp/backend/ovs_idl/transaction.py:89}}
Jul 31 21:09:57.128333 np0000006275 devstack@neutron-api.service[87643]: INFO neutron.pecan_wsgi.hooks.translation [None req-0f487782-836a-4dd6-8d36-2813806bda54 admin admin] GET failed (client error): The resource could not be found.
Jul 31 21:09:57.129072 np0000006275 devstack@neutron-api.service[87643]: [pid: 87643|app: 0|req: 14/38] 10.4.3.226 () {64 vars in 1294 bytes} [Fri Jul 31 21:09:57 2026] GET /networking/v2.0/networks/shared => generated 108 bytes in 8 msecs (HTTP/1.1 404) 4 headers in 164 bytes (1 switches on core 0)
Jul 31 21:09:57.155531 np0000006275 devstack@neutron-api.service[87644]: DEBUG neutron.pecan_wsgi.hooks.policy_enforcement [None req-4460e2b6-71e6-451d-8b4f-2466d8d84fc4 admin admin] Attributes excluded by policy engine: ['standard_attr_id'] {{(pid=87644) _exclude_attributes_by_policy /opt/stack/neutron/neutron/pecan_wsgi/hooks/policy_enforcement.py:259}}
Jul 31 21:09:57.156686 np0000006275 devstack@neutron-api.service[87644]: [pid: 87644|app: 0|req: 13/39] 10.4.3.226 () {64 vars in 1309 bytes} [Fri Jul 31 21:09:57 2026] GET /networking/v2.0/networks?name=shared => generated 663 bytes in 22 msecs (HTTP/1.1 200) 4 headers in 157 bytes (1 switches on core 0)
Jul 31 21:09:57.168257 np0000006275 devstack@neutron-api.service[87642]: DEBUG neutron.api.v2.base [None req-d9a62014-50be-4e04-9e22-74b968602d78 admin admin] Request body: {'subnet': {'cidr': '192.168.233.0/24', 'description': 'shared-subnet', 'name': 'shared-subnet', 'ip_version': 4, 'network_id': '7683310e-1f52-4191-92ec-9d3e0f821cdb'}} {{(pid=87642) prepare_request_body /opt/stack/neutron/neutron/api/v2/base.py:727}}
Jul 31 21:09:57.180302 np0000006275 devstack@neutron-api.service[87642]: DEBUG neutron.pecan_wsgi.hooks.quota_enforcement [None req-d9a62014-50be-4e04-9e22-74b968602d78 admin admin] Made reservation on behalf of fa2f1401a3e04458a5b682652cce376a for: {'subnet': 1} {{(pid=87642) before /opt/stack/neutron/neutron/pecan_wsgi/hooks/quota_enforcement.py:66}}
Jul 31 21:09:57.182487 np0000006275 devstack@neutron-api.service[87642]: DEBUG neutron_lib.callbacks.manager [None req-d9a62014-50be-4e04-9e22-74b968602d78 admin admin] Publish callbacks [] for subnet (None), before_create {{(pid=87642) _notify_loop /opt/stack/data/venv/lib/python3.12/site-packages/neutron_lib/callbacks/manager.py:184}}
Jul 31 21:09:57.231175 np0000006275 devstack@neutron-api.service[87642]: DEBUG neutron.db.ovn_revision_numbers_db [None req-d9a62014-50be-4e04-9e22-74b968602d78 admin admin] create_initial_revision uuid=92a5d861-e315-486e-824d-70f52fab29c6, type=subnets, rev=-1 {{(pid=87642) create_initial_revision /opt/stack/neutron/neutron/db/ovn_revision_numbers_db.py:98}}
Jul 31 21:09:57.236368 np0000006275 devstack@neutron-api.service[87642]: DEBUG neutron_lib.callbacks.manager [None req-d9a62014-50be-4e04-9e22-74b968602d78 admin admin] Publish callbacks ['neutron.plugins.ml2.ovo_rpc._ObjectChangeHandler.handle_event-3726793'] for subnet (92a5d861-e315-486e-824d-70f52fab29c6), after_create {{(pid=87642) _notify_loop /opt/stack/data/venv/lib/python3.12/site-packages/neutron_lib/callbacks/manager.py:184}}
Jul 31 21:09:57.247761 np0000006275 devstack@neutron-api.service[87642]: DEBUG neutron.api.rpc.handlers.resources_rpc [None req-d9a62014-50be-4e04-9e22-74b968602d78 admin admin] Pushing event updated for resources: {'Subnet': ['ID=92a5d861-e315-486e-824d-70f52fab29c6,revision_number=0']} {{(pid=87642) push /opt/stack/neutron/neutron/api/rpc/handlers/resources_rpc.py:237}}
