Jul 16 15:38:30.123045 np0000005258 nova-scheduler[93436]: DEBUG cotyledon.oslo_config_glue [-] oslo_messaging_rabbit.rabbit_ha_queues = False {{(pid=93436) log_opt_values /opt/stack/data/venv/lib/python3.12/site-packages/oslo_config/cfg.py:3253}}
Jul 16 15:38:30.123045 np0000005258 nova-scheduler[93436]: DEBUG cotyledon.oslo_config_glue [-] oslo_messaging_rabbit.rabbit_interval_max = 30 {{(pid=93436) log_opt_values /opt/stack/data/venv/lib/python3.12/site-packages/oslo_config/cfg.py:3253}}
Jul 16 15:38:30.123045 np0000005258 nova-scheduler[93436]: DEBUG cotyledon.oslo_config_glue [-] oslo_messaging_rabbit.rabbit_login_method = AMQPLAIN {{(pid=93436) log_opt_values /opt/stack/data/venv/lib/python3.12/site-packages/oslo_config/cfg.py:3253}}
Jul 16 15:38:30.123281 np0000005258 nova-scheduler[93436]: DEBUG cotyledon.oslo_config_glue [-] oslo_messaging_rabbit.rabbit_qos_prefetch_count = 0 {{(pid=93436) log_opt_values /opt/stack/data/venv/lib/python3.12/site-packages/oslo_config/cfg.py:3253}}
Jul 16 15:38:30.123281 np0000005258 nova-scheduler[93436]: DEBUG cotyledon.oslo_config_glue [-] oslo_messaging_rabbit.rabbit_quorum_delivery_limit = 0 {{(pid=93436) log_opt_values /opt/stack/data/venv/lib/python3.12/site-packages/oslo_config/cfg.py:3253}}
Jul 16 15:38:30.123281 np0000005258 nova-scheduler[93436]: DEBUG cotyledon.oslo_config_glue [-] oslo_messaging_rabbit.rabbit_quorum_max_memory_bytes = 0 {{(pid=93436) log_opt_values /opt/stack/data/venv/lib/python3.12/site-packages/oslo_config/cfg.py:3253}}
Jul 16 15:38:30.123281 np0000005258 nova-scheduler[93436]: DEBUG cotyledon.oslo_config_glue [-] oslo_messaging_rabbit.rabbit_quorum_max_memory_length = 0 {{(pid=93436) log_opt_values /opt/stack/data/venv/lib/python3.12/site-packages/oslo_config/cfg.py:3253}}
Jul 16 15:38:30.123281 np0000005258 nova-scheduler[93436]: DEBUG cotyledon.oslo_config_glue [-] oslo_messaging_rabbit.rabbit_quorum_queue = False {{(pid=93436) log_opt_values /opt/stack/data/venv/lib/python3.12/site-packages/oslo_config/cfg.py:3253}}
Jul 16 15:38:30.123281 np0000005258 nova-scheduler[93436]: DEBUG cotyledon.oslo_config_glue [-] oslo_messaging_rabbit.rabbit_retry_backoff = 2 {{(pid=93436) log_opt_values /opt/stack/data/venv/lib/python3.12/site-packages/oslo_config/cfg.py:3253}}
Jul 16 15:38:30.123281 np0000005258 nova-scheduler[93436]: DEBUG cotyledon.oslo_config_glue [-] oslo_messaging_rabbit.rabbit_retry_interval = 1 {{(pid=93436) log_opt_values /opt/stack/data/venv/lib/python3.12/site-packages/oslo_config/cfg.py:3253}}
Jul 16 15:38:30.123281 np0000005258 nova-scheduler[93436]: DEBUG cotyledon.oslo_config_glue [-] oslo_messaging_rabbit.rabbit_stream_fanout = False {{(pid=93436) log_opt_values /opt/stack/data/venv/lib/python3.12/site-packages/oslo_config/cfg.py:3253}}
Jul 16 15:38:30.123494 np0000005258 nova-scheduler[93436]: DEBUG cotyledon.oslo_config_glue [-] oslo_messaging_rabbit.rabbit_transient_queues_ttl = 1800 {{(pid=93436) log_opt_values /opt/stack/data/venv/lib/python3.12/site-packages/oslo_config/cfg.py:3253}}
Jul 16 15:38:30.123494 np0000005258 nova-scheduler[93436]: DEBUG cotyledon.oslo_config_glue [-] oslo_messaging_rabbit.rabbit_transient_quorum_queue = False {{(pid=93436) log_opt_values /opt/stack/data/venv/lib/python3.12/site-packages/oslo_config/cfg.py:3253}}
Jul 16 15:38:30.123494 np0000005258 nova-scheduler[93436]: DEBUG cotyledon.oslo_config_glue [-] oslo_messaging_rabbit.rpc_conn_pool_size = 30 {{(pid=93436) log_opt_values /opt/stack/data/venv/lib/python3.12/site-packages/oslo_config/cfg.py:3253}}
Jul 16 15:38:30.123494 np0000005258 nova-scheduler[93436]: DEBUG cotyledon.oslo_config_glue [-] oslo_messaging_rabbit.ssl = False {{(pid=93436) log_opt_values /opt/stack/data/venv/lib/python3.12/site-packages/oslo_config/cfg.py:3253}}
Jul 16 15:38:30.123494 np0000005258 nova-scheduler[93436]: DEBUG cotyledon.oslo_config_glue [-] oslo_messaging_rabbit.ssl_ca_file = {{(pid=93436) log_opt_values /opt/stack/data/venv/lib/python3.12/site-packages/oslo_config/cfg.py:3253}}
Jul 16 15:38:30.123494 np0000005258 nova-scheduler[93436]: DEBUG cotyledon.oslo_config_glue [-] oslo_messaging_rabbit.ssl_cert_file = {{(pid=93436) log_opt_values /opt/stack/data/venv/lib/python3.12/site-packages/oslo_config/cfg.py:3253}}
Jul 16 15:38:30.123494 np0000005258 nova-scheduler[93436]: DEBUG cotyledon.oslo_config_glue [-] oslo_messaging_rabbit.ssl_enforce_fips_mode = False {{(pid=93436) log_opt_values /opt/stack/data/venv/lib/python3.12/site-packages/oslo_config/cfg.py:3253}}
Jul 16 15:38:30.123494 np0000005258 nova-scheduler[93436]: DEBUG cotyledon.oslo_config_glue [-] oslo_messaging_rabbit.ssl_enforce_hostname_verification = True {{(pid=93436) log_opt_values /opt/stack/data/venv/lib/python3.12/site-packages/oslo_config/cfg.py:3253}}
Jul 16 15:38:30.123494 np0000005258 nova-scheduler[93436]: DEBUG cotyledon.oslo_config_glue [-] oslo_messaging_rabbit.ssl_key_file = {{(pid=93436) log_opt_values /opt/stack/data/venv/lib/python3.12/site-packages/oslo_config/cfg.py:3253}}
Jul 16 15:38:30.123784 np0000005258 nova-scheduler[93436]: DEBUG cotyledon.oslo_config_glue [-] oslo_messaging_rabbit.ssl_version = {{(pid=93436) log_opt_values /opt/stack/data/venv/lib/python3.12/site-packages/oslo_config/cfg.py:3253}}
Jul 16 15:38:30.123784 np0000005258 nova-scheduler[93436]: DEBUG cotyledon.oslo_config_glue [-] oslo_messaging_rabbit.use_queue_manager = False {{(pid=93436) log_opt_values /opt/stack/data/venv/lib/python3.12/site-packages/oslo_config/cfg.py:3253}}
Jul 16 15:38:30.123784 np0000005258 nova-scheduler[93436]: DEBUG cotyledon.oslo_config_glue [-] oslo_messaging_notifications.driver = ['messagingv2'] {{(pid=93436) log_opt_values /opt/stack/data/venv/lib/python3.12/site-packages/oslo_config/cfg.py:3253}}
Jul 16 15:38:30.123784 np0000005258 nova-scheduler[93436]: DEBUG cotyledon.oslo_config_glue [-] oslo_messaging_notifications.retry = -1 {{(pid=93436) log_opt_values /opt/stack/data/venv/lib/python3.12/site-packages/oslo_config/cfg.py:3253}}
Jul 16 15:38:30.123784 np0000005258 nova-scheduler[93436]: DEBUG cotyledon.oslo_config_glue [-] oslo_messaging_notifications.topics = ['notifications'] {{(pid=93436) log_opt_values /opt/stack/data/venv/lib/python3.12/site-packages/oslo_config/cfg.py:3253}}
Jul 16 15:38:30.123784 np0000005258 nova-scheduler[93436]: DEBUG cotyledon.oslo_config_glue [-] oslo_messaging_notifications.transport_url = **** {{(pid=93436) log_opt_values /opt/stack/data/venv/lib/python3.12/site-packages/oslo_config/cfg.py:3253}}
Jul 16 15:38:30.123784 np0000005258 nova-scheduler[93436]: DEBUG cotyledon.oslo_config_glue [-] oslo_limit.auth_section = None {{(pid=93436) log_opt_values /opt/stack/data/venv/lib/python3.12/site-packages/oslo_config/cfg.py:3253}}
Jul 16 15:38:30.123784 np0000005258 nova-scheduler[93436]: DEBUG cotyledon.oslo_config_glue [-] oslo_limit.auth_type = None {{(pid=93436) log_opt_values /opt/stack/data/venv/lib/python3.12/site-packages/oslo_config/cfg.py:3253}}
Jul 16 15:38:30.123784 np0000005258 nova-scheduler[93436]: DEBUG cotyledon.oslo_config_glue [-] oslo_limit.cafile = None {{(pid=93436) log_opt_values /opt/stack/data/venv/lib/python3.12/site-packages/oslo_config/cfg.py:3253}}
Jul 16 15:38:30.123961 np0000005258 nova-scheduler[93436]: DEBUG cotyledon.oslo_config_glue [-] oslo_limit.certfile = None {{(pid=93436) log_opt_values /opt/stack/data/venv/lib/python3.12/site-packages/oslo_config/cfg.py:3253}}
Jul 16 15:38:30.123961 np0000005258 nova-scheduler[93436]: DEBUG cotyledon.oslo_config_glue [-] oslo_limit.collect_timing = False {{(pid=93436) log_opt_values /opt/stack/data/venv/lib/python3.12/site-packages/oslo_config/cfg.py:3253}}
Jul 16 15:38:30.123961 np0000005258 nova-scheduler[93436]: DEBUG cotyledon.oslo_config_glue [-] oslo_limit.connect_retries = None {{(pid=93436) log_opt_values /opt/stack/data/venv/lib/python3.12/site-packages/oslo_config/cfg.py:3253}}
Jul 16 15:38:30.123961 np0000005258 nova-scheduler[93436]: DEBUG cotyledon.oslo_config_glue [-] oslo_limit.connect_retry_delay = None {{(pid=93436) log_opt_values /opt/stack/data/venv/lib/python3.12/site-packages/oslo_config/cfg.py:3253}}
Jul 16 15:38:30.123961 np0000005258 nova-scheduler[93436]: DEBUG cotyledon.oslo_config_glue [-] oslo_limit.endpoint_id = None {{(pid=93436) log_opt_values /opt/stack/data/venv/lib/python3.12/site-packages/oslo_config/cfg.py:3253}}
Jul 16 15:38:30.123961 np0000005258 nova-scheduler[93436]: DEBUG cotyledon.oslo_config_glue [-] oslo_limit.endpoint_interface = public {{(pid=93436) log_opt_values /opt/stack/data/venv/lib/python3.12/site-packages/oslo_config/cfg.py:3253}}
Jul 16 15:38:30.123961 np0000005258 nova-scheduler[93436]: DEBUG cotyledon.oslo_config_glue [-] oslo_limit.endpoint_override = None {{(pid=93436) log_opt_values /opt/stack/data/venv/lib/python3.12/site-packages/oslo_config/cfg.py:3253}}
Jul 16 15:38:30.123961 np0000005258 nova-scheduler[93436]: DEBUG cotyledon.oslo_config_glue [-] oslo_limit.endpoint_region_name = None {{(pid=93436) log_opt_values /opt/stack/data/venv/lib/python3.12/site-packages/oslo_config/cfg.py:3253}}
Jul 16 15:38:30.123961 np0000005258 nova-scheduler[93436]: DEBUG cotyledon.oslo_config_glue [-] oslo_limit.endpoint_service_name = None {{(pid=93436) log_opt_values /opt/stack/data/venv/lib/python3.12/site-packages/oslo_config/cfg.py:3253}}
Jul 16 15:38:30.124145 np0000005258 nova-scheduler[93436]: DEBUG cotyledon.oslo_config_glue [-] oslo_limit.endpoint_service_type = None {{(pid=93436) log_opt_values /opt/stack/data/venv/lib/python3.12/site-packages/oslo_config/cfg.py:3253}}
Jul 16 15:38:30.124145 np0000005258 nova-scheduler[93436]: DEBUG cotyledon.oslo_config_glue [-] oslo_limit.insecure = False {{(pid=93436) log_opt_values /opt/stack/data/venv/lib/python3.12/site-packages/oslo_config/cfg.py:3253}}
Jul 16 15:38:30.124145 np0000005258 nova-scheduler[93436]: DEBUG cotyledon.oslo_config_glue [-] oslo_limit.keyfile = None {{(pid=93436) log_opt_values /opt/stack/data/venv/lib/python3.12/site-packages/oslo_config/cfg.py:3253}}
Jul 16 15:38:30.124145 np0000005258 nova-scheduler[93436]: DEBUG cotyledon.oslo_config_glue [-] oslo_limit.max_version = None {{(pid=93436) log_opt_values /opt/stack/data/venv/lib/python3.12/site-packages/oslo_config/cfg.py:3253}}
Jul 16 15:38:30.124145 np0000005258 nova-scheduler[93436]: DEBUG cotyledon.oslo_config_glue [-] oslo_limit.min_version = None {{(pid=93436) log_opt_values /opt/stack/data/venv/lib/python3.12/site-packages/oslo_config/cfg.py:3253}}
Jul 16 15:38:30.124145 np0000005258 nova-scheduler[93436]: DEBUG cotyledon.oslo_config_glue [-] oslo_limit.region_name = None {{(pid=93436) log_opt_values /opt/stack/data/venv/lib/python3.12/site-packages/oslo_config/cfg.py:3253}}
Jul 16 15:38:30.124145 np0000005258 nova-scheduler[93436]: DEBUG cotyledon.oslo_config_glue [-] oslo_limit.retriable_status_codes = None {{(pid=93436) log_opt_values /opt/stack/data/venv/lib/python3.12/site-packages/oslo_config/cfg.py:3253}}
Jul 16 15:38:30.124145 np0000005258 nova-scheduler[93436]: DEBUG cotyledon.oslo_config_glue [-] oslo_limit.service_name = None {{(pid=93436) log_opt_values /opt/stack/data/venv/lib/python3.12/site-packages/oslo_config/cfg.py:3253}}
Jul 16 15:38:30.124145 np0000005258 nova-scheduler[93436]: DEBUG cotyledon.oslo_config_glue [-] oslo_limit.service_type = None {{(pid=93436) log_opt_values /opt/stack/data/venv/lib/python3.12/site-packages/oslo_config/cfg.py:3253}}
Jul 16 15:38:30.124312 np0000005258 nova-scheduler[93436]: DEBUG cotyledon.oslo_config_glue [-] oslo_limit.split_loggers = False {{(pid=93436) log_opt_values /opt/stack/data/venv/lib/python3.12/site-packages/oslo_config/cfg.py:3253}}
Jul 16 15:38:30.124312 np0000005258 nova-scheduler[93436]: DEBUG cotyledon.oslo_config_glue [-] oslo_limit.status_code_retries = None {{(pid=93436) log_opt_values /opt/stack/data/venv/lib/python3.12/site-packages/oslo_config/cfg.py:3253}}
Jul 16 15:38:30.124312 np0000005258 nova-scheduler[93436]: DEBUG cotyledon.oslo_config_glue [-] oslo_limit.status_code_retry_delay = None {{(pid=93436) log_opt_values /opt/stack/data/venv/lib/python3.12/site-packages/oslo_config/cfg.py:3253}}
Jul 16 15:38:30.124312 np0000005258 nova-scheduler[93436]: DEBUG cotyledon.oslo_config_glue [-] oslo_limit.timeout = None {{(pid=93436) log_opt_values /opt/stack/data/venv/lib/python3.12/site-packages/oslo_config/cfg.py:3253}}
Jul 16 15:38:30.124312 np0000005258 nova-scheduler[93436]: DEBUG cotyledon.oslo_config_glue [-] oslo_limit.valid_interfaces = None {{(pid=93436) log_opt_values /opt/stack/data/venv/lib/python3.12/site-packages/oslo_config/cfg.py:3253}}
Jul 16 15:38:30.124312 np0000005258 nova-scheduler[93436]: DEBUG cotyledon.oslo_config_glue [-] oslo_limit.version = None {{(pid=93436) log_opt_values /opt/stack/data/venv/lib/python3.12/site-packages/oslo_config/cfg.py:3253}}
Jul 16 15:38:30.124312 np0000005258 nova-scheduler[93436]: DEBUG cotyledon.oslo_config_glue [-] oslo_reports.file_event_handler = None {{(pid=93436) log_opt_values /opt/stack/data/venv/lib/python3.12/site-packages/oslo_config/cfg.py:3253}}
Jul 16 15:38:30.124312 np0000005258 nova-scheduler[93436]: DEBUG cotyledon.oslo_config_glue [-] oslo_reports.file_event_handler_interval = 1 {{(pid=93436) log_opt_values /opt/stack/data/venv/lib/python3.12/site-packages/oslo_config/cfg.py:3253}}
Jul 16 15:38:30.124312 np0000005258 nova-scheduler[93436]: DEBUG cotyledon.oslo_config_glue [-] oslo_reports.log_dir = None {{(pid=93436) log_opt_values /opt/stack/data/venv/lib/python3.12/site-packages/oslo_config/cfg.py:3253}}
Jul 16 15:38:30.124474 np0000005258 nova-scheduler[93436]: DEBUG cotyledon.oslo_config_glue [-] ******************************************************************************** {{(pid=93436) log_opt_values /opt/stack/data/venv/lib/python3.12/site-packages/oslo_config/cfg.py:3260}}
Jul 16 15:38:30.124474 np0000005258 nova-scheduler[93436]: DEBUG cotyledon._service_worker [-] Run service ServiceWrapper(2) [93436] {{(pid=93436) wait_forever /opt/stack/data/venv/lib/python3.12/site-packages/cotyledon/_service_worker.py:218}}
Jul 16 15:38:30.124474 np0000005258 nova-scheduler[93436]: INFO nova.service [-] Starting scheduler node (version 33.1.0)
Jul 16 15:38:30.124474 np0000005258 nova-scheduler[93436]: INFO dbcounter [None req-ef29fe63-0e4b-494e-8f72-e853cb7effea None None] Registered counter for database nova_cell0
Jul 16 15:38:30.127943 np0000005258 nova-scheduler[93414]: DEBUG oslo_db.sqlalchemy.engines [None req-33fc0b80-0b0e-4c6f-8d9f-e23316fceeb6 None None] MySQL server mode set to STRICT_TRANS_TABLES,STRICT_ALL_TABLES,NO_ZERO_IN_DATE,NO_ZERO_DATE,ERROR_FOR_DIVISION_BY_ZERO,TRADITIONAL,NO_ENGINE_SUBSTITUTION {{(pid=93414) _check_effective_sql_mode /opt/stack/data/venv/lib/python3.12/site-packages/oslo_db/sqlalchemy/engines.py:325}}
Jul 16 15:38:30.130865 np0000005258 nova-scheduler[93416]: DEBUG oslo_db.sqlalchemy.engines [None req-fe980633-9b10-4ede-b43a-d12f2da25070 None None] MySQL server mode set to STRICT_TRANS_TABLES,STRICT_ALL_TABLES,NO_ZERO_IN_DATE,NO_ZERO_DATE,ERROR_FOR_DIVISION_BY_ZERO,TRADITIONAL,NO_ENGINE_SUBSTITUTION {{(pid=93416) _check_effective_sql_mode /opt/stack/data/venv/lib/python3.12/site-packages/oslo_db/sqlalchemy/engines.py:325}}
Jul 16 15:38:30.139157 np0000005258 nova-scheduler[93414]: DEBUG dbcounter [-] [93414] Writer thread running {{(pid=93414) stat_writer /opt/stack/data/venv/lib/python3.12/site-packages/dbcounter.py:102}}
Jul 16 15:38:30.140268 np0000005258 nova-scheduler[93416]: DEBUG dbcounter [-] [93416] Writer thread running {{(pid=93416) stat_writer /opt/stack/data/venv/lib/python3.12/site-packages/dbcounter.py:102}}
Jul 16 15:38:30.144829 np0000005258 nova-scheduler[93436]: DEBUG oslo_db.sqlalchemy.engines [None req-ef29fe63-0e4b-494e-8f72-e853cb7effea None None] MySQL server mode set to STRICT_TRANS_TABLES,STRICT_ALL_TABLES,NO_ZERO_IN_DATE,NO_ZERO_DATE,ERROR_FOR_DIVISION_BY_ZERO,TRADITIONAL,NO_ENGINE_SUBSTITUTION {{(pid=93436) _check_effective_sql_mode /opt/stack/data/venv/lib/python3.12/site-packages/oslo_db/sqlalchemy/engines.py:325}}
Jul 16 15:38:30.153887 np0000005258 nova-scheduler[93436]: DEBUG dbcounter [-] [93436] Writer thread running {{(pid=93436) stat_writer /opt/stack/data/venv/lib/python3.12/site-packages/dbcounter.py:102}}
Jul 16 15:38:30.156520 np0000005258 nova-scheduler[93416]: DEBUG nova.service [None req-fe980633-9b10-4ede-b43a-d12f2da25070 None None] Creating RPC server for service: nova-scheduler on topic: scheduler {{(pid=93416) start /opt/stack/nova/nova/service.py:196}}
Jul 16 15:38:30.163713 np0000005258 nova-scheduler[93414]: DEBUG nova.service [None req-33fc0b80-0b0e-4c6f-8d9f-e23316fceeb6 None None] Creating RPC server for service: nova-scheduler on topic: scheduler {{(pid=93414) start /opt/stack/nova/nova/service.py:196}}
Jul 16 15:38:30.169639 np0000005258 nova-scheduler[93436]: DEBUG nova.service [None req-ef29fe63-0e4b-494e-8f72-e853cb7effea None None] Creating RPC server for service: nova-scheduler on topic: scheduler {{(pid=93436) start /opt/stack/nova/nova/service.py:196}}
Jul 16 15:38:30.180383 np0000005258 nova-scheduler[93416]: DEBUG nova.service [None req-fe980633-9b10-4ede-b43a-d12f2da25070 None None] Join ServiceGroup membership for this service scheduler {{(pid=93416) start /opt/stack/nova/nova/service.py:222}}
Jul 16 15:38:30.180583 np0000005258 nova-scheduler[93416]: DEBUG nova.servicegroup.drivers.db [None req-fe980633-9b10-4ede-b43a-d12f2da25070 None None] DB_Driver: join new ServiceGroup member np0000005258 to the scheduler group, service = {{(pid=93416) join /opt/stack/nova/nova/servicegroup/drivers/db.py:44}}
Jul 16 15:38:30.182481 np0000005258 nova-scheduler[93414]: DEBUG nova.service [None req-33fc0b80-0b0e-4c6f-8d9f-e23316fceeb6 None None] Join ServiceGroup membership for this service scheduler {{(pid=93414) start /opt/stack/nova/nova/service.py:222}}
Jul 16 15:38:30.182701 np0000005258 nova-scheduler[93414]: DEBUG nova.servicegroup.drivers.db [None req-33fc0b80-0b0e-4c6f-8d9f-e23316fceeb6 None None] DB_Driver: join new ServiceGroup member np0000005258 to the scheduler group, service = {{(pid=93414) join /opt/stack/nova/nova/servicegroup/drivers/db.py:44}}
Jul 16 15:38:30.186340 np0000005258 nova-scheduler[93436]: DEBUG nova.service [None req-ef29fe63-0e4b-494e-8f72-e853cb7effea None None] Join ServiceGroup membership for this service scheduler {{(pid=93436) start /opt/stack/nova/nova/service.py:222}}
Jul 16 15:38:30.186495 np0000005258 nova-scheduler[93436]: DEBUG nova.servicegroup.drivers.db [None req-ef29fe63-0e4b-494e-8f72-e853cb7effea None None] DB_Driver: join new ServiceGroup member np0000005258 to the scheduler group, service = {{(pid=93436) join /opt/stack/nova/nova/servicegroup/drivers/db.py:44}}
Jul 16 15:38:35.200191 np0000005258 nova-scheduler[93416]: DEBUG oslo.service.backend._threading.loopingcall [-] Fixed interval looping call 'nova.servicegroup.drivers.db.DbDriver._report_state' sleeping for 119.98 seconds {{(pid=93416) _run_loop /opt/stack/data/venv/lib/python3.12/site-packages/oslo_service/backend/_threading/loopingcall.py:125}}
Jul 16 15:38:35.202462 np0000005258 nova-scheduler[93414]: DEBUG oslo.service.backend._threading.loopingcall [-] Fixed interval looping call 'nova.servicegroup.drivers.db.DbDriver._report_state' sleeping for 119.98 seconds {{(pid=93414) _run_loop /opt/stack/data/venv/lib/python3.12/site-packages/oslo_service/backend/_threading/loopingcall.py:125}}
Jul 16 15:38:35.203268 np0000005258 nova-scheduler[93436]: DEBUG oslo.service.backend._threading.loopingcall [-] Fixed interval looping call 'nova.servicegroup.drivers.db.DbDriver._report_state' sleeping for 119.98 seconds {{(pid=93436) _run_loop /opt/stack/data/venv/lib/python3.12/site-packages/oslo_service/backend/_threading/loopingcall.py:125}}
Jul 16 15:38:38.762648 np0000005258 nova-scheduler[92200]: DEBUG dbcounter [-] [92200] Writing DB stats nova_api:SELECT=3 {{(pid=92200) stat_writer /opt/stack/data/venv/lib/python3.12/site-packages/dbcounter.py:115}}
Jul 16 15:38:38.884937 np0000005258 nova-scheduler[92200]: DEBUG dbcounter [-] [92200] Writing DB stats nova_cell0:SELECT=1 {{(pid=92200) stat_writer /opt/stack/data/venv/lib/python3.12/site-packages/dbcounter.py:115}}
Jul 16 15:38:38.888841 np0000005258 nova-scheduler[92200]: DEBUG dbcounter [-] [92200] Writing DB stats nova_cell1:SELECT=1 {{(pid=92200) stat_writer /opt/stack/data/venv/lib/python3.12/site-packages/dbcounter.py:115}}
Jul 16 15:38:43.185255 np0000005258 nova-scheduler[93414]: DEBUG oslo.service.backend._threading.loopingcall [None req-03ee3b15-cee2-4369-85dd-63cf7a619a2e None None] Dynamic interval looping call 'nova.service.Service.periodic_tasks' sleeping for 60.00 seconds {{(pid=93414) _run_loop /opt/stack/data/venv/lib/python3.12/site-packages/oslo_service/backend/_threading/loopingcall.py:125}}
Jul 16 15:38:43.185680 np0000005258 nova-scheduler[93416]: DEBUG oslo.service.backend._threading.loopingcall [None req-6ed22cdf-c59f-4c98-b6e0-9f97ca48242f None None] Dynamic interval looping call 'nova.service.Service.periodic_tasks' sleeping for 60.00 seconds {{(pid=93416) _run_loop /opt/stack/data/venv/lib/python3.12/site-packages/oslo_service/backend/_threading/loopingcall.py:125}}
Jul 16 15:38:45.193263 np0000005258 nova-scheduler[93416]: DEBUG dbcounter [-] [93416] Writing DB stats nova_cell0:SELECT=4,nova_cell0:INSERT=1,nova_cell0:UPDATE=1 {{(pid=93416) stat_writer /opt/stack/data/venv/lib/python3.12/site-packages/dbcounter.py:115}}
Jul 16 15:38:45.193685 np0000005258 nova-scheduler[93414]: DEBUG dbcounter [-] [93414] Writing DB stats nova_cell0:SELECT=5,nova_cell0:INSERT=1,nova_cell0:UPDATE=1 {{(pid=93414) stat_writer /opt/stack/data/venv/lib/python3.12/site-packages/dbcounter.py:115}}
Jul 16 15:38:45.198642 np0000005258 nova-scheduler[93436]: DEBUG dbcounter [-] [93436] Writing DB stats nova_cell0:SELECT=4,nova_cell0:INSERT=1,nova_cell0:UPDATE=1 {{(pid=93436) stat_writer /opt/stack/data/venv/lib/python3.12/site-packages/dbcounter.py:115}}
Jul 16 15:39:01.188508 np0000005258 nova-scheduler[93436]: DEBUG oslo.service.backend._threading.loopingcall [None req-9d5a544b-88b7-445f-bfe6-d018f6b324b7 None None] Dynamic interval looping call 'nova.service.Service.periodic_tasks' sleeping for 60.00 seconds {{(pid=93436) _run_loop /opt/stack/data/venv/lib/python3.12/site-packages/oslo_service/backend/_threading/loopingcall.py:125}}
Jul 16 15:39:43.185640 np0000005258 nova-scheduler[93414]: DEBUG oslo.service.backend._threading.loopingcall [None req-03ee3b15-cee2-4369-85dd-63cf7a619a2e None None] Dynamic interval looping call 'nova.service.Service.periodic_tasks' sleeping for 60.00 seconds {{(pid=93414) _run_loop /opt/stack/data/venv/lib/python3.12/site-packages/oslo_service/backend/_threading/loopingcall.py:125}}
Jul 16 15:39:43.186174 np0000005258 nova-scheduler[93416]: DEBUG oslo.service.backend._threading.loopingcall [None req-6ed22cdf-c59f-4c98-b6e0-9f97ca48242f None None] Dynamic interval looping call 'nova.service.Service.periodic_tasks' sleeping for 60.00 seconds {{(pid=93416) _run_loop /opt/stack/data/venv/lib/python3.12/site-packages/oslo_service/backend/_threading/loopingcall.py:125}}
Jul 16 15:40:01.189112 np0000005258 nova-scheduler[93436]: DEBUG oslo.service.backend._threading.loopingcall [None req-9d5a544b-88b7-445f-bfe6-d018f6b324b7 None None] Dynamic interval looping call 'nova.service.Service.periodic_tasks' sleeping for 60.00 seconds {{(pid=93436) _run_loop /opt/stack/data/venv/lib/python3.12/site-packages/oslo_service/backend/_threading/loopingcall.py:125}}
Jul 16 15:40:35.187713 np0000005258 nova-scheduler[93416]: DEBUG oslo.service.backend._threading.loopingcall [-] Fixed interval looping call 'nova.servicegroup.drivers.db.DbDriver._report_state' sleeping for 119.99 seconds {{(pid=93416) _run_loop /opt/stack/data/venv/lib/python3.12/site-packages/oslo_service/backend/_threading/loopingcall.py:125}}
Jul 16 15:40:35.191966 np0000005258 nova-scheduler[93436]: DEBUG oslo.service.backend._threading.loopingcall [-] Fixed interval looping call 'nova.servicegroup.drivers.db.DbDriver._report_state' sleeping for 119.99 seconds {{(pid=93436) _run_loop /opt/stack/data/venv/lib/python3.12/site-packages/oslo_service/backend/_threading/loopingcall.py:125}}
Jul 16 15:40:35.192428 np0000005258 nova-scheduler[93414]: DEBUG oslo.service.backend._threading.loopingcall [-] Fixed interval looping call 'nova.servicegroup.drivers.db.DbDriver._report_state' sleeping for 119.99 seconds {{(pid=93414) _run_loop /opt/stack/data/venv/lib/python3.12/site-packages/oslo_service/backend/_threading/loopingcall.py:125}}
Jul 16 15:40:43.186125 np0000005258 nova-scheduler[93414]: DEBUG oslo.service.backend._threading.loopingcall [None req-03ee3b15-cee2-4369-85dd-63cf7a619a2e None None] Dynamic interval looping call 'nova.service.Service.periodic_tasks' sleeping for 60.00 seconds {{(pid=93414) _run_loop /opt/stack/data/venv/lib/python3.12/site-packages/oslo_service/backend/_threading/loopingcall.py:125}}
Jul 16 15:40:43.186706 np0000005258 nova-scheduler[93416]: DEBUG oslo.service.backend._threading.loopingcall [None req-6ed22cdf-c59f-4c98-b6e0-9f97ca48242f None None] Dynamic interval looping call 'nova.service.Service.periodic_tasks' sleeping for 60.00 seconds {{(pid=93416) _run_loop /opt/stack/data/venv/lib/python3.12/site-packages/oslo_service/backend/_threading/loopingcall.py:125}}
Jul 16 15:40:45.183123 np0000005258 nova-scheduler[93416]: DEBUG dbcounter [-] [93416] Writing DB stats nova_cell0:SELECT=1,nova_cell0:UPDATE=1 {{(pid=93416) stat_writer /opt/stack/data/venv/lib/python3.12/site-packages/dbcounter.py:115}}
Jul 16 15:40:45.188995 np0000005258 nova-scheduler[93436]: DEBUG dbcounter [-] [93436] Writing DB stats nova_cell0:SELECT=1,nova_cell0:UPDATE=1 {{(pid=93436) stat_writer /opt/stack/data/venv/lib/python3.12/site-packages/dbcounter.py:115}}
Jul 16 15:40:45.189430 np0000005258 nova-scheduler[93414]: DEBUG dbcounter [-] [93414] Writing DB stats nova_cell0:SELECT=1 {{(pid=93414) stat_writer /opt/stack/data/venv/lib/python3.12/site-packages/dbcounter.py:115}}
Jul 16 15:40:58.333230 np0000005258 nova-scheduler[93416]: DEBUG nova.scheduler.manager [None req-5ad2904e-0b28-4856-b4d0-9e0c95da4b3e tempest-DeleteServersTestJSON-969899993 tempest-DeleteServersTestJSON-969899993-project-member] Starting to schedule for instances: ['cb4b7e98-8721-4b41-9848-5ed0ed1f9814'] {{(pid=93416) select_destinations /opt/stack/nova/nova/scheduler/manager.py:209}}
Jul 16 15:40:58.334880 np0000005258 nova-scheduler[93416]: DEBUG nova.scheduler.request_filter [None req-5ad2904e-0b28-4856-b4d0-9e0c95da4b3e tempest-DeleteServersTestJSON-969899993 tempest-DeleteServersTestJSON-969899993-project-member] compute_status_filter request filter added forbidden trait COMPUTE_STATUS_DISABLED {{(pid=93416) compute_status_filter /opt/stack/nova/nova/scheduler/request_filter.py:253}}
Jul 16 15:40:58.335027 np0000005258 nova-scheduler[93416]: DEBUG nova.scheduler.request_filter [None req-5ad2904e-0b28-4856-b4d0-9e0c95da4b3e tempest-DeleteServersTestJSON-969899993 tempest-DeleteServersTestJSON-969899993-project-member] Request filter 'compute_status_filter' took 0.0 seconds {{(pid=93416) wrapper /opt/stack/nova/nova/scheduler/request_filter.py:46}}
Jul 16 15:40:58.335250 np0000005258 nova-scheduler[93416]: DEBUG nova.scheduler.request_filter [None req-5ad2904e-0b28-4856-b4d0-9e0c95da4b3e tempest-DeleteServersTestJSON-969899993 tempest-DeleteServersTestJSON-969899993-project-member] Request filter 'accelerators_filter' took 0.0 seconds {{(pid=93416) wrapper /opt/stack/nova/nova/scheduler/request_filter.py:46}}
Jul 16 15:40:58.335426 np0000005258 nova-scheduler[93416]: DEBUG nova.scheduler.request_filter [None req-5ad2904e-0b28-4856-b4d0-9e0c95da4b3e tempest-DeleteServersTestJSON-969899993 tempest-DeleteServersTestJSON-969899993-project-member] Request filter 'packed_virtqueue_filter' took 0.0 seconds {{(pid=93416) wrapper /opt/stack/nova/nova/scheduler/request_filter.py:46}}
Jul 16 15:40:58.335722 np0000005258 nova-scheduler[93416]: DEBUG nova.scheduler.request_filter [None req-5ad2904e-0b28-4856-b4d0-9e0c95da4b3e tempest-DeleteServersTestJSON-969899993 tempest-DeleteServersTestJSON-969899993-project-member] Request filter 'remote_managed_ports_filter' took 0.0 seconds {{(pid=93416) wrapper /opt/stack/nova/nova/scheduler/request_filter.py:46}}
Jul 16 15:40:58.335857 np0000005258 nova-scheduler[93416]: DEBUG nova.scheduler.request_filter [None req-5ad2904e-0b28-4856-b4d0-9e0c95da4b3e tempest-DeleteServersTestJSON-969899993 tempest-DeleteServersTestJSON-969899993-project-member] ephemeral_encryption_filter skipped {{(pid=93416) ephemeral_encryption_filter /opt/stack/nova/nova/scheduler/request_filter.py:426}}
Jul 16 15:40:58.335985 np0000005258 nova-scheduler[93416]: DEBUG nova.scheduler.request_filter [None req-5ad2904e-0b28-4856-b4d0-9e0c95da4b3e tempest-DeleteServersTestJSON-969899993 tempest-DeleteServersTestJSON-969899993-project-member] virtio_sound_filter skipped {{(pid=93416) virtio_sound_filter /opt/stack/nova/nova/scheduler/request_filter.py:460}}
Jul 16 15:40:58.336120 np0000005258 nova-scheduler[93416]: DEBUG nova.scheduler.request_filter [None req-5ad2904e-0b28-4856-b4d0-9e0c95da4b3e tempest-DeleteServersTestJSON-969899993 tempest-DeleteServersTestJSON-969899993-project-member] tpm_secret_security_filter skipped {{(pid=93416) tpm_secret_security_filter /opt/stack/nova/nova/scheduler/request_filter.py:477}}
Jul 16 15:40:59.096004 np0000005258 nova-scheduler[93416]: INFO nova.utils [None req-5ad2904e-0b28-4856-b4d0-9e0c95da4b3e tempest-DeleteServersTestJSON-969899993 tempest-DeleteServersTestJSON-969899993-project-member] The cell worker thread pool ForkProcess-2.cell_worker is initialized
Jul 16 15:40:59.096322 np0000005258 nova-scheduler[93416]: DEBUG oslo_concurrency.lockutils [None req-5ad2904e-0b28-4856-b4d0-9e0c95da4b3e tempest-DeleteServersTestJSON-969899993 tempest-DeleteServersTestJSON-969899993-project-member] Acquiring lock "b9274f50-cdd7-4a31-92fe-d3f9cf6c52da" by "nova.context.set_target_cell..get_or_set_cached_cell_and_set_connections" {{(pid=93416) inner /opt/stack/data/venv/lib/python3.12/site-packages/oslo_concurrency/lockutils.py:512}}
Jul 16 15:40:59.096480 np0000005258 nova-scheduler[93416]: DEBUG oslo_concurrency.lockutils [None req-5ad2904e-0b28-4856-b4d0-9e0c95da4b3e tempest-DeleteServersTestJSON-969899993 tempest-DeleteServersTestJSON-969899993-project-member] Lock "b9274f50-cdd7-4a31-92fe-d3f9cf6c52da" acquired by "nova.context.set_target_cell..get_or_set_cached_cell_and_set_connections" :: waited 0.000s {{(pid=93416) inner /opt/stack/data/venv/lib/python3.12/site-packages/oslo_concurrency/lockutils.py:525}}
Jul 16 15:40:59.097754 np0000005258 nova-scheduler[93416]: DEBUG oslo_concurrency.lockutils [None req-5ad2904e-0b28-4856-b4d0-9e0c95da4b3e tempest-DeleteServersTestJSON-969899993 tempest-DeleteServersTestJSON-969899993-project-member] Lock "b9274f50-cdd7-4a31-92fe-d3f9cf6c52da" "released" by "nova.context.set_target_cell..get_or_set_cached_cell_and_set_connections" :: held 0.001s {{(pid=93416) inner /opt/stack/data/venv/lib/python3.12/site-packages/oslo_concurrency/lockutils.py:544}}
Jul 16 15:40:59.099287 np0000005258 nova-scheduler[93416]: INFO dbcounter [None req-5ad2904e-0b28-4856-b4d0-9e0c95da4b3e tempest-DeleteServersTestJSON-969899993 tempest-DeleteServersTestJSON-969899993-project-member] Registered counter for database nova_cell1
Jul 16 15:40:59.138124 np0000005258 nova-scheduler[93416]: DEBUG oslo_db.sqlalchemy.engines [None req-5ad2904e-0b28-4856-b4d0-9e0c95da4b3e tempest-DeleteServersTestJSON-969899993 tempest-DeleteServersTestJSON-969899993-project-member] MySQL server mode set to STRICT_TRANS_TABLES,STRICT_ALL_TABLES,NO_ZERO_IN_DATE,NO_ZERO_DATE,ERROR_FOR_DIVISION_BY_ZERO,TRADITIONAL,NO_ENGINE_SUBSTITUTION {{(pid=93416) _check_effective_sql_mode /opt/stack/data/venv/lib/python3.12/site-packages/oslo_db/sqlalchemy/engines.py:325}}
Jul 16 15:40:59.146538 np0000005258 nova-scheduler[93416]: DEBUG dbcounter [-] [93416] Writer thread running {{(pid=93416) stat_writer /opt/stack/data/venv/lib/python3.12/site-packages/dbcounter.py:102}}
Jul 16 15:40:59.160963 np0000005258 nova-scheduler[93416]: DEBUG oslo_db.sqlalchemy.engines [None req-5ad2904e-0b28-4856-b4d0-9e0c95da4b3e tempest-DeleteServersTestJSON-969899993 tempest-DeleteServersTestJSON-969899993-project-member] Parent process 92200 forked (93416) with an open database connection, which is being discarded and recreated. {{(pid=93416) checkout /opt/stack/data/venv/lib/python3.12/site-packages/oslo_db/sqlalchemy/engines.py:402}}
Jul 16 15:40:59.210239 np0000005258 nova-scheduler[93416]: DEBUG dbcounter [-] [93416] Writer thread running {{(pid=93416) stat_writer /opt/stack/data/venv/lib/python3.12/site-packages/dbcounter.py:102}}
Jul 16 15:40:59.213263 np0000005258 nova-scheduler[93416]: DEBUG oslo_concurrency.lockutils [None req-5ad2904e-0b28-4856-b4d0-9e0c95da4b3e tempest-DeleteServersTestJSON-969899993 tempest-DeleteServersTestJSON-969899993-project-member] Acquiring lock "b9274f50-cdd7-4a31-92fe-d3f9cf6c52da" by "nova.context.set_target_cell..get_or_set_cached_cell_and_set_connections" {{(pid=93416) inner /opt/stack/data/venv/lib/python3.12/site-packages/oslo_concurrency/lockutils.py:512}}
Jul 16 15:40:59.213443 np0000005258 nova-scheduler[93416]: DEBUG oslo_concurrency.lockutils [None req-5ad2904e-0b28-4856-b4d0-9e0c95da4b3e tempest-DeleteServersTestJSON-969899993 tempest-DeleteServersTestJSON-969899993-project-member] Lock "b9274f50-cdd7-4a31-92fe-d3f9cf6c52da" acquired by "nova.context.set_target_cell..get_or_set_cached_cell_and_set_connections" :: waited 0.000s {{(pid=93416) inner /opt/stack/data/venv/lib/python3.12/site-packages/oslo_concurrency/lockutils.py:525}}
Jul 16 15:40:59.213614 np0000005258 nova-scheduler[93416]: DEBUG oslo_concurrency.lockutils [None req-5ad2904e-0b28-4856-b4d0-9e0c95da4b3e tempest-DeleteServersTestJSON-969899993 tempest-DeleteServersTestJSON-969899993-project-member] Lock "b9274f50-cdd7-4a31-92fe-d3f9cf6c52da" "released" by "nova.context.set_target_cell..get_or_set_cached_cell_and_set_connections" :: held 0.000s {{(pid=93416) inner /opt/stack/data/venv/lib/python3.12/site-packages/oslo_concurrency/lockutils.py:544}}
Jul 16 15:40:59.216778 np0000005258 nova-scheduler[93416]: DEBUG oslo_concurrency.lockutils [None req-5ad2904e-0b28-4856-b4d0-9e0c95da4b3e tempest-DeleteServersTestJSON-969899993 tempest-DeleteServersTestJSON-969899993-project-member] Acquiring lock "np0000005258-np0000005258" by "nova.scheduler.host_manager.HostState.update.._locked_update" {{(pid=93416) inner /opt/stack/data/venv/lib/python3.12/site-packages/oslo_concurrency/lockutils.py:512}}
Jul 16 15:40:59.216944 np0000005258 nova-scheduler[93416]: DEBUG oslo_concurrency.lockutils [None req-5ad2904e-0b28-4856-b4d0-9e0c95da4b3e tempest-DeleteServersTestJSON-969899993 tempest-DeleteServersTestJSON-969899993-project-member] Lock "np0000005258-np0000005258" acquired by "nova.scheduler.host_manager.HostState.update.._locked_update" :: waited 0.000s {{(pid=93416) inner /opt/stack/data/venv/lib/python3.12/site-packages/oslo_concurrency/lockutils.py:525}}
Jul 16 15:40:59.218188 np0000005258 nova-scheduler[93416]: DEBUG nova.scheduler.host_manager [None req-5ad2904e-0b28-4856-b4d0-9e0c95da4b3e tempest-DeleteServersTestJSON-969899993 tempest-DeleteServersTestJSON-969899993-project-member] Update host state from compute node: ComputeNode(cpu_allocation_ratio=4.0,cpu_info='{"arch": "x86_64", "model": "EPYC-Milan", "vendor": "AMD", "topology": {"cells": 1, "sockets": 16, "cores": 1, "threads": 1}, "maxphysaddr": {"mode": "emulate", "bits": 40}, "features": ["stibp", "nrip-save", "ssse3", "invpcid", "svme-addr-chk", "xsaveopt", "mmxext", "fma", "pge", "tsc-scale", "syscall", "wbnoinvd", "ibpb", "f16c", "perfctr_core", "lm", "tsc_adjust", "rdtscp", "xsavec", "cx8", "clflush", "spec-ctrl", "smap", "vaes", "lahf_lm", "cx16", "virt-ssbd", "apic", "fxsr", "aes", "sse4.1", "cmp_legacy", "clwb", "tsc-deadline", "rdseed", "pni", "rdctl-no", "pat", "umip", "xsave", "mtrr", "amd-psfd", "osvw", "abm", "vme", "ibrs", "erms", "pdpe1gb", "rdpid", "clflushopt", "sep", "misalignsse", "avx2", "ssbd", "flushbyasid", "lbrv", "bmi2", "npt", "movbe", "rdrand", "fpu", "sse4a", "adx", "gds-no", "mmx", "sse", "xgetbv1", "fxsr_opt", "xsaves", "fsgsbase", "cr8legacy", "xsaveerptr", "fsrm", "vgif", "mca", "no-nested-data-bp", "pae", "pfthreshold", "pause-filter", "vpclmulqdq", "arat", "sse2", "popcnt", "topoext", "svm", "de", "pku", "vmcb-clean", "skip-l1dfl-vmentry", "hypervisor", "sse4.2", "avx", "pse36", "amd-ssbd", "amd-stibp", "v-vmsave-vmload", "bmi1", "arch-capabilities", "lfence-always-serializing", "nx", "pcid", "msr", "sha-ni", "null-sel-clr-base", "mce", "cmov", "smep", "mds-no", "stibp-always-on", "pschange-mc-no", "x2apic", "tsc", "clzero", "pse", "3dnowprefetch", "pclmuldq"]}',created_at=2026-07-16T15:38:51Z,current_workload=0,deleted=False,deleted_at=None,disk_allocation_ratio=1.0,disk_available_least=73,free_disk_gb=95,free_ram_mb=62765,host='np0000005258',host_ip=10.4.3.241,hypervisor_hostname='np0000005258',hypervisor_type='QEMU',hypervisor_version=8002002,id=1,local_gb=95,local_gb_used=0,mapped=1,memory_mb=63277,memory_mb_used=512,metrics='[]',numa_topology='{"nova_object.name": "NUMATopology", "nova_object.namespace": "nova", "nova_object.version": "1.2", "nova_object.data": {"cells": [{"nova_object.name": "NUMACell", "nova_object.namespace": "nova", "nova_object.version": "1.5", "nova_object.data": {"id": 0, "cpuset": [0, 1, 2, 3, 4, 5, 6, 7, 8, 9, 10, 11, 12, 13, 14, 15], "pcpuset": [0, 1, 2, 3, 4, 5, 6, 7, 8, 9, 10, 11, 12, 13, 14, 15], "memory": 63277, "cpu_usage": 0, "memory_usage": 0, "pinned_cpus": [], "siblings": [[6], [12], [2], [15], [5], [11], [8], [14], [4], [1], [7], [10], [0], [13], [3], [9]], "mempages": [{"nova_object.name": "NUMAPagesTopology", "nova_object.namespace": "nova", "nova_object.version": "1.1", "nova_object.data": {"size_kb": 4, "total": 16177929, "used": 0, "reserved": 0}, "nova_object.changes": ["reserved", "used", "size_kb", "total"]}, {"nova_object.name": "NUMAPagesTopology", "nova_object.namespace": "nova", "nova_object.version": "1.1", "nova_object.data": {"size_kb": 2048, "total": 41, "used": 0, "reserved": 0}, "nova_object.changes": ["reserved", "used", "size_kb", "total"]}, {"nova_object.name": "NUMAPagesTopology", "nova_object.namespace": "nova", "nova_object.version": "1.1", "nova_object.data": {"size_kb": 1048576, "total": 0, "used": 0, "reserved": 0}, "nova_object.changes": ["reserved", "used", "size_kb", "total"]}], "network_metadata": {"nova_object.name": "NetworkMetadata", "nova_object.namespace": "nova", "nova_object.version": "1.0", "nova_object.data": {"physnets": [], "tunneled": false}, "nova_object.changes": ["physnets", "tunneled"]}, "socket": null}, "nova_object.changes": ["id", "network_metadata", "memory_usage", "siblings", "cpuset", "mempages", "memory", "pcpuset", "cpu_usage", "socket", "pinned_cpus"]}]}, "nova_object.changes": ["cells"]}',pci_device_pools=PciDevicePoolList,ram_allocation_ratio=1.0,running_vms=0,service_id=4,stats={failed_builds='0',uptime=' 15:40:37 up 13 min, 2 users, load average: 1.49, 1.42, 0.83
Jul 16 15:40:59.218188 np0000005258 nova-scheduler[93416]: '},supported_hv_specs=[HVSpec,HVSpec,HVSpec,HVSpec,HVSpec,HVSpec,HVSpec,HVSpec,HVSpec,HVSpec,HVSpec,HVSpec,HVSpec,HVSpec,HVSpec,HVSpec,HVSpec,HVSpec,HVSpec,HVSpec,HVSpec,HVSpec,HVSpec,HVSpec,HVSpec],updated_at=2026-07-16T15:40:38Z,uuid=a0a57f82-11d5-4815-82f9-19f922d14b13,vcpus=16,vcpus_used=0) {{(pid=93416) _locked_update /opt/stack/nova/nova/scheduler/host_manager.py:168}}
Jul 16 15:40:59.219424 np0000005258 nova-scheduler[93416]: DEBUG nova.scheduler.host_manager [None req-5ad2904e-0b28-4856-b4d0-9e0c95da4b3e tempest-DeleteServersTestJSON-969899993 tempest-DeleteServersTestJSON-969899993-project-member] Update host state with aggregates: [] {{(pid=93416) _locked_update /opt/stack/nova/nova/scheduler/host_manager.py:171}}
Jul 16 15:40:59.219577 np0000005258 nova-scheduler[93416]: DEBUG nova.scheduler.host_manager [None req-5ad2904e-0b28-4856-b4d0-9e0c95da4b3e tempest-DeleteServersTestJSON-969899993 tempest-DeleteServersTestJSON-969899993-project-member] Update host state with service dict: {'id': 4, 'uuid': 'a3bfb1d3-212e-4c26-ab6b-4f57b3577050', 'host': 'np0000005258', 'binary': 'nova-compute', 'topic': 'compute', 'report_count': 2, 'disabled': False, 'disabled_reason': None, 'last_seen_up': datetime.datetime(2026, 7, 16, 15, 40, 57, tzinfo=datetime.timezone.utc), 'forced_down': False, 'version': 72, 'created_at': datetime.datetime(2026, 7, 16, 15, 38, 51, tzinfo=datetime.timezone.utc), 'updated_at': datetime.datetime(2026, 7, 16, 15, 40, 57, tzinfo=datetime.timezone.utc), 'deleted_at': None, 'deleted': False} {{(pid=93416) _locked_update /opt/stack/nova/nova/scheduler/host_manager.py:174}}
Jul 16 15:40:59.219778 np0000005258 nova-scheduler[93416]: DEBUG nova.scheduler.host_manager [None req-5ad2904e-0b28-4856-b4d0-9e0c95da4b3e tempest-DeleteServersTestJSON-969899993 tempest-DeleteServersTestJSON-969899993-project-member] Update host state with instances: [] {{(pid=93416) _locked_update /opt/stack/nova/nova/scheduler/host_manager.py:177}}
Jul 16 15:40:59.219922 np0000005258 nova-scheduler[93416]: DEBUG oslo_concurrency.lockutils [None req-5ad2904e-0b28-4856-b4d0-9e0c95da4b3e tempest-DeleteServersTestJSON-969899993 tempest-DeleteServersTestJSON-969899993-project-member] Lock "np0000005258-np0000005258" "released" by "nova.scheduler.host_manager.HostState.update.._locked_update" :: held 0.003s {{(pid=93416) inner /opt/stack/data/venv/lib/python3.12/site-packages/oslo_concurrency/lockutils.py:544}}
Jul 16 15:40:59.220423 np0000005258 nova-scheduler[93416]: DEBUG nova.filters [None req-5ad2904e-0b28-4856-b4d0-9e0c95da4b3e tempest-DeleteServersTestJSON-969899993 tempest-DeleteServersTestJSON-969899993-project-member] Starting with 1 host(s) {{(pid=93416) get_filtered_objects /opt/stack/nova/nova/filters.py:70}}
Jul 16 15:40:59.220745 np0000005258 nova-scheduler[93416]: DEBUG nova.filters [None req-5ad2904e-0b28-4856-b4d0-9e0c95da4b3e tempest-DeleteServersTestJSON-969899993 tempest-DeleteServersTestJSON-969899993-project-member] Filter ComputeFilter returned 1 host(s) {{(pid=93416) get_filtered_objects /opt/stack/nova/nova/filters.py:102}}
Jul 16 15:40:59.220946 np0000005258 nova-scheduler[93416]: DEBUG nova.filters [None req-5ad2904e-0b28-4856-b4d0-9e0c95da4b3e tempest-DeleteServersTestJSON-969899993 tempest-DeleteServersTestJSON-969899993-project-member] Filter ComputeCapabilitiesFilter returned 1 host(s) {{(pid=93416) get_filtered_objects /opt/stack/nova/nova/filters.py:102}}
Jul 16 15:40:59.221191 np0000005258 nova-scheduler[93416]: DEBUG nova.filters [None req-5ad2904e-0b28-4856-b4d0-9e0c95da4b3e tempest-DeleteServersTestJSON-969899993 tempest-DeleteServersTestJSON-969899993-project-member] Filter ImagePropertiesFilter returned 1 host(s) {{(pid=93416) get_filtered_objects /opt/stack/nova/nova/filters.py:102}}
Jul 16 15:40:59.221355 np0000005258 nova-scheduler[93416]: DEBUG nova.filters [None req-5ad2904e-0b28-4856-b4d0-9e0c95da4b3e tempest-DeleteServersTestJSON-969899993 tempest-DeleteServersTestJSON-969899993-project-member] Filter ServerGroupAntiAffinityFilter returned 1 host(s) {{(pid=93416) get_filtered_objects /opt/stack/nova/nova/filters.py:102}}
Jul 16 15:40:59.221504 np0000005258 nova-scheduler[93416]: DEBUG nova.filters [None req-5ad2904e-0b28-4856-b4d0-9e0c95da4b3e tempest-DeleteServersTestJSON-969899993 tempest-DeleteServersTestJSON-969899993-project-member] Filter ServerGroupAffinityFilter returned 1 host(s) {{(pid=93416) get_filtered_objects /opt/stack/nova/nova/filters.py:102}}
Jul 16 15:40:59.221690 np0000005258 nova-scheduler[93416]: DEBUG nova.filters [None req-5ad2904e-0b28-4856-b4d0-9e0c95da4b3e tempest-DeleteServersTestJSON-969899993 tempest-DeleteServersTestJSON-969899993-project-member] Filter SameHostFilter returned 1 host(s) {{(pid=93416) get_filtered_objects /opt/stack/nova/nova/filters.py:102}}
Jul 16 15:40:59.221826 np0000005258 nova-scheduler[93416]: DEBUG nova.filters [None req-5ad2904e-0b28-4856-b4d0-9e0c95da4b3e tempest-DeleteServersTestJSON-969899993 tempest-DeleteServersTestJSON-969899993-project-member] Filter DifferentHostFilter returned 1 host(s) {{(pid=93416) get_filtered_objects /opt/stack/nova/nova/filters.py:102}}
Jul 16 15:40:59.221984 np0000005258 nova-scheduler[93416]: DEBUG nova.scheduler.manager [None req-5ad2904e-0b28-4856-b4d0-9e0c95da4b3e tempest-DeleteServersTestJSON-969899993 tempest-DeleteServersTestJSON-969899993-project-member] Filtered [(np0000005258, np0000005258) ram: 62765MB disk: 74752MB io_ops: 0 instances: 0, allocation_candidates: 1] {{(pid=93416) _get_sorted_hosts /opt/stack/nova/nova/scheduler/manager.py:742}}
Jul 16 15:40:59.222201 np0000005258 nova-scheduler[93416]: DEBUG nova.scheduler.manager [None req-5ad2904e-0b28-4856-b4d0-9e0c95da4b3e tempest-DeleteServersTestJSON-969899993 tempest-DeleteServersTestJSON-969899993-project-member] Weighed [WeighedHost [host: (np0000005258, np0000005258) ram: 62765MB disk: 74752MB io_ops: 0 instances: 0, allocation_candidates: 1, weight: 0.0]] {{(pid=93416) _get_sorted_hosts /opt/stack/nova/nova/scheduler/manager.py:764}}
Jul 16 15:40:59.222395 np0000005258 nova-scheduler[93416]: DEBUG nova.scheduler.utils [None req-5ad2904e-0b28-4856-b4d0-9e0c95da4b3e tempest-DeleteServersTestJSON-969899993 tempest-DeleteServersTestJSON-969899993-project-member] Attempting to claim resources in the placement API for instance cb4b7e98-8721-4b41-9848-5ed0ed1f9814 {{(pid=93416) claim_resources /opt/stack/nova/nova/scheduler/utils.py:1345}}
Jul 16 15:40:59.384378 np0000005258 nova-scheduler[93416]: DEBUG nova.scheduler.manager [None req-5ad2904e-0b28-4856-b4d0-9e0c95da4b3e tempest-DeleteServersTestJSON-969899993 tempest-DeleteServersTestJSON-969899993-project-member] [instance: cb4b7e98-8721-4b41-9848-5ed0ed1f9814] Selected host: (np0000005258, np0000005258) ram: 62765MB disk: 74752MB io_ops: 0 instances: 0, allocation_candidates: 1 {{(pid=93416) _consume_selected_host /opt/stack/nova/nova/scheduler/manager.py:624}}
Jul 16 15:40:59.384884 np0000005258 nova-scheduler[93416]: DEBUG oslo_concurrency.lockutils [None req-5ad2904e-0b28-4856-b4d0-9e0c95da4b3e tempest-DeleteServersTestJSON-969899993 tempest-DeleteServersTestJSON-969899993-project-member] Acquiring lock "np0000005258-np0000005258" by "nova.scheduler.host_manager.HostState.consume_from_request.._locked" {{(pid=93416) inner /opt/stack/data/venv/lib/python3.12/site-packages/oslo_concurrency/lockutils.py:512}}
Jul 16 15:40:59.385099 np0000005258 nova-scheduler[93416]: DEBUG oslo_concurrency.lockutils [None req-5ad2904e-0b28-4856-b4d0-9e0c95da4b3e tempest-DeleteServersTestJSON-969899993 tempest-DeleteServersTestJSON-969899993-project-member] Lock "np0000005258-np0000005258" acquired by "nova.scheduler.host_manager.HostState.consume_from_request.._locked" :: waited 0.000s {{(pid=93416) inner /opt/stack/data/venv/lib/python3.12/site-packages/oslo_concurrency/lockutils.py:525}}
Jul 16 15:40:59.385445 np0000005258 nova-scheduler[93416]: DEBUG oslo_concurrency.lockutils [None req-5ad2904e-0b28-4856-b4d0-9e0c95da4b3e tempest-DeleteServersTestJSON-969899993 tempest-DeleteServersTestJSON-969899993-project-member] Lock "np0000005258-np0000005258" "released" by "nova.scheduler.host_manager.HostState.consume_from_request.._locked" :: held 0.000s {{(pid=93416) inner /opt/stack/data/venv/lib/python3.12/site-packages/oslo_concurrency/lockutils.py:544}}
Jul 16 15:40:59.763491 np0000005258 nova-scheduler[93414]: DEBUG nova.scheduler.manager [None req-0d3582a8-ab3b-4680-a337-caad835c662d tempest-AttachVolumeShelveTestJSON-2077082807 tempest-AttachVolumeShelveTestJSON-2077082807-project-member] Starting to schedule for instances: ['57409857-bab1-42d3-b643-36c2edddca53'] {{(pid=93414) select_destinations /opt/stack/nova/nova/scheduler/manager.py:209}}
Jul 16 15:40:59.765937 np0000005258 nova-scheduler[93414]: DEBUG nova.scheduler.request_filter [None req-0d3582a8-ab3b-4680-a337-caad835c662d tempest-AttachVolumeShelveTestJSON-2077082807 tempest-AttachVolumeShelveTestJSON-2077082807-project-member] compute_status_filter request filter added forbidden trait COMPUTE_STATUS_DISABLED {{(pid=93414) compute_status_filter /opt/stack/nova/nova/scheduler/request_filter.py:253}}
Jul 16 15:40:59.765937 np0000005258 nova-scheduler[93414]: DEBUG nova.scheduler.request_filter [None req-0d3582a8-ab3b-4680-a337-caad835c662d tempest-AttachVolumeShelveTestJSON-2077082807 tempest-AttachVolumeShelveTestJSON-2077082807-project-member] Request filter 'compute_status_filter' took 0.0 seconds {{(pid=93414) wrapper /opt/stack/nova/nova/scheduler/request_filter.py:46}}
Jul 16 15:40:59.765937 np0000005258 nova-scheduler[93414]: DEBUG nova.scheduler.request_filter [None req-0d3582a8-ab3b-4680-a337-caad835c662d tempest-AttachVolumeShelveTestJSON-2077082807 tempest-AttachVolumeShelveTestJSON-2077082807-project-member] Request filter 'accelerators_filter' took 0.0 seconds {{(pid=93414) wrapper /opt/stack/nova/nova/scheduler/request_filter.py:46}}
Jul 16 15:40:59.765937 np0000005258 nova-scheduler[93414]: DEBUG nova.scheduler.request_filter [None req-0d3582a8-ab3b-4680-a337-caad835c662d tempest-AttachVolumeShelveTestJSON-2077082807 tempest-AttachVolumeShelveTestJSON-2077082807-project-member] Request filter 'packed_virtqueue_filter' took 0.0 seconds {{(pid=93414) wrapper /opt/stack/nova/nova/scheduler/request_filter.py:46}}
