Jul 16 15:39:24.396809 np0000005258 devstack@neutron-api.service[87564]: DEBUG neutron.plugins.ml2.drivers.ovn.mech_driver.mech_driver [None req-10576a0a-4e9d-4624-8f3f-4e9a0421c8d0 admin admin] No provisioning block for port f3a4bf4d-63bf-4038-94b1-e9ba31e81f1f since it does not have a host {{(pid=87564) _is_port_provisioning_required /opt/stack/neutron/neutron/plugins/ml2/drivers/ovn/mech_driver/mech_driver.py:899}}
Jul 16 15:39:24.396938 np0000005258 devstack@neutron-api.service[87564]: DEBUG neutron.db.ovn_revision_numbers_db [None req-10576a0a-4e9d-4624-8f3f-4e9a0421c8d0 admin admin] create_initial_revision uuid=f3a4bf4d-63bf-4038-94b1-e9ba31e81f1f, type=ports, rev=-1 {{(pid=87564) create_initial_revision /opt/stack/neutron/neutron/db/ovn_revision_numbers_db.py:98}}
Jul 16 15:39:24.429232 np0000005258 devstack@neutron-api.service[87564]: DEBUG neutron_lib.callbacks.manager [None req-10576a0a-4e9d-4624-8f3f-4e9a0421c8d0 admin admin] Publish callbacks ['neutron.plugins.ml2.ovo_rpc._ObjectChangeHandler.handle_event-132297011'] for port (f3a4bf4d-63bf-4038-94b1-e9ba31e81f1f), after_create {{(pid=87564) _notify_loop /opt/stack/data/venv/lib/python3.12/site-packages/neutron_lib/callbacks/manager.py:184}}
Jul 16 15:39:24.456479 np0000005258 devstack@neutron-api.service[87564]: DEBUG neutron.api.rpc.handlers.resources_rpc [None req-10576a0a-4e9d-4624-8f3f-4e9a0421c8d0 admin admin] Pushing event updated for resources: {'Port': ['ID=f3a4bf4d-63bf-4038-94b1-e9ba31e81f1f,revision_number=1']} {{(pid=87564) push /opt/stack/neutron/neutron/api/rpc/handlers/resources_rpc.py:237}}
Jul 16 15:39:24.461755 np0000005258 devstack@neutron-api.service[87564]: DEBUG neutron.plugins.ml2.drivers.ovn.mech_driver.ovsdb.commands [None req-10576a0a-4e9d-4624-8f3f-4e9a0421c8d0 admin admin] Converting tag [] to a tag_request {{(pid=87564) _tag_column_to_tag_request /opt/stack/neutron/neutron/plugins/ml2/drivers/ovn/mech_driver/ovsdb/commands.py:205}}
Jul 16 15:39:24.462290 np0000005258 devstack@neutron-api.service[87564]: DEBUG ovsdbapp.backend.ovs_idl.transaction [None req-56b4f1b6-8d3e-4ede-b580-edeca73f0f19 None None] Running txn n=1 command(idx=0): AddLSwitchPortCommand(_result=None, lport=f3a4bf4d-63bf-4038-94b1-e9ba31e81f1f, lswitch=neutron-cf589a3d-0775-4e49-bbc4-1a4e0e5eaef5, may_exist=True, network_uuid=cf589a3d-0775-4e49-bbc4-1a4e0e5eaef5, columns={'addresses': ['fa:16:3e:a0:f4:ea'], 'external_ids': {'neutron:port_name': '', 'neutron:device_id': 'ovnmeta-cf589a3d-0775-4e49-bbc4-1a4e0e5eaef5', 'neutron:project_id': '7f867a8c03ed4c9dac01d69c9833761c', 'neutron:cidrs': '', 'neutron:device_owner': 'network:distributed', 'neutron:subnet_pool_addr_scope4': '', 'neutron:subnet_pool_addr_scope6': '', 'neutron:network_name': 'neutron-cf589a3d-0775-4e49-bbc4-1a4e0e5eaef5', 'neutron:security_group_ids': '', 'neutron:revision_number': '1', 'neutron:vnic_type': 'normal', 'neutron:port_capabilities': '', 'neutron:mtu': '1372'}, 'parent_name': [], 'enabled': True, 'options': {}, 'type': 'localport', 'port_security': [], 'dhcpv4_options': [], 'dhcpv6_options': [], 'tag_request': []}) {{(pid=87564) do_commit /opt/stack/data/venv/lib/python3.12/site-packages/ovsdbapp/backend/ovs_idl/transaction.py:89}}
Jul 16 15:39:24.462716 np0000005258 devstack@neutron-api.service[87564]: DEBUG ovsdbapp.backend.ovs_idl.transaction [None req-56b4f1b6-8d3e-4ede-b580-edeca73f0f19 None None] Running txn n=1 command(idx=1): QoSDelCommand(_result=None, switch=neutron-cf589a3d-0775-4e49-bbc4-1a4e0e5eaef5, conditions=[('direction', '=', 'to-lport'), ('priority', '=', 2002), ('match', '=', 'outport == "f3a4bf4d-63bf-4038-94b1-e9ba31e81f1f"')], if_exists=True) {{(pid=87564) do_commit /opt/stack/data/venv/lib/python3.12/site-packages/ovsdbapp/backend/ovs_idl/transaction.py:89}}
Jul 16 15:39:24.462901 np0000005258 devstack@neutron-api.service[87564]: DEBUG ovsdbapp.backend.ovs_idl.transaction [None req-56b4f1b6-8d3e-4ede-b580-edeca73f0f19 None None] Running txn n=1 command(idx=2): QoSDelCommand(_result=None, switch=neutron-cf589a3d-0775-4e49-bbc4-1a4e0e5eaef5, conditions=[('direction', '=', 'from-lport'), ('priority', '=', 2002), ('match', '=', 'inport == "f3a4bf4d-63bf-4038-94b1-e9ba31e81f1f"')], if_exists=True) {{(pid=87564) do_commit /opt/stack/data/venv/lib/python3.12/site-packages/ovsdbapp/backend/ovs_idl/transaction.py:89}}
Jul 16 15:39:24.469415 np0000005258 devstack@neutron-api.service[87566]: DEBUG neutron.plugins.ml2.drivers.ovn.mech_driver.ovsdb.ovsdb_monitor [None req-fd5ac405-c395-4726-b43b-5467d1996526 None None] Hash Ring: Node 323c2ae8dc8f50e1bffc97232f99f78b (host: np0000005258) handling event "update" for row cf589a3d-0775-4e49-bbc4-1a4e0e5eaef5 (table: Logical_Switch) {{(pid=87566) notify /opt/stack/neutron/neutron/plugins/ml2/drivers/ovn/mech_driver/ovsdb/ovsdb_monitor.py:1009}}
Jul 16 15:39:24.469828 np0000005258 devstack@neutron-api.service[87566]: DEBUG neutron.plugins.ml2.drivers.ovn.mech_driver.ovsdb.ovsdb_monitor [None req-fd5ac405-c395-4726-b43b-5467d1996526 None None] Hash Ring: Node 323c2ae8dc8f50e1bffc97232f99f78b (host: np0000005258) handling event "create" for row c6250492-2ef1-4c77-9a28-821a8c00869a (table: Logical_Switch_Port) {{(pid=87566) notify /opt/stack/neutron/neutron/plugins/ml2/drivers/ovn/mech_driver/ovsdb/ovsdb_monitor.py:1009}}
Jul 16 15:39:24.471351 np0000005258 devstack@neutron-api.service[87566]: DEBUG ovsdbapp.backend.ovs_idl.event [None req-fd5ac405-c395-4726-b43b-5467d1996526 None None] Matched CREATE: LogicalSwitchPortCreateEvent(events=('create',), table='Logical_Switch_Port', conditions=[], old_conditions=None), priority=20 to row=Logical_Switch_Port(uuid=c6250492-2ef1-4c77-9a28-821a8c00869a, addresses=['fa:16:3e:a0:f4:ea'], dhcpv4_options=[], dhcpv6_options=[], dynamic_addresses=[], enabled=True, external_ids={'neutron:cidrs': '', 'neutron:device_id': 'ovnmeta-cf589a3d-0775-4e49-bbc4-1a4e0e5eaef5', 'neutron:device_owner': 'network:distributed', 'neutron:mtu': '1372', 'neutron:network_name': 'neutron-cf589a3d-0775-4e49-bbc4-1a4e0e5eaef5', 'neutron:port_capabilities': '', 'neutron:port_name': '', 'neutron:project_id': '7f867a8c03ed4c9dac01d69c9833761c', 'neutron:revision_number': '1', 'neutron:security_group_ids': '', 'neutron:subnet_pool_addr_scope4': '', 'neutron:subnet_pool_addr_scope6': '', 'neutron:vnic_type': 'normal'}, ha_chassis_group=[], mirror_rules=[], name='f3a4bf4d-63bf-4038-94b1-e9ba31e81f1f', options={}, parent_name=[], port_security=[], tag=[], tag_request=[], type='localport', up=[]) old= {{(pid=87566) matches /opt/stack/data/venv/lib/python3.12/site-packages/ovsdbapp/backend/ovs_idl/event.py:55}}
Jul 16 15:39:24.472195 np0000005258 devstack@neutron-api.service[87564]: DEBUG neutron.plugins.ml2.drivers.ovn.mech_driver.ovsdb.ovsdb_monitor [None req-118fdcd0-f306-4ad7-b5a8-3dff37863f09 None None] Hash Ring: Node 6419386b38ed55ec809da31ca1dd16d2 (host: np0000005258) handling event "create" for row 3c295108-b673-40fb-b46c-cc93f1366680 (table: Port_Binding) {{(pid=87564) notify /opt/stack/neutron/neutron/plugins/ml2/drivers/ovn/mech_driver/ovsdb/ovsdb_monitor.py:1009}}
Jul 16 15:39:24.472573 np0000005258 devstack@neutron-api.service[87566]: INFO neutron.plugins.ml2.drivers.ovn.mech_driver.mech_driver [None req-559e55f1-f7a2-4183-b1be-7e56c4fb2de7 None None] OVN reports status down for port: f3a4bf4d-63bf-4038-94b1-e9ba31e81f1f
Jul 16 15:39:24.474569 np0000005258 devstack@neutron-api.service[87566]: DEBUG neutron.plugins.ml2.drivers.ovn.mech_driver.ovsdb.ovsdb_monitor [None req-fd5ac405-c395-4726-b43b-5467d1996526 None None] Hash Ring: Node 323c2ae8dc8f50e1bffc97232f99f78b (host: np0000005258) handling event "update" for row c6250492-2ef1-4c77-9a28-821a8c00869a (table: Logical_Switch_Port) {{(pid=87566) notify /opt/stack/neutron/neutron/plugins/ml2/drivers/ovn/mech_driver/ovsdb/ovsdb_monitor.py:1009}}
Jul 16 15:39:24.492701 np0000005258 devstack@neutron-api.service[87564]: INFO neutron.db.ovn_revision_numbers_db [None req-10576a0a-4e9d-4624-8f3f-4e9a0421c8d0 admin admin] Successfully bumped revision number for resource f3a4bf4d-63bf-4038-94b1-e9ba31e81f1f (type: ports) to 1
Jul 16 15:39:24.497154 np0000005258 devstack@neutron-api.service[87566]: DEBUG neutron.db.provisioning_blocks [None req-559e55f1-f7a2-4183-b1be-7e56c4fb2de7 None None] Transition to ACTIVE for port object f3a4bf4d-63bf-4038-94b1-e9ba31e81f1f will not be triggered until provisioned by entity L2. {{(pid=87566) add_provisioning_component /opt/stack/neutron/neutron/db/provisioning_blocks.py:74}}
Jul 16 15:39:24.498377 np0000005258 devstack@neutron-api.service[87564]: DEBUG neutron.pecan_wsgi.hooks.policy_enforcement [None req-10576a0a-4e9d-4624-8f3f-4e9a0421c8d0 admin admin] Attributes excluded by policy engine: ['standard_attr_id'] {{(pid=87564) _exclude_attributes_by_policy /opt/stack/neutron/neutron/pecan_wsgi/hooks/policy_enforcement.py:259}}
Jul 16 15:39:24.498956 np0000005258 devstack@neutron-api.service[87564]: DEBUG neutron_lib.callbacks.manager [None req-10576a0a-4e9d-4624-8f3f-4e9a0421c8d0 admin admin] Publish callbacks [] for network (None), before_response {{(pid=87564) _notify_loop /opt/stack/data/venv/lib/python3.12/site-packages/neutron_lib/callbacks/manager.py:184}}
Jul 16 15:39:24.510676 np0000005258 devstack@neutron-api.service[87564]: [pid: 87564|app: 0|req: 12/37] 10.4.3.241 () {68 vars in 1326 bytes} [Thu Jul 16 15:39:24 2026] POST /networking/v2.0/networks => generated 679 bytes in 392 msecs (HTTP/1.1 201) 4 headers in 162 bytes (1 switches on core 0)
Jul 16 15:39:24.522439 np0000005258 devstack@neutron-api.service[87566]: DEBUG neutron.plugins.ml2.plugin [None req-559e55f1-f7a2-4183-b1be-7e56c4fb2de7 None None] Current status of the port f3a4bf4d-63bf-4038-94b1-e9ba31e81f1f is: DOWN; New status is: DOWN {{(pid=87566) _update_individual_port_db_status /opt/stack/neutron/neutron/plugins/ml2/plugin.py:2473}}
Jul 16 15:39:24.523161 np0000005258 devstack@neutron-api.service[87566]: DEBUG ovsdbapp.backend.ovs_idl.transaction [None req-fd5ac405-c395-4726-b43b-5467d1996526 None None] Running txn n=1 command(idx=0): DbRemoveCommand(_result=None, table=Logical_Switch_Port, record=f3a4bf4d-63bf-4038-94b1-e9ba31e81f1f, column=external_ids, values=('neutron:host_id',), keyvalues={}, if_exists=True) {{(pid=87566) do_commit /opt/stack/data/venv/lib/python3.12/site-packages/ovsdbapp/backend/ovs_idl/transaction.py:89}}
Jul 16 15:39:24.697803 np0000005258 devstack@neutron-api.service[87565]: INFO neutron.pecan_wsgi.hooks.translation [None req-e705d6fa-fc1a-4aec-883a-9188a03bb4fc admin admin] GET failed (client error): The resource could not be found.
Jul 16 15:39:24.698449 np0000005258 devstack@neutron-api.service[87565]: [pid: 87565|app: 0|req: 14/38] 10.4.3.241 () {64 vars in 1294 bytes} [Thu Jul 16 15:39:24 2026] GET /networking/v2.0/networks/shared => generated 108 bytes in 7 msecs (HTTP/1.1 404) 4 headers in 164 bytes (1 switches on core 0)
Jul 16 15:39:24.726953 np0000005258 devstack@neutron-api.service[87566]: DEBUG neutron.pecan_wsgi.hooks.policy_enforcement [None req-c7d834cb-6e74-4960-a7ed-5b963a80fa83 admin admin] Attributes excluded by policy engine: ['standard_attr_id'] {{(pid=87566) _exclude_attributes_by_policy /opt/stack/neutron/neutron/pecan_wsgi/hooks/policy_enforcement.py:259}}
Jul 16 15:39:24.727995 np0000005258 devstack@neutron-api.service[87566]: [pid: 87566|app: 0|req: 13/39] 10.4.3.241 () {64 vars in 1309 bytes} [Thu Jul 16 15:39:24 2026] GET /networking/v2.0/networks?name=shared => generated 663 bytes in 23 msecs (HTTP/1.1 200) 4 headers in 157 bytes (1 switches on core 0)
Jul 16 15:39:24.739311 np0000005258 devstack@neutron-api.service[87564]: DEBUG neutron.api.v2.base [None req-7760fef9-f3cf-4080-b3e6-affe3635875c admin admin] Request body: {'subnet': {'network_id': 'cf589a3d-0775-4e49-bbc4-1a4e0e5eaef5', 'cidr': '192.168.233.0/24', 'ip_version': 4, 'description': 'shared-subnet', 'name': 'shared-subnet'}} {{(pid=87564) prepare_request_body /opt/stack/neutron/neutron/api/v2/base.py:727}}
Jul 16 15:39:24.751453 np0000005258 devstack@neutron-api.service[87564]: DEBUG neutron.pecan_wsgi.hooks.quota_enforcement [None req-7760fef9-f3cf-4080-b3e6-affe3635875c admin admin] Made reservation on behalf of 7f867a8c03ed4c9dac01d69c9833761c for: {'subnet': 1} {{(pid=87564) before /opt/stack/neutron/neutron/pecan_wsgi/hooks/quota_enforcement.py:66}}
Jul 16 15:39:24.753690 np0000005258 devstack@neutron-api.service[87564]: DEBUG neutron_lib.callbacks.manager [None req-7760fef9-f3cf-4080-b3e6-affe3635875c admin admin] Publish callbacks [] for subnet (None), before_create {{(pid=87564) _notify_loop /opt/stack/data/venv/lib/python3.12/site-packages/neutron_lib/callbacks/manager.py:184}}
Jul 16 15:39:24.805163 np0000005258 devstack@neutron-api.service[87564]: DEBUG neutron.db.ovn_revision_numbers_db [None req-7760fef9-f3cf-4080-b3e6-affe3635875c admin admin] create_initial_revision uuid=4c1f58ba-21e2-4d92-aba5-7f28b5f25986, type=subnets, rev=-1 {{(pid=87564) create_initial_revision /opt/stack/neutron/neutron/db/ovn_revision_numbers_db.py:98}}
Jul 16 15:39:24.808897 np0000005258 devstack@neutron-api.service[87564]: DEBUG neutron_lib.callbacks.manager [None req-7760fef9-f3cf-4080-b3e6-affe3635875c admin admin] Publish callbacks ['neutron.plugins.ml2.ovo_rpc._ObjectChangeHandler.handle_event-132297012'] for subnet (4c1f58ba-21e2-4d92-aba5-7f28b5f25986), after_create {{(pid=87564) _notify_loop /opt/stack/data/venv/lib/python3.12/site-packages/neutron_lib/callbacks/manager.py:184}}
Jul 16 15:39:24.819656 np0000005258 devstack@neutron-api.service[87564]: DEBUG neutron.api.rpc.handlers.resources_rpc [None req-7760fef9-f3cf-4080-b3e6-affe3635875c admin admin] Pushing event updated for resources: {'Subnet': ['ID=4c1f58ba-21e2-4d92-aba5-7f28b5f25986,revision_number=0']} {{(pid=87564) push /opt/stack/neutron/neutron/api/rpc/handlers/resources_rpc.py:237}}
Jul 16 15:39:24.874340 np0000005258 devstack@neutron-api.service[87564]: DEBUG neutron_lib.callbacks.manager [None req-7760fef9-f3cf-4080-b3e6-affe3635875c admin admin] Publish callbacks ['neutron.plugins.ml2.plugin.SecurityGroupDbMixin._ensure_default_security_group_handler-224162', 'neutron.services.ovn_l3.plugin.OVNL3RouterPlugin._port_update-8397264964458', 'neutron.db.l3_db.L3_NAT_dbonly_mixin._prevent_internal_ip_change_for_fip-8397266799496'] for port (f3a4bf4d-63bf-4038-94b1-e9ba31e81f1f), before_update {{(pid=87564) _notify_loop /opt/stack/data/venv/lib/python3.12/site-packages/neutron_lib/callbacks/manager.py:184}}
Jul 16 15:39:24.948352 np0000005258 devstack@neutron-api.service[87564]: DEBUG neutron.db.db_base_plugin_common [None req-7760fef9-f3cf-4080-b3e6-affe3635875c admin admin] Allocated IP 192.168.233.2 (cf589a3d-0775-4e49-bbc4-1a4e0e5eaef5/4c1f58ba-21e2-4d92-aba5-7f28b5f25986/f3a4bf4d-63bf-4038-94b1-e9ba31e81f1f) {{(pid=87564) _store_ip_allocation /opt/stack/neutron/neutron/db/db_base_plugin_common.py:131}}
Jul 16 15:39:25.004580 np0000005258 devstack@neutron-api.service[87564]: DEBUG neutron_lib.callbacks.manager [None req-7760fef9-f3cf-4080-b3e6-affe3635875c admin admin] Publish callbacks [] for port (f3a4bf4d-63bf-4038-94b1-e9ba31e81f1f), precommit_update {{(pid=87564) _notify_loop /opt/stack/data/venv/lib/python3.12/site-packages/neutron_lib/callbacks/manager.py:184}}
Jul 16 15:39:25.004760 np0000005258 devstack@neutron-api.service[87564]: DEBUG neutron.plugins.ml2.drivers.ovn.mech_driver.mech_driver [None req-7760fef9-f3cf-4080-b3e6-affe3635875c admin admin] No provisioning block for port f3a4bf4d-63bf-4038-94b1-e9ba31e81f1f since it does not have a host {{(pid=87564) _is_port_provisioning_required /opt/stack/neutron/neutron/plugins/ml2/drivers/ovn/mech_driver/mech_driver.py:899}}
Jul 16 15:39:25.021426 np0000005258 devstack@neutron-api.service[87564]: DEBUG neutron_lib.callbacks.manager [None req-7760fef9-f3cf-4080-b3e6-affe3635875c admin admin] Publish callbacks ['neutron.plugins.ml2.ovo_rpc._ObjectChangeHandler.handle_event-132297011', 'neutron.services.ovn_l3.plugin.OVNL3RouterPlugin._port_update-8397264964458'] for port (f3a4bf4d-63bf-4038-94b1-e9ba31e81f1f), after_update {{(pid=87564) _notify_loop /opt/stack/data/venv/lib/python3.12/site-packages/neutron_lib/callbacks/manager.py:184}}
Jul 16 15:39:25.046641 np0000005258 devstack@neutron-api.service[87564]: DEBUG neutron.api.rpc.handlers.resources_rpc [None req-7760fef9-f3cf-4080-b3e6-affe3635875c admin admin] Pushing event updated for resources: {'Port': ['ID=f3a4bf4d-63bf-4038-94b1-e9ba31e81f1f,revision_number=2']} {{(pid=87564) push /opt/stack/neutron/neutron/api/rpc/handlers/resources_rpc.py:237}}
Jul 16 15:39:25.139165 np0000005258 devstack@neutron-api.service[87564]: DEBUG neutron.plugins.ml2.drivers.ovn.mech_driver.ovsdb.commands [None req-7760fef9-f3cf-4080-b3e6-affe3635875c admin admin] Converting tag [] to a tag_request {{(pid=87564) _tag_column_to_tag_request /opt/stack/neutron/neutron/plugins/ml2/drivers/ovn/mech_driver/ovsdb/commands.py:205}}
Jul 16 15:39:25.139691 np0000005258 devstack@neutron-api.service[87564]: DEBUG ovsdbapp.backend.ovs_idl.transaction [None req-56b4f1b6-8d3e-4ede-b580-edeca73f0f19 None None] Running txn n=1 command(idx=0): CheckRevisionNumberCommand(_result=None, name=f3a4bf4d-63bf-4038-94b1-e9ba31e81f1f, resource={'id': 'f3a4bf4d-63bf-4038-94b1-e9ba31e81f1f', 'name': '', 'network_id': 'cf589a3d-0775-4e49-bbc4-1a4e0e5eaef5', 'project_id': '7f867a8c03ed4c9dac01d69c9833761c', 'mac_address': 'fa:16:3e:a0:f4:ea', 'admin_state_up': True, 'status': 'DOWN', 'device_id': 'ovnmeta-cf589a3d-0775-4e49-bbc4-1a4e0e5eaef5', 'device_owner': 'network:distributed', 'standard_attr_id': 28, 'fixed_ips': [{'subnet_id': '4c1f58ba-21e2-4d92-aba5-7f28b5f25986', 'ip_address': '192.168.233.2'}], 'allowed_address_pairs': [], 'extra_dhcp_opts': [], 'security_groups': [], 'description': '', 'binding:vnic_type': 'normal', 'binding:profile': {}, 'binding:host_id': '', 'binding:vif_type': 'unbound', 'binding:vif_details': {}, 'port_security_enabled': False, 'tags': [], 'created_at': '2026-07-16T15:39:24Z', 'updated_at': '2026-07-16T15:39:24Z', 'revision_number': 2, 'tenant_id': '7f867a8c03ed4c9dac01d69c9833761c', 'network': {'id': 'cf589a3d-0775-4e49-bbc4-1a4e0e5eaef5', 'name': 'shared', 'tenant_id': '7f867a8c03ed4c9dac01d69c9833761c', 'project_id': '7f867a8c03ed4c9dac01d69c9833761c', 'admin_state_up': True, 'mtu': 1372, 'status': 'ACTIVE', 'subnets': ['4c1f58ba-21e2-4d92-aba5-7f28b5f25986'], 'standard_attr_id': 26, 'shared': True, 'availability_zone_hints': [], 'availability_zones': [], 'ipv4_address_scope': None, 'ipv6_address_scope': None, 'router:external': False, 'qinq': False, 'vlan_transparent': False, 'description': '', 'port_security_enabled': True, 'tags': [], 'created_at': '2026-07-16T15:39:24Z', 'updated_at': '2026-07-16T15:39:24Z', 'revision_number': 2, 'provider:network_type': 'geneve', 'provider:physical_network': None, 'provider:segmentation_id': 55027}}, resource_type=ports, if_exists=True) {{(pid=87564) do_commit /opt/stack/data/venv/lib/python3.12/site-packages/ovsdbapp/backend/ovs_idl/transaction.py:89}}
Jul 16 15:39:25.140034 np0000005258 devstack@neutron-api.service[87564]: DEBUG ovsdbapp.backend.ovs_idl.transaction [None req-56b4f1b6-8d3e-4ede-b580-edeca73f0f19 None None] Running txn n=1 command(idx=1): AddDHCPOptionsCommand(_result=None, columns={'cidr': '192.168.233.0/24', 'options': {'server_id': '192.168.233.1', 'lease_time': '43200', 'mtu': '1372', 'router': '192.168.233.1', 'server_mac': 'fa:16:3e:3a:df:7a', 'dns_server': '{127.0.0.53}', 'classless_static_route': '{169.254.169.254/32,192.168.233.2, 0.0.0.0/0,192.168.233.1}'}, 'external_ids': {'subnet_id': '4c1f58ba-21e2-4d92-aba5-7f28b5f25986', 'neutron:network_id': 'cf589a3d-0775-4e49-bbc4-1a4e0e5eaef5', 'neutron:revision_number': '0'}}, may_exist=True, subnet_id=4c1f58ba-21e2-4d92-aba5-7f28b5f25986, port_id=None, new_insert=False) {{(pid=87564) do_commit /opt/stack/data/venv/lib/python3.12/site-packages/ovsdbapp/backend/ovs_idl/transaction.py:89}}
Jul 16 15:39:25.140463 np0000005258 devstack@neutron-api.service[87564]: DEBUG ovsdbapp.backend.ovs_idl.transaction [None req-56b4f1b6-8d3e-4ede-b580-edeca73f0f19 None None] Running txn n=1 command(idx=2): SetLSwitchPortCommand(_result=None, lport=f3a4bf4d-63bf-4038-94b1-e9ba31e81f1f, external_ids_update=None, columns={'external_ids': {'neutron:port_name': '', 'neutron:device_id': 'ovnmeta-cf589a3d-0775-4e49-bbc4-1a4e0e5eaef5', 'neutron:project_id': '7f867a8c03ed4c9dac01d69c9833761c', 'neutron:cidrs': '192.168.233.2/24', 'neutron:device_owner': 'network:distributed', 'neutron:subnet_pool_addr_scope4': '', 'neutron:subnet_pool_addr_scope6': '', 'neutron:network_name': 'neutron-cf589a3d-0775-4e49-bbc4-1a4e0e5eaef5', 'neutron:security_group_ids': '', 'neutron:revision_number': '2', 'neutron:vnic_type': 'normal', 'neutron:port_capabilities': '', 'neutron:mtu': '1372'}, 'parent_name': [], 'options': {}, 'enabled': True, 'port_security': [], 'dhcpv4_options': [], 'dhcpv6_options': [], 'type': 'localport', 'addresses': ['fa:16:3e:a0:f4:ea 192.168.233.2'], 'ha_chassis_group': [], 'tag_request': []}, if_exists=False) {{(pid=87564) do_commit /opt/stack/data/venv/lib/python3.12/site-packages/ovsdbapp/backend/ovs_idl/transaction.py:89}}
Jul 16 15:39:25.140960 np0000005258 devstack@neutron-api.service[87564]: DEBUG ovsdbapp.backend.ovs_idl.transaction [None req-56b4f1b6-8d3e-4ede-b580-edeca73f0f19 None None] Running txn n=1 command(idx=3): PgDelPortCommand(_result=None, port_group=neutron_pg_drop, lsp=['f3a4bf4d-63bf-4038-94b1-e9ba31e81f1f'], if_exists=False) {{(pid=87564) do_commit /opt/stack/data/venv/lib/python3.12/site-packages/ovsdbapp/backend/ovs_idl/transaction.py:89}}
Jul 16 15:39:25.145594 np0000005258 devstack@neutron-api.service[87565]: DEBUG neutron.plugins.ml2.drivers.ovn.mech_driver.ovsdb.ovsdb_monitor [None req-39b0f0ba-0395-4ffa-a468-4a1365816083 None None] Hash Ring: Node 74c2fd77c1ce57308adcf693ef003b5f (host: np0000005258) handling event "create" for row d0947a02-5303-4496-89e3-8a6b21237329 (table: DHCP_Options) {{(pid=87565) notify /opt/stack/neutron/neutron/plugins/ml2/drivers/ovn/mech_driver/ovsdb/ovsdb_monitor.py:1009}}
Jul 16 15:39:25.146515 np0000005258 devstack@neutron-api.service[87566]: DEBUG neutron.plugins.ml2.drivers.ovn.mech_driver.ovsdb.ovsdb_monitor [None req-fd5ac405-c395-4726-b43b-5467d1996526 None None] Hash Ring: Node 323c2ae8dc8f50e1bffc97232f99f78b (host: np0000005258) handling event "update" for row c6250492-2ef1-4c77-9a28-821a8c00869a (table: Logical_Switch_Port) {{(pid=87566) notify /opt/stack/neutron/neutron/plugins/ml2/drivers/ovn/mech_driver/ovsdb/ovsdb_monitor.py:1009}}
Jul 16 15:39:25.147575 np0000005258 devstack@neutron-api.service[87564]: DEBUG neutron.plugins.ml2.drivers.ovn.mech_driver.ovsdb.ovsdb_monitor [None req-118fdcd0-f306-4ad7-b5a8-3dff37863f09 None None] Hash Ring: Node 6419386b38ed55ec809da31ca1dd16d2 (host: np0000005258) handling event "update" for row 3c295108-b673-40fb-b46c-cc93f1366680 (table: Port_Binding) {{(pid=87564) notify /opt/stack/neutron/neutron/plugins/ml2/drivers/ovn/mech_driver/ovsdb/ovsdb_monitor.py:1009}}
Jul 16 15:39:25.175162 np0000005258 devstack@neutron-api.service[87564]: INFO neutron.db.ovn_revision_numbers_db [None req-7760fef9-f3cf-4080-b3e6-affe3635875c admin admin] Successfully bumped revision number for resource f3a4bf4d-63bf-4038-94b1-e9ba31e81f1f (type: ports) to 2
Jul 16 15:39:25.182962 np0000005258 devstack@neutron-api.service[87564]: DEBUG neutron.plugins.ml2.plugin [None req-7760fef9-f3cf-4080-b3e6-affe3635875c admin admin] In _notify_port_updated(), no bound segment for port f3a4bf4d-63bf-4038-94b1-e9ba31e81f1f on network cf589a3d-0775-4e49-bbc4-1a4e0e5eaef5 {{(pid=87564) _notify_port_updated /opt/stack/neutron/neutron/plugins/ml2/plugin.py:1041}}
Jul 16 15:39:25.198571 np0000005258 devstack@neutron-api.service[87564]: INFO neutron.db.ovn_revision_numbers_db [None req-7760fef9-f3cf-4080-b3e6-affe3635875c admin admin] Successfully bumped revision number for resource 4c1f58ba-21e2-4d92-aba5-7f28b5f25986 (type: subnets) to 0
Jul 16 15:39:25.199685 np0000005258 devstack@neutron-api.service[87564]: DEBUG neutron.pecan_wsgi.hooks.policy_enforcement [None req-7760fef9-f3cf-4080-b3e6-affe3635875c admin admin] Attributes excluded by policy engine: ['standard_attr_id', 'shared', 'network'] {{(pid=87564) _exclude_attributes_by_policy /opt/stack/neutron/neutron/pecan_wsgi/hooks/policy_enforcement.py:259}}
Jul 16 15:39:25.199993 np0000005258 devstack@neutron-api.service[87564]: DEBUG neutron_lib.callbacks.manager [None req-7760fef9-f3cf-4080-b3e6-affe3635875c admin admin] Publish callbacks [] for subnet (None), before_response {{(pid=87564) _notify_loop /opt/stack/data/venv/lib/python3.12/site-packages/neutron_lib/callbacks/manager.py:184}}
Jul 16 15:39:25.209764 np0000005258 devstack@neutron-api.service[87564]: [pid: 87564|app: 0|req: 13/40] 10.4.3.241 () {68 vars in 1324 bytes} [Thu Jul 16 15:39:24 2026] POST /networking/v2.0/subnets => generated 665 bytes in 472 msecs (HTTP/1.1 201) 4 headers in 162 bytes (1 switches on core 0)
Jul 16 15:39:27.270375 np0000005258 devstack@neutron-api.service[87564]: DEBUG ovsdbapp.backend.ovs_idl.event [None req-118fdcd0-f306-4ad7-b5a8-3dff37863f09 None None] Matched UPDATE: ChassisOVNAgentWriteEvent(events=('create', 'update'), table='Chassis_Private', conditions=None, old_conditions=None), priority=20 to row=Chassis_Private(uuid=2e5b4eaa-059e-4c90-a205-e5d016240b94, chassis=44e0af32-a3a9-49c6-a809-e222f921bf82, external_ids={'neutron:ovn-bridge': 'br-int', 'neutron:ovn-neutron-agent-id': '4025b925-c2a5-5e21-9018-391da928d5b5', 'neutron:ovn-neutron-agent-sb-cfg': '2'}, name='c4d41b13-217f-4f75-8f58-d7f6e86ae7ad', nb_cfg=2, nb_cfg_timestamp=1784216364262) old=Chassis_Private(uuid=2e5b4eaa-059e-4c90-a205-e5d016240b94, external_ids={'neutron:ovn-bridge': 'br-int', 'neutron:ovn-neutron-agent-id': '4025b925-c2a5-5e21-9018-391da928d5b5', 'neutron:ovn-neutron-agent-sb-cfg': '1'}) {{(pid=87564) matches /opt/stack/data/venv/lib/python3.12/site-packages/ovsdbapp/backend/ovs_idl/event.py:55}}
Jul 16 15:39:27.270946 np0000005258 devstack@neutron-api.service[87565]: DEBUG ovsdbapp.backend.ovs_idl.event [None req-98a61878-4e9b-4c1a-aebd-cff525e1c5cf None None] Matched UPDATE: ChassisOVNAgentWriteEvent(events=('create', 'update'), table='Chassis_Private', conditions=None, old_conditions=None), priority=20 to row=Chassis_Private(uuid=2e5b4eaa-059e-4c90-a205-e5d016240b94, chassis=44e0af32-a3a9-49c6-a809-e222f921bf82, external_ids={'neutron:ovn-bridge': 'br-int', 'neutron:ovn-neutron-agent-id': '4025b925-c2a5-5e21-9018-391da928d5b5', 'neutron:ovn-neutron-agent-sb-cfg': '2'}, name='c4d41b13-217f-4f75-8f58-d7f6e86ae7ad', nb_cfg=2, nb_cfg_timestamp=1784216364262) old=Chassis_Private(uuid=2e5b4eaa-059e-4c90-a205-e5d016240b94, external_ids={'neutron:ovn-bridge': 'br-int', 'neutron:ovn-neutron-agent-id': '4025b925-c2a5-5e21-9018-391da928d5b5', 'neutron:ovn-neutron-agent-sb-cfg': '1'}) {{(pid=87565) matches /opt/stack/data/venv/lib/python3.12/site-packages/ovsdbapp/backend/ovs_idl/event.py:55}}
Jul 16 15:39:27.271272 np0000005258 devstack@neutron-api.service[87566]: DEBUG ovsdbapp.backend.ovs_idl.event [None req-c4eef2f7-5352-421c-a690-7847132ffefb None None] Matched UPDATE: ChassisOVNAgentWriteEvent(events=('create', 'update'), table='Chassis_Private', conditions=None, old_conditions=None), priority=20 to row=Chassis_Private(uuid=2e5b4eaa-059e-4c90-a205-e5d016240b94, chassis=44e0af32-a3a9-49c6-a809-e222f921bf82, external_ids={'neutron:ovn-bridge': 'br-int', 'neutron:ovn-neutron-agent-id': '4025b925-c2a5-5e21-9018-391da928d5b5', 'neutron:ovn-neutron-agent-sb-cfg': '2'}, name='c4d41b13-217f-4f75-8f58-d7f6e86ae7ad', nb_cfg=2, nb_cfg_timestamp=1784216364262) old=Chassis_Private(uuid=2e5b4eaa-059e-4c90-a205-e5d016240b94, external_ids={'neutron:ovn-bridge': 'br-int', 'neutron:ovn-neutron-agent-id': '4025b925-c2a5-5e21-9018-391da928d5b5', 'neutron:ovn-neutron-agent-sb-cfg': '1'}) {{(pid=87566) matches /opt/stack/data/venv/lib/python3.12/site-packages/ovsdbapp/backend/ovs_idl/event.py:55}}
Jul 16 15:39:27.271272 np0000005258 devstack@neutron-api.service[87566]: DEBUG neutron.plugins.ml2.drivers.ovn.mech_driver.ovsdb.ovsdb_monitor [None req-c4eef2f7-5352-421c-a690-7847132ffefb None None] Hash Ring: Node 323c2ae8dc8f50e1bffc97232f99f78b (host: np0000005258) handling event "update" for row 2e5b4eaa-059e-4c90-a205-e5d016240b94 (table: Chassis_Private) {{(pid=87566) notify /opt/stack/neutron/neutron/plugins/ml2/drivers/ovn/mech_driver/ovsdb/ovsdb_monitor.py:1009}}
Jul 16 15:39:34.695597 np0000005258 devstack@neutron-api.service[87565]: DEBUG dbcounter [-] [87565] Writing DB stats neutron:UPDATE=1,neutron:SELECT=7 {{(pid=87565) stat_writer /opt/stack/data/venv/lib/python3.12/site-packages/dbcounter.py:115}}
Jul 16 15:39:34.724271 np0000005258 devstack@neutron-api.service[87566]: DEBUG dbcounter [-] [87566] Writing DB stats neutron:UPDATE=1,neutron:SELECT=55,neutron:INSERT=1 {{(pid=87566) stat_writer /opt/stack/data/venv/lib/python3.12/site-packages/dbcounter.py:115}}
Jul 16 15:39:35.205055 np0000005258 devstack@neutron-api.service[87564]: DEBUG dbcounter [-] [87564] Writing DB stats neutron:UPDATE=15,neutron:SELECT=367,neutron:INSERT=25,neutron:DELETE=4 {{(pid=87564) stat_writer /opt/stack/data/venv/lib/python3.12/site-packages/dbcounter.py:115}}
Jul 16 15:39:35.226155 np0000005258 devstack@neutron-api.service[87565]: DEBUG futurist.periodics [-] Submitting periodic callback 'neutron.plugins.ml2.drivers.ovn.mech_driver.ovsdb.maintenance.HashRingHealthCheckPeriodics.touch_hash_ring_node' {{(pid=87565) _process_scheduled /opt/stack/data/venv/lib/python3.12/site-packages/futurist/periodics.py:784}}
Jul 16 15:39:35.226507 np0000005258 devstack@neutron-api.service[87565]: DEBUG neutron.plugins.ml2.drivers.ovn.mech_driver.ovsdb.maintenance [-] Touching Hash Ring node "74c2fd77c1ce57308adcf693ef003b5f" from periodic health check thread {{(pid=87565) touch_hash_ring_node /opt/stack/neutron/neutron/plugins/ml2/drivers/ovn/mech_driver/ovsdb/maintenance.py:1417}}
Jul 16 15:39:36.063403 np0000005258 devstack@neutron-api.service[87566]: DEBUG futurist.periodics [-] Submitting periodic callback 'neutron.plugins.ml2.drivers.ovn.mech_driver.ovsdb.maintenance.HashRingHealthCheckPeriodics.touch_hash_ring_node' {{(pid=87566) _process_scheduled /opt/stack/data/venv/lib/python3.12/site-packages/futurist/periodics.py:784}}
Jul 16 15:39:36.063939 np0000005258 devstack@neutron-api.service[87566]: DEBUG neutron.plugins.ml2.drivers.ovn.mech_driver.ovsdb.maintenance [-] Touching Hash Ring node "323c2ae8dc8f50e1bffc97232f99f78b" from periodic health check thread {{(pid=87566) touch_hash_ring_node /opt/stack/neutron/neutron/plugins/ml2/drivers/ovn/mech_driver/ovsdb/maintenance.py:1417}}
Jul 16 15:39:36.116394 np0000005258 devstack@neutron-api.service[87564]: DEBUG futurist.periodics [-] Submitting periodic callback 'neutron.plugins.ml2.drivers.ovn.mech_driver.ovsdb.maintenance.HashRingHealthCheckPeriodics.touch_hash_ring_node' {{(pid=87564) _process_scheduled /opt/stack/data/venv/lib/python3.12/site-packages/futurist/periodics.py:784}}
Jul 16 15:39:36.116741 np0000005258 devstack@neutron-api.service[87564]: DEBUG neutron.plugins.ml2.drivers.ovn.mech_driver.ovsdb.maintenance [-] Touching Hash Ring node "6419386b38ed55ec809da31ca1dd16d2" from periodic health check thread {{(pid=87564) touch_hash_ring_node /opt/stack/neutron/neutron/plugins/ml2/drivers/ovn/mech_driver/ovsdb/maintenance.py:1417}}
Jul 16 15:39:45.233882 np0000005258 devstack@neutron-api.service[87565]: DEBUG dbcounter [-] [87565] Writing DB stats neutron:UPDATE=1,neutron:SELECT=1 {{(pid=87565) stat_writer /opt/stack/data/venv/lib/python3.12/site-packages/dbcounter.py:115}}
Jul 16 15:39:46.070008 np0000005258 devstack@neutron-api.service[87566]: DEBUG dbcounter [-] [87566] Writing DB stats neutron:UPDATE=1,neutron:SELECT=1 {{(pid=87566) stat_writer /opt/stack/data/venv/lib/python3.12/site-packages/dbcounter.py:115}}
Jul 16 15:39:46.124099 np0000005258 devstack@neutron-api.service[87564]: DEBUG dbcounter [-] [87564] Writing DB stats neutron:UPDATE=1,neutron:SELECT=1 {{(pid=87564) stat_writer /opt/stack/data/venv/lib/python3.12/site-packages/dbcounter.py:115}}
Jul 16 15:39:50.226757 np0000005258 devstack@neutron-api.service[87565]: DEBUG futurist.periodics [-] Submitting periodic callback 'neutron.plugins.ml2.drivers.ovn.mech_driver.ovsdb.maintenance.HashRingHealthCheckPeriodics.touch_hash_ring_node' {{(pid=87565) _process_scheduled /opt/stack/data/venv/lib/python3.12/site-packages/futurist/periodics.py:784}}
Jul 16 15:39:50.227254 np0000005258 devstack@neutron-api.service[87565]: DEBUG neutron.plugins.ml2.drivers.ovn.mech_driver.ovsdb.maintenance [-] Touching Hash Ring node "74c2fd77c1ce57308adcf693ef003b5f" from periodic health check thread {{(pid=87565) touch_hash_ring_node /opt/stack/neutron/neutron/plugins/ml2/drivers/ovn/mech_driver/ovsdb/maintenance.py:1417}}
Jul 16 15:39:51.063968 np0000005258 devstack@neutron-api.service[87566]: DEBUG futurist.periodics [-] Submitting periodic callback 'neutron.plugins.ml2.drivers.ovn.mech_driver.ovsdb.maintenance.HashRingHealthCheckPeriodics.touch_hash_ring_node' {{(pid=87566) _process_scheduled /opt/stack/data/venv/lib/python3.12/site-packages/futurist/periodics.py:784}}
Jul 16 15:39:51.064591 np0000005258 devstack@neutron-api.service[87566]: DEBUG neutron.plugins.ml2.drivers.ovn.mech_driver.ovsdb.maintenance [-] Touching Hash Ring node "323c2ae8dc8f50e1bffc97232f99f78b" from periodic health check thread {{(pid=87566) touch_hash_ring_node /opt/stack/neutron/neutron/plugins/ml2/drivers/ovn/mech_driver/ovsdb/maintenance.py:1417}}
Jul 16 15:39:51.117055 np0000005258 devstack@neutron-api.service[87564]: DEBUG futurist.periodics [-] Submitting periodic callback 'neutron.plugins.ml2.drivers.ovn.mech_driver.ovsdb.maintenance.HashRingHealthCheckPeriodics.touch_hash_ring_node' {{(pid=87564) _process_scheduled /opt/stack/data/venv/lib/python3.12/site-packages/futurist/periodics.py:784}}
Jul 16 15:39:51.118386 np0000005258 devstack@neutron-api.service[87564]: DEBUG neutron.plugins.ml2.drivers.ovn.mech_driver.ovsdb.maintenance [-] Touching Hash Ring node "6419386b38ed55ec809da31ca1dd16d2" from periodic health check thread {{(pid=87564) touch_hash_ring_node /opt/stack/neutron/neutron/plugins/ml2/drivers/ovn/mech_driver/ovsdb/maintenance.py:1417}}
Jul 16 15:39:52.788347 np0000005258 devstack@neutron-api.service[87565]: DEBUG neutron.api.wsgi [None req-02aac3b5-94fb-4802-bb1c-7cf13509b1ec tempest-verify_tempest_config-865545520 tempest-verify_tempest_config-865545520-project-member] https://10.4.3.241/networking/v2.0/extensions returned with HTTP 200 {{(pid=87565) __call__ /opt/stack/neutron/neutron/api/wsgi.py:540}}
Jul 16 15:39:52.788697 np0000005258 devstack@neutron-api.service[87565]: [pid: 87565|app: 0|req: 15/41] 10.4.3.241 () {66 vars in 1261 bytes} [Thu Jul 16 15:39:52 2026] GET /networking/v2.0/extensions => generated 16171 bytes in 3 msecs (HTTP/1.1 200) 4 headers in 159 bytes (1 switches on core 0)
Jul 16 15:39:53.393287 np0000005258 devstack@neutron-api.service[87566]: DEBUG neutron_lib.callbacks.manager [None req-216870d7-107f-40b0-b387-976b55264d56 admin admin] Publish callbacks [] for security_group (None), before_create {{(pid=87566) _notify_loop /opt/stack/data/venv/lib/python3.12/site-packages/neutron_lib/callbacks/manager.py:184}}
Jul 16 15:39:53.493910 np0000005258 devstack@neutron-api.service[87566]: DEBUG neutron_lib.callbacks.manager [None req-216870d7-107f-40b0-b387-976b55264d56 admin admin] Publish callbacks ['neutron.plugins.ml2.drivers.ovn.mech_driver.mech_driver.OVNMechanismDriver._create_security_group_precommit-1044944'] for security_group (fde6b8e8-1b3c-4174-b399-471d704bd174), precommit_create {{(pid=87566) _notify_loop /opt/stack/data/venv/lib/python3.12/site-packages/neutron_lib/callbacks/manager.py:184}}
Jul 16 15:39:53.494119 np0000005258 devstack@neutron-api.service[87566]: DEBUG neutron.db.ovn_revision_numbers_db [None req-216870d7-107f-40b0-b387-976b55264d56 admin admin] create_initial_revision uuid=fde6b8e8-1b3c-4174-b399-471d704bd174, type=security_groups, rev=-1 {{(pid=87566) create_initial_revision /opt/stack/neutron/neutron/db/ovn_revision_numbers_db.py:98}}
Jul 16 15:39:53.495291 np0000005258 devstack@neutron-api.service[87566]: DEBUG neutron.db.ovn_revision_numbers_db [None req-216870d7-107f-40b0-b387-976b55264d56 admin admin] create_initial_revision uuid=a1448acc-93d5-4d0d-b5e8-214b4b57a49d, type=security_group_rules, rev=-1 {{(pid=87566) create_initial_revision /opt/stack/neutron/neutron/db/ovn_revision_numbers_db.py:98}}
Jul 16 15:39:53.496208 np0000005258 devstack@neutron-api.service[87566]: DEBUG neutron.db.ovn_revision_numbers_db [None req-216870d7-107f-40b0-b387-976b55264d56 admin admin] create_initial_revision uuid=b984067b-c8d7-4b31-a736-bc7a5bc34c0f, type=security_group_rules, rev=-1 {{(pid=87566) create_initial_revision /opt/stack/neutron/neutron/db/ovn_revision_numbers_db.py:98}}
Jul 16 15:39:53.502553 np0000005258 devstack@neutron-api.service[87566]: DEBUG neutron.db.ovn_revision_numbers_db [None req-216870d7-107f-40b0-b387-976b55264d56 admin admin] create_initial_revision uuid=bef11d40-1f7c-4d32-82d5-c942895e80de, type=security_group_rules, rev=-1 {{(pid=87566) create_initial_revision /opt/stack/neutron/neutron/db/ovn_revision_numbers_db.py:98}}
Jul 16 15:39:53.502553 np0000005258 devstack@neutron-api.service[87566]: DEBUG neutron.db.ovn_revision_numbers_db [None req-216870d7-107f-40b0-b387-976b55264d56 admin admin] create_initial_revision uuid=da1df690-6a32-44d8-a332-c46730acb7a1, type=security_group_rules, rev=-1 {{(pid=87566) create_initial_revision /opt/stack/neutron/neutron/db/ovn_revision_numbers_db.py:98}}
Jul 16 15:39:53.529607 np0000005258 devstack@neutron-api.service[87566]: DEBUG neutron_lib.callbacks.manager [None req-216870d7-107f-40b0-b387-976b55264d56 admin admin] Publish callbacks ['neutron.plugins.ml2.drivers.ovn.mech_driver.mech_driver.OVNMechanismDriver._create_security_group-1044778', 'neutron.plugins.ml2.ovo_rpc._ObjectChangeHandler.handle_event-1491725'] for security_group (fde6b8e8-1b3c-4174-b399-471d704bd174), after_create {{(pid=87566) _notify_loop /opt/stack/data/venv/lib/python3.12/site-packages/neutron_lib/callbacks/manager.py:184}}
Jul 16 15:39:53.530327 np0000005258 devstack@neutron-api.service[87566]: DEBUG ovsdbapp.backend.ovs_idl.transaction [None req-fd5ac405-c395-4726-b43b-5467d1996526 None None] Running txn n=1 command(idx=0): PgAddCommand(_result=None, name=pg_fde6b8e8_1b3c_4174_b399_471d704bd174, may_exist=False, columns={'acls': [], 'external_ids': {'neutron:security_group_id': 'fde6b8e8-1b3c-4174-b399-471d704bd174'}}) {{(pid=87566) do_commit /opt/stack/data/venv/lib/python3.12/site-packages/ovsdbapp/backend/ovs_idl/transaction.py:89}}
Jul 16 15:39:53.530719 np0000005258 devstack@neutron-api.service[87566]: DEBUG ovsdbapp.backend.ovs_idl.transaction [None req-fd5ac405-c395-4726-b43b-5467d1996526 None None] Running txn n=1 command(idx=1): PgAclAddCommand(_result=None, entity=pg_fde6b8e8_1b3c_4174_b399_471d704bd174, direction=from-lport, priority=1002, match=inport == @pg_fde6b8e8_1b3c_4174_b399_471d704bd174 && ip6, action=allow-related, log=False, may_exist=True, severity=[], name=[], meter=[], external_ids={'neutron:security_group_rule_id': 'a1448acc-93d5-4d0d-b5e8-214b4b57a49d'}) {{(pid=87566) do_commit /opt/stack/data/venv/lib/python3.12/site-packages/ovsdbapp/backend/ovs_idl/transaction.py:89}}
Jul 16 15:39:53.531063 np0000005258 devstack@neutron-api.service[87566]: DEBUG ovsdbapp.backend.ovs_idl.transaction [None req-fd5ac405-c395-4726-b43b-5467d1996526 None None] Running txn n=1 command(idx=2): PgAclAddCommand(_result=None, entity=pg_fde6b8e8_1b3c_4174_b399_471d704bd174, direction=from-lport, priority=1002, match=inport == @pg_fde6b8e8_1b3c_4174_b399_471d704bd174 && ip4, action=allow-related, log=False, may_exist=True, severity=[], name=[], meter=[], external_ids={'neutron:security_group_rule_id': 'b984067b-c8d7-4b31-a736-bc7a5bc34c0f'}) {{(pid=87566) do_commit /opt/stack/data/venv/lib/python3.12/site-packages/ovsdbapp/backend/ovs_idl/transaction.py:89}}
Jul 16 15:39:53.531301 np0000005258 devstack@neutron-api.service[87566]: DEBUG ovsdbapp.backend.ovs_idl.transaction [None req-fd5ac405-c395-4726-b43b-5467d1996526 None None] Running txn n=1 command(idx=3): PgAclAddCommand(_result=None, entity=pg_fde6b8e8_1b3c_4174_b399_471d704bd174, direction=to-lport, priority=1002, match=outport == @pg_fde6b8e8_1b3c_4174_b399_471d704bd174 && ip6 && ip6.src == $pg_fde6b8e8_1b3c_4174_b399_471d704bd174_ip6, action=allow-related, log=False, may_exist=True, severity=[], name=[], meter=[], external_ids={'neutron:security_group_rule_id': 'bef11d40-1f7c-4d32-82d5-c942895e80de'}) {{(pid=87566) do_commit /opt/stack/data/venv/lib/python3.12/site-packages/ovsdbapp/backend/ovs_idl/transaction.py:89}}
Jul 16 15:39:53.531523 np0000005258 devstack@neutron-api.service[87566]: DEBUG ovsdbapp.backend.ovs_idl.transaction [None req-fd5ac405-c395-4726-b43b-5467d1996526 None None] Running txn n=1 command(idx=4): PgAclAddCommand(_result=None, entity=pg_fde6b8e8_1b3c_4174_b399_471d704bd174, direction=to-lport, priority=1002, match=outport == @pg_fde6b8e8_1b3c_4174_b399_471d704bd174 && ip4 && ip4.src == $pg_fde6b8e8_1b3c_4174_b399_471d704bd174_ip4, action=allow-related, log=False, may_exist=True, severity=[], name=[], meter=[], external_ids={'neutron:security_group_rule_id': 'da1df690-6a32-44d8-a332-c46730acb7a1'}) {{(pid=87566) do_commit /opt/stack/data/venv/lib/python3.12/site-packages/ovsdbapp/backend/ovs_idl/transaction.py:89}}
Jul 16 15:39:53.535904 np0000005258 devstack@neutron-api.service[87566]: DEBUG neutron.plugins.ml2.drivers.ovn.mech_driver.ovsdb.ovsdb_monitor [None req-fd5ac405-c395-4726-b43b-5467d1996526 None None] Touching Hash Ring node "323c2ae8dc8f50e1bffc97232f99f78b" from IDL notify handler {{(pid=87566) notify /opt/stack/neutron/neutron/plugins/ml2/drivers/ovn/mech_driver/ovsdb/ovsdb_monitor.py:1001}}
Jul 16 15:39:53.538444 np0000005258 devstack@neutron-api.service[87564]: DEBUG neutron.plugins.ml2.drivers.ovn.mech_driver.ovsdb.ovsdb_monitor [None req-56b4f1b6-8d3e-4ede-b580-edeca73f0f19 None None] Touching Hash Ring node "6419386b38ed55ec809da31ca1dd16d2" from IDL notify handler {{(pid=87564) notify /opt/stack/neutron/neutron/plugins/ml2/drivers/ovn/mech_driver/ovsdb/ovsdb_monitor.py:1001}}
Jul 16 15:39:53.560243 np0000005258 devstack@neutron-api.service[87564]: DEBUG neutron.plugins.ml2.drivers.ovn.mech_driver.ovsdb.ovsdb_monitor [None req-56b4f1b6-8d3e-4ede-b580-edeca73f0f19 None None] Hash Ring: Node 6419386b38ed55ec809da31ca1dd16d2 (host: np0000005258) handling event "create" for row 3b2b1651-1474-4618-8e82-25889ebc7a15 (table: ACL) {{(pid=87564) notify /opt/stack/neutron/neutron/plugins/ml2/drivers/ovn/mech_driver/ovsdb/ovsdb_monitor.py:1009}}
Jul 16 15:39:53.560501 np0000005258 devstack@neutron-api.service[87566]: DEBUG neutron.plugins.ml2.drivers.ovn.mech_driver.ovsdb.ovsdb_monitor [None req-fd5ac405-c395-4726-b43b-5467d1996526 None None] Hash Ring: Node 323c2ae8dc8f50e1bffc97232f99f78b (host: np0000005258) handling event "create" for row 3b3b10b1-3959-4869-af14-f9642b179076 (table: ACL) {{(pid=87566) notify /opt/stack/neutron/neutron/plugins/ml2/drivers/ovn/mech_driver/ovsdb/ovsdb_monitor.py:1009}}
Jul 16 15:39:53.561355 np0000005258 devstack@neutron-api.service[87566]: DEBUG neutron.plugins.ml2.drivers.ovn.mech_driver.ovsdb.ovsdb_monitor [None req-fd5ac405-c395-4726-b43b-5467d1996526 None None] Touching Hash Ring node "323c2ae8dc8f50e1bffc97232f99f78b" from IDL notify handler {{(pid=87566) notify /opt/stack/neutron/neutron/plugins/ml2/drivers/ovn/mech_driver/ovsdb/ovsdb_monitor.py:1001}}
Jul 16 15:39:53.561499 np0000005258 devstack@neutron-api.service[87564]: DEBUG neutron.plugins.ml2.drivers.ovn.mech_driver.ovsdb.ovsdb_monitor [None req-56b4f1b6-8d3e-4ede-b580-edeca73f0f19 None None] Touching Hash Ring node "6419386b38ed55ec809da31ca1dd16d2" from IDL notify handler {{(pid=87564) notify /opt/stack/neutron/neutron/plugins/ml2/drivers/ovn/mech_driver/ovsdb/ovsdb_monitor.py:1001}}
Jul 16 15:39:53.563793 np0000005258 devstack@neutron-api.service[87566]: DEBUG neutron.plugins.ml2.drivers.ovn.mech_driver.ovsdb.ovsdb_monitor [None req-fd5ac405-c395-4726-b43b-5467d1996526 None None] Hash Ring: Node 323c2ae8dc8f50e1bffc97232f99f78b (host: np0000005258) handling event "create" for row 8b86fbc8-b28e-4703-9bc0-7288c1e80a85 (table: ACL) {{(pid=87566) notify /opt/stack/neutron/neutron/plugins/ml2/drivers/ovn/mech_driver/ovsdb/ovsdb_monitor.py:1009}}
Jul 16 15:39:53.564258 np0000005258 devstack@neutron-api.service[87564]: DEBUG neutron.plugins.ml2.drivers.ovn.mech_driver.ovsdb.ovsdb_monitor [None req-56b4f1b6-8d3e-4ede-b580-edeca73f0f19 None None] Hash Ring: Node 6419386b38ed55ec809da31ca1dd16d2 (host: np0000005258) handling event "create" for row cec3a7dc-df88-4ade-80f5-0cdff52e30c7 (table: ACL) {{(pid=87564) notify /opt/stack/neutron/neutron/plugins/ml2/drivers/ovn/mech_driver/ovsdb/ovsdb_monitor.py:1009}}
Jul 16 15:39:53.564428 np0000005258 devstack@neutron-api.service[87566]: DEBUG neutron.plugins.ml2.drivers.ovn.mech_driver.ovsdb.ovsdb_monitor [None req-fd5ac405-c395-4726-b43b-5467d1996526 None None] Touching Hash Ring node "323c2ae8dc8f50e1bffc97232f99f78b" from IDL notify handler {{(pid=87566) notify /opt/stack/neutron/neutron/plugins/ml2/drivers/ovn/mech_driver/ovsdb/ovsdb_monitor.py:1001}}
Jul 16 15:39:53.566358 np0000005258 devstack@neutron-api.service[87566]: DEBUG neutron.plugins.ml2.drivers.ovn.mech_driver.ovsdb.ovsdb_monitor [None req-fd5ac405-c395-4726-b43b-5467d1996526 None None] Hash Ring: Node 323c2ae8dc8f50e1bffc97232f99f78b (host: np0000005258) handling event "create" for row 77478c0c-14cb-4491-9e1c-b390fda0610a (table: Port_Group) {{(pid=87566) notify /opt/stack/neutron/neutron/plugins/ml2/drivers/ovn/mech_driver/ovsdb/ovsdb_monitor.py:1009}}
Jul 16 15:39:53.589033 np0000005258 devstack@neutron-api.service[87566]: INFO neutron.db.ovn_revision_numbers_db [None req-216870d7-107f-40b0-b387-976b55264d56 admin admin] Successfully bumped revision number for resource fde6b8e8-1b3c-4174-b399-471d704bd174 (type: security_groups) to 1
Jul 16 15:39:53.604223 np0000005258 devstack@neutron-api.service[87566]: INFO neutron.db.ovn_revision_numbers_db [None req-216870d7-107f-40b0-b387-976b55264d56 admin admin] Successfully bumped revision number for resource a1448acc-93d5-4d0d-b5e8-214b4b57a49d (type: security_group_rules) to 0
Jul 16 15:39:53.613197 np0000005258 devstack@neutron-api.service[87566]: INFO neutron.db.ovn_revision_numbers_db [None req-216870d7-107f-40b0-b387-976b55264d56 admin admin] Successfully bumped revision number for resource b984067b-c8d7-4b31-a736-bc7a5bc34c0f (type: security_group_rules) to 0
Jul 16 15:39:53.627704 np0000005258 devstack@neutron-api.service[87566]: INFO neutron.db.ovn_revision_numbers_db [None req-216870d7-107f-40b0-b387-976b55264d56 admin admin] Successfully bumped revision number for resource bef11d40-1f7c-4d32-82d5-c942895e80de (type: security_group_rules) to 0
Jul 16 15:39:53.637847 np0000005258 devstack@neutron-api.service[87566]: INFO neutron.db.ovn_revision_numbers_db [None req-216870d7-107f-40b0-b387-976b55264d56 admin admin] Successfully bumped revision number for resource da1df690-6a32-44d8-a332-c46730acb7a1 (type: security_group_rules) to 0
Jul 16 15:39:53.655142 np0000005258 devstack@neutron-api.service[87566]: DEBUG neutron.api.rpc.handlers.resources_rpc [None req-216870d7-107f-40b0-b387-976b55264d56 admin admin] Pushing event updated for resources: {'SecurityGroup': ['ID=fde6b8e8-1b3c-4174-b399-471d704bd174,revision_number=1']} {{(pid=87566) push /opt/stack/neutron/neutron/api/rpc/handlers/resources_rpc.py:237}}
Jul 16 15:39:53.659739 np0000005258 devstack@neutron-api.service[87566]: DEBUG neutron.api.rpc.callbacks.version_manager [None req-216870d7-107f-40b0-b387-976b55264d56 admin admin] Tracked resource versions report:
Jul 16 15:39:53.659739 np0000005258 devstack@neutron-api.service[87566]: pushed versions:
Jul 16 15:39:53.659739 np0000005258 devstack@neutron-api.service[87566]: { 'AddressGroup': {'1.2'},
Jul 16 15:39:53.659739 np0000005258 devstack@neutron-api.service[87566]: 'Agent': {'1.1'},
Jul 16 15:39:53.659739 np0000005258 devstack@neutron-api.service[87566]: 'ConntrackHelper': {'1.0'},
Jul 16 15:39:53.659739 np0000005258 devstack@neutron-api.service[87566]: 'LocalIPAssociation': {'1.0'},
Jul 16 15:39:53.659739 np0000005258 devstack@neutron-api.service[87566]: 'Log': {'1.0'},
Jul 16 15:39:53.659739 np0000005258 devstack@neutron-api.service[87566]: 'NDPProxy': {'1.0'},
Jul 16 15:39:53.659739 np0000005258 devstack@neutron-api.service[87566]: 'Network': {'1.3'},
Jul 16 15:39:53.659739 np0000005258 devstack@neutron-api.service[87566]: 'Port': {'1.11'},
Jul 16 15:39:53.659739 np0000005258 devstack@neutron-api.service[87566]: 'PortForwarding': {'1.3'},
Jul 16 15:39:53.659739 np0000005258 devstack@neutron-api.service[87566]: 'QosPolicy': {'1.10'},
Jul 16 15:39:53.659739 np0000005258 devstack@neutron-api.service[87566]: 'SecurityGroup': {'1.6'},
Jul 16 15:39:53.659739 np0000005258 devstack@neutron-api.service[87566]: 'SecurityGroupRule': {'1.3'},
Jul 16 15:39:53.659739 np0000005258 devstack@neutron-api.service[87566]: 'SubPort': {'1.0'},
Jul 16 15:39:53.659739 np0000005258 devstack@neutron-api.service[87566]: 'Subnet': {'1.2'},
Jul 16 15:39:53.659739 np0000005258 devstack@neutron-api.service[87566]: 'Trunk': {'1.1'}}
Jul 16 15:39:53.659739 np0000005258 devstack@neutron-api.service[87566]: consumer versions:
Jul 16 15:39:53.659739 np0000005258 devstack@neutron-api.service[87566]: { OVN Neutron agent@np0000005258: {},
Jul 16 15:39:53.659739 np0000005258 devstack@neutron-api.service[87566]: OVN Controller Gateway agent@np0000005258: {}}
