Jun 15 14:57:20.526352 np0000002858 devstack@g-api.service[98939]: DEBUG swiftclient [None req-07836e29-625d-4b1b-b3ec-63034b4b7fdc tempest-AttachVolumeShelveTestJSON-1339469697 tempest-AttachVolumeShelveTestJSON-1339469697-project-member] RESP BODY: b'[{"bytes": 53542912, "hash": "95b718c389ce9059373b2733dd0e4dc0", "name": "cfb19f9b-1b6c-43e9-83d7-7464b7e52353-00001", "content_type": "application/octet-stream", "last_modified": "2026-06-15T14:56:44.164500"}]' {{(pid=98939) http_log /opt/stack/data/venv/lib/python3.12/site-packages/swiftclient/client.py:166}}
Jun 15 14:57:20.548455 np0000002858 devstack@g-api.service[98939]: DEBUG swiftclient [None req-07836e29-625d-4b1b-b3ec-63034b4b7fdc tempest-AttachVolumeShelveTestJSON-1339469697 tempest-AttachVolumeShelveTestJSON-1339469697-project-member] REQ: curl -i https://10.4.3.246:8080/v1/AUTH_241131d42eb54ad2b45bd6e5bc123175/glance/cfb19f9b-1b6c-43e9-83d7-7464b7e52353-00001 DELETE -H "X-Auth-Token: gAAAAABqMBLQ05j7..." {{(pid=98939) http_log /opt/stack/data/venv/lib/python3.12/site-packages/swiftclient/client.py:160}}
Jun 15 14:57:20.548808 np0000002858 devstack@g-api.service[98939]: DEBUG swiftclient [None req-07836e29-625d-4b1b-b3ec-63034b4b7fdc tempest-AttachVolumeShelveTestJSON-1339469697 tempest-AttachVolumeShelveTestJSON-1339469697-project-member] RESP STATUS: 204 No Content {{(pid=98939) http_log /opt/stack/data/venv/lib/python3.12/site-packages/swiftclient/client.py:161}}
Jun 15 14:57:20.549067 np0000002858 devstack@g-api.service[98939]: DEBUG swiftclient [None req-07836e29-625d-4b1b-b3ec-63034b4b7fdc tempest-AttachVolumeShelveTestJSON-1339469697 tempest-AttachVolumeShelveTestJSON-1339469697-project-member] RESP HEADERS: {'Date': 'Mon, 15 Jun 2026 14:57:20 GMT', 'Server': 'Apache/2.4.58 (Ubuntu)', 'Content-Type': 'text/html; charset=UTF-8', 'X-Trans-Id': 'tx919c8985625d45eb9cd6c-006a3012d0', 'X-Openstack-Request-Id': 'tx919c8985625d45eb9cd6c-006a3012d0', 'Connection': 'close'} {{(pid=98939) http_log /opt/stack/data/venv/lib/python3.12/site-packages/swiftclient/client.py:162}}
Jun 15 14:57:20.576378 np0000002858 devstack@g-api.service[98939]: DEBUG swiftclient [None req-07836e29-625d-4b1b-b3ec-63034b4b7fdc tempest-AttachVolumeShelveTestJSON-1339469697 tempest-AttachVolumeShelveTestJSON-1339469697-project-member] REQ: curl -i https://10.4.3.246:8080/v1/AUTH_241131d42eb54ad2b45bd6e5bc123175/glance/cfb19f9b-1b6c-43e9-83d7-7464b7e52353 DELETE -H "X-Auth-Token: gAAAAABqMBLQ05j7..." {{(pid=98939) http_log /opt/stack/data/venv/lib/python3.12/site-packages/swiftclient/client.py:160}}
Jun 15 14:57:20.576549 np0000002858 devstack@g-api.service[98939]: DEBUG swiftclient [None req-07836e29-625d-4b1b-b3ec-63034b4b7fdc tempest-AttachVolumeShelveTestJSON-1339469697 tempest-AttachVolumeShelveTestJSON-1339469697-project-member] RESP STATUS: 204 No Content {{(pid=98939) http_log /opt/stack/data/venv/lib/python3.12/site-packages/swiftclient/client.py:161}}
Jun 15 14:57:20.576798 np0000002858 devstack@g-api.service[98939]: DEBUG swiftclient [None req-07836e29-625d-4b1b-b3ec-63034b4b7fdc tempest-AttachVolumeShelveTestJSON-1339469697 tempest-AttachVolumeShelveTestJSON-1339469697-project-member] RESP HEADERS: {'Date': 'Mon, 15 Jun 2026 14:57:20 GMT', 'Server': 'Apache/2.4.58 (Ubuntu)', 'Content-Type': 'text/html; charset=UTF-8', 'X-Trans-Id': 'tx3afd3980f94a40cda3fb6-006a3012d0', 'X-Openstack-Request-Id': 'tx3afd3980f94a40cda3fb6-006a3012d0', 'Connection': 'close'} {{(pid=98939) http_log /opt/stack/data/venv/lib/python3.12/site-packages/swiftclient/client.py:162}}
Jun 15 14:57:20.666147 np0000002858 devstack@g-api.service[98939]: DEBUG glance.api.middleware.cache [None req-07836e29-625d-4b1b-b3ec-63034b4b7fdc tempest-AttachVolumeShelveTestJSON-1339469697 tempest-AttachVolumeShelveTestJSON-1339469697-project-member] Removing image cfb19f9b-1b6c-43e9-83d7-7464b7e52353 from cache {{(pid=98939) _process_DELETE_response /opt/stack/glance/glance/api/middleware/cache.py:264}}
Jun 15 14:57:20.666380 np0000002858 devstack@g-api.service[98939]: DEBUG glance.image_cache.drivers.centralized_db [None req-07836e29-625d-4b1b-b3ec-63034b4b7fdc tempest-AttachVolumeShelveTestJSON-1339469697 tempest-AttachVolumeShelveTestJSON-1339469697-project-member] Deleting image cache file '/opt/stack/data/glance/cache/cfb19f9b-1b6c-43e9-83d7-7464b7e52353' {{(pid=98939) delete_cached_file /opt/stack/glance/glance/image_cache/drivers/centralized_db.py:395}}
Jun 15 14:57:20.684102 np0000002858 devstack@g-api.service[98939]: [pid: 98939|app: 0|req: 230/466] 127.0.0.1 () {46 vars in 1137 bytes} [Mon Jun 15 14:57:20 2026] DELETE /v2/images/cfb19f9b-1b6c-43e9-83d7-7464b7e52353 => generated 0 bytes in 271 msecs (HTTP/1.1 204) 4 headers in 171 bytes (1 switches on core 0)
Jun 15 14:57:27.221851 np0000002858 devstack@g-api.service[98940]: DEBUG dbcounter [-] [98940] Writing DB stats glance:SELECT=41,glance:INSERT=3,glance:UPDATE=1 {{(pid=98940) stat_writer /opt/stack/data/venv/lib/python3.12/site-packages/dbcounter.py:115}}
Jun 15 14:57:30.680222 np0000002858 devstack@g-api.service[98939]: DEBUG dbcounter [-] [98939] Writing DB stats glance:SELECT=87,glance:INSERT=4,glance:UPDATE=29,glance:DELETE=1 {{(pid=98939) stat_writer /opt/stack/data/venv/lib/python3.12/site-packages/dbcounter.py:115}}
Jun 15 14:57:46.608500 np0000002858 devstack@g-api.service[98940]: DEBUG glance.api.middleware.version_negotiation [None req-cc1ec857-870a-4ad9-a4d9-84c31dfea09e tempest-TestInstancesWithCinderVolumes-1505087603 tempest-TestInstancesWithCinderVolumes-1505087603-project-member] Determining version of request: GET /v2/schemas/image Accept: */* {{(pid=98940) process_request /opt/stack/glance/glance/api/middleware/version_negotiation.py:44}}
Jun 15 14:57:46.608500 np0000002858 devstack@g-api.service[98940]: DEBUG glance.api.middleware.version_negotiation [None req-cc1ec857-870a-4ad9-a4d9-84c31dfea09e tempest-TestInstancesWithCinderVolumes-1505087603 tempest-TestInstancesWithCinderVolumes-1505087603-project-member] Using url versioning {{(pid=98940) process_request /opt/stack/glance/glance/api/middleware/version_negotiation.py:57}}
Jun 15 14:57:46.608500 np0000002858 devstack@g-api.service[98940]: DEBUG glance.api.middleware.version_negotiation [None req-cc1ec857-870a-4ad9-a4d9-84c31dfea09e tempest-TestInstancesWithCinderVolumes-1505087603 tempest-TestInstancesWithCinderVolumes-1505087603-project-member] Matched version: v2 {{(pid=98940) process_request /opt/stack/glance/glance/api/middleware/version_negotiation.py:69}}
Jun 15 14:57:46.608500 np0000002858 devstack@g-api.service[98940]: DEBUG glance.api.middleware.version_negotiation [None req-cc1ec857-870a-4ad9-a4d9-84c31dfea09e tempest-TestInstancesWithCinderVolumes-1505087603 tempest-TestInstancesWithCinderVolumes-1505087603-project-member] new path /v2/schemas/image {{(pid=98940) process_request /opt/stack/glance/glance/api/middleware/version_negotiation.py:70}}
Jun 15 14:57:46.608500 np0000002858 devstack@g-api.service[98940]: [pid: 98940|app: 0|req: 237/467] 127.0.0.1 () {44 vars in 1055 bytes} [Mon Jun 15 14:57:46 2026] GET /v2/schemas/image => generated 6083 bytes in 3 msecs (HTTP/1.1 200) 4 headers in 158 bytes (1 switches on core 0)
Jun 15 14:57:46.645386 np0000002858 devstack@g-api.service[98939]: DEBUG glance.api.middleware.version_negotiation [None req-07836e29-625d-4b1b-b3ec-63034b4b7fdc tempest-AttachVolumeShelveTestJSON-1339469697 tempest-AttachVolumeShelveTestJSON-1339469697-project-member] Determining version of request: POST /v2/images Accept: */* {{(pid=98939) process_request /opt/stack/glance/glance/api/middleware/version_negotiation.py:44}}
Jun 15 14:57:46.645802 np0000002858 devstack@g-api.service[98939]: DEBUG glance.api.middleware.version_negotiation [None req-07836e29-625d-4b1b-b3ec-63034b4b7fdc tempest-AttachVolumeShelveTestJSON-1339469697 tempest-AttachVolumeShelveTestJSON-1339469697-project-member] Using url versioning {{(pid=98939) process_request /opt/stack/glance/glance/api/middleware/version_negotiation.py:57}}
Jun 15 14:57:46.645802 np0000002858 devstack@g-api.service[98939]: DEBUG glance.api.middleware.version_negotiation [None req-07836e29-625d-4b1b-b3ec-63034b4b7fdc tempest-AttachVolumeShelveTestJSON-1339469697 tempest-AttachVolumeShelveTestJSON-1339469697-project-member] Matched version: v2 {{(pid=98939) process_request /opt/stack/glance/glance/api/middleware/version_negotiation.py:69}}
Jun 15 14:57:46.645901 np0000002858 devstack@g-api.service[98939]: DEBUG glance.api.middleware.version_negotiation [None req-07836e29-625d-4b1b-b3ec-63034b4b7fdc tempest-AttachVolumeShelveTestJSON-1339469697 tempest-AttachVolumeShelveTestJSON-1339469697-project-member] new path /v2/images {{(pid=98939) process_request /opt/stack/glance/glance/api/middleware/version_negotiation.py:70}}
Jun 15 14:57:47.218781 np0000002858 devstack@g-api.service[98939]: [pid: 98939|app: 0|req: 231/468] 127.0.0.1 () {46 vars in 1055 bytes} [Mon Jun 15 14:57:46 2026] POST /v2/images => generated 1300 bytes in 573 msecs (HTTP/1.1 201) 6 headers in 316 bytes (1 switches on core 0)
Jun 15 14:57:47.280691 np0000002858 devstack@g-api.service[98940]: DEBUG glance.api.middleware.version_negotiation [None req-d82130cb-8edd-4d3a-9605-1624120b4d33 tempest-TestStampPattern-247118150 tempest-TestStampPattern-247118150-project-member] Determining version of request: GET /v2/images/8354b0be-9be9-41de-8ceb-59bbb75bc6fa Accept: application/json {{(pid=98940) process_request /opt/stack/glance/glance/api/middleware/version_negotiation.py:44}}
Jun 15 14:57:47.280945 np0000002858 devstack@g-api.service[98940]: DEBUG glance.api.middleware.version_negotiation [None req-d82130cb-8edd-4d3a-9605-1624120b4d33 tempest-TestStampPattern-247118150 tempest-TestStampPattern-247118150-project-member] Using url versioning {{(pid=98940) process_request /opt/stack/glance/glance/api/middleware/version_negotiation.py:57}}
Jun 15 14:57:47.281407 np0000002858 devstack@g-api.service[98940]: DEBUG glance.api.middleware.version_negotiation [None req-d82130cb-8edd-4d3a-9605-1624120b4d33 tempest-TestStampPattern-247118150 tempest-TestStampPattern-247118150-project-member] Matched version: v2 {{(pid=98940) process_request /opt/stack/glance/glance/api/middleware/version_negotiation.py:69}}
Jun 15 14:57:47.281407 np0000002858 devstack@g-api.service[98940]: DEBUG glance.api.middleware.version_negotiation [None req-d82130cb-8edd-4d3a-9605-1624120b4d33 tempest-TestStampPattern-247118150 tempest-TestStampPattern-247118150-project-member] new path /v2/images/8354b0be-9be9-41de-8ceb-59bbb75bc6fa {{(pid=98940) process_request /opt/stack/glance/glance/api/middleware/version_negotiation.py:70}}
Jun 15 14:57:47.290652 np0000002858 devstack@g-api.service[98940]: [pid: 98940|app: 0|req: 238/469] 127.0.0.1 () {40 vars in 838 bytes} [Mon Jun 15 14:57:47 2026] GET /v2/images/8354b0be-9be9-41de-8ceb-59bbb75bc6fa => generated 1300 bytes in 10 msecs (HTTP/1.1 200) 4 headers in 158 bytes (1 switches on core 0)
Jun 15 14:57:48.303584 np0000002858 devstack@g-api.service[98939]: DEBUG glance.api.middleware.version_negotiation [None req-d82130cb-8edd-4d3a-9605-1624120b4d33 tempest-TestStampPattern-247118150 tempest-TestStampPattern-247118150-project-member] Determining version of request: GET /v2/images/8354b0be-9be9-41de-8ceb-59bbb75bc6fa Accept: application/json {{(pid=98939) process_request /opt/stack/glance/glance/api/middleware/version_negotiation.py:44}}
Jun 15 14:57:48.304162 np0000002858 devstack@g-api.service[98939]: DEBUG glance.api.middleware.version_negotiation [None req-d82130cb-8edd-4d3a-9605-1624120b4d33 tempest-TestStampPattern-247118150 tempest-TestStampPattern-247118150-project-member] Using url versioning {{(pid=98939) process_request /opt/stack/glance/glance/api/middleware/version_negotiation.py:57}}
Jun 15 14:57:48.304162 np0000002858 devstack@g-api.service[98939]: DEBUG glance.api.middleware.version_negotiation [None req-d82130cb-8edd-4d3a-9605-1624120b4d33 tempest-TestStampPattern-247118150 tempest-TestStampPattern-247118150-project-member] Matched version: v2 {{(pid=98939) process_request /opt/stack/glance/glance/api/middleware/version_negotiation.py:69}}
Jun 15 14:57:48.304162 np0000002858 devstack@g-api.service[98939]: DEBUG glance.api.middleware.version_negotiation [None req-d82130cb-8edd-4d3a-9605-1624120b4d33 tempest-TestStampPattern-247118150 tempest-TestStampPattern-247118150-project-member] new path /v2/images/8354b0be-9be9-41de-8ceb-59bbb75bc6fa {{(pid=98939) process_request /opt/stack/glance/glance/api/middleware/version_negotiation.py:70}}
Jun 15 14:57:48.317711 np0000002858 devstack@g-api.service[98939]: [pid: 98939|app: 0|req: 232/470] 127.0.0.1 () {40 vars in 838 bytes} [Mon Jun 15 14:57:48 2026] GET /v2/images/8354b0be-9be9-41de-8ceb-59bbb75bc6fa => generated 1300 bytes in 14 msecs (HTTP/1.1 200) 4 headers in 158 bytes (1 switches on core 0)
Jun 15 14:57:48.835002 np0000002858 devstack@g-api.service[98940]: DEBUG glance.api.middleware.version_negotiation [None req-9ffe1c1d-7d76-44a3-bfe7-74487e70d3b8 tempest-TestStampPattern-247118150 tempest-TestStampPattern-247118150-project-member] Determining version of request: GET /v2/images/8354b0be-9be9-41de-8ceb-59bbb75bc6fa Accept: */* {{(pid=98940) process_request /opt/stack/glance/glance/api/middleware/version_negotiation.py:44}}
Jun 15 14:57:48.835502 np0000002858 devstack@g-api.service[98940]: DEBUG glance.api.middleware.version_negotiation [None req-9ffe1c1d-7d76-44a3-bfe7-74487e70d3b8 tempest-TestStampPattern-247118150 tempest-TestStampPattern-247118150-project-member] Using url versioning {{(pid=98940) process_request /opt/stack/glance/glance/api/middleware/version_negotiation.py:57}}
Jun 15 14:57:48.835502 np0000002858 devstack@g-api.service[98940]: DEBUG glance.api.middleware.version_negotiation [None req-9ffe1c1d-7d76-44a3-bfe7-74487e70d3b8 tempest-TestStampPattern-247118150 tempest-TestStampPattern-247118150-project-member] Matched version: v2 {{(pid=98940) process_request /opt/stack/glance/glance/api/middleware/version_negotiation.py:69}}
Jun 15 14:57:48.835502 np0000002858 devstack@g-api.service[98940]: DEBUG glance.api.middleware.version_negotiation [None req-9ffe1c1d-7d76-44a3-bfe7-74487e70d3b8 tempest-TestStampPattern-247118150 tempest-TestStampPattern-247118150-project-member] new path /v2/images/8354b0be-9be9-41de-8ceb-59bbb75bc6fa {{(pid=98940) process_request /opt/stack/glance/glance/api/middleware/version_negotiation.py:70}}
Jun 15 14:57:48.845894 np0000002858 devstack@g-api.service[98940]: [pid: 98940|app: 0|req: 239/471] 127.0.0.1 () {44 vars in 1115 bytes} [Mon Jun 15 14:57:48 2026] GET /v2/images/8354b0be-9be9-41de-8ceb-59bbb75bc6fa => generated 1300 bytes in 11 msecs (HTTP/1.1 200) 4 headers in 158 bytes (1 switches on core 0)
Jun 15 14:57:48.886292 np0000002858 devstack@g-api.service[98939]: DEBUG glance.api.middleware.version_negotiation [None req-1aaeeec1-e45d-4a69-bbf8-66b49ab3d735 tempest-TestStampPattern-247118150 tempest-TestStampPattern-247118150-project-member] Determining version of request: GET /v2/schemas/image Accept: */* {{(pid=98939) process_request /opt/stack/glance/glance/api/middleware/version_negotiation.py:44}}
Jun 15 14:57:48.886450 np0000002858 devstack@g-api.service[98939]: DEBUG glance.api.middleware.version_negotiation [None req-1aaeeec1-e45d-4a69-bbf8-66b49ab3d735 tempest-TestStampPattern-247118150 tempest-TestStampPattern-247118150-project-member] Using url versioning {{(pid=98939) process_request /opt/stack/glance/glance/api/middleware/version_negotiation.py:57}}
Jun 15 14:57:48.886609 np0000002858 devstack@g-api.service[98939]: DEBUG glance.api.middleware.version_negotiation [None req-1aaeeec1-e45d-4a69-bbf8-66b49ab3d735 tempest-TestStampPattern-247118150 tempest-TestStampPattern-247118150-project-member] Matched version: v2 {{(pid=98939) process_request /opt/stack/glance/glance/api/middleware/version_negotiation.py:69}}
Jun 15 14:57:48.886787 np0000002858 devstack@g-api.service[98939]: DEBUG glance.api.middleware.version_negotiation [None req-1aaeeec1-e45d-4a69-bbf8-66b49ab3d735 tempest-TestStampPattern-247118150 tempest-TestStampPattern-247118150-project-member] new path /v2/schemas/image {{(pid=98939) process_request /opt/stack/glance/glance/api/middleware/version_negotiation.py:70}}
Jun 15 14:57:48.889580 np0000002858 devstack@g-api.service[98939]: [pid: 98939|app: 0|req: 233/472] 127.0.0.1 () {44 vars in 1055 bytes} [Mon Jun 15 14:57:48 2026] GET /v2/schemas/image => generated 6083 bytes in 3 msecs (HTTP/1.1 200) 4 headers in 158 bytes (1 switches on core 0)
Jun 15 14:57:49.326580 np0000002858 devstack@g-api.service[98940]: DEBUG glance.api.middleware.version_negotiation [None req-d82130cb-8edd-4d3a-9605-1624120b4d33 tempest-TestStampPattern-247118150 tempest-TestStampPattern-247118150-project-member] Determining version of request: GET /v2/images/8354b0be-9be9-41de-8ceb-59bbb75bc6fa Accept: application/json {{(pid=98940) process_request /opt/stack/glance/glance/api/middleware/version_negotiation.py:44}}
Jun 15 14:57:49.326763 np0000002858 devstack@g-api.service[98940]: DEBUG glance.api.middleware.version_negotiation [None req-d82130cb-8edd-4d3a-9605-1624120b4d33 tempest-TestStampPattern-247118150 tempest-TestStampPattern-247118150-project-member] Using url versioning {{(pid=98940) process_request /opt/stack/glance/glance/api/middleware/version_negotiation.py:57}}
Jun 15 14:57:49.326806 np0000002858 devstack@g-api.service[98940]: DEBUG glance.api.middleware.version_negotiation [None req-d82130cb-8edd-4d3a-9605-1624120b4d33 tempest-TestStampPattern-247118150 tempest-TestStampPattern-247118150-project-member] Matched version: v2 {{(pid=98940) process_request /opt/stack/glance/glance/api/middleware/version_negotiation.py:69}}
Jun 15 14:57:49.326905 np0000002858 devstack@g-api.service[98940]: DEBUG glance.api.middleware.version_negotiation [None req-d82130cb-8edd-4d3a-9605-1624120b4d33 tempest-TestStampPattern-247118150 tempest-TestStampPattern-247118150-project-member] new path /v2/images/8354b0be-9be9-41de-8ceb-59bbb75bc6fa {{(pid=98940) process_request /opt/stack/glance/glance/api/middleware/version_negotiation.py:70}}
Jun 15 14:57:49.336388 np0000002858 devstack@g-api.service[98940]: [pid: 98940|app: 0|req: 240/473] 127.0.0.1 () {40 vars in 838 bytes} [Mon Jun 15 14:57:49 2026] GET /v2/images/8354b0be-9be9-41de-8ceb-59bbb75bc6fa => generated 1300 bytes in 10 msecs (HTTP/1.1 200) 4 headers in 158 bytes (1 switches on core 0)
Jun 15 14:57:50.345181 np0000002858 devstack@g-api.service[98939]: DEBUG glance.api.middleware.version_negotiation [None req-d82130cb-8edd-4d3a-9605-1624120b4d33 tempest-TestStampPattern-247118150 tempest-TestStampPattern-247118150-project-member] Determining version of request: GET /v2/images/8354b0be-9be9-41de-8ceb-59bbb75bc6fa Accept: application/json {{(pid=98939) process_request /opt/stack/glance/glance/api/middleware/version_negotiation.py:44}}
Jun 15 14:57:50.345181 np0000002858 devstack@g-api.service[98939]: DEBUG glance.api.middleware.version_negotiation [None req-d82130cb-8edd-4d3a-9605-1624120b4d33 tempest-TestStampPattern-247118150 tempest-TestStampPattern-247118150-project-member] Using url versioning {{(pid=98939) process_request /opt/stack/glance/glance/api/middleware/version_negotiation.py:57}}
Jun 15 14:57:50.345687 np0000002858 devstack@g-api.service[98939]: DEBUG glance.api.middleware.version_negotiation [None req-d82130cb-8edd-4d3a-9605-1624120b4d33 tempest-TestStampPattern-247118150 tempest-TestStampPattern-247118150-project-member] Matched version: v2 {{(pid=98939) process_request /opt/stack/glance/glance/api/middleware/version_negotiation.py:69}}
Jun 15 14:57:50.345687 np0000002858 devstack@g-api.service[98939]: DEBUG glance.api.middleware.version_negotiation [None req-d82130cb-8edd-4d3a-9605-1624120b4d33 tempest-TestStampPattern-247118150 tempest-TestStampPattern-247118150-project-member] new path /v2/images/8354b0be-9be9-41de-8ceb-59bbb75bc6fa {{(pid=98939) process_request /opt/stack/glance/glance/api/middleware/version_negotiation.py:70}}
Jun 15 14:57:50.357574 np0000002858 devstack@g-api.service[98939]: [pid: 98939|app: 0|req: 234/474] 127.0.0.1 () {40 vars in 838 bytes} [Mon Jun 15 14:57:50 2026] GET /v2/images/8354b0be-9be9-41de-8ceb-59bbb75bc6fa => generated 1300 bytes in 13 msecs (HTTP/1.1 200) 4 headers in 158 bytes (1 switches on core 0)
Jun 15 14:57:51.366111 np0000002858 devstack@g-api.service[98940]: DEBUG glance.api.middleware.version_negotiation [None req-2bf8e419-8496-4a7e-b52d-867d569badd7 tempest-TestStampPattern-247118150 tempest-TestStampPattern-247118150-project-member] Determining version of request: GET /v2/images/8354b0be-9be9-41de-8ceb-59bbb75bc6fa Accept: application/json {{(pid=98940) process_request /opt/stack/glance/glance/api/middleware/version_negotiation.py:44}}
Jun 15 14:57:51.366472 np0000002858 devstack@g-api.service[98940]: DEBUG glance.api.middleware.version_negotiation [None req-2bf8e419-8496-4a7e-b52d-867d569badd7 tempest-TestStampPattern-247118150 tempest-TestStampPattern-247118150-project-member] Using url versioning {{(pid=98940) process_request /opt/stack/glance/glance/api/middleware/version_negotiation.py:57}}
Jun 15 14:57:51.366472 np0000002858 devstack@g-api.service[98940]: DEBUG glance.api.middleware.version_negotiation [None req-2bf8e419-8496-4a7e-b52d-867d569badd7 tempest-TestStampPattern-247118150 tempest-TestStampPattern-247118150-project-member] Matched version: v2 {{(pid=98940) process_request /opt/stack/glance/glance/api/middleware/version_negotiation.py:69}}
Jun 15 14:57:51.366472 np0000002858 devstack@g-api.service[98940]: DEBUG glance.api.middleware.version_negotiation [None req-2bf8e419-8496-4a7e-b52d-867d569badd7 tempest-TestStampPattern-247118150 tempest-TestStampPattern-247118150-project-member] new path /v2/images/8354b0be-9be9-41de-8ceb-59bbb75bc6fa {{(pid=98940) process_request /opt/stack/glance/glance/api/middleware/version_negotiation.py:70}}
Jun 15 14:57:51.377418 np0000002858 devstack@g-api.service[98940]: [pid: 98940|app: 0|req: 241/475] 127.0.0.1 () {40 vars in 838 bytes} [Mon Jun 15 14:57:51 2026] GET /v2/images/8354b0be-9be9-41de-8ceb-59bbb75bc6fa => generated 1300 bytes in 11 msecs (HTTP/1.1 200) 4 headers in 158 bytes (1 switches on core 0)
Jun 15 14:57:52.339456 np0000002858 devstack@g-api.service[98939]: DEBUG glance.api.middleware.version_negotiation [None req-6fbd40e1-c38f-41a0-a6d2-2384c51a4fc1 tempest-TestStampPattern-247118150 tempest-TestStampPattern-247118150-project-member] Determining version of request: GET /v2/images/8354b0be-9be9-41de-8ceb-59bbb75bc6fa Accept: */* {{(pid=98939) process_request /opt/stack/glance/glance/api/middleware/version_negotiation.py:44}}
Jun 15 14:57:52.340784 np0000002858 devstack@g-api.service[98939]: DEBUG glance.api.middleware.version_negotiation [None req-6fbd40e1-c38f-41a0-a6d2-2384c51a4fc1 tempest-TestStampPattern-247118150 tempest-TestStampPattern-247118150-project-member] Using url versioning {{(pid=98939) process_request /opt/stack/glance/glance/api/middleware/version_negotiation.py:57}}
Jun 15 14:57:52.340784 np0000002858 devstack@g-api.service[98939]: DEBUG glance.api.middleware.version_negotiation [None req-6fbd40e1-c38f-41a0-a6d2-2384c51a4fc1 tempest-TestStampPattern-247118150 tempest-TestStampPattern-247118150-project-member] Matched version: v2 {{(pid=98939) process_request /opt/stack/glance/glance/api/middleware/version_negotiation.py:69}}
Jun 15 14:57:52.340784 np0000002858 devstack@g-api.service[98939]: DEBUG glance.api.middleware.version_negotiation [None req-6fbd40e1-c38f-41a0-a6d2-2384c51a4fc1 tempest-TestStampPattern-247118150 tempest-TestStampPattern-247118150-project-member] new path /v2/images/8354b0be-9be9-41de-8ceb-59bbb75bc6fa {{(pid=98939) process_request /opt/stack/glance/glance/api/middleware/version_negotiation.py:70}}
Jun 15 14:57:52.351982 np0000002858 devstack@g-api.service[98939]: [pid: 98939|app: 0|req: 235/476] 127.0.0.1 () {44 vars in 1115 bytes} [Mon Jun 15 14:57:52 2026] GET /v2/images/8354b0be-9be9-41de-8ceb-59bbb75bc6fa => generated 1300 bytes in 13 msecs (HTTP/1.1 200) 4 headers in 158 bytes (1 switches on core 0)
Jun 15 14:57:52.385707 np0000002858 devstack@g-api.service[98940]: DEBUG glance.api.middleware.version_negotiation [None req-4faf6ed3-951f-41d0-ac5c-2ac81f9a011e tempest-TestStampPattern-247118150 tempest-TestStampPattern-247118150-project-member] Determining version of request: GET /v2/schemas/image Accept: */* {{(pid=98940) process_request /opt/stack/glance/glance/api/middleware/version_negotiation.py:44}}
Jun 15 14:57:52.385707 np0000002858 devstack@g-api.service[98940]: DEBUG glance.api.middleware.version_negotiation [None req-4faf6ed3-951f-41d0-ac5c-2ac81f9a011e tempest-TestStampPattern-247118150 tempest-TestStampPattern-247118150-project-member] Using url versioning {{(pid=98940) process_request /opt/stack/glance/glance/api/middleware/version_negotiation.py:57}}
Jun 15 14:57:52.386119 np0000002858 devstack@g-api.service[98939]: DEBUG glance.api.middleware.version_negotiation [None req-d82130cb-8edd-4d3a-9605-1624120b4d33 tempest-TestStampPattern-247118150 tempest-TestStampPattern-247118150-project-member] Determining version of request: GET /v2/images/8354b0be-9be9-41de-8ceb-59bbb75bc6fa Accept: application/json {{(pid=98939) process_request /opt/stack/glance/glance/api/middleware/version_negotiation.py:44}}
Jun 15 14:57:52.386152 np0000002858 devstack@g-api.service[98940]: DEBUG glance.api.middleware.version_negotiation [None req-4faf6ed3-951f-41d0-ac5c-2ac81f9a011e tempest-TestStampPattern-247118150 tempest-TestStampPattern-247118150-project-member] Matched version: v2 {{(pid=98940) process_request /opt/stack/glance/glance/api/middleware/version_negotiation.py:69}}
Jun 15 14:57:52.386192 np0000002858 devstack@g-api.service[98939]: DEBUG glance.api.middleware.version_negotiation [None req-d82130cb-8edd-4d3a-9605-1624120b4d33 tempest-TestStampPattern-247118150 tempest-TestStampPattern-247118150-project-member] Using url versioning {{(pid=98939) process_request /opt/stack/glance/glance/api/middleware/version_negotiation.py:57}}
Jun 15 14:57:52.386218 np0000002858 devstack@g-api.service[98940]: DEBUG glance.api.middleware.version_negotiation [None req-4faf6ed3-951f-41d0-ac5c-2ac81f9a011e tempest-TestStampPattern-247118150 tempest-TestStampPattern-247118150-project-member] new path /v2/schemas/image {{(pid=98940) process_request /opt/stack/glance/glance/api/middleware/version_negotiation.py:70}}
Jun 15 14:57:52.386261 np0000002858 devstack@g-api.service[98939]: DEBUG glance.api.middleware.version_negotiation [None req-d82130cb-8edd-4d3a-9605-1624120b4d33 tempest-TestStampPattern-247118150 tempest-TestStampPattern-247118150-project-member] Matched version: v2 {{(pid=98939) process_request /opt/stack/glance/glance/api/middleware/version_negotiation.py:69}}
Jun 15 14:57:52.386261 np0000002858 devstack@g-api.service[98939]: DEBUG glance.api.middleware.version_negotiation [None req-d82130cb-8edd-4d3a-9605-1624120b4d33 tempest-TestStampPattern-247118150 tempest-TestStampPattern-247118150-project-member] new path /v2/images/8354b0be-9be9-41de-8ceb-59bbb75bc6fa {{(pid=98939) process_request /opt/stack/glance/glance/api/middleware/version_negotiation.py:70}}
Jun 15 14:57:52.387563 np0000002858 devstack@g-api.service[98940]: [pid: 98940|app: 0|req: 242/477] 127.0.0.1 () {44 vars in 1055 bytes} [Mon Jun 15 14:57:52 2026] GET /v2/schemas/image => generated 6083 bytes in 3 msecs (HTTP/1.1 200) 4 headers in 158 bytes (1 switches on core 0)
Jun 15 14:57:52.393995 np0000002858 devstack@g-api.service[98939]: [pid: 98939|app: 0|req: 236/478] 127.0.0.1 () {40 vars in 838 bytes} [Mon Jun 15 14:57:52 2026] GET /v2/images/8354b0be-9be9-41de-8ceb-59bbb75bc6fa => generated 1300 bytes in 9 msecs (HTTP/1.1 200) 4 headers in 158 bytes (1 switches on core 0)
Jun 15 14:57:52.421205 np0000002858 devstack@g-api.service[98940]: DEBUG glance.api.middleware.version_negotiation [None req-d82130cb-8edd-4d3a-9605-1624120b4d33 tempest-TestStampPattern-247118150 tempest-TestStampPattern-247118150-project-member] Determining version of request: GET /v2/schemas/image Accept: */* {{(pid=98940) process_request /opt/stack/glance/glance/api/middleware/version_negotiation.py:44}}
Jun 15 14:57:52.421408 np0000002858 devstack@g-api.service[98940]: DEBUG glance.api.middleware.version_negotiation [None req-d82130cb-8edd-4d3a-9605-1624120b4d33 tempest-TestStampPattern-247118150 tempest-TestStampPattern-247118150-project-member] Using url versioning {{(pid=98940) process_request /opt/stack/glance/glance/api/middleware/version_negotiation.py:57}}
Jun 15 14:57:52.421570 np0000002858 devstack@g-api.service[98940]: DEBUG glance.api.middleware.version_negotiation [None req-d82130cb-8edd-4d3a-9605-1624120b4d33 tempest-TestStampPattern-247118150 tempest-TestStampPattern-247118150-project-member] Matched version: v2 {{(pid=98940) process_request /opt/stack/glance/glance/api/middleware/version_negotiation.py:69}}
Jun 15 14:57:52.421723 np0000002858 devstack@g-api.service[98940]: DEBUG glance.api.middleware.version_negotiation [None req-d82130cb-8edd-4d3a-9605-1624120b4d33 tempest-TestStampPattern-247118150 tempest-TestStampPattern-247118150-project-member] new path /v2/schemas/image {{(pid=98940) process_request /opt/stack/glance/glance/api/middleware/version_negotiation.py:70}}
Jun 15 14:57:52.423847 np0000002858 devstack@g-api.service[98940]: [pid: 98940|app: 0|req: 243/479] 127.0.0.1 () {44 vars in 1055 bytes} [Mon Jun 15 14:57:52 2026] GET /v2/schemas/image => generated 6083 bytes in 2 msecs (HTTP/1.1 200) 4 headers in 158 bytes (1 switches on core 0)
Jun 15 14:57:52.464185 np0000002858 devstack@g-api.service[98939]: DEBUG glance.api.middleware.version_negotiation [None req-548b1178-ad9f-41b2-bf8c-085447f87695 tempest-TestStampPattern-247118150 tempest-TestStampPattern-247118150-project-member] Determining version of request: PATCH /v2/images/8354b0be-9be9-41de-8ceb-59bbb75bc6fa Accept: */* {{(pid=98939) process_request /opt/stack/glance/glance/api/middleware/version_negotiation.py:44}}
Jun 15 14:57:52.464967 np0000002858 devstack@g-api.service[98939]: DEBUG glance.api.middleware.version_negotiation [None req-548b1178-ad9f-41b2-bf8c-085447f87695 tempest-TestStampPattern-247118150 tempest-TestStampPattern-247118150-project-member] Using url versioning {{(pid=98939) process_request /opt/stack/glance/glance/api/middleware/version_negotiation.py:57}}
Jun 15 14:57:52.464967 np0000002858 devstack@g-api.service[98939]: DEBUG glance.api.middleware.version_negotiation [None req-548b1178-ad9f-41b2-bf8c-085447f87695 tempest-TestStampPattern-247118150 tempest-TestStampPattern-247118150-project-member] Matched version: v2 {{(pid=98939) process_request /opt/stack/glance/glance/api/middleware/version_negotiation.py:69}}
Jun 15 14:57:52.464967 np0000002858 devstack@g-api.service[98939]: DEBUG glance.api.middleware.version_negotiation [None req-548b1178-ad9f-41b2-bf8c-085447f87695 tempest-TestStampPattern-247118150 tempest-TestStampPattern-247118150-project-member] new path /v2/images/8354b0be-9be9-41de-8ceb-59bbb75bc6fa {{(pid=98939) process_request /opt/stack/glance/glance/api/middleware/version_negotiation.py:70}}
Jun 15 14:57:52.602229 np0000002858 devstack@g-api.service[98939]: [pid: 98939|app: 0|req: 237/480] 127.0.0.1 () {46 vars in 1158 bytes} [Mon Jun 15 14:57:52 2026] PATCH /v2/images/8354b0be-9be9-41de-8ceb-59bbb75bc6fa => generated 1411 bytes in 138 msecs (HTTP/1.1 200) 4 headers in 158 bytes (1 switches on core 0)
Jun 15 14:57:52.649147 np0000002858 devstack@g-api.service[98940]: DEBUG glance.api.middleware.version_negotiation [None req-d82130cb-8edd-4d3a-9605-1624120b4d33 tempest-TestStampPattern-247118150 tempest-TestStampPattern-247118150-project-member] Determining version of request: GET /v2/images/8354b0be-9be9-41de-8ceb-59bbb75bc6fa Accept: */* {{(pid=98940) process_request /opt/stack/glance/glance/api/middleware/version_negotiation.py:44}}
Jun 15 14:57:52.649358 np0000002858 devstack@g-api.service[98940]: DEBUG glance.api.middleware.version_negotiation [None req-d82130cb-8edd-4d3a-9605-1624120b4d33 tempest-TestStampPattern-247118150 tempest-TestStampPattern-247118150-project-member] Using url versioning {{(pid=98940) process_request /opt/stack/glance/glance/api/middleware/version_negotiation.py:57}}
Jun 15 14:57:52.649500 np0000002858 devstack@g-api.service[98940]: DEBUG glance.api.middleware.version_negotiation [None req-d82130cb-8edd-4d3a-9605-1624120b4d33 tempest-TestStampPattern-247118150 tempest-TestStampPattern-247118150-project-member] Matched version: v2 {{(pid=98940) process_request /opt/stack/glance/glance/api/middleware/version_negotiation.py:69}}
Jun 15 14:57:52.649651 np0000002858 devstack@g-api.service[98940]: DEBUG glance.api.middleware.version_negotiation [None req-d82130cb-8edd-4d3a-9605-1624120b4d33 tempest-TestStampPattern-247118150 tempest-TestStampPattern-247118150-project-member] new path /v2/images/8354b0be-9be9-41de-8ceb-59bbb75bc6fa {{(pid=98940) process_request /opt/stack/glance/glance/api/middleware/version_negotiation.py:70}}
Jun 15 14:57:52.661692 np0000002858 devstack@g-api.service[98940]: [pid: 98940|app: 0|req: 244/481] 127.0.0.1 () {44 vars in 1115 bytes} [Mon Jun 15 14:57:52 2026] GET /v2/images/8354b0be-9be9-41de-8ceb-59bbb75bc6fa => generated 1411 bytes in 13 msecs (HTTP/1.1 200) 4 headers in 158 bytes (1 switches on core 0)
Jun 15 14:57:52.717212 np0000002858 devstack@g-api.service[98939]: DEBUG glance.api.middleware.version_negotiation [None req-d82130cb-8edd-4d3a-9605-1624120b4d33 tempest-TestStampPattern-247118150 tempest-TestStampPattern-247118150-project-member] Determining version of request: PUT /v2/images/8354b0be-9be9-41de-8ceb-59bbb75bc6fa/file Accept: */* {{(pid=98939) process_request /opt/stack/glance/glance/api/middleware/version_negotiation.py:44}}
Jun 15 14:57:52.717434 np0000002858 devstack@g-api.service[98939]: DEBUG glance.api.middleware.version_negotiation [None req-d82130cb-8edd-4d3a-9605-1624120b4d33 tempest-TestStampPattern-247118150 tempest-TestStampPattern-247118150-project-member] Using url versioning {{(pid=98939) process_request /opt/stack/glance/glance/api/middleware/version_negotiation.py:57}}
Jun 15 14:57:52.718086 np0000002858 devstack@g-api.service[98939]: DEBUG glance.api.middleware.version_negotiation [None req-d82130cb-8edd-4d3a-9605-1624120b4d33 tempest-TestStampPattern-247118150 tempest-TestStampPattern-247118150-project-member] Matched version: v2 {{(pid=98939) process_request /opt/stack/glance/glance/api/middleware/version_negotiation.py:69}}
Jun 15 14:57:52.718086 np0000002858 devstack@g-api.service[98939]: DEBUG glance.api.middleware.version_negotiation [None req-d82130cb-8edd-4d3a-9605-1624120b4d33 tempest-TestStampPattern-247118150 tempest-TestStampPattern-247118150-project-member] new path /v2/images/8354b0be-9be9-41de-8ceb-59bbb75bc6fa/file {{(pid=98939) process_request /opt/stack/glance/glance/api/middleware/version_negotiation.py:70}}
Jun 15 14:57:53.118210 np0000002858 devstack@g-api.service[98939]: INFO glance.api.v2.image_data [None req-d82130cb-8edd-4d3a-9605-1624120b4d33 tempest-TestStampPattern-247118150 tempest-TestStampPattern-247118150-project-member] Unable to create trust: no such option collect_timing in group [keystone_authtoken] Use the existing user token.
Jun 15 14:57:53.401609 np0000002858 devstack@g-api.service[98940]: DEBUG glance.api.middleware.version_negotiation [None req-d82130cb-8edd-4d3a-9605-1624120b4d33 tempest-TestStampPattern-247118150 tempest-TestStampPattern-247118150-project-member] Determining version of request: GET /v2/images/8354b0be-9be9-41de-8ceb-59bbb75bc6fa Accept: application/json {{(pid=98940) process_request /opt/stack/glance/glance/api/middleware/version_negotiation.py:44}}
Jun 15 14:57:53.402013 np0000002858 devstack@g-api.service[98940]: DEBUG glance.api.middleware.version_negotiation [None req-d82130cb-8edd-4d3a-9605-1624120b4d33 tempest-TestStampPattern-247118150 tempest-TestStampPattern-247118150-project-member] Using url versioning {{(pid=98940) process_request /opt/stack/glance/glance/api/middleware/version_negotiation.py:57}}
Jun 15 14:57:53.402102 np0000002858 devstack@g-api.service[98940]: DEBUG glance.api.middleware.version_negotiation [None req-d82130cb-8edd-4d3a-9605-1624120b4d33 tempest-TestStampPattern-247118150 tempest-TestStampPattern-247118150-project-member] Matched version: v2 {{(pid=98940) process_request /opt/stack/glance/glance/api/middleware/version_negotiation.py:69}}
Jun 15 14:57:53.402240 np0000002858 devstack@g-api.service[98940]: DEBUG glance.api.middleware.version_negotiation [None req-d82130cb-8edd-4d3a-9605-1624120b4d33 tempest-TestStampPattern-247118150 tempest-TestStampPattern-247118150-project-member] new path /v2/images/8354b0be-9be9-41de-8ceb-59bbb75bc6fa {{(pid=98940) process_request /opt/stack/glance/glance/api/middleware/version_negotiation.py:70}}
Jun 15 14:57:53.415387 np0000002858 devstack@g-api.service[98940]: [pid: 98940|app: 0|req: 245/482] 127.0.0.1 () {40 vars in 838 bytes} [Mon Jun 15 14:57:53 2026] GET /v2/images/8354b0be-9be9-41de-8ceb-59bbb75bc6fa => generated 1411 bytes in 12 msecs (HTTP/1.1 200) 4 headers in 158 bytes (1 switches on core 0)
Jun 15 14:57:53.546388 np0000002858 devstack@g-api.service[98939]: DEBUG glance.location [None req-d82130cb-8edd-4d3a-9605-1624120b4d33 tempest-TestStampPattern-247118150 tempest-TestStampPattern-247118150-project-member] Enabling in-flight format inspection for qcow2 {{(pid=98939) set_data /opt/stack/glance/glance/location.py:616}}
Jun 15 14:57:53.546832 np0000002858 devstack@g-api.service[98939]: DEBUG glance_store.backend [None req-d82130cb-8edd-4d3a-9605-1624120b4d33 tempest-TestStampPattern-247118150 tempest-TestStampPattern-247118150-project-member] Attempting to import store swift {{(pid=98939) _load_store /opt/stack/data/venv/lib/python3.12/site-packages/glance_store/backend.py:215}}
Jun 15 14:57:53.547881 np0000002858 devstack@g-api.service[98939]: DEBUG glance_store.capabilities [None req-d82130cb-8edd-4d3a-9605-1624120b4d33 tempest-TestStampPattern-247118150 tempest-TestStampPattern-247118150-project-member] Store glance_store._drivers.swift.store.SingleTenantStore doesn't support updating dynamic storage capabilities. Please overwrite 'update_capabilities' method of the store to implement updating logics if needed. {{(pid=98939) update_capabilities /opt/stack/data/venv/lib/python3.12/site-packages/glance_store/capabilities.py:91}}
Jun 15 14:57:53.548006 np0000002858 devstack@g-api.service[98939]: DEBUG glance_store.driver [None req-d82130cb-8edd-4d3a-9605-1624120b4d33 tempest-TestStampPattern-247118150 tempest-TestStampPattern-247118150-project-member] Late loading location class glance_store._drivers.swift.store.StoreLocation {{(pid=98939) get_store_location_class /opt/stack/data/venv/lib/python3.12/site-packages/glance_store/driver.py:134}}
Jun 15 14:57:53.548097 np0000002858 devstack@g-api.service[98939]: DEBUG glance_store.location [None req-d82130cb-8edd-4d3a-9605-1624120b4d33 tempest-TestStampPattern-247118150 tempest-TestStampPattern-247118150-project-member] Registering scheme swift+https with {'store': , 'location_class': , 'store_entry': 'swift'} {{(pid=98939) register_scheme_map /opt/stack/data/venv/lib/python3.12/site-packages/glance_store/location.py:146}}
Jun 15 14:57:53.548193 np0000002858 devstack@g-api.service[98939]: DEBUG glance_store.location [None req-d82130cb-8edd-4d3a-9605-1624120b4d33 tempest-TestStampPattern-247118150 tempest-TestStampPattern-247118150-project-member] Registering scheme swift+https with {'store': , 'location_class': , 'store_entry': 'swift'} {{(pid=98939) register_scheme_map /opt/stack/data/venv/lib/python3.12/site-packages/glance_store/location.py:146}}
Jun 15 14:57:53.548281 np0000002858 devstack@g-api.service[98939]: DEBUG glance_store.location [None req-d82130cb-8edd-4d3a-9605-1624120b4d33 tempest-TestStampPattern-247118150 tempest-TestStampPattern-247118150-project-member] Registering scheme swift with {'store': , 'location_class': , 'store_entry': 'swift'} {{(pid=98939) register_scheme_map /opt/stack/data/venv/lib/python3.12/site-packages/glance_store/location.py:146}}
Jun 15 14:57:53.548368 np0000002858 devstack@g-api.service[98939]: DEBUG glance_store.location [None req-d82130cb-8edd-4d3a-9605-1624120b4d33 tempest-TestStampPattern-247118150 tempest-TestStampPattern-247118150-project-member] Registering scheme swift+https with {'store': , 'location_class': , 'store_entry': 'swift'} {{(pid=98939) register_scheme_map /opt/stack/data/venv/lib/python3.12/site-packages/glance_store/location.py:146}}
Jun 15 14:57:53.548445 np0000002858 devstack@g-api.service[98939]: DEBUG glance_store.location [None req-d82130cb-8edd-4d3a-9605-1624120b4d33 tempest-TestStampPattern-247118150 tempest-TestStampPattern-247118150-project-member] Registering scheme swift with {'store': , 'location_class': , 'store_entry': 'swift'} {{(pid=98939) register_scheme_map /opt/stack/data/venv/lib/python3.12/site-packages/glance_store/location.py:146}}
Jun 15 14:57:53.548445 np0000002858 devstack@g-api.service[98939]: DEBUG glance_store.location [None req-d82130cb-8edd-4d3a-9605-1624120b4d33 tempest-TestStampPattern-247118150 tempest-TestStampPattern-247118150-project-member] Registering scheme swift+http with {'store': , 'location_class': , 'store_entry': 'swift'} {{(pid=98939) register_scheme_map /opt/stack/data/venv/lib/python3.12/site-packages/glance_store/location.py:146}}
Jun 15 14:57:53.548592 np0000002858 devstack@g-api.service[98939]: DEBUG glance_store.location [None req-d82130cb-8edd-4d3a-9605-1624120b4d33 tempest-TestStampPattern-247118150 tempest-TestStampPattern-247118150-project-member] Registering scheme swift+https with {'store': , 'location_class': , 'store_entry': 'swift'} {{(pid=98939) register_scheme_map /opt/stack/data/venv/lib/python3.12/site-packages/glance_store/location.py:146}}
Jun 15 14:57:53.548592 np0000002858 devstack@g-api.service[98939]: DEBUG glance_store.location [None req-d82130cb-8edd-4d3a-9605-1624120b4d33 tempest-TestStampPattern-247118150 tempest-TestStampPattern-247118150-project-member] Registering scheme swift with {'store': , 'location_class': , 'store_entry': 'swift'} {{(pid=98939) register_scheme_map /opt/stack/data/venv/lib/python3.12/site-packages/glance_store/location.py:146}}
Jun 15 14:57:53.548752 np0000002858 devstack@g-api.service[98939]: DEBUG glance_store.location [None req-d82130cb-8edd-4d3a-9605-1624120b4d33 tempest-TestStampPattern-247118150 tempest-TestStampPattern-247118150-project-member] Registering scheme swift+http with {'store': , 'location_class': , 'store_entry': 'swift'} {{(pid=98939) register_scheme_map /opt/stack/data/venv/lib/python3.12/site-packages/glance_store/location.py:146}}
Jun 15 14:57:53.548752 np0000002858 devstack@g-api.service[98939]: DEBUG glance_store.location [None req-d82130cb-8edd-4d3a-9605-1624120b4d33 tempest-TestStampPattern-247118150 tempest-TestStampPattern-247118150-project-member] Registering scheme swift+config with {'store': , 'location_class': , 'store_entry': 'swift'} {{(pid=98939) register_scheme_map /opt/stack/data/venv/lib/python3.12/site-packages/glance_store/location.py:146}}
Jun 15 14:57:53.663688 np0000002858 devstack@g-api.service[98939]: DEBUG swiftclient [None req-d82130cb-8edd-4d3a-9605-1624120b4d33 tempest-TestStampPattern-247118150 tempest-TestStampPattern-247118150-project-member] REQ: curl -i https://10.4.3.246:8080/v1/AUTH_241131d42eb54ad2b45bd6e5bc123175/glance -I -H "X-Auth-Token: gAAAAABqMBLxwUKD..." {{(pid=98939) http_log /opt/stack/data/venv/lib/python3.12/site-packages/swiftclient/client.py:160}}
Jun 15 14:57:53.663759 np0000002858 devstack@g-api.service[98939]: DEBUG swiftclient [None req-d82130cb-8edd-4d3a-9605-1624120b4d33 tempest-TestStampPattern-247118150 tempest-TestStampPattern-247118150-project-member] RESP STATUS: 204 No Content {{(pid=98939) http_log /opt/stack/data/venv/lib/python3.12/site-packages/swiftclient/client.py:161}}
Jun 15 14:57:53.663905 np0000002858 devstack@g-api.service[98939]: DEBUG swiftclient [None req-d82130cb-8edd-4d3a-9605-1624120b4d33 tempest-TestStampPattern-247118150 tempest-TestStampPattern-247118150-project-member] RESP HEADERS: {'Date': 'Mon, 15 Jun 2026 14:57:53 GMT', 'Server': 'Apache/2.4.58 (Ubuntu)', 'Content-Type': 'text/plain; charset=utf-8', 'X-Container-Object-Count': '7', 'X-Container-Bytes-Used': '107741184', 'X-Timestamp': '1781534890.57679', 'Last-Modified': 'Mon, 15 Jun 2026 14:48:11 GMT', 'Accept-Ranges': 'bytes', 'X-Storage-Policy': 'Policy-0', 'X-Container-Sharding': 'False', 'Vary': 'Accept', 'X-Trans-Id': 'txf5ca86e7924d4dee8dc34-006a3012f1', 'X-Openstack-Request-Id': 'txf5ca86e7924d4dee8dc34-006a3012f1', 'Connection': 'close'} {{(pid=98939) http_log /opt/stack/data/venv/lib/python3.12/site-packages/swiftclient/client.py:162}}
Jun 15 14:57:53.664071 np0000002858 devstack@g-api.service[98939]: DEBUG glance_store._drivers.swift.store [None req-d82130cb-8edd-4d3a-9605-1624120b4d33 tempest-TestStampPattern-247118150 tempest-TestStampPattern-247118150-project-member] Adding image object '8354b0be-9be9-41de-8ceb-59bbb75bc6fa' to Swift {{(pid=98939) add /opt/stack/data/venv/lib/python3.12/site-packages/glance_store/_drivers/swift/store.py:970}}
Jun 15 14:57:53.664174 np0000002858 devstack@g-api.service[98939]: DEBUG glance_store._drivers.swift.store [None req-d82130cb-8edd-4d3a-9605-1624120b4d33 tempest-TestStampPattern-247118150 tempest-TestStampPattern-247118150-project-member] Cannot determine image size because it is either not provided in the request or chunked-transfer encoding is used. Adding image as a segmented object to Swift. {{(pid=98939) add /opt/stack/data/venv/lib/python3.12/site-packages/glance_store/_drivers/swift/store.py:994}}
Jun 15 14:57:53.669725 np0000002858 devstack@g-api.service[98939]: DEBUG oslo_utils.imageutils.format_inspector [None req-d82130cb-8edd-4d3a-9605-1624120b4d33 tempest-TestStampPattern-247118150 tempest-TestStampPattern-247118150-project-member] Format inspector for vmdk does not match, excluding from consideration (Signature KDMV not found: b'QFI\xfb') {{(pid=98939) _process_chunk /opt/stack/data/venv/lib/python3.12/site-packages/oslo_utils/imageutils/format_inspector.py:1758}}
Jun 15 14:57:53.672885 np0000002858 devstack@g-api.service[98939]: DEBUG oslo_utils.imageutils.format_inspector [None req-d82130cb-8edd-4d3a-9605-1624120b4d33 tempest-TestStampPattern-247118150 tempest-TestStampPattern-247118150-project-member] Format inspector for vhdx does not match, excluding from consideration (Region signature not found at 30000) {{(pid=98939) _process_chunk /opt/stack/data/venv/lib/python3.12/site-packages/oslo_utils/imageutils/format_inspector.py:1758}}
Jun 15 14:57:54.208979 np0000002858 devstack@g-api.service[98939]: DEBUG swiftclient [None req-d82130cb-8edd-4d3a-9605-1624120b4d33 tempest-TestStampPattern-247118150 tempest-TestStampPattern-247118150-project-member] REQ: curl -i https://10.4.3.246:8080/v1/AUTH_241131d42eb54ad2b45bd6e5bc123175/glance/8354b0be-9be9-41de-8ceb-59bbb75bc6fa-00001 -X PUT -H "X-Auth-Token: gAAAAABqMBLxwUKD..." {{(pid=98939) http_log /opt/stack/data/venv/lib/python3.12/site-packages/swiftclient/client.py:160}}
Jun 15 14:57:54.209104 np0000002858 devstack@g-api.service[98939]: DEBUG swiftclient [None req-d82130cb-8edd-4d3a-9605-1624120b4d33 tempest-TestStampPattern-247118150 tempest-TestStampPattern-247118150-project-member] RESP STATUS: 201 Created {{(pid=98939) http_log /opt/stack/data/venv/lib/python3.12/site-packages/swiftclient/client.py:161}}
Jun 15 14:57:54.209246 np0000002858 devstack@g-api.service[98939]: DEBUG swiftclient [None req-d82130cb-8edd-4d3a-9605-1624120b4d33 tempest-TestStampPattern-247118150 tempest-TestStampPattern-247118150-project-member] RESP HEADERS: {'Date': 'Mon, 15 Jun 2026 14:57:54 GMT', 'Server': 'Apache/2.4.58 (Ubuntu)', 'Content-Type': 'text/html; charset=UTF-8', 'Content-Length': '0', 'Etag': '9ceeb57fde9c4473850a3868b7392e9b', 'Last-Modified': 'Mon, 15 Jun 2026 14:57:54 GMT', 'X-Trans-Id': 'txde9d7b32d6854564a11a5-006a3012f1', 'X-Openstack-Request-Id': 'txde9d7b32d6854564a11a5-006a3012f1', 'Connection': 'close'} {{(pid=98939) http_log /opt/stack/data/venv/lib/python3.12/site-packages/swiftclient/client.py:162}}
Jun 15 14:57:54.209345 np0000002858 devstack@g-api.service[98939]: DEBUG glance_store._drivers.swift.store [None req-d82130cb-8edd-4d3a-9605-1624120b4d33 tempest-TestStampPattern-247118150 tempest-TestStampPattern-247118150-project-member] Wrote chunk 8354b0be-9be9-41de-8ceb-59bbb75bc6fa-00001 (1/?) of length 53673984 to Swift returning MD5 of content: 9ceeb57fde9c4473850a3868b7392e9b {{(pid=98939) add /opt/stack/data/venv/lib/python3.12/site-packages/glance_store/_drivers/swift/store.py:1059}}
Jun 15 14:57:54.209600 np0000002858 devstack@g-api.service[98939]: DEBUG glance_store._drivers.swift.store [None req-d82130cb-8edd-4d3a-9605-1624120b4d33 tempest-TestStampPattern-247118150 tempest-TestStampPattern-247118150-project-member] Not writing zero-length chunk. {{(pid=98939) add /opt/stack/data/venv/lib/python3.12/site-packages/glance_store/_drivers/swift/store.py:1028}}
Jun 15 14:57:54.244471 np0000002858 devstack@g-api.service[98939]: DEBUG swiftclient [None req-d82130cb-8edd-4d3a-9605-1624120b4d33 tempest-TestStampPattern-247118150 tempest-TestStampPattern-247118150-project-member] REQ: curl -i https://10.4.3.246:8080/v1/AUTH_241131d42eb54ad2b45bd6e5bc123175/glance/8354b0be-9be9-41de-8ceb-59bbb75bc6fa -X PUT -H "X-Object-Manifest: glance/8354b0be-9be9-41de-8ceb-59bbb75bc6fa-" -H "X-Auth-Token: gAAAAABqMBLxwUKD..." -H "Content-Length: 0" {{(pid=98939) http_log /opt/stack/data/venv/lib/python3.12/site-packages/swiftclient/client.py:160}}
