Aug 19 01:58:10.090456 np0000007727 devstack@g-api.service[103130]: DEBUG glance.api.middleware.version_negotiation [None req-e5783d77-5897-4066-81cd-429757481fb8 tempest-AttachVolumeShelveTestJSON-362663136 tempest-AttachVolumeShelveTestJSON-362663136-project-member] new path /v2/schemas/image {{(pid=103130) process_request /opt/stack/glance/glance/api/middleware/version_negotiation.py:70}}
Aug 19 01:58:10.094491 np0000007727 devstack@g-api.service[103130]: [pid: 103130|app: 0|req: 84/324] 127.0.0.1 () {44 vars in 1051 bytes} [Wed Aug 19 01:58:10 2026] GET /v2/schemas/image => generated 6083 bytes in 5 msecs (HTTP/1.1 200) 4 headers in 158 bytes (1 switches on core 0)
Aug 19 01:58:10.153129 np0000007727 devstack@g-api.service[103132]: DEBUG glance.api.middleware.version_negotiation [None req-e5783d77-5897-4066-81cd-429757481fb8 tempest-AttachVolumeShelveTestJSON-362663136 tempest-AttachVolumeShelveTestJSON-362663136-project-member] Determining version of request: GET /v2/schemas/image Accept: */* {{(pid=103132) process_request /opt/stack/glance/glance/api/middleware/version_negotiation.py:44}}
Aug 19 01:58:10.153303 np0000007727 devstack@g-api.service[103132]: DEBUG glance.api.middleware.version_negotiation [None req-e5783d77-5897-4066-81cd-429757481fb8 tempest-AttachVolumeShelveTestJSON-362663136 tempest-AttachVolumeShelveTestJSON-362663136-project-member] Using url versioning {{(pid=103132) process_request /opt/stack/glance/glance/api/middleware/version_negotiation.py:57}}
Aug 19 01:58:10.153420 np0000007727 devstack@g-api.service[103132]: DEBUG glance.api.middleware.version_negotiation [None req-e5783d77-5897-4066-81cd-429757481fb8 tempest-AttachVolumeShelveTestJSON-362663136 tempest-AttachVolumeShelveTestJSON-362663136-project-member] Matched version: v2 {{(pid=103132) process_request /opt/stack/glance/glance/api/middleware/version_negotiation.py:69}}
Aug 19 01:58:10.153664 np0000007727 devstack@g-api.service[103132]: DEBUG glance.api.middleware.version_negotiation [None req-e5783d77-5897-4066-81cd-429757481fb8 tempest-AttachVolumeShelveTestJSON-362663136 tempest-AttachVolumeShelveTestJSON-362663136-project-member] new path /v2/schemas/image {{(pid=103132) process_request /opt/stack/glance/glance/api/middleware/version_negotiation.py:70}}
Aug 19 01:58:10.156401 np0000007727 devstack@g-api.service[103132]: [pid: 103132|app: 0|req: 81/325] 127.0.0.1 () {44 vars in 1051 bytes} [Wed Aug 19 01:58:10 2026] GET /v2/schemas/image => generated 6083 bytes in 3 msecs (HTTP/1.1 200) 4 headers in 158 bytes (1 switches on core 0)
Aug 19 01:58:10.208334 np0000007727 devstack@g-api.service[103129]: DEBUG glance.api.middleware.version_negotiation [None req-e5783d77-5897-4066-81cd-429757481fb8 tempest-AttachVolumeShelveTestJSON-362663136 tempest-AttachVolumeShelveTestJSON-362663136-project-member] Determining version of request: PATCH /v2/images/8b69ea88-92b3-43cc-8617-ca40ada19d8f Accept: */* {{(pid=103129) process_request /opt/stack/glance/glance/api/middleware/version_negotiation.py:44}}
Aug 19 01:58:10.208599 np0000007727 devstack@g-api.service[103129]: DEBUG glance.api.middleware.version_negotiation [None req-e5783d77-5897-4066-81cd-429757481fb8 tempest-AttachVolumeShelveTestJSON-362663136 tempest-AttachVolumeShelveTestJSON-362663136-project-member] Using url versioning {{(pid=103129) process_request /opt/stack/glance/glance/api/middleware/version_negotiation.py:57}}
Aug 19 01:58:10.208694 np0000007727 devstack@g-api.service[103129]: DEBUG glance.api.middleware.version_negotiation [None req-e5783d77-5897-4066-81cd-429757481fb8 tempest-AttachVolumeShelveTestJSON-362663136 tempest-AttachVolumeShelveTestJSON-362663136-project-member] Matched version: v2 {{(pid=103129) process_request /opt/stack/glance/glance/api/middleware/version_negotiation.py:69}}
Aug 19 01:58:10.208890 np0000007727 devstack@g-api.service[103129]: DEBUG glance.api.middleware.version_negotiation [None req-e5783d77-5897-4066-81cd-429757481fb8 tempest-AttachVolumeShelveTestJSON-362663136 tempest-AttachVolumeShelveTestJSON-362663136-project-member] new path /v2/images/8b69ea88-92b3-43cc-8617-ca40ada19d8f {{(pid=103129) process_request /opt/stack/glance/glance/api/middleware/version_negotiation.py:70}}
Aug 19 01:58:10.428501 np0000007727 devstack@g-api.service[103129]: [pid: 103129|app: 0|req: 78/326] 127.0.0.1 () {46 vars in 1154 bytes} [Wed Aug 19 01:58:10 2026] PATCH /v2/images/8b69ea88-92b3-43cc-8617-ca40ada19d8f => generated 1448 bytes in 220 msecs (HTTP/1.1 200) 4 headers in 158 bytes (1 switches on core 0)
Aug 19 01:58:10.469656 np0000007727 devstack@g-api.service[103131]: DEBUG glance.api.middleware.version_negotiation [None req-e5783d77-5897-4066-81cd-429757481fb8 tempest-AttachVolumeShelveTestJSON-362663136 tempest-AttachVolumeShelveTestJSON-362663136-project-member] Determining version of request: GET /v2/images/8b69ea88-92b3-43cc-8617-ca40ada19d8f Accept: */* {{(pid=103131) process_request /opt/stack/glance/glance/api/middleware/version_negotiation.py:44}}
Aug 19 01:58:10.469867 np0000007727 devstack@g-api.service[103131]: DEBUG glance.api.middleware.version_negotiation [None req-e5783d77-5897-4066-81cd-429757481fb8 tempest-AttachVolumeShelveTestJSON-362663136 tempest-AttachVolumeShelveTestJSON-362663136-project-member] Using url versioning {{(pid=103131) process_request /opt/stack/glance/glance/api/middleware/version_negotiation.py:57}}
Aug 19 01:58:10.470044 np0000007727 devstack@g-api.service[103131]: DEBUG glance.api.middleware.version_negotiation [None req-e5783d77-5897-4066-81cd-429757481fb8 tempest-AttachVolumeShelveTestJSON-362663136 tempest-AttachVolumeShelveTestJSON-362663136-project-member] Matched version: v2 {{(pid=103131) process_request /opt/stack/glance/glance/api/middleware/version_negotiation.py:69}}
Aug 19 01:58:10.470181 np0000007727 devstack@g-api.service[103131]: DEBUG glance.api.middleware.version_negotiation [None req-e5783d77-5897-4066-81cd-429757481fb8 tempest-AttachVolumeShelveTestJSON-362663136 tempest-AttachVolumeShelveTestJSON-362663136-project-member] new path /v2/images/8b69ea88-92b3-43cc-8617-ca40ada19d8f {{(pid=103131) process_request /opt/stack/glance/glance/api/middleware/version_negotiation.py:70}}
Aug 19 01:58:10.485052 np0000007727 devstack@g-api.service[103131]: [pid: 103131|app: 0|req: 84/327] 127.0.0.1 () {44 vars in 1111 bytes} [Wed Aug 19 01:58:10 2026] GET /v2/images/8b69ea88-92b3-43cc-8617-ca40ada19d8f => generated 1448 bytes in 16 msecs (HTTP/1.1 200) 4 headers in 158 bytes (1 switches on core 0)
Aug 19 01:58:10.543576 np0000007727 devstack@g-api.service[103130]: DEBUG glance.api.middleware.version_negotiation [None req-e5783d77-5897-4066-81cd-429757481fb8 tempest-AttachVolumeShelveTestJSON-362663136 tempest-AttachVolumeShelveTestJSON-362663136-project-member] Determining version of request: PUT /v2/images/8b69ea88-92b3-43cc-8617-ca40ada19d8f/file Accept: */* {{(pid=103130) process_request /opt/stack/glance/glance/api/middleware/version_negotiation.py:44}}
Aug 19 01:58:10.546411 np0000007727 devstack@g-api.service[103130]: DEBUG glance.api.middleware.version_negotiation [None req-e5783d77-5897-4066-81cd-429757481fb8 tempest-AttachVolumeShelveTestJSON-362663136 tempest-AttachVolumeShelveTestJSON-362663136-project-member] Using url versioning {{(pid=103130) process_request /opt/stack/glance/glance/api/middleware/version_negotiation.py:57}}
Aug 19 01:58:10.546411 np0000007727 devstack@g-api.service[103130]: DEBUG glance.api.middleware.version_negotiation [None req-e5783d77-5897-4066-81cd-429757481fb8 tempest-AttachVolumeShelveTestJSON-362663136 tempest-AttachVolumeShelveTestJSON-362663136-project-member] Matched version: v2 {{(pid=103130) process_request /opt/stack/glance/glance/api/middleware/version_negotiation.py:69}}
Aug 19 01:58:10.546411 np0000007727 devstack@g-api.service[103130]: DEBUG glance.api.middleware.version_negotiation [None req-e5783d77-5897-4066-81cd-429757481fb8 tempest-AttachVolumeShelveTestJSON-362663136 tempest-AttachVolumeShelveTestJSON-362663136-project-member] new path /v2/images/8b69ea88-92b3-43cc-8617-ca40ada19d8f/file {{(pid=103130) process_request /opt/stack/glance/glance/api/middleware/version_negotiation.py:70}}
Aug 19 01:58:11.198020 np0000007727 devstack@g-api.service[103130]: INFO glance.api.v2.image_data [None req-e5783d77-5897-4066-81cd-429757481fb8 tempest-AttachVolumeShelveTestJSON-362663136 tempest-AttachVolumeShelveTestJSON-362663136-project-member] Unable to create trust: no such option collect_timing in group [keystone_authtoken] Use the existing user token.
Aug 19 01:58:11.999541 np0000007727 devstack@g-api.service[103130]: DEBUG glance.location [None req-e5783d77-5897-4066-81cd-429757481fb8 tempest-AttachVolumeShelveTestJSON-362663136 tempest-AttachVolumeShelveTestJSON-362663136-project-member] Enabling in-flight format inspection for qcow2 {{(pid=103130) set_data /opt/stack/glance/glance/location.py:596}}
Aug 19 01:58:12.000181 np0000007727 devstack@g-api.service[103130]: DEBUG glance_store.backend [None req-e5783d77-5897-4066-81cd-429757481fb8 tempest-AttachVolumeShelveTestJSON-362663136 tempest-AttachVolumeShelveTestJSON-362663136-project-member] Attempting to import store swift {{(pid=103130) _load_store /opt/stack/data/venv/lib/python3.12/site-packages/glance_store/backend.py:215}}
Aug 19 01:58:12.002202 np0000007727 devstack@g-api.service[103130]: DEBUG glance_store.capabilities [None req-e5783d77-5897-4066-81cd-429757481fb8 tempest-AttachVolumeShelveTestJSON-362663136 tempest-AttachVolumeShelveTestJSON-362663136-project-member] Store glance_store._drivers.swift.store.SingleTenantStore doesn't support updating dynamic storage capabilities. Please overwrite 'update_capabilities' method of the store to implement updating logics if needed. {{(pid=103130) update_capabilities /opt/stack/data/venv/lib/python3.12/site-packages/glance_store/capabilities.py:91}}
Aug 19 01:58:12.002475 np0000007727 devstack@g-api.service[103130]: DEBUG glance_store.driver [None req-e5783d77-5897-4066-81cd-429757481fb8 tempest-AttachVolumeShelveTestJSON-362663136 tempest-AttachVolumeShelveTestJSON-362663136-project-member] Late loading location class glance_store._drivers.swift.store.StoreLocation {{(pid=103130) get_store_location_class /opt/stack/data/venv/lib/python3.12/site-packages/glance_store/driver.py:134}}
Aug 19 01:58:12.002475 np0000007727 devstack@g-api.service[103130]: DEBUG glance_store.location [None req-e5783d77-5897-4066-81cd-429757481fb8 tempest-AttachVolumeShelveTestJSON-362663136 tempest-AttachVolumeShelveTestJSON-362663136-project-member] Registering scheme swift+https with {'store': , 'location_class': , 'store_entry': 'swift'} {{(pid=103130) register_scheme_map /opt/stack/data/venv/lib/python3.12/site-packages/glance_store/location.py:146}}
Aug 19 01:58:12.002606 np0000007727 devstack@g-api.service[103130]: DEBUG glance_store.location [None req-e5783d77-5897-4066-81cd-429757481fb8 tempest-AttachVolumeShelveTestJSON-362663136 tempest-AttachVolumeShelveTestJSON-362663136-project-member] Registering scheme swift+https with {'store': , 'location_class': , 'store_entry': 'swift'} {{(pid=103130) register_scheme_map /opt/stack/data/venv/lib/python3.12/site-packages/glance_store/location.py:146}}
Aug 19 01:58:12.002736 np0000007727 devstack@g-api.service[103130]: DEBUG glance_store.location [None req-e5783d77-5897-4066-81cd-429757481fb8 tempest-AttachVolumeShelveTestJSON-362663136 tempest-AttachVolumeShelveTestJSON-362663136-project-member] Registering scheme swift with {'store': , 'location_class': , 'store_entry': 'swift'} {{(pid=103130) register_scheme_map /opt/stack/data/venv/lib/python3.12/site-packages/glance_store/location.py:146}}
Aug 19 01:58:12.002897 np0000007727 devstack@g-api.service[103130]: DEBUG glance_store.location [None req-e5783d77-5897-4066-81cd-429757481fb8 tempest-AttachVolumeShelveTestJSON-362663136 tempest-AttachVolumeShelveTestJSON-362663136-project-member] Registering scheme swift+https with {'store': , 'location_class': , 'store_entry': 'swift'} {{(pid=103130) register_scheme_map /opt/stack/data/venv/lib/python3.12/site-packages/glance_store/location.py:146}}
Aug 19 01:58:12.003009 np0000007727 devstack@g-api.service[103130]: DEBUG glance_store.location [None req-e5783d77-5897-4066-81cd-429757481fb8 tempest-AttachVolumeShelveTestJSON-362663136 tempest-AttachVolumeShelveTestJSON-362663136-project-member] Registering scheme swift with {'store': , 'location_class': , 'store_entry': 'swift'} {{(pid=103130) register_scheme_map /opt/stack/data/venv/lib/python3.12/site-packages/glance_store/location.py:146}}
Aug 19 01:58:12.003109 np0000007727 devstack@g-api.service[103130]: DEBUG glance_store.location [None req-e5783d77-5897-4066-81cd-429757481fb8 tempest-AttachVolumeShelveTestJSON-362663136 tempest-AttachVolumeShelveTestJSON-362663136-project-member] Registering scheme swift+http with {'store': , 'location_class': , 'store_entry': 'swift'} {{(pid=103130) register_scheme_map /opt/stack/data/venv/lib/python3.12/site-packages/glance_store/location.py:146}}
Aug 19 01:58:12.003221 np0000007727 devstack@g-api.service[103130]: DEBUG glance_store.location [None req-e5783d77-5897-4066-81cd-429757481fb8 tempest-AttachVolumeShelveTestJSON-362663136 tempest-AttachVolumeShelveTestJSON-362663136-project-member] Registering scheme swift+https with {'store': , 'location_class': , 'store_entry': 'swift'} {{(pid=103130) register_scheme_map /opt/stack/data/venv/lib/python3.12/site-packages/glance_store/location.py:146}}
Aug 19 01:58:12.003320 np0000007727 devstack@g-api.service[103130]: DEBUG glance_store.location [None req-e5783d77-5897-4066-81cd-429757481fb8 tempest-AttachVolumeShelveTestJSON-362663136 tempest-AttachVolumeShelveTestJSON-362663136-project-member] Registering scheme swift with {'store': , 'location_class': , 'store_entry': 'swift'} {{(pid=103130) register_scheme_map /opt/stack/data/venv/lib/python3.12/site-packages/glance_store/location.py:146}}
Aug 19 01:58:12.003421 np0000007727 devstack@g-api.service[103130]: DEBUG glance_store.location [None req-e5783d77-5897-4066-81cd-429757481fb8 tempest-AttachVolumeShelveTestJSON-362663136 tempest-AttachVolumeShelveTestJSON-362663136-project-member] Registering scheme swift+http with {'store': , 'location_class': , 'store_entry': 'swift'} {{(pid=103130) register_scheme_map /opt/stack/data/venv/lib/python3.12/site-packages/glance_store/location.py:146}}
Aug 19 01:58:12.003526 np0000007727 devstack@g-api.service[103130]: DEBUG glance_store.location [None req-e5783d77-5897-4066-81cd-429757481fb8 tempest-AttachVolumeShelveTestJSON-362663136 tempest-AttachVolumeShelveTestJSON-362663136-project-member] Registering scheme swift+config with {'store': , 'location_class': , 'store_entry': 'swift'} {{(pid=103130) register_scheme_map /opt/stack/data/venv/lib/python3.12/site-packages/glance_store/location.py:146}}
Aug 19 01:58:12.163074 np0000007727 devstack@g-api.service[103130]: DEBUG swiftclient [None req-e5783d77-5897-4066-81cd-429757481fb8 tempest-AttachVolumeShelveTestJSON-362663136 tempest-AttachVolumeShelveTestJSON-362663136-project-member] REQ: curl -i https://10.4.3.92:8080/v1/AUTH_fafc8dbed4c040888604389f53f204ca/glance -I -H "X-Auth-Token: gAAAAABqhQ20LLfT..." {{(pid=103130) http_log /opt/stack/data/venv/lib/python3.12/site-packages/swiftclient/client.py:160}}
Aug 19 01:58:12.163074 np0000007727 devstack@g-api.service[103130]: DEBUG swiftclient [None req-e5783d77-5897-4066-81cd-429757481fb8 tempest-AttachVolumeShelveTestJSON-362663136 tempest-AttachVolumeShelveTestJSON-362663136-project-member] RESP STATUS: 204 No Content {{(pid=103130) http_log /opt/stack/data/venv/lib/python3.12/site-packages/swiftclient/client.py:161}}
Aug 19 01:58:12.163074 np0000007727 devstack@g-api.service[103130]: DEBUG swiftclient [None req-e5783d77-5897-4066-81cd-429757481fb8 tempest-AttachVolumeShelveTestJSON-362663136 tempest-AttachVolumeShelveTestJSON-362663136-project-member] RESP HEADERS: {'Date': 'Wed, 19 Aug 2026 01:58:12 GMT', 'Server': 'Apache/2.4.58 (Ubuntu)', 'Content-Type': 'text/plain; charset=utf-8', 'X-Container-Object-Count': '7', 'X-Container-Bytes-Used': '111411200', 'X-Timestamp': '1787104332.78693', 'Last-Modified': 'Wed, 19 Aug 2026 01:52:13 GMT', 'Accept-Ranges': 'bytes', 'X-Storage-Policy': 'Policy-0', 'X-Container-Sharding': 'False', 'Vary': 'Accept', 'X-Trans-Id': 'txcb8a34344b754ea7ba3d7-006a850db4', 'X-Openstack-Request-Id': 'txcb8a34344b754ea7ba3d7-006a850db4', 'Connection': 'close'} {{(pid=103130) http_log /opt/stack/data/venv/lib/python3.12/site-packages/swiftclient/client.py:162}}
Aug 19 01:58:12.167352 np0000007727 devstack@g-api.service[103130]: DEBUG glance_store._drivers.swift.store [None req-e5783d77-5897-4066-81cd-429757481fb8 tempest-AttachVolumeShelveTestJSON-362663136 tempest-AttachVolumeShelveTestJSON-362663136-project-member] Adding image object '8b69ea88-92b3-43cc-8617-ca40ada19d8f' to Swift {{(pid=103130) add /opt/stack/data/venv/lib/python3.12/site-packages/glance_store/_drivers/swift/store.py:970}}
Aug 19 01:58:12.167352 np0000007727 devstack@g-api.service[103130]: DEBUG glance_store._drivers.swift.store [None req-e5783d77-5897-4066-81cd-429757481fb8 tempest-AttachVolumeShelveTestJSON-362663136 tempest-AttachVolumeShelveTestJSON-362663136-project-member] Cannot determine image size because it is either not provided in the request or chunked-transfer encoding is used. Adding image as a segmented object to Swift. {{(pid=103130) add /opt/stack/data/venv/lib/python3.12/site-packages/glance_store/_drivers/swift/store.py:994}}
Aug 19 01:58:12.181371 np0000007727 devstack@g-api.service[103130]: DEBUG oslo_utils.imageutils.format_inspector [None req-e5783d77-5897-4066-81cd-429757481fb8 tempest-AttachVolumeShelveTestJSON-362663136 tempest-AttachVolumeShelveTestJSON-362663136-project-member] Format inspector for vmdk does not match, excluding from consideration (Signature KDMV not found: b'QFI\xfb') {{(pid=103130) _process_chunk /opt/stack/data/venv/lib/python3.12/site-packages/oslo_utils/imageutils/format_inspector.py:1758}}
Aug 19 01:58:12.188115 np0000007727 devstack@g-api.service[103130]: DEBUG oslo_utils.imageutils.format_inspector [None req-e5783d77-5897-4066-81cd-429757481fb8 tempest-AttachVolumeShelveTestJSON-362663136 tempest-AttachVolumeShelveTestJSON-362663136-project-member] Format inspector for vhdx does not match, excluding from consideration (Region signature not found at 30000) {{(pid=103130) _process_chunk /opt/stack/data/venv/lib/python3.12/site-packages/oslo_utils/imageutils/format_inspector.py:1758}}
Aug 19 01:58:12.685405 np0000007727 devstack@g-api.service[103132]: DEBUG glance.api.middleware.version_negotiation [None req-e5783d77-5897-4066-81cd-429757481fb8 tempest-AttachVolumeShelveTestJSON-362663136 tempest-AttachVolumeShelveTestJSON-362663136-project-member] Determining version of request: GET /v2/images/44c9d5d2-77c9-4569-b070-de66debb43b5 Accept: */* {{(pid=103132) process_request /opt/stack/glance/glance/api/middleware/version_negotiation.py:44}}
Aug 19 01:58:12.686000 np0000007727 devstack@g-api.service[103132]: DEBUG glance.api.middleware.version_negotiation [None req-e5783d77-5897-4066-81cd-429757481fb8 tempest-AttachVolumeShelveTestJSON-362663136 tempest-AttachVolumeShelveTestJSON-362663136-project-member] Using url versioning {{(pid=103132) process_request /opt/stack/glance/glance/api/middleware/version_negotiation.py:57}}
Aug 19 01:58:12.686000 np0000007727 devstack@g-api.service[103132]: DEBUG glance.api.middleware.version_negotiation [None req-e5783d77-5897-4066-81cd-429757481fb8 tempest-AttachVolumeShelveTestJSON-362663136 tempest-AttachVolumeShelveTestJSON-362663136-project-member] Matched version: v2 {{(pid=103132) process_request /opt/stack/glance/glance/api/middleware/version_negotiation.py:69}}
Aug 19 01:58:12.686097 np0000007727 devstack@g-api.service[103132]: DEBUG glance.api.middleware.version_negotiation [None req-e5783d77-5897-4066-81cd-429757481fb8 tempest-AttachVolumeShelveTestJSON-362663136 tempest-AttachVolumeShelveTestJSON-362663136-project-member] new path /v2/images/44c9d5d2-77c9-4569-b070-de66debb43b5 {{(pid=103132) process_request /opt/stack/glance/glance/api/middleware/version_negotiation.py:70}}
Aug 19 01:58:12.709149 np0000007727 devstack@g-api.service[103132]: [pid: 103132|app: 0|req: 82/328] 127.0.0.1 () {44 vars in 1111 bytes} [Wed Aug 19 01:58:12 2026] GET /v2/images/44c9d5d2-77c9-4569-b070-de66debb43b5 => generated 1044 bytes in 24 msecs (HTTP/1.1 200) 4 headers in 158 bytes (1 switches on core 0)
Aug 19 01:58:12.726786 np0000007727 devstack@g-api.service[103129]: DEBUG glance.api.middleware.version_negotiation [None req-e5783d77-5897-4066-81cd-429757481fb8 tempest-AttachVolumeShelveTestJSON-362663136 tempest-AttachVolumeShelveTestJSON-362663136-project-member] Determining version of request: GET /v2/schemas/image Accept: */* {{(pid=103129) process_request /opt/stack/glance/glance/api/middleware/version_negotiation.py:44}}
Aug 19 01:58:12.727141 np0000007727 devstack@g-api.service[103129]: DEBUG glance.api.middleware.version_negotiation [None req-e5783d77-5897-4066-81cd-429757481fb8 tempest-AttachVolumeShelveTestJSON-362663136 tempest-AttachVolumeShelveTestJSON-362663136-project-member] Using url versioning {{(pid=103129) process_request /opt/stack/glance/glance/api/middleware/version_negotiation.py:57}}
Aug 19 01:58:12.727320 np0000007727 devstack@g-api.service[103129]: DEBUG glance.api.middleware.version_negotiation [None req-e5783d77-5897-4066-81cd-429757481fb8 tempest-AttachVolumeShelveTestJSON-362663136 tempest-AttachVolumeShelveTestJSON-362663136-project-member] Matched version: v2 {{(pid=103129) process_request /opt/stack/glance/glance/api/middleware/version_negotiation.py:69}}
Aug 19 01:58:12.727380 np0000007727 devstack@g-api.service[103129]: DEBUG glance.api.middleware.version_negotiation [None req-e5783d77-5897-4066-81cd-429757481fb8 tempest-AttachVolumeShelveTestJSON-362663136 tempest-AttachVolumeShelveTestJSON-362663136-project-member] new path /v2/schemas/image {{(pid=103129) process_request /opt/stack/glance/glance/api/middleware/version_negotiation.py:70}}
Aug 19 01:58:12.736199 np0000007727 devstack@g-api.service[103129]: [pid: 103129|app: 0|req: 79/329] 127.0.0.1 () {44 vars in 1051 bytes} [Wed Aug 19 01:58:12 2026] GET /v2/schemas/image => generated 6083 bytes in 11 msecs (HTTP/1.1 200) 4 headers in 158 bytes (1 switches on core 0)
Aug 19 01:58:12.748348 np0000007727 devstack@g-api.service[103131]: DEBUG glance.api.middleware.version_negotiation [None req-e5783d77-5897-4066-81cd-429757481fb8 tempest-AttachVolumeShelveTestJSON-362663136 tempest-AttachVolumeShelveTestJSON-362663136-project-member] Determining version of request: GET /v2/schemas/image Accept: */* {{(pid=103131) process_request /opt/stack/glance/glance/api/middleware/version_negotiation.py:44}}
Aug 19 01:58:12.748880 np0000007727 devstack@g-api.service[103131]: DEBUG glance.api.middleware.version_negotiation [None req-e5783d77-5897-4066-81cd-429757481fb8 tempest-AttachVolumeShelveTestJSON-362663136 tempest-AttachVolumeShelveTestJSON-362663136-project-member] Using url versioning {{(pid=103131) process_request /opt/stack/glance/glance/api/middleware/version_negotiation.py:57}}
Aug 19 01:58:12.748880 np0000007727 devstack@g-api.service[103131]: DEBUG glance.api.middleware.version_negotiation [None req-e5783d77-5897-4066-81cd-429757481fb8 tempest-AttachVolumeShelveTestJSON-362663136 tempest-AttachVolumeShelveTestJSON-362663136-project-member] Matched version: v2 {{(pid=103131) process_request /opt/stack/glance/glance/api/middleware/version_negotiation.py:69}}
Aug 19 01:58:12.749751 np0000007727 devstack@g-api.service[103131]: DEBUG glance.api.middleware.version_negotiation [None req-e5783d77-5897-4066-81cd-429757481fb8 tempest-AttachVolumeShelveTestJSON-362663136 tempest-AttachVolumeShelveTestJSON-362663136-project-member] new path /v2/schemas/image {{(pid=103131) process_request /opt/stack/glance/glance/api/middleware/version_negotiation.py:70}}
Aug 19 01:58:12.752783 np0000007727 devstack@g-api.service[103131]: [pid: 103131|app: 0|req: 85/330] 127.0.0.1 () {44 vars in 1051 bytes} [Wed Aug 19 01:58:12 2026] GET /v2/schemas/image => generated 6083 bytes in 4 msecs (HTTP/1.1 200) 4 headers in 158 bytes (1 switches on core 0)
Aug 19 01:58:12.767132 np0000007727 devstack@g-api.service[103132]: DEBUG glance.api.middleware.version_negotiation [None req-05db7c5f-f673-42c1-a269-c06b2f82ffd9 tempest-AttachVolumeMultiAttachTest-1855577264 tempest-AttachVolumeMultiAttachTest-1855577264-project-member] Determining version of request: GET /v2/images/44c9d5d2-77c9-4569-b070-de66debb43b5 Accept: */* {{(pid=103132) process_request /opt/stack/glance/glance/api/middleware/version_negotiation.py:44}}
Aug 19 01:58:12.767430 np0000007727 devstack@g-api.service[103132]: DEBUG glance.api.middleware.version_negotiation [None req-05db7c5f-f673-42c1-a269-c06b2f82ffd9 tempest-AttachVolumeMultiAttachTest-1855577264 tempest-AttachVolumeMultiAttachTest-1855577264-project-member] Using url versioning {{(pid=103132) process_request /opt/stack/glance/glance/api/middleware/version_negotiation.py:57}}
Aug 19 01:58:12.767554 np0000007727 devstack@g-api.service[103132]: DEBUG glance.api.middleware.version_negotiation [None req-05db7c5f-f673-42c1-a269-c06b2f82ffd9 tempest-AttachVolumeMultiAttachTest-1855577264 tempest-AttachVolumeMultiAttachTest-1855577264-project-member] Matched version: v2 {{(pid=103132) process_request /opt/stack/glance/glance/api/middleware/version_negotiation.py:69}}
Aug 19 01:58:12.767773 np0000007727 devstack@g-api.service[103132]: DEBUG glance.api.middleware.version_negotiation [None req-05db7c5f-f673-42c1-a269-c06b2f82ffd9 tempest-AttachVolumeMultiAttachTest-1855577264 tempest-AttachVolumeMultiAttachTest-1855577264-project-member] new path /v2/images/44c9d5d2-77c9-4569-b070-de66debb43b5 {{(pid=103132) process_request /opt/stack/glance/glance/api/middleware/version_negotiation.py:70}}
Aug 19 01:58:12.787608 np0000007727 devstack@g-api.service[103132]: [pid: 103132|app: 0|req: 83/331] 127.0.0.1 () {44 vars in 1111 bytes} [Wed Aug 19 01:58:12 2026] GET /v2/images/44c9d5d2-77c9-4569-b070-de66debb43b5 => generated 1044 bytes in 20 msecs (HTTP/1.1 200) 4 headers in 158 bytes (1 switches on core 0)
Aug 19 01:58:12.799024 np0000007727 devstack@g-api.service[103129]: DEBUG glance.api.middleware.version_negotiation [None req-05db7c5f-f673-42c1-a269-c06b2f82ffd9 tempest-AttachVolumeMultiAttachTest-1855577264 tempest-AttachVolumeMultiAttachTest-1855577264-project-member] Determining version of request: GET /v2/schemas/image Accept: */* {{(pid=103129) process_request /opt/stack/glance/glance/api/middleware/version_negotiation.py:44}}
Aug 19 01:58:12.799024 np0000007727 devstack@g-api.service[103129]: DEBUG glance.api.middleware.version_negotiation [None req-05db7c5f-f673-42c1-a269-c06b2f82ffd9 tempest-AttachVolumeMultiAttachTest-1855577264 tempest-AttachVolumeMultiAttachTest-1855577264-project-member] Using url versioning {{(pid=103129) process_request /opt/stack/glance/glance/api/middleware/version_negotiation.py:57}}
Aug 19 01:58:12.799024 np0000007727 devstack@g-api.service[103129]: DEBUG glance.api.middleware.version_negotiation [None req-05db7c5f-f673-42c1-a269-c06b2f82ffd9 tempest-AttachVolumeMultiAttachTest-1855577264 tempest-AttachVolumeMultiAttachTest-1855577264-project-member] Matched version: v2 {{(pid=103129) process_request /opt/stack/glance/glance/api/middleware/version_negotiation.py:69}}
Aug 19 01:58:12.799024 np0000007727 devstack@g-api.service[103129]: DEBUG glance.api.middleware.version_negotiation [None req-05db7c5f-f673-42c1-a269-c06b2f82ffd9 tempest-AttachVolumeMultiAttachTest-1855577264 tempest-AttachVolumeMultiAttachTest-1855577264-project-member] new path /v2/schemas/image {{(pid=103129) process_request /opt/stack/glance/glance/api/middleware/version_negotiation.py:70}}
Aug 19 01:58:12.802139 np0000007727 devstack@g-api.service[103129]: [pid: 103129|app: 0|req: 80/332] 127.0.0.1 () {44 vars in 1051 bytes} [Wed Aug 19 01:58:12 2026] GET /v2/schemas/image => generated 6083 bytes in 4 msecs (HTTP/1.1 200) 4 headers in 158 bytes (1 switches on core 0)
Aug 19 01:58:12.816050 np0000007727 devstack@g-api.service[103131]: DEBUG glance.api.middleware.version_negotiation [None req-05db7c5f-f673-42c1-a269-c06b2f82ffd9 tempest-AttachVolumeMultiAttachTest-1855577264 tempest-AttachVolumeMultiAttachTest-1855577264-project-member] Determining version of request: GET /v2/schemas/image Accept: */* {{(pid=103131) process_request /opt/stack/glance/glance/api/middleware/version_negotiation.py:44}}
Aug 19 01:58:12.816210 np0000007727 devstack@g-api.service[103131]: DEBUG glance.api.middleware.version_negotiation [None req-05db7c5f-f673-42c1-a269-c06b2f82ffd9 tempest-AttachVolumeMultiAttachTest-1855577264 tempest-AttachVolumeMultiAttachTest-1855577264-project-member] Using url versioning {{(pid=103131) process_request /opt/stack/glance/glance/api/middleware/version_negotiation.py:57}}
Aug 19 01:58:12.816791 np0000007727 devstack@g-api.service[103131]: DEBUG glance.api.middleware.version_negotiation [None req-05db7c5f-f673-42c1-a269-c06b2f82ffd9 tempest-AttachVolumeMultiAttachTest-1855577264 tempest-AttachVolumeMultiAttachTest-1855577264-project-member] Matched version: v2 {{(pid=103131) process_request /opt/stack/glance/glance/api/middleware/version_negotiation.py:69}}
Aug 19 01:58:12.816791 np0000007727 devstack@g-api.service[103131]: DEBUG glance.api.middleware.version_negotiation [None req-05db7c5f-f673-42c1-a269-c06b2f82ffd9 tempest-AttachVolumeMultiAttachTest-1855577264 tempest-AttachVolumeMultiAttachTest-1855577264-project-member] new path /v2/schemas/image {{(pid=103131) process_request /opt/stack/glance/glance/api/middleware/version_negotiation.py:70}}
Aug 19 01:58:12.818594 np0000007727 devstack@g-api.service[103131]: [pid: 103131|app: 0|req: 86/333] 127.0.0.1 () {44 vars in 1051 bytes} [Wed Aug 19 01:58:12 2026] GET /v2/schemas/image => generated 6083 bytes in 3 msecs (HTTP/1.1 200) 4 headers in 158 bytes (1 switches on core 0)
Aug 19 01:58:12.837795 np0000007727 devstack@g-api.service[103130]: DEBUG swiftclient [None req-e5783d77-5897-4066-81cd-429757481fb8 tempest-AttachVolumeShelveTestJSON-362663136 tempest-AttachVolumeShelveTestJSON-362663136-project-member] REQ: curl -i https://10.4.3.92:8080/v1/AUTH_fafc8dbed4c040888604389f53f204ca/glance/8b69ea88-92b3-43cc-8617-ca40ada19d8f-00001 -X PUT -H "X-Auth-Token: gAAAAABqhQ20LLfT..." {{(pid=103130) http_log /opt/stack/data/venv/lib/python3.12/site-packages/swiftclient/client.py:160}}
Aug 19 01:58:12.837795 np0000007727 devstack@g-api.service[103130]: DEBUG swiftclient [None req-e5783d77-5897-4066-81cd-429757481fb8 tempest-AttachVolumeShelveTestJSON-362663136 tempest-AttachVolumeShelveTestJSON-362663136-project-member] RESP STATUS: 201 Created {{(pid=103130) http_log /opt/stack/data/venv/lib/python3.12/site-packages/swiftclient/client.py:161}}
Aug 19 01:58:12.837795 np0000007727 devstack@g-api.service[103130]: DEBUG swiftclient [None req-e5783d77-5897-4066-81cd-429757481fb8 tempest-AttachVolumeShelveTestJSON-362663136 tempest-AttachVolumeShelveTestJSON-362663136-project-member] RESP HEADERS: {'Date': 'Wed, 19 Aug 2026 01:58:12 GMT', 'Server': 'Apache/2.4.58 (Ubuntu)', 'Content-Type': 'text/html; charset=UTF-8', 'Content-Length': '0', 'Etag': '3b74af209265f6d38f0ea538bb01ee6b', 'Last-Modified': 'Wed, 19 Aug 2026 01:58:13 GMT', 'X-Trans-Id': 'tx286cb6c29ff24ae88fd8d-006a850db4', 'X-Openstack-Request-Id': 'tx286cb6c29ff24ae88fd8d-006a850db4', 'Connection': 'close'} {{(pid=103130) http_log /opt/stack/data/venv/lib/python3.12/site-packages/swiftclient/client.py:162}}
Aug 19 01:58:12.837795 np0000007727 devstack@g-api.service[103130]: DEBUG glance_store._drivers.swift.store [None req-e5783d77-5897-4066-81cd-429757481fb8 tempest-AttachVolumeShelveTestJSON-362663136 tempest-AttachVolumeShelveTestJSON-362663136-project-member] Wrote chunk 8b69ea88-92b3-43cc-8617-ca40ada19d8f-00001 (1/?) of length 53936128 to Swift returning MD5 of content: 3b74af209265f6d38f0ea538bb01ee6b {{(pid=103130) add /opt/stack/data/venv/lib/python3.12/site-packages/glance_store/_drivers/swift/store.py:1059}}
Aug 19 01:58:12.839949 np0000007727 devstack@g-api.service[103130]: DEBUG glance_store._drivers.swift.store [None req-e5783d77-5897-4066-81cd-429757481fb8 tempest-AttachVolumeShelveTestJSON-362663136 tempest-AttachVolumeShelveTestJSON-362663136-project-member] Not writing zero-length chunk. {{(pid=103130) add /opt/stack/data/venv/lib/python3.12/site-packages/glance_store/_drivers/swift/store.py:1028}}
Aug 19 01:58:12.844811 np0000007727 devstack@g-api.service[103132]: DEBUG glance.api.middleware.version_negotiation [None req-05db7c5f-f673-42c1-a269-c06b2f82ffd9 tempest-AttachVolumeMultiAttachTest-1855577264 tempest-AttachVolumeMultiAttachTest-1855577264-project-member] Determining version of request: GET /v2/images/44c9d5d2-77c9-4569-b070-de66debb43b5 Accept: */* {{(pid=103132) process_request /opt/stack/glance/glance/api/middleware/version_negotiation.py:44}}
Aug 19 01:58:12.844811 np0000007727 devstack@g-api.service[103132]: DEBUG glance.api.middleware.version_negotiation [None req-05db7c5f-f673-42c1-a269-c06b2f82ffd9 tempest-AttachVolumeMultiAttachTest-1855577264 tempest-AttachVolumeMultiAttachTest-1855577264-project-member] Using url versioning {{(pid=103132) process_request /opt/stack/glance/glance/api/middleware/version_negotiation.py:57}}
Aug 19 01:58:12.845029 np0000007727 devstack@g-api.service[103132]: DEBUG glance.api.middleware.version_negotiation [None req-05db7c5f-f673-42c1-a269-c06b2f82ffd9 tempest-AttachVolumeMultiAttachTest-1855577264 tempest-AttachVolumeMultiAttachTest-1855577264-project-member] Matched version: v2 {{(pid=103132) process_request /opt/stack/glance/glance/api/middleware/version_negotiation.py:69}}
Aug 19 01:58:12.845214 np0000007727 devstack@g-api.service[103132]: DEBUG glance.api.middleware.version_negotiation [None req-05db7c5f-f673-42c1-a269-c06b2f82ffd9 tempest-AttachVolumeMultiAttachTest-1855577264 tempest-AttachVolumeMultiAttachTest-1855577264-project-member] new path /v2/images/44c9d5d2-77c9-4569-b070-de66debb43b5 {{(pid=103132) process_request /opt/stack/glance/glance/api/middleware/version_negotiation.py:70}}
Aug 19 01:58:12.858974 np0000007727 devstack@g-api.service[103132]: [pid: 103132|app: 0|req: 84/334] 127.0.0.1 () {44 vars in 1111 bytes} [Wed Aug 19 01:58:12 2026] GET /v2/images/44c9d5d2-77c9-4569-b070-de66debb43b5 => generated 1044 bytes in 15 msecs (HTTP/1.1 200) 4 headers in 158 bytes (1 switches on core 0)
Aug 19 01:58:12.875571 np0000007727 devstack@g-api.service[103129]: DEBUG glance.api.middleware.version_negotiation [None req-05db7c5f-f673-42c1-a269-c06b2f82ffd9 tempest-AttachVolumeMultiAttachTest-1855577264 tempest-AttachVolumeMultiAttachTest-1855577264-project-member] Determining version of request: GET /v2/schemas/image Accept: */* {{(pid=103129) process_request /opt/stack/glance/glance/api/middleware/version_negotiation.py:44}}
Aug 19 01:58:12.877606 np0000007727 devstack@g-api.service[103130]: DEBUG swiftclient [None req-e5783d77-5897-4066-81cd-429757481fb8 tempest-AttachVolumeShelveTestJSON-362663136 tempest-AttachVolumeShelveTestJSON-362663136-project-member] REQ: curl -i https://10.4.3.92:8080/v1/AUTH_fafc8dbed4c040888604389f53f204ca/glance/8b69ea88-92b3-43cc-8617-ca40ada19d8f -X PUT -H "X-Object-Manifest: glance/8b69ea88-92b3-43cc-8617-ca40ada19d8f-" -H "X-Auth-Token: gAAAAABqhQ20LLfT..." -H "Content-Length: 0" {{(pid=103130) http_log /opt/stack/data/venv/lib/python3.12/site-packages/swiftclient/client.py:160}}
Aug 19 01:58:12.877606 np0000007727 devstack@g-api.service[103130]: DEBUG swiftclient [None req-e5783d77-5897-4066-81cd-429757481fb8 tempest-AttachVolumeShelveTestJSON-362663136 tempest-AttachVolumeShelveTestJSON-362663136-project-member] RESP STATUS: 201 Created {{(pid=103130) http_log /opt/stack/data/venv/lib/python3.12/site-packages/swiftclient/client.py:161}}
Aug 19 01:58:12.877606 np0000007727 devstack@g-api.service[103130]: DEBUG swiftclient [None req-e5783d77-5897-4066-81cd-429757481fb8 tempest-AttachVolumeShelveTestJSON-362663136 tempest-AttachVolumeShelveTestJSON-362663136-project-member] RESP HEADERS: {'Date': 'Wed, 19 Aug 2026 01:58:12 GMT', 'Server': 'Apache/2.4.58 (Ubuntu)', 'Content-Type': 'text/html; charset=UTF-8', 'Content-Length': '0', 'Etag': 'd41d8cd98f00b204e9800998ecf8427e', 'Last-Modified': 'Wed, 19 Aug 2026 01:58:13 GMT', 'X-Trans-Id': 'txe4dc06c90ff7454c9865b-006a850db4', 'X-Openstack-Request-Id': 'txe4dc06c90ff7454c9865b-006a850db4', 'Connection': 'close'} {{(pid=103130) http_log /opt/stack/data/venv/lib/python3.12/site-packages/swiftclient/client.py:162}}
Aug 19 01:58:12.878061 np0000007727 devstack@g-api.service[103129]: DEBUG glance.api.middleware.version_negotiation [None req-05db7c5f-f673-42c1-a269-c06b2f82ffd9 tempest-AttachVolumeMultiAttachTest-1855577264 tempest-AttachVolumeMultiAttachTest-1855577264-project-member] Using url versioning {{(pid=103129) process_request /opt/stack/glance/glance/api/middleware/version_negotiation.py:57}}
Aug 19 01:58:12.878061 np0000007727 devstack@g-api.service[103129]: DEBUG glance.api.middleware.version_negotiation [None req-05db7c5f-f673-42c1-a269-c06b2f82ffd9 tempest-AttachVolumeMultiAttachTest-1855577264 tempest-AttachVolumeMultiAttachTest-1855577264-project-member] Matched version: v2 {{(pid=103129) process_request /opt/stack/glance/glance/api/middleware/version_negotiation.py:69}}
Aug 19 01:58:12.878061 np0000007727 devstack@g-api.service[103129]: DEBUG glance.api.middleware.version_negotiation [None req-05db7c5f-f673-42c1-a269-c06b2f82ffd9 tempest-AttachVolumeMultiAttachTest-1855577264 tempest-AttachVolumeMultiAttachTest-1855577264-project-member] new path /v2/schemas/image {{(pid=103129) process_request /opt/stack/glance/glance/api/middleware/version_negotiation.py:70}}
Aug 19 01:58:12.878173 np0000007727 devstack@g-api.service[103130]: INFO glance.location [None req-e5783d77-5897-4066-81cd-429757481fb8 tempest-AttachVolumeShelveTestJSON-362663136 tempest-AttachVolumeShelveTestJSON-362663136-project-member] Image format matched and virtual size computed: 1073741824
Aug 19 01:58:12.887253 np0000007727 devstack@g-api.service[103129]: [pid: 103129|app: 0|req: 81/335] 127.0.0.1 () {44 vars in 1051 bytes} [Wed Aug 19 01:58:12 2026] GET /v2/schemas/image => generated 6083 bytes in 12 msecs (HTTP/1.1 200) 4 headers in 158 bytes (1 switches on core 0)
Aug 19 01:58:12.936744 np0000007727 devstack@g-api.service[103130]: DEBUG glance_store.backend [None req-e5783d77-5897-4066-81cd-429757481fb8 tempest-AttachVolumeShelveTestJSON-362663136 tempest-AttachVolumeShelveTestJSON-362663136-project-member] Attempting to import store swift {{(pid=103130) _load_store /opt/stack/data/venv/lib/python3.12/site-packages/glance_store/backend.py:215}}
Aug 19 01:58:12.938253 np0000007727 devstack@g-api.service[103130]: DEBUG glance_store.capabilities [None req-e5783d77-5897-4066-81cd-429757481fb8 tempest-AttachVolumeShelveTestJSON-362663136 tempest-AttachVolumeShelveTestJSON-362663136-project-member] Store glance_store._drivers.swift.store.SingleTenantStore doesn't support updating dynamic storage capabilities. Please overwrite 'update_capabilities' method of the store to implement updating logics if needed. {{(pid=103130) update_capabilities /opt/stack/data/venv/lib/python3.12/site-packages/glance_store/capabilities.py:91}}
Aug 19 01:58:12.938378 np0000007727 devstack@g-api.service[103130]: DEBUG glance_store.driver [None req-e5783d77-5897-4066-81cd-429757481fb8 tempest-AttachVolumeShelveTestJSON-362663136 tempest-AttachVolumeShelveTestJSON-362663136-project-member] Late loading location class glance_store._drivers.swift.store.StoreLocation {{(pid=103130) get_store_location_class /opt/stack/data/venv/lib/python3.12/site-packages/glance_store/driver.py:134}}
Aug 19 01:58:12.941293 np0000007727 devstack@g-api.service[103130]: DEBUG glance_store.location [None req-e5783d77-5897-4066-81cd-429757481fb8 tempest-AttachVolumeShelveTestJSON-362663136 tempest-AttachVolumeShelveTestJSON-362663136-project-member] Registering scheme swift+https with {'store': , 'location_class': , 'store_entry': 'swift'} {{(pid=103130) register_scheme_map /opt/stack/data/venv/lib/python3.12/site-packages/glance_store/location.py:146}}
Aug 19 01:58:12.941293 np0000007727 devstack@g-api.service[103130]: DEBUG glance_store.location [None req-e5783d77-5897-4066-81cd-429757481fb8 tempest-AttachVolumeShelveTestJSON-362663136 tempest-AttachVolumeShelveTestJSON-362663136-project-member] Registering scheme swift+https with {'store': , 'location_class': , 'store_entry': 'swift'} {{(pid=103130) register_scheme_map /opt/stack/data/venv/lib/python3.12/site-packages/glance_store/location.py:146}}
Aug 19 01:58:12.941293 np0000007727 devstack@g-api.service[103130]: DEBUG glance_store.location [None req-e5783d77-5897-4066-81cd-429757481fb8 tempest-AttachVolumeShelveTestJSON-362663136 tempest-AttachVolumeShelveTestJSON-362663136-project-member] Registering scheme swift with {'store': , 'location_class': , 'store_entry': 'swift'} {{(pid=103130) register_scheme_map /opt/stack/data/venv/lib/python3.12/site-packages/glance_store/location.py:146}}
Aug 19 01:58:12.941293 np0000007727 devstack@g-api.service[103130]: DEBUG glance_store.location [None req-e5783d77-5897-4066-81cd-429757481fb8 tempest-AttachVolumeShelveTestJSON-362663136 tempest-AttachVolumeShelveTestJSON-362663136-project-member] Registering scheme swift+https with {'store': , 'location_class': , 'store_entry': 'swift'} {{(pid=103130) register_scheme_map /opt/stack/data/venv/lib/python3.12/site-packages/glance_store/location.py:146}}
Aug 19 01:58:12.941293 np0000007727 devstack@g-api.service[103130]: DEBUG glance_store.location [None req-e5783d77-5897-4066-81cd-429757481fb8 tempest-AttachVolumeShelveTestJSON-362663136 tempest-AttachVolumeShelveTestJSON-362663136-project-member] Registering scheme swift with {'store': , 'location_class': , 'store_entry': 'swift'} {{(pid=103130) register_scheme_map /opt/stack/data/venv/lib/python3.12/site-packages/glance_store/location.py:146}}
Aug 19 01:58:12.941293 np0000007727 devstack@g-api.service[103130]: DEBUG glance_store.location [None req-e5783d77-5897-4066-81cd-429757481fb8 tempest-AttachVolumeShelveTestJSON-362663136 tempest-AttachVolumeShelveTestJSON-362663136-project-member] Registering scheme swift+http with {'store': , 'location_class': , 'store_entry': 'swift'} {{(pid=103130) register_scheme_map /opt/stack/data/venv/lib/python3.12/site-packages/glance_store/location.py:146}}
Aug 19 01:58:12.941293 np0000007727 devstack@g-api.service[103130]: DEBUG glance_store.location [None req-e5783d77-5897-4066-81cd-429757481fb8 tempest-AttachVolumeShelveTestJSON-362663136 tempest-AttachVolumeShelveTestJSON-362663136-project-member] Registering scheme swift+https with {'store': , 'location_class': , 'store_entry': 'swift'} {{(pid=103130) register_scheme_map /opt/stack/data/venv/lib/python3.12/site-packages/glance_store/location.py:146}}
Aug 19 01:58:12.941293 np0000007727 devstack@g-api.service[103130]: DEBUG glance_store.location [None req-e5783d77-5897-4066-81cd-429757481fb8 tempest-AttachVolumeShelveTestJSON-362663136 tempest-AttachVolumeShelveTestJSON-362663136-project-member] Registering scheme swift with {'store': , 'location_class': , 'store_entry': 'swift'} {{(pid=103130) register_scheme_map /opt/stack/data/venv/lib/python3.12/site-packages/glance_store/location.py:146}}
Aug 19 01:58:12.941293 np0000007727 devstack@g-api.service[103130]: DEBUG glance_store.location [None req-e5783d77-5897-4066-81cd-429757481fb8 tempest-AttachVolumeShelveTestJSON-362663136 tempest-AttachVolumeShelveTestJSON-362663136-project-member] Registering scheme swift+http with {'store': , 'location_class': , 'store_entry': 'swift'} {{(pid=103130) register_scheme_map /opt/stack/data/venv/lib/python3.12/site-packages/glance_store/location.py:146}}
Aug 19 01:58:12.941293 np0000007727 devstack@g-api.service[103130]: DEBUG glance_store.location [None req-e5783d77-5897-4066-81cd-429757481fb8 tempest-AttachVolumeShelveTestJSON-362663136 tempest-AttachVolumeShelveTestJSON-362663136-project-member] Registering scheme swift+config with {'store': , 'location_class': , 'store_entry': 'swift'} {{(pid=103130) register_scheme_map /opt/stack/data/venv/lib/python3.12/site-packages/glance_store/location.py:146}}
Aug 19 01:58:12.941293 np0000007727 devstack@g-api.service[103130]: DEBUG glance_store.backend [None req-e5783d77-5897-4066-81cd-429757481fb8 tempest-AttachVolumeShelveTestJSON-362663136 tempest-AttachVolumeShelveTestJSON-362663136-project-member] Skipping store.set_acls... not implemented. {{(pid=103130) set_acls /opt/stack/data/venv/lib/python3.12/site-packages/glance_store/backend.py:507}}
Aug 19 01:58:12.943307 np0000007727 devstack@g-api.service[103130]: [pid: 103130|app: 0|req: 85/336] 127.0.0.1 () {46 vars in 1154 bytes} [Wed Aug 19 01:58:10 2026] PUT /v2/images/8b69ea88-92b3-43cc-8617-ca40ada19d8f/file => generated 0 bytes in 2399 msecs (HTTP/1.1 204) 4 headers in 171 bytes (1 switches on core 0)
Aug 19 01:58:13.023006 np0000007727 devstack@g-api.service[103131]: DEBUG glance.api.middleware.version_negotiation [None req-05db7c5f-f673-42c1-a269-c06b2f82ffd9 tempest-AttachVolumeMultiAttachTest-1855577264 tempest-AttachVolumeMultiAttachTest-1855577264-project-member] Determining version of request: GET /v2/images/8b69ea88-92b3-43cc-8617-ca40ada19d8f Accept: */* {{(pid=103131) process_request /opt/stack/glance/glance/api/middleware/version_negotiation.py:44}}
Aug 19 01:58:13.023270 np0000007727 devstack@g-api.service[103131]: DEBUG glance.api.middleware.version_negotiation [None req-05db7c5f-f673-42c1-a269-c06b2f82ffd9 tempest-AttachVolumeMultiAttachTest-1855577264 tempest-AttachVolumeMultiAttachTest-1855577264-project-member] Using url versioning {{(pid=103131) process_request /opt/stack/glance/glance/api/middleware/version_negotiation.py:57}}
Aug 19 01:58:13.023466 np0000007727 devstack@g-api.service[103131]: DEBUG glance.api.middleware.version_negotiation [None req-05db7c5f-f673-42c1-a269-c06b2f82ffd9 tempest-AttachVolumeMultiAttachTest-1855577264 tempest-AttachVolumeMultiAttachTest-1855577264-project-member] Matched version: v2 {{(pid=103131) process_request /opt/stack/glance/glance/api/middleware/version_negotiation.py:69}}
Aug 19 01:58:13.023565 np0000007727 devstack@g-api.service[103131]: DEBUG glance.api.middleware.version_negotiation [None req-05db7c5f-f673-42c1-a269-c06b2f82ffd9 tempest-AttachVolumeMultiAttachTest-1855577264 tempest-AttachVolumeMultiAttachTest-1855577264-project-member] new path /v2/images/8b69ea88-92b3-43cc-8617-ca40ada19d8f {{(pid=103131) process_request /opt/stack/glance/glance/api/middleware/version_negotiation.py:70}}
Aug 19 01:58:13.042235 np0000007727 devstack@g-api.service[103131]: [pid: 103131|app: 0|req: 87/337] 127.0.0.1 () {44 vars in 1111 bytes} [Wed Aug 19 01:58:13 2026] GET /v2/images/8b69ea88-92b3-43cc-8617-ca40ada19d8f => generated 1618 bytes in 19 msecs (HTTP/1.1 200) 4 headers in 158 bytes (1 switches on core 0)
Aug 19 01:58:13.136484 np0000007727 devstack@g-api.service[103132]: DEBUG glance.api.middleware.version_negotiation [None req-05db7c5f-f673-42c1-a269-c06b2f82ffd9 tempest-AttachVolumeMultiAttachTest-1855577264 tempest-AttachVolumeMultiAttachTest-1855577264-project-member] Determining version of request: GET /v2/schemas/image Accept: */* {{(pid=103132) process_request /opt/stack/glance/glance/api/middleware/version_negotiation.py:44}}
Aug 19 01:58:13.136674 np0000007727 devstack@g-api.service[103132]: DEBUG glance.api.middleware.version_negotiation [None req-05db7c5f-f673-42c1-a269-c06b2f82ffd9 tempest-AttachVolumeMultiAttachTest-1855577264 tempest-AttachVolumeMultiAttachTest-1855577264-project-member] Using url versioning {{(pid=103132) process_request /opt/stack/glance/glance/api/middleware/version_negotiation.py:57}}
Aug 19 01:58:13.136927 np0000007727 devstack@g-api.service[103132]: DEBUG glance.api.middleware.version_negotiation [None req-05db7c5f-f673-42c1-a269-c06b2f82ffd9 tempest-AttachVolumeMultiAttachTest-1855577264 tempest-AttachVolumeMultiAttachTest-1855577264-project-member] Matched version: v2 {{(pid=103132) process_request /opt/stack/glance/glance/api/middleware/version_negotiation.py:69}}
Aug 19 01:58:13.137099 np0000007727 devstack@g-api.service[103132]: DEBUG glance.api.middleware.version_negotiation [None req-05db7c5f-f673-42c1-a269-c06b2f82ffd9 tempest-AttachVolumeMultiAttachTest-1855577264 tempest-AttachVolumeMultiAttachTest-1855577264-project-member] new path /v2/schemas/image {{(pid=103132) process_request /opt/stack/glance/glance/api/middleware/version_negotiation.py:70}}
Aug 19 01:58:13.145400 np0000007727 devstack@g-api.service[103132]: [pid: 103132|app: 0|req: 85/338] 127.0.0.1 () {44 vars in 1051 bytes} [Wed Aug 19 01:58:13 2026] GET /v2/schemas/image => generated 6083 bytes in 9 msecs (HTTP/1.1 200) 4 headers in 158 bytes (1 switches on core 0)
Aug 19 01:58:13.392286 np0000007727 devstack@g-api.service[103129]: DEBUG glance.api.middleware.version_negotiation [None req-05db7c5f-f673-42c1-a269-c06b2f82ffd9 tempest-AttachVolumeMultiAttachTest-1855577264 tempest-AttachVolumeMultiAttachTest-1855577264-project-member] Determining version of request: GET /versions Accept: */* {{(pid=103129) process_request /opt/stack/glance/glance/api/middleware/version_negotiation.py:44}}
Aug 19 01:58:13.394005 np0000007727 devstack@g-api.service[103129]: [pid: 103129|app: 0|req: 82/339] 127.0.0.1 () {44 vars in 1035 bytes} [Wed Aug 19 01:58:13 2026] GET /versions => generated 1501 bytes in 1 msecs (HTTP/1.1 200) 3 headers in 92 bytes (1 switches on core 0)
