Aug 19 01:51:42.399335 np0000007727 nova-scheduler[96781]: INFO dbcounter [None req-270b8ddf-f9db-4628-86f8-5713869c44aa None None] Registered counter for database nova_cell0
Aug 19 01:51:42.399366 np0000007727 nova-scheduler[96812]: DEBUG cotyledon.oslo_config_glue [-] workarounds.never_download_image_if_on_rbd = False {{(pid=96812) log_opt_values /opt/stack/data/venv/lib/python3.12/site-packages/oslo_config/cfg.py:3560}}
Aug 19 01:51:42.399366 np0000007727 nova-scheduler[96812]: DEBUG cotyledon.oslo_config_glue [-] workarounds.qemu_monitor_announce_self_count = 3 {{(pid=96812) log_opt_values /opt/stack/data/venv/lib/python3.12/site-packages/oslo_config/cfg.py:3560}}
Aug 19 01:51:42.399366 np0000007727 nova-scheduler[96812]: DEBUG cotyledon.oslo_config_glue [-] workarounds.qemu_monitor_announce_self_interval = 1 {{(pid=96812) log_opt_values /opt/stack/data/venv/lib/python3.12/site-packages/oslo_config/cfg.py:3560}}
Aug 19 01:51:42.399366 np0000007727 nova-scheduler[96812]: DEBUG cotyledon.oslo_config_glue [-] workarounds.reserve_disk_resource_for_image_cache = False {{(pid=96812) log_opt_values /opt/stack/data/venv/lib/python3.12/site-packages/oslo_config/cfg.py:3560}}
Aug 19 01:51:42.399366 np0000007727 nova-scheduler[96812]: DEBUG cotyledon.oslo_config_glue [-] workarounds.skip_cpu_compare_at_startup = False {{(pid=96812) log_opt_values /opt/stack/data/venv/lib/python3.12/site-packages/oslo_config/cfg.py:3560}}
Aug 19 01:51:42.399366 np0000007727 nova-scheduler[96812]: DEBUG cotyledon.oslo_config_glue [-] workarounds.skip_cpu_compare_on_dest = False {{(pid=96812) log_opt_values /opt/stack/data/venv/lib/python3.12/site-packages/oslo_config/cfg.py:3560}}
Aug 19 01:51:42.399366 np0000007727 nova-scheduler[96812]: DEBUG cotyledon.oslo_config_glue [-] workarounds.skip_hypervisor_version_check_on_lm = False {{(pid=96812) log_opt_values /opt/stack/data/venv/lib/python3.12/site-packages/oslo_config/cfg.py:3560}}
Aug 19 01:51:42.399366 np0000007727 nova-scheduler[96812]: DEBUG cotyledon.oslo_config_glue [-] workarounds.skip_reserve_in_use_ironic_nodes = False {{(pid=96812) log_opt_values /opt/stack/data/venv/lib/python3.12/site-packages/oslo_config/cfg.py:3560}}
Aug 19 01:51:42.399366 np0000007727 nova-scheduler[96812]: DEBUG cotyledon.oslo_config_glue [-] workarounds.unified_limits_count_pcpu_as_vcpu = False {{(pid=96812) log_opt_values /opt/stack/data/venv/lib/python3.12/site-packages/oslo_config/cfg.py:3560}}
Aug 19 01:51:42.399594 np0000007727 nova-scheduler[96812]: DEBUG cotyledon.oslo_config_glue [-] workarounds.wait_for_vif_plugged_event_during_hard_reboot = [] {{(pid=96812) log_opt_values /opt/stack/data/venv/lib/python3.12/site-packages/oslo_config/cfg.py:3560}}
Aug 19 01:51:42.399594 np0000007727 nova-scheduler[96812]: DEBUG cotyledon.oslo_config_glue [-] wsgi.api_paste_config = /etc/nova/api-paste.ini {{(pid=96812) log_opt_values /opt/stack/data/venv/lib/python3.12/site-packages/oslo_config/cfg.py:3560}}
Aug 19 01:51:42.399594 np0000007727 nova-scheduler[96812]: DEBUG cotyledon.oslo_config_glue [-] wsgi.secure_proxy_ssl_header = None {{(pid=96812) log_opt_values /opt/stack/data/venv/lib/python3.12/site-packages/oslo_config/cfg.py:3560}}
Aug 19 01:51:42.399594 np0000007727 nova-scheduler[96812]: DEBUG cotyledon.oslo_config_glue [-] zvm.ca_file = None {{(pid=96812) log_opt_values /opt/stack/data/venv/lib/python3.12/site-packages/oslo_config/cfg.py:3560}}
Aug 19 01:51:42.399594 np0000007727 nova-scheduler[96812]: DEBUG cotyledon.oslo_config_glue [-] zvm.cloud_connector_url = None {{(pid=96812) log_opt_values /opt/stack/data/venv/lib/python3.12/site-packages/oslo_config/cfg.py:3560}}
Aug 19 01:51:42.399594 np0000007727 nova-scheduler[96812]: DEBUG cotyledon.oslo_config_glue [-] zvm.image_tmp_path = /opt/stack/data/nova/images {{(pid=96812) log_opt_values /opt/stack/data/venv/lib/python3.12/site-packages/oslo_config/cfg.py:3560}}
Aug 19 01:51:42.399594 np0000007727 nova-scheduler[96812]: DEBUG cotyledon.oslo_config_glue [-] zvm.reachable_timeout = 300 {{(pid=96812) log_opt_values /opt/stack/data/venv/lib/python3.12/site-packages/oslo_config/cfg.py:3560}}
Aug 19 01:51:42.399594 np0000007727 nova-scheduler[96812]: DEBUG cotyledon.oslo_config_glue [-] oslo_versionedobjects.fatal_exception_format_errors = False {{(pid=96812) log_opt_values /opt/stack/data/venv/lib/python3.12/site-packages/oslo_config/cfg.py:3560}}
Aug 19 01:51:42.399594 np0000007727 nova-scheduler[96812]: DEBUG cotyledon.oslo_config_glue [-] oslo_middleware.http_basic_auth_user_file = /etc/htpasswd {{(pid=96812) log_opt_values /opt/stack/data/venv/lib/python3.12/site-packages/oslo_config/cfg.py:3560}}
Aug 19 01:51:42.399801 np0000007727 nova-scheduler[96812]: DEBUG cotyledon.oslo_config_glue [-] oslo_messaging_metrics.metrics_buffer_size = 1000 {{(pid=96812) log_opt_values /opt/stack/data/venv/lib/python3.12/site-packages/oslo_config/cfg.py:3560}}
Aug 19 01:51:42.399801 np0000007727 nova-scheduler[96812]: DEBUG cotyledon.oslo_config_glue [-] oslo_messaging_metrics.metrics_enabled = False {{(pid=96812) log_opt_values /opt/stack/data/venv/lib/python3.12/site-packages/oslo_config/cfg.py:3560}}
Aug 19 01:51:42.399801 np0000007727 nova-scheduler[96812]: DEBUG cotyledon.oslo_config_glue [-] oslo_messaging_metrics.metrics_process_name = {{(pid=96812) log_opt_values /opt/stack/data/venv/lib/python3.12/site-packages/oslo_config/cfg.py:3560}}
Aug 19 01:51:42.399801 np0000007727 nova-scheduler[96812]: DEBUG cotyledon.oslo_config_glue [-] oslo_messaging_metrics.metrics_socket_file = /var/tmp/metrics_collector.sock {{(pid=96812) log_opt_values /opt/stack/data/venv/lib/python3.12/site-packages/oslo_config/cfg.py:3560}}
Aug 19 01:51:42.399801 np0000007727 nova-scheduler[96812]: DEBUG cotyledon.oslo_config_glue [-] oslo_messaging_metrics.metrics_thread_stop_timeout = 10 {{(pid=96812) log_opt_values /opt/stack/data/venv/lib/python3.12/site-packages/oslo_config/cfg.py:3560}}
Aug 19 01:51:42.399801 np0000007727 nova-scheduler[96812]: DEBUG cotyledon.oslo_config_glue [-] profiler.connection_string = messaging:// {{(pid=96812) log_opt_values /opt/stack/data/venv/lib/python3.12/site-packages/oslo_config/cfg.py:3560}}
Aug 19 01:51:42.399801 np0000007727 nova-scheduler[96812]: DEBUG cotyledon.oslo_config_glue [-] profiler.enabled = False {{(pid=96812) log_opt_values /opt/stack/data/venv/lib/python3.12/site-packages/oslo_config/cfg.py:3560}}
Aug 19 01:51:42.399801 np0000007727 nova-scheduler[96812]: DEBUG cotyledon.oslo_config_glue [-] profiler.es_doc_type = notification {{(pid=96812) log_opt_values /opt/stack/data/venv/lib/python3.12/site-packages/oslo_config/cfg.py:3560}}
Aug 19 01:51:42.399801 np0000007727 nova-scheduler[96812]: DEBUG cotyledon.oslo_config_glue [-] profiler.es_scroll_size = 10000 {{(pid=96812) log_opt_values /opt/stack/data/venv/lib/python3.12/site-packages/oslo_config/cfg.py:3560}}
Aug 19 01:51:42.400017 np0000007727 nova-scheduler[96812]: DEBUG cotyledon.oslo_config_glue [-] profiler.es_scroll_time = 2m {{(pid=96812) log_opt_values /opt/stack/data/venv/lib/python3.12/site-packages/oslo_config/cfg.py:3560}}
Aug 19 01:51:42.400017 np0000007727 nova-scheduler[96812]: DEBUG cotyledon.oslo_config_glue [-] profiler.filter_error_trace = False {{(pid=96812) log_opt_values /opt/stack/data/venv/lib/python3.12/site-packages/oslo_config/cfg.py:3560}}
Aug 19 01:51:42.400017 np0000007727 nova-scheduler[96812]: DEBUG cotyledon.oslo_config_glue [-] profiler.hmac_keys = **** {{(pid=96812) log_opt_values /opt/stack/data/venv/lib/python3.12/site-packages/oslo_config/cfg.py:3560}}
Aug 19 01:51:42.400017 np0000007727 nova-scheduler[96812]: DEBUG cotyledon.oslo_config_glue [-] profiler.sentinel_service_name = mymaster {{(pid=96812) log_opt_values /opt/stack/data/venv/lib/python3.12/site-packages/oslo_config/cfg.py:3560}}
Aug 19 01:51:42.400017 np0000007727 nova-scheduler[96812]: DEBUG cotyledon.oslo_config_glue [-] profiler.socket_timeout = 0.1 {{(pid=96812) log_opt_values /opt/stack/data/venv/lib/python3.12/site-packages/oslo_config/cfg.py:3560}}
Aug 19 01:51:42.400017 np0000007727 nova-scheduler[96812]: DEBUG cotyledon.oslo_config_glue [-] profiler.trace_requests = False {{(pid=96812) log_opt_values /opt/stack/data/venv/lib/python3.12/site-packages/oslo_config/cfg.py:3560}}
Aug 19 01:51:42.400017 np0000007727 nova-scheduler[96812]: DEBUG cotyledon.oslo_config_glue [-] profiler.trace_sqlalchemy = False {{(pid=96812) log_opt_values /opt/stack/data/venv/lib/python3.12/site-packages/oslo_config/cfg.py:3560}}
Aug 19 01:51:42.400017 np0000007727 nova-scheduler[96812]: DEBUG cotyledon.oslo_config_glue [-] profiler_jaeger.process_tags = {} {{(pid=96812) log_opt_values /opt/stack/data/venv/lib/python3.12/site-packages/oslo_config/cfg.py:3560}}
Aug 19 01:51:42.400017 np0000007727 nova-scheduler[96812]: DEBUG cotyledon.oslo_config_glue [-] profiler_jaeger.service_name_prefix = None {{(pid=96812) log_opt_values /opt/stack/data/venv/lib/python3.12/site-packages/oslo_config/cfg.py:3560}}
Aug 19 01:51:42.400228 np0000007727 nova-scheduler[96812]: DEBUG cotyledon.oslo_config_glue [-] profiler_otlp.service_name_prefix = None {{(pid=96812) log_opt_values /opt/stack/data/venv/lib/python3.12/site-packages/oslo_config/cfg.py:3560}}
Aug 19 01:51:42.400228 np0000007727 nova-scheduler[96812]: DEBUG cotyledon.oslo_config_glue [-] oslo_messaging_rabbit.amqp_auto_delete = False {{(pid=96812) log_opt_values /opt/stack/data/venv/lib/python3.12/site-packages/oslo_config/cfg.py:3560}}
Aug 19 01:51:42.400228 np0000007727 nova-scheduler[96812]: DEBUG cotyledon.oslo_config_glue [-] oslo_messaging_rabbit.amqp_durable_queues = False {{(pid=96812) log_opt_values /opt/stack/data/venv/lib/python3.12/site-packages/oslo_config/cfg.py:3560}}
Aug 19 01:51:42.400228 np0000007727 nova-scheduler[96812]: DEBUG cotyledon.oslo_config_glue [-] oslo_messaging_rabbit.conn_pool_min_size = 2 {{(pid=96812) log_opt_values /opt/stack/data/venv/lib/python3.12/site-packages/oslo_config/cfg.py:3560}}
Aug 19 01:51:42.400228 np0000007727 nova-scheduler[96812]: DEBUG cotyledon.oslo_config_glue [-] oslo_messaging_rabbit.conn_pool_ttl = 1200 {{(pid=96812) log_opt_values /opt/stack/data/venv/lib/python3.12/site-packages/oslo_config/cfg.py:3560}}
Aug 19 01:51:42.400228 np0000007727 nova-scheduler[96812]: DEBUG cotyledon.oslo_config_glue [-] oslo_messaging_rabbit.direct_mandatory_flag = True {{(pid=96812) log_opt_values /opt/stack/data/venv/lib/python3.12/site-packages/oslo_config/cfg.py:3560}}
Aug 19 01:51:42.400228 np0000007727 nova-scheduler[96812]: DEBUG cotyledon.oslo_config_glue [-] oslo_messaging_rabbit.enable_cancel_on_failover = False {{(pid=96812) log_opt_values /opt/stack/data/venv/lib/python3.12/site-packages/oslo_config/cfg.py:3560}}
Aug 19 01:51:42.400228 np0000007727 nova-scheduler[96812]: DEBUG cotyledon.oslo_config_glue [-] oslo_messaging_rabbit.heartbeat_rate = 3 {{(pid=96812) log_opt_values /opt/stack/data/venv/lib/python3.12/site-packages/oslo_config/cfg.py:3560}}
Aug 19 01:51:42.400228 np0000007727 nova-scheduler[96812]: DEBUG cotyledon.oslo_config_glue [-] oslo_messaging_rabbit.heartbeat_timeout_threshold = 60 {{(pid=96812) log_opt_values /opt/stack/data/venv/lib/python3.12/site-packages/oslo_config/cfg.py:3560}}
Aug 19 01:51:42.400410 np0000007727 nova-scheduler[96812]: DEBUG cotyledon.oslo_config_glue [-] oslo_messaging_rabbit.hostname = np0000007727 {{(pid=96812) log_opt_values /opt/stack/data/venv/lib/python3.12/site-packages/oslo_config/cfg.py:3560}}
Aug 19 01:51:42.400410 np0000007727 nova-scheduler[96812]: DEBUG cotyledon.oslo_config_glue [-] oslo_messaging_rabbit.kombu_compression = None {{(pid=96812) log_opt_values /opt/stack/data/venv/lib/python3.12/site-packages/oslo_config/cfg.py:3560}}
Aug 19 01:51:42.400410 np0000007727 nova-scheduler[96812]: DEBUG cotyledon.oslo_config_glue [-] oslo_messaging_rabbit.kombu_failover_strategy = round-robin {{(pid=96812) log_opt_values /opt/stack/data/venv/lib/python3.12/site-packages/oslo_config/cfg.py:3560}}
Aug 19 01:51:42.400410 np0000007727 nova-scheduler[96812]: DEBUG cotyledon.oslo_config_glue [-] oslo_messaging_rabbit.kombu_missing_consumer_retry_timeout = 60 {{(pid=96812) log_opt_values /opt/stack/data/venv/lib/python3.12/site-packages/oslo_config/cfg.py:3560}}
Aug 19 01:51:42.400410 np0000007727 nova-scheduler[96812]: DEBUG cotyledon.oslo_config_glue [-] oslo_messaging_rabbit.kombu_reconnect_delay = 1.0 {{(pid=96812) log_opt_values /opt/stack/data/venv/lib/python3.12/site-packages/oslo_config/cfg.py:3560}}
Aug 19 01:51:42.400410 np0000007727 nova-scheduler[96812]: DEBUG cotyledon.oslo_config_glue [-] oslo_messaging_rabbit.kombu_reconnect_splay = 0.0 {{(pid=96812) log_opt_values /opt/stack/data/venv/lib/python3.12/site-packages/oslo_config/cfg.py:3560}}
Aug 19 01:51:42.400410 np0000007727 nova-scheduler[96812]: DEBUG cotyledon.oslo_config_glue [-] oslo_messaging_rabbit.processname = nova-scheduler {{(pid=96812) log_opt_values /opt/stack/data/venv/lib/python3.12/site-packages/oslo_config/cfg.py:3560}}
Aug 19 01:51:42.400410 np0000007727 nova-scheduler[96812]: DEBUG cotyledon.oslo_config_glue [-] oslo_messaging_rabbit.rabbit_ha_queues = False {{(pid=96812) log_opt_values /opt/stack/data/venv/lib/python3.12/site-packages/oslo_config/cfg.py:3560}}
Aug 19 01:51:42.400410 np0000007727 nova-scheduler[96812]: DEBUG cotyledon.oslo_config_glue [-] oslo_messaging_rabbit.rabbit_interval_max = 30 {{(pid=96812) log_opt_values /opt/stack/data/venv/lib/python3.12/site-packages/oslo_config/cfg.py:3560}}
Aug 19 01:51:42.400590 np0000007727 nova-scheduler[96812]: DEBUG cotyledon.oslo_config_glue [-] oslo_messaging_rabbit.rabbit_login_method = AMQPLAIN {{(pid=96812) log_opt_values /opt/stack/data/venv/lib/python3.12/site-packages/oslo_config/cfg.py:3560}}
Aug 19 01:51:42.400590 np0000007727 nova-scheduler[96812]: DEBUG cotyledon.oslo_config_glue [-] oslo_messaging_rabbit.rabbit_qos_prefetch_count = 0 {{(pid=96812) log_opt_values /opt/stack/data/venv/lib/python3.12/site-packages/oslo_config/cfg.py:3560}}
Aug 19 01:51:42.400590 np0000007727 nova-scheduler[96812]: DEBUG cotyledon.oslo_config_glue [-] oslo_messaging_rabbit.rabbit_quorum_delivery_limit = 0 {{(pid=96812) log_opt_values /opt/stack/data/venv/lib/python3.12/site-packages/oslo_config/cfg.py:3560}}
Aug 19 01:51:42.400590 np0000007727 nova-scheduler[96812]: DEBUG cotyledon.oslo_config_glue [-] oslo_messaging_rabbit.rabbit_quorum_max_memory_bytes = 0 {{(pid=96812) log_opt_values /opt/stack/data/venv/lib/python3.12/site-packages/oslo_config/cfg.py:3560}}
Aug 19 01:51:42.400590 np0000007727 nova-scheduler[96812]: DEBUG cotyledon.oslo_config_glue [-] oslo_messaging_rabbit.rabbit_quorum_max_memory_length = 0 {{(pid=96812) log_opt_values /opt/stack/data/venv/lib/python3.12/site-packages/oslo_config/cfg.py:3560}}
Aug 19 01:51:42.400590 np0000007727 nova-scheduler[96812]: DEBUG cotyledon.oslo_config_glue [-] oslo_messaging_rabbit.rabbit_quorum_queue = False {{(pid=96812) log_opt_values /opt/stack/data/venv/lib/python3.12/site-packages/oslo_config/cfg.py:3560}}
Aug 19 01:51:42.400590 np0000007727 nova-scheduler[96812]: DEBUG cotyledon.oslo_config_glue [-] oslo_messaging_rabbit.rabbit_retry_backoff = 2 {{(pid=96812) log_opt_values /opt/stack/data/venv/lib/python3.12/site-packages/oslo_config/cfg.py:3560}}
Aug 19 01:51:42.400590 np0000007727 nova-scheduler[96812]: DEBUG cotyledon.oslo_config_glue [-] oslo_messaging_rabbit.rabbit_retry_interval = 1 {{(pid=96812) log_opt_values /opt/stack/data/venv/lib/python3.12/site-packages/oslo_config/cfg.py:3560}}
Aug 19 01:51:42.400590 np0000007727 nova-scheduler[96812]: DEBUG cotyledon.oslo_config_glue [-] oslo_messaging_rabbit.rabbit_stream_fanout = False {{(pid=96812) log_opt_values /opt/stack/data/venv/lib/python3.12/site-packages/oslo_config/cfg.py:3560}}
Aug 19 01:51:42.400818 np0000007727 nova-scheduler[96812]: DEBUG cotyledon.oslo_config_glue [-] oslo_messaging_rabbit.rabbit_transient_queues_ttl = 1800 {{(pid=96812) log_opt_values /opt/stack/data/venv/lib/python3.12/site-packages/oslo_config/cfg.py:3560}}
Aug 19 01:51:42.400818 np0000007727 nova-scheduler[96812]: DEBUG cotyledon.oslo_config_glue [-] oslo_messaging_rabbit.rabbit_transient_quorum_queue = False {{(pid=96812) log_opt_values /opt/stack/data/venv/lib/python3.12/site-packages/oslo_config/cfg.py:3560}}
Aug 19 01:51:42.400818 np0000007727 nova-scheduler[96812]: DEBUG cotyledon.oslo_config_glue [-] oslo_messaging_rabbit.rpc_conn_pool_size = 30 {{(pid=96812) log_opt_values /opt/stack/data/venv/lib/python3.12/site-packages/oslo_config/cfg.py:3560}}
Aug 19 01:51:42.400818 np0000007727 nova-scheduler[96812]: DEBUG cotyledon.oslo_config_glue [-] oslo_messaging_rabbit.ssl = False {{(pid=96812) log_opt_values /opt/stack/data/venv/lib/python3.12/site-packages/oslo_config/cfg.py:3560}}
Aug 19 01:51:42.400818 np0000007727 nova-scheduler[96812]: DEBUG cotyledon.oslo_config_glue [-] oslo_messaging_rabbit.ssl_ca_file = {{(pid=96812) log_opt_values /opt/stack/data/venv/lib/python3.12/site-packages/oslo_config/cfg.py:3560}}
Aug 19 01:51:42.400818 np0000007727 nova-scheduler[96812]: DEBUG cotyledon.oslo_config_glue [-] oslo_messaging_rabbit.ssl_cert_file = {{(pid=96812) log_opt_values /opt/stack/data/venv/lib/python3.12/site-packages/oslo_config/cfg.py:3560}}
Aug 19 01:51:42.400818 np0000007727 nova-scheduler[96812]: DEBUG cotyledon.oslo_config_glue [-] oslo_messaging_rabbit.ssl_enforce_fips_mode = False {{(pid=96812) log_opt_values /opt/stack/data/venv/lib/python3.12/site-packages/oslo_config/cfg.py:3560}}
Aug 19 01:51:42.400818 np0000007727 nova-scheduler[96812]: DEBUG cotyledon.oslo_config_glue [-] oslo_messaging_rabbit.ssl_enforce_hostname_verification = True {{(pid=96812) log_opt_values /opt/stack/data/venv/lib/python3.12/site-packages/oslo_config/cfg.py:3560}}
Aug 19 01:51:42.400818 np0000007727 nova-scheduler[96812]: DEBUG cotyledon.oslo_config_glue [-] oslo_messaging_rabbit.ssl_key_file = {{(pid=96812) log_opt_values /opt/stack/data/venv/lib/python3.12/site-packages/oslo_config/cfg.py:3560}}
Aug 19 01:51:42.401004 np0000007727 nova-scheduler[96812]: DEBUG cotyledon.oslo_config_glue [-] oslo_messaging_rabbit.ssl_version = {{(pid=96812) log_opt_values /opt/stack/data/venv/lib/python3.12/site-packages/oslo_config/cfg.py:3560}}
Aug 19 01:51:42.401004 np0000007727 nova-scheduler[96812]: DEBUG cotyledon.oslo_config_glue [-] oslo_messaging_rabbit.use_queue_manager = False {{(pid=96812) log_opt_values /opt/stack/data/venv/lib/python3.12/site-packages/oslo_config/cfg.py:3560}}
Aug 19 01:51:42.401004 np0000007727 nova-scheduler[96812]: DEBUG cotyledon.oslo_config_glue [-] oslo_messaging_notifications.driver = ['messagingv2'] {{(pid=96812) log_opt_values /opt/stack/data/venv/lib/python3.12/site-packages/oslo_config/cfg.py:3560}}
Aug 19 01:51:42.401004 np0000007727 nova-scheduler[96812]: DEBUG cotyledon.oslo_config_glue [-] oslo_messaging_notifications.retry = -1 {{(pid=96812) log_opt_values /opt/stack/data/venv/lib/python3.12/site-packages/oslo_config/cfg.py:3560}}
Aug 19 01:51:42.401004 np0000007727 nova-scheduler[96812]: DEBUG cotyledon.oslo_config_glue [-] oslo_messaging_notifications.topics = ['notifications'] {{(pid=96812) log_opt_values /opt/stack/data/venv/lib/python3.12/site-packages/oslo_config/cfg.py:3560}}
Aug 19 01:51:42.401004 np0000007727 nova-scheduler[96812]: DEBUG cotyledon.oslo_config_glue [-] oslo_messaging_notifications.transport_url = **** {{(pid=96812) log_opt_values /opt/stack/data/venv/lib/python3.12/site-packages/oslo_config/cfg.py:3560}}
Aug 19 01:51:42.401004 np0000007727 nova-scheduler[96812]: DEBUG cotyledon.oslo_config_glue [-] oslo_limit.auth_section = None {{(pid=96812) log_opt_values /opt/stack/data/venv/lib/python3.12/site-packages/oslo_config/cfg.py:3560}}
Aug 19 01:51:42.401004 np0000007727 nova-scheduler[96812]: DEBUG cotyledon.oslo_config_glue [-] oslo_limit.auth_type = None {{(pid=96812) log_opt_values /opt/stack/data/venv/lib/python3.12/site-packages/oslo_config/cfg.py:3560}}
Aug 19 01:51:42.401004 np0000007727 nova-scheduler[96812]: DEBUG cotyledon.oslo_config_glue [-] oslo_limit.cafile = None {{(pid=96812) log_opt_values /opt/stack/data/venv/lib/python3.12/site-packages/oslo_config/cfg.py:3560}}
Aug 19 01:51:42.401176 np0000007727 nova-scheduler[96812]: DEBUG cotyledon.oslo_config_glue [-] oslo_limit.certfile = None {{(pid=96812) log_opt_values /opt/stack/data/venv/lib/python3.12/site-packages/oslo_config/cfg.py:3560}}
Aug 19 01:51:42.401176 np0000007727 nova-scheduler[96812]: DEBUG cotyledon.oslo_config_glue [-] oslo_limit.collect_timing = False {{(pid=96812) log_opt_values /opt/stack/data/venv/lib/python3.12/site-packages/oslo_config/cfg.py:3560}}
Aug 19 01:51:42.401176 np0000007727 nova-scheduler[96812]: DEBUG cotyledon.oslo_config_glue [-] oslo_limit.connect_retries = None {{(pid=96812) log_opt_values /opt/stack/data/venv/lib/python3.12/site-packages/oslo_config/cfg.py:3560}}
Aug 19 01:51:42.401176 np0000007727 nova-scheduler[96812]: DEBUG cotyledon.oslo_config_glue [-] oslo_limit.connect_retry_delay = None {{(pid=96812) log_opt_values /opt/stack/data/venv/lib/python3.12/site-packages/oslo_config/cfg.py:3560}}
Aug 19 01:51:42.401176 np0000007727 nova-scheduler[96812]: DEBUG cotyledon.oslo_config_glue [-] oslo_limit.endpoint_id = None {{(pid=96812) log_opt_values /opt/stack/data/venv/lib/python3.12/site-packages/oslo_config/cfg.py:3560}}
Aug 19 01:51:42.401176 np0000007727 nova-scheduler[96812]: DEBUG cotyledon.oslo_config_glue [-] oslo_limit.endpoint_interface = public {{(pid=96812) log_opt_values /opt/stack/data/venv/lib/python3.12/site-packages/oslo_config/cfg.py:3560}}
Aug 19 01:51:42.401176 np0000007727 nova-scheduler[96812]: DEBUG cotyledon.oslo_config_glue [-] oslo_limit.endpoint_override = None {{(pid=96812) log_opt_values /opt/stack/data/venv/lib/python3.12/site-packages/oslo_config/cfg.py:3560}}
Aug 19 01:51:42.401176 np0000007727 nova-scheduler[96812]: DEBUG cotyledon.oslo_config_glue [-] oslo_limit.endpoint_region_name = None {{(pid=96812) log_opt_values /opt/stack/data/venv/lib/python3.12/site-packages/oslo_config/cfg.py:3560}}
Aug 19 01:51:42.401176 np0000007727 nova-scheduler[96812]: DEBUG cotyledon.oslo_config_glue [-] oslo_limit.endpoint_service_name = None {{(pid=96812) log_opt_values /opt/stack/data/venv/lib/python3.12/site-packages/oslo_config/cfg.py:3560}}
Aug 19 01:51:42.401401 np0000007727 nova-scheduler[96812]: DEBUG cotyledon.oslo_config_glue [-] oslo_limit.endpoint_service_type = None {{(pid=96812) log_opt_values /opt/stack/data/venv/lib/python3.12/site-packages/oslo_config/cfg.py:3560}}
Aug 19 01:51:42.401401 np0000007727 nova-scheduler[96812]: DEBUG cotyledon.oslo_config_glue [-] oslo_limit.insecure = False {{(pid=96812) log_opt_values /opt/stack/data/venv/lib/python3.12/site-packages/oslo_config/cfg.py:3560}}
Aug 19 01:51:42.401401 np0000007727 nova-scheduler[96812]: DEBUG cotyledon.oslo_config_glue [-] oslo_limit.keyfile = None {{(pid=96812) log_opt_values /opt/stack/data/venv/lib/python3.12/site-packages/oslo_config/cfg.py:3560}}
Aug 19 01:51:42.401401 np0000007727 nova-scheduler[96812]: DEBUG cotyledon.oslo_config_glue [-] oslo_limit.max_version = None {{(pid=96812) log_opt_values /opt/stack/data/venv/lib/python3.12/site-packages/oslo_config/cfg.py:3560}}
Aug 19 01:51:42.401401 np0000007727 nova-scheduler[96812]: DEBUG cotyledon.oslo_config_glue [-] oslo_limit.min_version = None {{(pid=96812) log_opt_values /opt/stack/data/venv/lib/python3.12/site-packages/oslo_config/cfg.py:3560}}
Aug 19 01:51:42.401401 np0000007727 nova-scheduler[96812]: DEBUG cotyledon.oslo_config_glue [-] oslo_limit.region_name = None {{(pid=96812) log_opt_values /opt/stack/data/venv/lib/python3.12/site-packages/oslo_config/cfg.py:3560}}
Aug 19 01:51:42.401401 np0000007727 nova-scheduler[96812]: DEBUG cotyledon.oslo_config_glue [-] oslo_limit.retriable_status_codes = None {{(pid=96812) log_opt_values /opt/stack/data/venv/lib/python3.12/site-packages/oslo_config/cfg.py:3560}}
Aug 19 01:51:42.401401 np0000007727 nova-scheduler[96812]: DEBUG cotyledon.oslo_config_glue [-] oslo_limit.service_name = None {{(pid=96812) log_opt_values /opt/stack/data/venv/lib/python3.12/site-packages/oslo_config/cfg.py:3560}}
Aug 19 01:51:42.401401 np0000007727 nova-scheduler[96812]: DEBUG cotyledon.oslo_config_glue [-] oslo_limit.service_type = None {{(pid=96812) log_opt_values /opt/stack/data/venv/lib/python3.12/site-packages/oslo_config/cfg.py:3560}}
Aug 19 01:51:42.401584 np0000007727 nova-scheduler[96812]: DEBUG cotyledon.oslo_config_glue [-] oslo_limit.split_loggers = False {{(pid=96812) log_opt_values /opt/stack/data/venv/lib/python3.12/site-packages/oslo_config/cfg.py:3560}}
Aug 19 01:51:42.401584 np0000007727 nova-scheduler[96812]: DEBUG cotyledon.oslo_config_glue [-] oslo_limit.status_code_retries = None {{(pid=96812) log_opt_values /opt/stack/data/venv/lib/python3.12/site-packages/oslo_config/cfg.py:3560}}
Aug 19 01:51:42.401584 np0000007727 nova-scheduler[96812]: DEBUG cotyledon.oslo_config_glue [-] oslo_limit.status_code_retry_delay = None {{(pid=96812) log_opt_values /opt/stack/data/venv/lib/python3.12/site-packages/oslo_config/cfg.py:3560}}
Aug 19 01:51:42.401584 np0000007727 nova-scheduler[96812]: DEBUG cotyledon.oslo_config_glue [-] oslo_limit.timeout = None {{(pid=96812) log_opt_values /opt/stack/data/venv/lib/python3.12/site-packages/oslo_config/cfg.py:3560}}
Aug 19 01:51:42.401584 np0000007727 nova-scheduler[96812]: DEBUG cotyledon.oslo_config_glue [-] oslo_limit.valid_interfaces = None {{(pid=96812) log_opt_values /opt/stack/data/venv/lib/python3.12/site-packages/oslo_config/cfg.py:3560}}
Aug 19 01:51:42.401584 np0000007727 nova-scheduler[96812]: DEBUG cotyledon.oslo_config_glue [-] oslo_limit.version = None {{(pid=96812) log_opt_values /opt/stack/data/venv/lib/python3.12/site-packages/oslo_config/cfg.py:3560}}
Aug 19 01:51:42.401584 np0000007727 nova-scheduler[96812]: DEBUG cotyledon.oslo_config_glue [-] oslo_reports.file_event_handler = None {{(pid=96812) log_opt_values /opt/stack/data/venv/lib/python3.12/site-packages/oslo_config/cfg.py:3560}}
Aug 19 01:51:42.401584 np0000007727 nova-scheduler[96812]: DEBUG cotyledon.oslo_config_glue [-] oslo_reports.file_event_handler_interval = 1 {{(pid=96812) log_opt_values /opt/stack/data/venv/lib/python3.12/site-packages/oslo_config/cfg.py:3560}}
Aug 19 01:51:42.401584 np0000007727 nova-scheduler[96812]: DEBUG cotyledon.oslo_config_glue [-] oslo_reports.log_dir = None {{(pid=96812) log_opt_values /opt/stack/data/venv/lib/python3.12/site-packages/oslo_config/cfg.py:3560}}
Aug 19 01:51:42.401794 np0000007727 nova-scheduler[96812]: DEBUG cotyledon.oslo_config_glue [-] ******************************************************************************** {{(pid=96812) log_opt_values /opt/stack/data/venv/lib/python3.12/site-packages/oslo_config/cfg.py:3567}}
Aug 19 01:51:42.401794 np0000007727 nova-scheduler[96812]: DEBUG cotyledon._service_worker [-] Run service ServiceWrapper(3) [96812] {{(pid=96812) wait_forever /opt/stack/data/venv/lib/python3.12/site-packages/cotyledon/_service_worker.py:218}}
Aug 19 01:51:42.401794 np0000007727 nova-scheduler[96812]: INFO nova.service [-] Starting scheduler node (version 33.1.0)
Aug 19 01:51:42.401794 np0000007727 nova-scheduler[96812]: INFO dbcounter [None req-b1ea198a-547a-489d-9c41-46e99e6b2793 None None] Registered counter for database nova_cell0
Aug 19 01:51:42.401886 np0000007727 nova-scheduler[96786]: DEBUG oslo_db.sqlalchemy.engines [None req-d7c2b65a-2a20-40fa-b9ad-f09ca861103a None None] MySQL server mode set to STRICT_TRANS_TABLES,STRICT_ALL_TABLES,NO_ZERO_IN_DATE,NO_ZERO_DATE,ERROR_FOR_DIVISION_BY_ZERO,TRADITIONAL,NO_ENGINE_SUBSTITUTION {{(pid=96786) _check_effective_sql_mode /opt/stack/data/venv/lib/python3.12/site-packages/oslo_db/sqlalchemy/engines.py:325}}
Aug 19 01:51:42.402492 np0000007727 nova-scheduler[96779]: DEBUG oslo_db.sqlalchemy.engines [None req-4adad4d5-384d-40fd-8880-3c3ed1b1aa6e None None] MySQL server mode set to STRICT_TRANS_TABLES,STRICT_ALL_TABLES,NO_ZERO_IN_DATE,NO_ZERO_DATE,ERROR_FOR_DIVISION_BY_ZERO,TRADITIONAL,NO_ENGINE_SUBSTITUTION {{(pid=96779) _check_effective_sql_mode /opt/stack/data/venv/lib/python3.12/site-packages/oslo_db/sqlalchemy/engines.py:325}}
Aug 19 01:51:42.406479 np0000007727 nova-scheduler[96812]: DEBUG oslo_db.sqlalchemy.engines [None req-b1ea198a-547a-489d-9c41-46e99e6b2793 None None] MySQL server mode set to STRICT_TRANS_TABLES,STRICT_ALL_TABLES,NO_ZERO_IN_DATE,NO_ZERO_DATE,ERROR_FOR_DIVISION_BY_ZERO,TRADITIONAL,NO_ENGINE_SUBSTITUTION {{(pid=96812) _check_effective_sql_mode /opt/stack/data/venv/lib/python3.12/site-packages/oslo_db/sqlalchemy/engines.py:325}}
Aug 19 01:51:42.410660 np0000007727 nova-scheduler[96786]: DEBUG dbcounter [-] [96786] Writer thread running {{(pid=96786) stat_writer /opt/stack/data/venv/lib/python3.12/site-packages/dbcounter.py:102}}
Aug 19 01:51:42.412583 np0000007727 nova-scheduler[96781]: DEBUG oslo_db.sqlalchemy.engines [None req-270b8ddf-f9db-4628-86f8-5713869c44aa None None] MySQL server mode set to STRICT_TRANS_TABLES,STRICT_ALL_TABLES,NO_ZERO_IN_DATE,NO_ZERO_DATE,ERROR_FOR_DIVISION_BY_ZERO,TRADITIONAL,NO_ENGINE_SUBSTITUTION {{(pid=96781) _check_effective_sql_mode /opt/stack/data/venv/lib/python3.12/site-packages/oslo_db/sqlalchemy/engines.py:325}}
Aug 19 01:51:42.415222 np0000007727 nova-scheduler[96779]: DEBUG dbcounter [-] [96779] Writer thread running {{(pid=96779) stat_writer /opt/stack/data/venv/lib/python3.12/site-packages/dbcounter.py:102}}
Aug 19 01:51:42.418902 np0000007727 nova-scheduler[96812]: DEBUG dbcounter [-] [96812] Writer thread running {{(pid=96812) stat_writer /opt/stack/data/venv/lib/python3.12/site-packages/dbcounter.py:102}}
Aug 19 01:51:42.423642 np0000007727 nova-scheduler[96781]: DEBUG dbcounter [-] [96781] Writer thread running {{(pid=96781) stat_writer /opt/stack/data/venv/lib/python3.12/site-packages/dbcounter.py:102}}
Aug 19 01:51:42.430789 np0000007727 nova-scheduler[96786]: DEBUG nova.service [None req-d7c2b65a-2a20-40fa-b9ad-f09ca861103a None None] Creating RPC server for service: nova-scheduler on topic: scheduler {{(pid=96786) start /opt/stack/nova/nova/service.py:262}}
Aug 19 01:51:42.435810 np0000007727 nova-scheduler[96779]: DEBUG nova.service [None req-4adad4d5-384d-40fd-8880-3c3ed1b1aa6e None None] Creating RPC server for service: nova-scheduler on topic: scheduler {{(pid=96779) start /opt/stack/nova/nova/service.py:262}}
Aug 19 01:51:42.436857 np0000007727 nova-scheduler[96812]: DEBUG nova.service [None req-b1ea198a-547a-489d-9c41-46e99e6b2793 None None] Creating RPC server for service: nova-scheduler on topic: scheduler {{(pid=96812) start /opt/stack/nova/nova/service.py:262}}
Aug 19 01:51:42.442673 np0000007727 nova-scheduler[96781]: DEBUG nova.service [None req-270b8ddf-f9db-4628-86f8-5713869c44aa None None] Creating RPC server for service: nova-scheduler on topic: scheduler {{(pid=96781) start /opt/stack/nova/nova/service.py:262}}
Aug 19 01:51:42.462158 np0000007727 nova-scheduler[96786]: DEBUG nova.service [None req-d7c2b65a-2a20-40fa-b9ad-f09ca861103a None None] Join ServiceGroup membership for this service scheduler {{(pid=96786) start /opt/stack/nova/nova/service.py:288}}
Aug 19 01:51:42.462276 np0000007727 nova-scheduler[96781]: DEBUG nova.service [None req-270b8ddf-f9db-4628-86f8-5713869c44aa None None] Join ServiceGroup membership for this service scheduler {{(pid=96781) start /opt/stack/nova/nova/service.py:288}}
Aug 19 01:51:42.462400 np0000007727 nova-scheduler[96786]: DEBUG nova.servicegroup.drivers.db [None req-d7c2b65a-2a20-40fa-b9ad-f09ca861103a None None] DB_Driver: join new ServiceGroup member np0000007727 to the scheduler group, service = {{(pid=96786) join /opt/stack/nova/nova/servicegroup/drivers/db.py:44}}
Aug 19 01:51:42.462500 np0000007727 nova-scheduler[96781]: DEBUG nova.servicegroup.drivers.db [None req-270b8ddf-f9db-4628-86f8-5713869c44aa None None] DB_Driver: join new ServiceGroup member np0000007727 to the scheduler group, service = {{(pid=96781) join /opt/stack/nova/nova/servicegroup/drivers/db.py:44}}
Aug 19 01:51:42.463595 np0000007727 nova-scheduler[96779]: DEBUG nova.service [None req-4adad4d5-384d-40fd-8880-3c3ed1b1aa6e None None] Join ServiceGroup membership for this service scheduler {{(pid=96779) start /opt/stack/nova/nova/service.py:288}}
Aug 19 01:51:42.463861 np0000007727 nova-scheduler[96779]: DEBUG nova.servicegroup.drivers.db [None req-4adad4d5-384d-40fd-8880-3c3ed1b1aa6e None None] DB_Driver: join new ServiceGroup member np0000007727 to the scheduler group, service = {{(pid=96779) join /opt/stack/nova/nova/servicegroup/drivers/db.py:44}}
Aug 19 01:51:42.472347 np0000007727 nova-scheduler[96812]: DEBUG nova.service [None req-b1ea198a-547a-489d-9c41-46e99e6b2793 None None] Join ServiceGroup membership for this service scheduler {{(pid=96812) start /opt/stack/nova/nova/service.py:288}}
Aug 19 01:51:42.472752 np0000007727 nova-scheduler[96812]: DEBUG nova.servicegroup.drivers.db [None req-b1ea198a-547a-489d-9c41-46e99e6b2793 None None] DB_Driver: join new ServiceGroup member np0000007727 to the scheduler group, service = {{(pid=96812) join /opt/stack/nova/nova/servicegroup/drivers/db.py:44}}
Aug 19 01:51:47.477277 np0000007727 nova-scheduler[96781]: DEBUG oslo.service.backend._threading.loopingcall [-] Fixed interval looping call 'nova.servicegroup.drivers.db.DbDriver._report_state' sleeping for 119.99 seconds {{(pid=96781) _run_loop /opt/stack/data/venv/lib/python3.12/site-packages/oslo_service/backend/_threading/loopingcall.py:125}}
Aug 19 01:51:47.477814 np0000007727 nova-scheduler[96786]: DEBUG oslo.service.backend._threading.loopingcall [-] Fixed interval looping call 'nova.servicegroup.drivers.db.DbDriver._report_state' sleeping for 119.99 seconds {{(pid=96786) _run_loop /opt/stack/data/venv/lib/python3.12/site-packages/oslo_service/backend/_threading/loopingcall.py:125}}
Aug 19 01:51:47.478546 np0000007727 nova-scheduler[96779]: DEBUG oslo.service.backend._threading.loopingcall [-] Fixed interval looping call 'nova.servicegroup.drivers.db.DbDriver._report_state' sleeping for 119.99 seconds {{(pid=96779) _run_loop /opt/stack/data/venv/lib/python3.12/site-packages/oslo_service/backend/_threading/loopingcall.py:125}}
Aug 19 01:51:47.481166 np0000007727 nova-scheduler[96812]: DEBUG oslo.service.backend._threading.loopingcall [-] Fixed interval looping call 'nova.servicegroup.drivers.db.DbDriver._report_state' sleeping for 119.99 seconds {{(pid=96812) _run_loop /opt/stack/data/venv/lib/python3.12/site-packages/oslo_service/backend/_threading/loopingcall.py:125}}
Aug 19 01:51:50.910447 np0000007727 nova-scheduler[95518]: DEBUG dbcounter [-] [95518] Writing DB stats nova_api:SELECT=3 {{(pid=95518) stat_writer /opt/stack/data/venv/lib/python3.12/site-packages/dbcounter.py:115}}
Aug 19 01:51:51.095748 np0000007727 nova-scheduler[95518]: DEBUG dbcounter [-] [95518] Writing DB stats nova_cell0:SELECT=1 {{(pid=95518) stat_writer /opt/stack/data/venv/lib/python3.12/site-packages/dbcounter.py:115}}
Aug 19 01:51:51.099485 np0000007727 nova-scheduler[95518]: DEBUG dbcounter [-] [95518] Writing DB stats nova_cell1:SELECT=1 {{(pid=95518) stat_writer /opt/stack/data/venv/lib/python3.12/site-packages/dbcounter.py:115}}
Aug 19 01:51:57.466779 np0000007727 nova-scheduler[96779]: DEBUG oslo.service.backend._threading.loopingcall [None req-f5112db1-84d6-41b4-acfa-cb062b935651 None None] Dynamic interval looping call 'nova.service.Service.periodic_tasks' sleeping for 60.00 seconds {{(pid=96779) _run_loop /opt/stack/data/venv/lib/python3.12/site-packages/oslo_service/backend/_threading/loopingcall.py:125}}
Aug 19 01:51:57.472412 np0000007727 nova-scheduler[96781]: DEBUG dbcounter [-] [96781] Writing DB stats nova_cell0:SELECT=4,nova_cell0:INSERT=1,nova_cell0:UPDATE=1 {{(pid=96781) stat_writer /opt/stack/data/venv/lib/python3.12/site-packages/dbcounter.py:115}}
Aug 19 01:51:57.472770 np0000007727 nova-scheduler[96786]: DEBUG dbcounter [-] [96786] Writing DB stats nova_cell0:SELECT=4,nova_cell0:INSERT=1,nova_cell0:UPDATE=1 {{(pid=96786) stat_writer /opt/stack/data/venv/lib/python3.12/site-packages/dbcounter.py:115}}
Aug 19 01:51:57.474379 np0000007727 nova-scheduler[96779]: DEBUG dbcounter [-] [96779] Writing DB stats nova_cell0:SELECT=5,nova_cell0:INSERT=1,nova_cell0:UPDATE=1 {{(pid=96779) stat_writer /opt/stack/data/venv/lib/python3.12/site-packages/dbcounter.py:115}}
Aug 19 01:51:57.479339 np0000007727 nova-scheduler[96812]: DEBUG dbcounter [-] [96812] Writing DB stats nova_cell0:SELECT=5,nova_cell0:INSERT=1 {{(pid=96812) stat_writer /opt/stack/data/venv/lib/python3.12/site-packages/dbcounter.py:115}}
Aug 19 01:52:00.475206 np0000007727 nova-scheduler[96812]: DEBUG oslo.service.backend._threading.loopingcall [None req-19bba868-300b-4dc7-95df-29c945b8a40d None None] Dynamic interval looping call 'nova.service.Service.periodic_tasks' sleeping for 60.00 seconds {{(pid=96812) _run_loop /opt/stack/data/venv/lib/python3.12/site-packages/oslo_service/backend/_threading/loopingcall.py:125}}
Aug 19 01:52:01.464639 np0000007727 nova-scheduler[96786]: DEBUG oslo.service.backend._threading.loopingcall [None req-3375e1bf-a504-44b3-bb46-3a5e82de6099 None None] Dynamic interval looping call 'nova.service.Service.periodic_tasks' sleeping for 60.00 seconds {{(pid=96786) _run_loop /opt/stack/data/venv/lib/python3.12/site-packages/oslo_service/backend/_threading/loopingcall.py:125}}
Aug 19 01:52:24.464908 np0000007727 nova-scheduler[96781]: DEBUG oslo.service.backend._threading.loopingcall [None req-d22c073a-230b-4105-ae2c-035d01dc8eae None None] Dynamic interval looping call 'nova.service.Service.periodic_tasks' sleeping for 60.00 seconds {{(pid=96781) _run_loop /opt/stack/data/venv/lib/python3.12/site-packages/oslo_service/backend/_threading/loopingcall.py:125}}
Aug 19 01:52:57.467027 np0000007727 nova-scheduler[96779]: DEBUG oslo.service.backend._threading.loopingcall [None req-f5112db1-84d6-41b4-acfa-cb062b935651 None None] Dynamic interval looping call 'nova.service.Service.periodic_tasks' sleeping for 60.00 seconds {{(pid=96779) _run_loop /opt/stack/data/venv/lib/python3.12/site-packages/oslo_service/backend/_threading/loopingcall.py:125}}
Aug 19 01:53:00.475637 np0000007727 nova-scheduler[96812]: DEBUG oslo.service.backend._threading.loopingcall [None req-19bba868-300b-4dc7-95df-29c945b8a40d None None] Dynamic interval looping call 'nova.service.Service.periodic_tasks' sleeping for 60.00 seconds {{(pid=96812) _run_loop /opt/stack/data/venv/lib/python3.12/site-packages/oslo_service/backend/_threading/loopingcall.py:125}}
Aug 19 01:53:01.465108 np0000007727 nova-scheduler[96786]: DEBUG oslo.service.backend._threading.loopingcall [None req-3375e1bf-a504-44b3-bb46-3a5e82de6099 None None] Dynamic interval looping call 'nova.service.Service.periodic_tasks' sleeping for 60.00 seconds {{(pid=96786) _run_loop /opt/stack/data/venv/lib/python3.12/site-packages/oslo_service/backend/_threading/loopingcall.py:125}}
Aug 19 01:53:24.465494 np0000007727 nova-scheduler[96781]: DEBUG oslo.service.backend._threading.loopingcall [None req-d22c073a-230b-4105-ae2c-035d01dc8eae None None] Dynamic interval looping call 'nova.service.Service.periodic_tasks' sleeping for 60.00 seconds {{(pid=96781) _run_loop /opt/stack/data/venv/lib/python3.12/site-packages/oslo_service/backend/_threading/loopingcall.py:125}}
Aug 19 01:53:47.474422 np0000007727 nova-scheduler[96786]: DEBUG oslo.service.backend._threading.loopingcall [-] Fixed interval looping call 'nova.servicegroup.drivers.db.DbDriver._report_state' sleeping for 119.99 seconds {{(pid=96786) _run_loop /opt/stack/data/venv/lib/python3.12/site-packages/oslo_service/backend/_threading/loopingcall.py:125}}
Aug 19 01:53:47.474974 np0000007727 nova-scheduler[96779]: DEBUG oslo.service.backend._threading.loopingcall [-] Fixed interval looping call 'nova.servicegroup.drivers.db.DbDriver._report_state' sleeping for 119.99 seconds {{(pid=96779) _run_loop /opt/stack/data/venv/lib/python3.12/site-packages/oslo_service/backend/_threading/loopingcall.py:125}}
Aug 19 01:53:47.475474 np0000007727 nova-scheduler[96781]: DEBUG oslo.service.backend._threading.loopingcall [-] Fixed interval looping call 'nova.servicegroup.drivers.db.DbDriver._report_state' sleeping for 119.99 seconds {{(pid=96781) _run_loop /opt/stack/data/venv/lib/python3.12/site-packages/oslo_service/backend/_threading/loopingcall.py:125}}
Aug 19 01:53:47.476208 np0000007727 nova-scheduler[96812]: DEBUG oslo.service.backend._threading.loopingcall [-] Fixed interval looping call 'nova.servicegroup.drivers.db.DbDriver._report_state' sleeping for 120.00 seconds {{(pid=96812) _run_loop /opt/stack/data/venv/lib/python3.12/site-packages/oslo_service/backend/_threading/loopingcall.py:125}}
Aug 19 01:53:57.467529 np0000007727 nova-scheduler[96779]: DEBUG oslo.service.backend._threading.loopingcall [None req-f5112db1-84d6-41b4-acfa-cb062b935651 None None] Dynamic interval looping call 'nova.service.Service.periodic_tasks' sleeping for 60.00 seconds {{(pid=96779) _run_loop /opt/stack/data/venv/lib/python3.12/site-packages/oslo_service/backend/_threading/loopingcall.py:125}}
Aug 19 01:53:57.471070 np0000007727 nova-scheduler[96786]: DEBUG dbcounter [-] [96786] Writing DB stats nova_cell0:SELECT=1,nova_cell0:UPDATE=1 {{(pid=96786) stat_writer /opt/stack/data/venv/lib/python3.12/site-packages/dbcounter.py:115}}
Aug 19 01:53:57.471837 np0000007727 nova-scheduler[96779]: DEBUG dbcounter [-] [96779] Writing DB stats nova_cell0:SELECT=1,nova_cell0:UPDATE=1 {{(pid=96779) stat_writer /opt/stack/data/venv/lib/python3.12/site-packages/dbcounter.py:115}}
Aug 19 01:53:57.472532 np0000007727 nova-scheduler[96781]: DEBUG dbcounter [-] [96781] Writing DB stats nova_cell0:SELECT=1,nova_cell0:UPDATE=1 {{(pid=96781) stat_writer /opt/stack/data/venv/lib/python3.12/site-packages/dbcounter.py:115}}
Aug 19 01:53:57.475299 np0000007727 nova-scheduler[96812]: DEBUG dbcounter [-] [96812] Writing DB stats nova_cell0:SELECT=1,nova_cell0:UPDATE=1 {{(pid=96812) stat_writer /opt/stack/data/venv/lib/python3.12/site-packages/dbcounter.py:115}}
Aug 19 01:54:00.476157 np0000007727 nova-scheduler[96812]: DEBUG oslo.service.backend._threading.loopingcall [None req-19bba868-300b-4dc7-95df-29c945b8a40d None None] Dynamic interval looping call 'nova.service.Service.periodic_tasks' sleeping for 60.00 seconds {{(pid=96812) _run_loop /opt/stack/data/venv/lib/python3.12/site-packages/oslo_service/backend/_threading/loopingcall.py:125}}
Aug 19 01:54:01.465669 np0000007727 nova-scheduler[96786]: DEBUG oslo.service.backend._threading.loopingcall [None req-3375e1bf-a504-44b3-bb46-3a5e82de6099 None None] Dynamic interval looping call 'nova.service.Service.periodic_tasks' sleeping for 60.00 seconds {{(pid=96786) _run_loop /opt/stack/data/venv/lib/python3.12/site-packages/oslo_service/backend/_threading/loopingcall.py:125}}
Aug 19 01:54:04.120413 np0000007727 nova-scheduler[96781]: DEBUG nova.scheduler.manager [None req-6b6c4072-658d-4bf7-b8ae-e90011d041d5 tempest-DeleteServersTestJSON-1685645318 tempest-DeleteServersTestJSON-1685645318-project-member] Starting to schedule for instances: ['bcb51aac-1a88-450b-86c8-101b4d6dfb52'] {{(pid=96781) select_destinations /opt/stack/nova/nova/scheduler/manager.py:197}}
Aug 19 01:54:04.121060 np0000007727 nova-scheduler[96781]: DEBUG nova.scheduler.request_filter [None req-6b6c4072-658d-4bf7-b8ae-e90011d041d5 tempest-DeleteServersTestJSON-1685645318 tempest-DeleteServersTestJSON-1685645318-project-member] compute_status_filter request filter added forbidden trait COMPUTE_STATUS_DISABLED {{(pid=96781) compute_status_filter /opt/stack/nova/nova/scheduler/request_filter.py:253}}
Aug 19 01:54:04.121272 np0000007727 nova-scheduler[96781]: DEBUG nova.scheduler.request_filter [None req-6b6c4072-658d-4bf7-b8ae-e90011d041d5 tempest-DeleteServersTestJSON-1685645318 tempest-DeleteServersTestJSON-1685645318-project-member] Request filter 'compute_status_filter' took 0.0 seconds {{(pid=96781) wrapper /opt/stack/nova/nova/scheduler/request_filter.py:46}}
Aug 19 01:54:04.121580 np0000007727 nova-scheduler[96781]: DEBUG nova.scheduler.request_filter [None req-6b6c4072-658d-4bf7-b8ae-e90011d041d5 tempest-DeleteServersTestJSON-1685645318 tempest-DeleteServersTestJSON-1685645318-project-member] Request filter 'accelerators_filter' took 0.0 seconds {{(pid=96781) wrapper /opt/stack/nova/nova/scheduler/request_filter.py:46}}
Aug 19 01:54:04.121935 np0000007727 nova-scheduler[96781]: DEBUG nova.scheduler.request_filter [None req-6b6c4072-658d-4bf7-b8ae-e90011d041d5 tempest-DeleteServersTestJSON-1685645318 tempest-DeleteServersTestJSON-1685645318-project-member] Request filter 'packed_virtqueue_filter' took 0.0 seconds {{(pid=96781) wrapper /opt/stack/nova/nova/scheduler/request_filter.py:46}}
Aug 19 01:54:04.122555 np0000007727 nova-scheduler[96781]: DEBUG nova.scheduler.request_filter [None req-6b6c4072-658d-4bf7-b8ae-e90011d041d5 tempest-DeleteServersTestJSON-1685645318 tempest-DeleteServersTestJSON-1685645318-project-member] Request filter 'remote_managed_ports_filter' took 0.0 seconds {{(pid=96781) wrapper /opt/stack/nova/nova/scheduler/request_filter.py:46}}
Aug 19 01:54:04.122811 np0000007727 nova-scheduler[96781]: DEBUG nova.scheduler.request_filter [None req-6b6c4072-658d-4bf7-b8ae-e90011d041d5 tempest-DeleteServersTestJSON-1685645318 tempest-DeleteServersTestJSON-1685645318-project-member] ephemeral_encryption_filter skipped {{(pid=96781) ephemeral_encryption_filter /opt/stack/nova/nova/scheduler/request_filter.py:426}}
Aug 19 01:54:04.123015 np0000007727 nova-scheduler[96781]: DEBUG nova.scheduler.request_filter [None req-6b6c4072-658d-4bf7-b8ae-e90011d041d5 tempest-DeleteServersTestJSON-1685645318 tempest-DeleteServersTestJSON-1685645318-project-member] virtio_sound_filter skipped {{(pid=96781) virtio_sound_filter /opt/stack/nova/nova/scheduler/request_filter.py:460}}
Aug 19 01:54:04.123194 np0000007727 nova-scheduler[96781]: DEBUG nova.scheduler.request_filter [None req-6b6c4072-658d-4bf7-b8ae-e90011d041d5 tempest-DeleteServersTestJSON-1685645318 tempest-DeleteServersTestJSON-1685645318-project-member] tpm_secret_security_filter skipped {{(pid=96781) tpm_secret_security_filter /opt/stack/nova/nova/scheduler/request_filter.py:477}}
Aug 19 01:54:04.684180 np0000007727 nova-scheduler[96781]: INFO nova.utils [None req-6b6c4072-658d-4bf7-b8ae-e90011d041d5 tempest-DeleteServersTestJSON-1685645318 tempest-DeleteServersTestJSON-1685645318-project-member] The cell worker thread pool ForkProcess-2.cell_worker is initialized
Aug 19 01:54:04.684266 np0000007727 nova-scheduler[96781]: DEBUG oslo_concurrency.lockutils [None req-6b6c4072-658d-4bf7-b8ae-e90011d041d5 tempest-DeleteServersTestJSON-1685645318 tempest-DeleteServersTestJSON-1685645318-project-member] Acquiring lock "0dce6d84-97b4-4971-8683-069629ddfeb5" by "nova.context.set_target_cell..get_or_set_cached_cell_and_set_connections" {{(pid=96781) inner /opt/stack/data/venv/lib/python3.12/site-packages/oslo_concurrency/lockutils.py:512}}
Aug 19 01:54:04.684491 np0000007727 nova-scheduler[96781]: DEBUG oslo_concurrency.lockutils [None req-6b6c4072-658d-4bf7-b8ae-e90011d041d5 tempest-DeleteServersTestJSON-1685645318 tempest-DeleteServersTestJSON-1685645318-project-member] Lock "0dce6d84-97b4-4971-8683-069629ddfeb5" acquired by "nova.context.set_target_cell..get_or_set_cached_cell_and_set_connections" :: waited 0.000s {{(pid=96781) inner /opt/stack/data/venv/lib/python3.12/site-packages/oslo_concurrency/lockutils.py:525}}
Aug 19 01:54:04.685978 np0000007727 nova-scheduler[96781]: DEBUG oslo_concurrency.lockutils [None req-6b6c4072-658d-4bf7-b8ae-e90011d041d5 tempest-DeleteServersTestJSON-1685645318 tempest-DeleteServersTestJSON-1685645318-project-member] Lock "0dce6d84-97b4-4971-8683-069629ddfeb5" "released" by "nova.context.set_target_cell..get_or_set_cached_cell_and_set_connections" :: held 0.001s {{(pid=96781) inner /opt/stack/data/venv/lib/python3.12/site-packages/oslo_concurrency/lockutils.py:544}}
Aug 19 01:54:04.687967 np0000007727 nova-scheduler[96781]: INFO dbcounter [None req-6b6c4072-658d-4bf7-b8ae-e90011d041d5 tempest-DeleteServersTestJSON-1685645318 tempest-DeleteServersTestJSON-1685645318-project-member] Registered counter for database nova_cell1
Aug 19 01:54:04.743243 np0000007727 nova-scheduler[96781]: DEBUG oslo_db.sqlalchemy.engines [None req-6b6c4072-658d-4bf7-b8ae-e90011d041d5 tempest-DeleteServersTestJSON-1685645318 tempest-DeleteServersTestJSON-1685645318-project-member] MySQL server mode set to STRICT_TRANS_TABLES,STRICT_ALL_TABLES,NO_ZERO_IN_DATE,NO_ZERO_DATE,ERROR_FOR_DIVISION_BY_ZERO,TRADITIONAL,NO_ENGINE_SUBSTITUTION {{(pid=96781) _check_effective_sql_mode /opt/stack/data/venv/lib/python3.12/site-packages/oslo_db/sqlalchemy/engines.py:325}}
Aug 19 01:54:04.751590 np0000007727 nova-scheduler[96781]: DEBUG dbcounter [-] [96781] Writer thread running {{(pid=96781) stat_writer /opt/stack/data/venv/lib/python3.12/site-packages/dbcounter.py:102}}
Aug 19 01:54:04.762760 np0000007727 nova-scheduler[96781]: DEBUG oslo_db.sqlalchemy.engines [None req-6b6c4072-658d-4bf7-b8ae-e90011d041d5 tempest-DeleteServersTestJSON-1685645318 tempest-DeleteServersTestJSON-1685645318-project-member] Parent process 95518 forked (96781) with an open database connection, which is being discarded and recreated. {{(pid=96781) checkout /opt/stack/data/venv/lib/python3.12/site-packages/oslo_db/sqlalchemy/engines.py:402}}
Aug 19 01:54:04.804418 np0000007727 nova-scheduler[96781]: DEBUG dbcounter [-] [96781] Writer thread running {{(pid=96781) stat_writer /opt/stack/data/venv/lib/python3.12/site-packages/dbcounter.py:102}}
