Aug 19 01:51:17.300824 np0000007727 devstack@neutron-api.service[90893]: INFO neutron.plugins.ml2.drivers.ovn.mech_driver.mech_driver [None req-15f1c7ef-29f6-4dd1-aa05-885a53e3dd2d None None] Hash Ring probing thread for node fd1128f7cc725d6787f28bfed4fa7b46 has started
Aug 19 01:51:17.301480 np0000007727 devstack@neutron-api.service[90893]: INFO neutron.plugins.ml2.drivers.ovn.mech_driver.ovsdb.impl_idl_ovn [None req-15f1c7ef-29f6-4dd1-aa05-885a53e3dd2d None None] Getting OvsdbNbOvnIdl for WorkerService with retry
Aug 19 01:51:17.303480 np0000007727 devstack@neutron-api.service[90892]: INFO neutron.db.ovn_hash_ring_db [None req-ba7dcc1a-3df1-4630-b4a8-c0e6c0cc6e29 None None] Node 46429651c7e85d5c847283fe4a4360cf from host "np0000007727" and group "mechanism_driver" added to the Hash Ring
Aug 19 01:51:17.304091 np0000007727 devstack@neutron-api.service[90891]: DEBUG neutron_lib.db.api [None req-55955f74-ae04-4fde-bb58-afdc2a52cf9f None None] Retry wrapper got retriable exception: (pymysql.err.OperationalError) (1213, 'Deadlock found when trying to get lock; try restarting transaction')
Aug 19 01:51:17.304091 np0000007727 devstack@neutron-api.service[90891]: [SQL: DELETE FROM ovn_hash_ring WHERE ovn_hash_ring.hostname = %(hostname_1)s AND ovn_hash_ring.group_name = %(group_name_1)s AND ovn_hash_ring.created_at != %(created_at_1)s]
Aug 19 01:51:17.304091 np0000007727 devstack@neutron-api.service[90891]: [parameters: {'hostname_1': 'np0000007727', 'group_name_1': 'mechanism_driver', 'created_at_1': datetime.datetime(2026, 8, 19, 1, 51, 16, tzinfo=datetime.timezone.utc)}]
Aug 19 01:51:17.304091 np0000007727 devstack@neutron-api.service[90891]: (Background on this error at: https://sqlalche.me/e/20/e3q8) {{(pid=90891) wrapped /opt/stack/data/venv/lib/python3.12/site-packages/neutron_lib/db/api.py:185}}
Aug 19 01:51:17.305308 np0000007727 devstack@neutron-api.service[90891]: DEBUG oslo_db.api [None req-55955f74-ae04-4fde-bb58-afdc2a52cf9f None None] Performing DB retry for function neutron.db.ovn_hash_ring_db.remove_nodes_from_host {{(pid=90891) wrapper /opt/stack/data/venv/lib/python3.12/site-packages/oslo_db/api.py:155}}
Aug 19 01:51:17.308474 np0000007727 devstack@neutron-api.service[90892]: DEBUG neutron.plugins.ml2.drivers.ovn.mech_driver.mech_driver [None req-ba7dcc1a-3df1-4630-b4a8-c0e6c0cc6e29 None None] Hash Ring setup, this worker has detected 3 OVN hash ring registers in the database {{(pid=90892) _init_hash_ring /opt/stack/neutron/neutron/plugins/ml2/drivers/ovn/mech_driver/mech_driver.py:392}}
Aug 19 01:51:17.317181 np0000007727 devstack@neutron-api.service[90892]: DEBUG neutron.plugins.ml2.drivers.ovn.mech_driver.ovsdb.maintenance [None req-ba7dcc1a-3df1-4630-b4a8-c0e6c0cc6e29 None None] Periodic task found: HashRingHealthCheckPeriodics.touch_hash_ring_node {{(pid=90892) add_periodics /opt/stack/neutron/neutron/plugins/ml2/drivers/ovn/mech_driver/ovsdb/maintenance.py:148}}
Aug 19 01:51:17.318399 np0000007727 devstack@neutron-api.service[90892]: INFO neutron.plugins.ml2.drivers.ovn.mech_driver.mech_driver [None req-ba7dcc1a-3df1-4630-b4a8-c0e6c0cc6e29 None None] Hash Ring probing thread for node 46429651c7e85d5c847283fe4a4360cf has started
Aug 19 01:51:17.319550 np0000007727 devstack@neutron-api.service[90892]: INFO neutron.plugins.ml2.drivers.ovn.mech_driver.ovsdb.impl_idl_ovn [None req-ba7dcc1a-3df1-4630-b4a8-c0e6c0cc6e29 None None] Getting OvsdbNbOvnIdl for WorkerService with retry
Aug 19 01:51:17.339034 np0000007727 devstack@neutron-api.service[90893]: DEBUG ovsdbapp.backend.ovs_idl [None req-15f1c7ef-29f6-4dd1-aa05-885a53e3dd2d None None] Created lookup_table index Logical_Switch.name {{(pid=90893) autocreate_indices /opt/stack/data/venv/lib/python3.12/site-packages/ovsdbapp/backend/ovs_idl/__init__.py:87}}
Aug 19 01:51:17.339163 np0000007727 devstack@neutron-api.service[90893]: DEBUG ovsdbapp.backend.ovs_idl [None req-15f1c7ef-29f6-4dd1-aa05-885a53e3dd2d None None] Created lookup_table index Logical_Router.name {{(pid=90893) autocreate_indices /opt/stack/data/venv/lib/python3.12/site-packages/ovsdbapp/backend/ovs_idl/__init__.py:87}}
Aug 19 01:51:17.339287 np0000007727 devstack@neutron-api.service[90893]: DEBUG ovsdbapp.backend.ovs_idl [None req-15f1c7ef-29f6-4dd1-aa05-885a53e3dd2d None None] Created lookup_table index Load_Balancer.name {{(pid=90893) autocreate_indices /opt/stack/data/venv/lib/python3.12/site-packages/ovsdbapp/backend/ovs_idl/__init__.py:87}}
Aug 19 01:51:17.339354 np0000007727 devstack@neutron-api.service[90893]: DEBUG ovsdbapp.backend.ovs_idl [None req-15f1c7ef-29f6-4dd1-aa05-885a53e3dd2d None None] Created schema index Copp.name {{(pid=90893) autocreate_indices /opt/stack/data/venv/lib/python3.12/site-packages/ovsdbapp/backend/ovs_idl/__init__.py:106}}
Aug 19 01:51:17.339472 np0000007727 devstack@neutron-api.service[90893]: DEBUG ovsdbapp.backend.ovs_idl [None req-15f1c7ef-29f6-4dd1-aa05-885a53e3dd2d None None] Created schema index Meter.name {{(pid=90893) autocreate_indices /opt/stack/data/venv/lib/python3.12/site-packages/ovsdbapp/backend/ovs_idl/__init__.py:106}}
Aug 19 01:51:17.339563 np0000007727 devstack@neutron-api.service[90893]: DEBUG ovsdbapp.backend.ovs_idl [None req-15f1c7ef-29f6-4dd1-aa05-885a53e3dd2d None None] Created schema index Load_Balancer_Group.name {{(pid=90893) autocreate_indices /opt/stack/data/venv/lib/python3.12/site-packages/ovsdbapp/backend/ovs_idl/__init__.py:106}}
Aug 19 01:51:17.339663 np0000007727 devstack@neutron-api.service[90893]: DEBUG ovsdbapp.backend.ovs_idl [None req-15f1c7ef-29f6-4dd1-aa05-885a53e3dd2d None None] Created schema index HA_Chassis_Group.name {{(pid=90893) autocreate_indices /opt/stack/data/venv/lib/python3.12/site-packages/ovsdbapp/backend/ovs_idl/__init__.py:106}}
Aug 19 01:51:17.339833 np0000007727 devstack@neutron-api.service[90893]: DEBUG ovsdbapp.backend.ovs_idl [None req-15f1c7ef-29f6-4dd1-aa05-885a53e3dd2d None None] Created schema index Address_Set.name {{(pid=90893) autocreate_indices /opt/stack/data/venv/lib/python3.12/site-packages/ovsdbapp/backend/ovs_idl/__init__.py:106}}
Aug 19 01:51:17.339932 np0000007727 devstack@neutron-api.service[90893]: DEBUG ovsdbapp.backend.ovs_idl [None req-15f1c7ef-29f6-4dd1-aa05-885a53e3dd2d None None] Created schema index Connection.target {{(pid=90893) autocreate_indices /opt/stack/data/venv/lib/python3.12/site-packages/ovsdbapp/backend/ovs_idl/__init__.py:106}}
Aug 19 01:51:17.340039 np0000007727 devstack@neutron-api.service[90893]: DEBUG ovsdbapp.backend.ovs_idl [None req-15f1c7ef-29f6-4dd1-aa05-885a53e3dd2d None None] Created schema index Gateway_Chassis.name {{(pid=90893) autocreate_indices /opt/stack/data/venv/lib/python3.12/site-packages/ovsdbapp/backend/ovs_idl/__init__.py:106}}
Aug 19 01:51:17.340152 np0000007727 devstack@neutron-api.service[90893]: DEBUG ovsdbapp.backend.ovs_idl [None req-15f1c7ef-29f6-4dd1-aa05-885a53e3dd2d None None] Created schema index Mirror.name {{(pid=90893) autocreate_indices /opt/stack/data/venv/lib/python3.12/site-packages/ovsdbapp/backend/ovs_idl/__init__.py:106}}
Aug 19 01:51:17.340262 np0000007727 devstack@neutron-api.service[90893]: DEBUG ovsdbapp.backend.ovs_idl [None req-15f1c7ef-29f6-4dd1-aa05-885a53e3dd2d None None] Created schema index Chassis_Template_Var.chassis {{(pid=90893) autocreate_indices /opt/stack/data/venv/lib/python3.12/site-packages/ovsdbapp/backend/ovs_idl/__init__.py:106}}
Aug 19 01:51:17.340367 np0000007727 devstack@neutron-api.service[90893]: DEBUG ovsdbapp.backend.ovs_idl [None req-15f1c7ef-29f6-4dd1-aa05-885a53e3dd2d None None] Created schema index Logical_Router_Port.name {{(pid=90893) autocreate_indices /opt/stack/data/venv/lib/python3.12/site-packages/ovsdbapp/backend/ovs_idl/__init__.py:106}}
Aug 19 01:51:17.340474 np0000007727 devstack@neutron-api.service[90893]: DEBUG ovsdbapp.backend.ovs_idl [None req-15f1c7ef-29f6-4dd1-aa05-885a53e3dd2d None None] Created schema index Port_Group.name {{(pid=90893) autocreate_indices /opt/stack/data/venv/lib/python3.12/site-packages/ovsdbapp/backend/ovs_idl/__init__.py:106}}
Aug 19 01:51:17.340584 np0000007727 devstack@neutron-api.service[90893]: DEBUG ovsdbapp.backend.ovs_idl [None req-15f1c7ef-29f6-4dd1-aa05-885a53e3dd2d None None] Created schema index Logical_Switch_Port.name {{(pid=90893) autocreate_indices /opt/stack/data/venv/lib/python3.12/site-packages/ovsdbapp/backend/ovs_idl/__init__.py:106}}
Aug 19 01:51:17.343166 np0000007727 devstack@neutron-api.service[90893]: INFO ovsdbapp.backend.ovs_idl.vlog [None req-15f1c7ef-29f6-4dd1-aa05-885a53e3dd2d None None] ssl:10.4.3.92:6641: connecting...
Aug 19 01:51:17.349625 np0000007727 devstack@neutron-api.service[90893]: INFO ovsdbapp.backend.ovs_idl.vlog [None req-15f1c7ef-29f6-4dd1-aa05-885a53e3dd2d None None] ssl:10.4.3.92:6641: connected
Aug 19 01:51:17.369804 np0000007727 devstack@neutron-api.service[90892]: DEBUG ovsdbapp.backend.ovs_idl [None req-ba7dcc1a-3df1-4630-b4a8-c0e6c0cc6e29 None None] Created lookup_table index Logical_Switch.name {{(pid=90892) autocreate_indices /opt/stack/data/venv/lib/python3.12/site-packages/ovsdbapp/backend/ovs_idl/__init__.py:87}}
Aug 19 01:51:17.369955 np0000007727 devstack@neutron-api.service[90892]: DEBUG ovsdbapp.backend.ovs_idl [None req-ba7dcc1a-3df1-4630-b4a8-c0e6c0cc6e29 None None] Created lookup_table index Logical_Router.name {{(pid=90892) autocreate_indices /opt/stack/data/venv/lib/python3.12/site-packages/ovsdbapp/backend/ovs_idl/__init__.py:87}}
Aug 19 01:51:17.370052 np0000007727 devstack@neutron-api.service[90892]: DEBUG ovsdbapp.backend.ovs_idl [None req-ba7dcc1a-3df1-4630-b4a8-c0e6c0cc6e29 None None] Created lookup_table index Load_Balancer.name {{(pid=90892) autocreate_indices /opt/stack/data/venv/lib/python3.12/site-packages/ovsdbapp/backend/ovs_idl/__init__.py:87}}
Aug 19 01:51:17.370153 np0000007727 devstack@neutron-api.service[90892]: DEBUG ovsdbapp.backend.ovs_idl [None req-ba7dcc1a-3df1-4630-b4a8-c0e6c0cc6e29 None None] Created schema index Copp.name {{(pid=90892) autocreate_indices /opt/stack/data/venv/lib/python3.12/site-packages/ovsdbapp/backend/ovs_idl/__init__.py:106}}
Aug 19 01:51:17.370234 np0000007727 devstack@neutron-api.service[90892]: DEBUG ovsdbapp.backend.ovs_idl [None req-ba7dcc1a-3df1-4630-b4a8-c0e6c0cc6e29 None None] Created schema index Meter.name {{(pid=90892) autocreate_indices /opt/stack/data/venv/lib/python3.12/site-packages/ovsdbapp/backend/ovs_idl/__init__.py:106}}
Aug 19 01:51:17.370330 np0000007727 devstack@neutron-api.service[90892]: DEBUG ovsdbapp.backend.ovs_idl [None req-ba7dcc1a-3df1-4630-b4a8-c0e6c0cc6e29 None None] Created schema index Load_Balancer_Group.name {{(pid=90892) autocreate_indices /opt/stack/data/venv/lib/python3.12/site-packages/ovsdbapp/backend/ovs_idl/__init__.py:106}}
Aug 19 01:51:17.370420 np0000007727 devstack@neutron-api.service[90892]: DEBUG ovsdbapp.backend.ovs_idl [None req-ba7dcc1a-3df1-4630-b4a8-c0e6c0cc6e29 None None] Created schema index HA_Chassis_Group.name {{(pid=90892) autocreate_indices /opt/stack/data/venv/lib/python3.12/site-packages/ovsdbapp/backend/ovs_idl/__init__.py:106}}
Aug 19 01:51:17.370515 np0000007727 devstack@neutron-api.service[90892]: DEBUG ovsdbapp.backend.ovs_idl [None req-ba7dcc1a-3df1-4630-b4a8-c0e6c0cc6e29 None None] Created schema index Address_Set.name {{(pid=90892) autocreate_indices /opt/stack/data/venv/lib/python3.12/site-packages/ovsdbapp/backend/ovs_idl/__init__.py:106}}
Aug 19 01:51:17.370642 np0000007727 devstack@neutron-api.service[90892]: DEBUG ovsdbapp.backend.ovs_idl [None req-ba7dcc1a-3df1-4630-b4a8-c0e6c0cc6e29 None None] Created schema index Connection.target {{(pid=90892) autocreate_indices /opt/stack/data/venv/lib/python3.12/site-packages/ovsdbapp/backend/ovs_idl/__init__.py:106}}
Aug 19 01:51:17.370821 np0000007727 devstack@neutron-api.service[90892]: DEBUG ovsdbapp.backend.ovs_idl [None req-ba7dcc1a-3df1-4630-b4a8-c0e6c0cc6e29 None None] Created schema index Gateway_Chassis.name {{(pid=90892) autocreate_indices /opt/stack/data/venv/lib/python3.12/site-packages/ovsdbapp/backend/ovs_idl/__init__.py:106}}
Aug 19 01:51:17.370993 np0000007727 devstack@neutron-api.service[90892]: DEBUG ovsdbapp.backend.ovs_idl [None req-ba7dcc1a-3df1-4630-b4a8-c0e6c0cc6e29 None None] Created schema index Mirror.name {{(pid=90892) autocreate_indices /opt/stack/data/venv/lib/python3.12/site-packages/ovsdbapp/backend/ovs_idl/__init__.py:106}}
Aug 19 01:51:17.371366 np0000007727 devstack@neutron-api.service[90892]: DEBUG ovsdbapp.backend.ovs_idl [None req-ba7dcc1a-3df1-4630-b4a8-c0e6c0cc6e29 None None] Created schema index Chassis_Template_Var.chassis {{(pid=90892) autocreate_indices /opt/stack/data/venv/lib/python3.12/site-packages/ovsdbapp/backend/ovs_idl/__init__.py:106}}
Aug 19 01:51:17.371740 np0000007727 devstack@neutron-api.service[90892]: DEBUG ovsdbapp.backend.ovs_idl [None req-ba7dcc1a-3df1-4630-b4a8-c0e6c0cc6e29 None None] Created schema index Logical_Router_Port.name {{(pid=90892) autocreate_indices /opt/stack/data/venv/lib/python3.12/site-packages/ovsdbapp/backend/ovs_idl/__init__.py:106}}
Aug 19 01:51:17.371886 np0000007727 devstack@neutron-api.service[90892]: DEBUG ovsdbapp.backend.ovs_idl [None req-ba7dcc1a-3df1-4630-b4a8-c0e6c0cc6e29 None None] Created schema index Port_Group.name {{(pid=90892) autocreate_indices /opt/stack/data/venv/lib/python3.12/site-packages/ovsdbapp/backend/ovs_idl/__init__.py:106}}
Aug 19 01:51:17.371999 np0000007727 devstack@neutron-api.service[90892]: DEBUG ovsdbapp.backend.ovs_idl [None req-ba7dcc1a-3df1-4630-b4a8-c0e6c0cc6e29 None None] Created schema index Logical_Switch_Port.name {{(pid=90892) autocreate_indices /opt/stack/data/venv/lib/python3.12/site-packages/ovsdbapp/backend/ovs_idl/__init__.py:106}}
Aug 19 01:51:17.375286 np0000007727 devstack@neutron-api.service[90892]: INFO ovsdbapp.backend.ovs_idl.vlog [None req-ba7dcc1a-3df1-4630-b4a8-c0e6c0cc6e29 None None] ssl:10.4.3.92:6641: connecting...
Aug 19 01:51:17.380236 np0000007727 devstack@neutron-api.service[90892]: INFO ovsdbapp.backend.ovs_idl.vlog [None req-ba7dcc1a-3df1-4630-b4a8-c0e6c0cc6e29 None None] ssl:10.4.3.92:6641: connected
Aug 19 01:51:17.389342 np0000007727 devstack@neutron-api.service[90893]: DEBUG neutron.common.ovn.hash_ring_manager [None req-15f1c7ef-29f6-4dd1-aa05-885a53e3dd2d None None] Disallow caching, nodes 3<4 {{(pid=90893) _wait_startup_before_caching /opt/stack/neutron/neutron/common/ovn/hash_ring_manager.py:79}}
Aug 19 01:51:17.395247 np0000007727 devstack@neutron-api.service[90893]: DEBUG neutron.common.ovn.hash_ring_manager [None req-15f1c7ef-29f6-4dd1-aa05-885a53e3dd2d None None] Hash Ring loaded. 3 active nodes. 0 offline nodes {{(pid=90893) _load_hash_ring /opt/stack/neutron/neutron/common/ovn/hash_ring_manager.py:110}}
Aug 19 01:51:17.401261 np0000007727 devstack@neutron-api.service[90893]: DEBUG neutron.common.ovn.hash_ring_manager [None req-15f1c7ef-29f6-4dd1-aa05-885a53e3dd2d None None] Hash Ring loaded. 3 active nodes. 0 offline nodes {{(pid=90893) _load_hash_ring /opt/stack/neutron/neutron/common/ovn/hash_ring_manager.py:110}}
Aug 19 01:51:17.407024 np0000007727 devstack@neutron-api.service[90893]: DEBUG neutron.common.ovn.hash_ring_manager [None req-15f1c7ef-29f6-4dd1-aa05-885a53e3dd2d None None] Hash Ring loaded. 3 active nodes. 0 offline nodes {{(pid=90893) _load_hash_ring /opt/stack/neutron/neutron/common/ovn/hash_ring_manager.py:110}}
Aug 19 01:51:17.407181 np0000007727 devstack@neutron-api.service[90893]: DEBUG neutron.plugins.ml2.drivers.ovn.mech_driver.ovsdb.ovsdb_monitor [None req-15f1c7ef-29f6-4dd1-aa05-885a53e3dd2d None None] Hash Ring: Node fd1128f7cc725d6787f28bfed4fa7b46 (host: np0000007727) handling event "create" for row c880c151-7530-436c-9728-31929faf953e (table: ACL) {{(pid=90893) notify /opt/stack/neutron/neutron/plugins/ml2/drivers/ovn/mech_driver/ovsdb/ovsdb_monitor.py:1099}}
Aug 19 01:51:17.412181 np0000007727 devstack@neutron-api.service[90893]: DEBUG neutron.common.ovn.hash_ring_manager [None req-15f1c7ef-29f6-4dd1-aa05-885a53e3dd2d None None] Hash Ring loaded. 3 active nodes. 0 offline nodes {{(pid=90893) _load_hash_ring /opt/stack/neutron/neutron/common/ovn/hash_ring_manager.py:110}}
Aug 19 01:51:17.416751 np0000007727 devstack@neutron-api.service[90893]: DEBUG neutron.common.ovn.hash_ring_manager [None req-15f1c7ef-29f6-4dd1-aa05-885a53e3dd2d None None] Hash Ring loaded. 3 active nodes. 0 offline nodes {{(pid=90893) _load_hash_ring /opt/stack/neutron/neutron/common/ovn/hash_ring_manager.py:110}}
Aug 19 01:51:17.417900 np0000007727 devstack@neutron-api.service[90892]: DEBUG neutron.common.ovn.hash_ring_manager [None req-ba7dcc1a-3df1-4630-b4a8-c0e6c0cc6e29 None None] Disallow caching, nodes 3<4 {{(pid=90892) _wait_startup_before_caching /opt/stack/neutron/neutron/common/ovn/hash_ring_manager.py:79}}
Aug 19 01:51:17.422452 np0000007727 devstack@neutron-api.service[90893]: DEBUG neutron.common.ovn.hash_ring_manager [None req-15f1c7ef-29f6-4dd1-aa05-885a53e3dd2d None None] Hash Ring loaded. 3 active nodes. 0 offline nodes {{(pid=90893) _load_hash_ring /opt/stack/neutron/neutron/common/ovn/hash_ring_manager.py:110}}
Aug 19 01:51:17.422610 np0000007727 devstack@neutron-api.service[90893]: DEBUG neutron.plugins.ml2.drivers.ovn.mech_driver.ovsdb.ovsdb_monitor [None req-15f1c7ef-29f6-4dd1-aa05-885a53e3dd2d None None] Hash Ring: Node fd1128f7cc725d6787f28bfed4fa7b46 (host: np0000007727) handling event "create" for row 609ac0fd-1a37-4352-bb3d-308ca36357d1 (table: NB_Global) {{(pid=90893) notify /opt/stack/neutron/neutron/plugins/ml2/drivers/ovn/mech_driver/ovsdb/ovsdb_monitor.py:1099}}
Aug 19 01:51:17.424513 np0000007727 devstack@neutron-api.service[90892]: DEBUG neutron.common.ovn.hash_ring_manager [None req-ba7dcc1a-3df1-4630-b4a8-c0e6c0cc6e29 None None] Hash Ring loaded. 3 active nodes. 0 offline nodes {{(pid=90892) _load_hash_ring /opt/stack/neutron/neutron/common/ovn/hash_ring_manager.py:110}}
Aug 19 01:51:17.424806 np0000007727 devstack@neutron-api.service[90892]: DEBUG neutron.plugins.ml2.drivers.ovn.mech_driver.ovsdb.ovsdb_monitor [None req-ba7dcc1a-3df1-4630-b4a8-c0e6c0cc6e29 None None] Hash Ring: Node 46429651c7e85d5c847283fe4a4360cf (host: np0000007727) handling event "create" for row 6aeac55b-f97e-4e13-82cf-564473703491 (table: ACL) {{(pid=90892) notify /opt/stack/neutron/neutron/plugins/ml2/drivers/ovn/mech_driver/ovsdb/ovsdb_monitor.py:1099}}
Aug 19 01:51:17.429481 np0000007727 devstack@neutron-api.service[90893]: DEBUG neutron.common.ovn.hash_ring_manager [None req-15f1c7ef-29f6-4dd1-aa05-885a53e3dd2d None None] Hash Ring loaded. 3 active nodes. 0 offline nodes {{(pid=90893) _load_hash_ring /opt/stack/neutron/neutron/common/ovn/hash_ring_manager.py:110}}
Aug 19 01:51:17.432283 np0000007727 devstack@neutron-api.service[90892]: DEBUG neutron.common.ovn.hash_ring_manager [None req-ba7dcc1a-3df1-4630-b4a8-c0e6c0cc6e29 None None] Hash Ring loaded. 3 active nodes. 0 offline nodes {{(pid=90892) _load_hash_ring /opt/stack/neutron/neutron/common/ovn/hash_ring_manager.py:110}}
Aug 19 01:51:17.432508 np0000007727 devstack@neutron-api.service[90892]: DEBUG neutron.plugins.ml2.drivers.ovn.mech_driver.ovsdb.ovsdb_monitor [None req-ba7dcc1a-3df1-4630-b4a8-c0e6c0cc6e29 None None] Hash Ring: Node 46429651c7e85d5c847283fe4a4360cf (host: np0000007727) handling event "create" for row 9aa58eff-a432-4a6f-81e2-14d32ac8d6c3 (table: ACL) {{(pid=90892) notify /opt/stack/neutron/neutron/plugins/ml2/drivers/ovn/mech_driver/ovsdb/ovsdb_monitor.py:1099}}
Aug 19 01:51:17.435303 np0000007727 devstack@neutron-api.service[90893]: DEBUG neutron.common.ovn.hash_ring_manager [None req-15f1c7ef-29f6-4dd1-aa05-885a53e3dd2d None None] Hash Ring loaded. 3 active nodes. 0 offline nodes {{(pid=90893) _load_hash_ring /opt/stack/neutron/neutron/common/ovn/hash_ring_manager.py:110}}
Aug 19 01:51:17.439663 np0000007727 devstack@neutron-api.service[90892]: DEBUG neutron.common.ovn.hash_ring_manager [None req-ba7dcc1a-3df1-4630-b4a8-c0e6c0cc6e29 None None] Hash Ring loaded. 3 active nodes. 0 offline nodes {{(pid=90892) _load_hash_ring /opt/stack/neutron/neutron/common/ovn/hash_ring_manager.py:110}}
Aug 19 01:51:17.441560 np0000007727 devstack@neutron-api.service[90893]: DEBUG neutron.common.ovn.hash_ring_manager [None req-15f1c7ef-29f6-4dd1-aa05-885a53e3dd2d None None] Hash Ring loaded. 3 active nodes. 0 offline nodes {{(pid=90893) _load_hash_ring /opt/stack/neutron/neutron/common/ovn/hash_ring_manager.py:110}}
Aug 19 01:51:17.442641 np0000007727 devstack@neutron-api.service[90893]: INFO neutron.plugins.ml2.drivers.ovn.mech_driver.ovsdb.impl_idl_ovn [None req-15f1c7ef-29f6-4dd1-aa05-885a53e3dd2d None None] Getting OvsdbSbOvnIdl for WorkerService with retry
Aug 19 01:51:17.447581 np0000007727 devstack@neutron-api.service[90892]: DEBUG neutron.common.ovn.hash_ring_manager [None req-ba7dcc1a-3df1-4630-b4a8-c0e6c0cc6e29 None None] Hash Ring loaded. 3 active nodes. 0 offline nodes {{(pid=90892) _load_hash_ring /opt/stack/neutron/neutron/common/ovn/hash_ring_manager.py:110}}
Aug 19 01:51:17.447894 np0000007727 devstack@neutron-api.service[90892]: DEBUG neutron.plugins.ml2.drivers.ovn.mech_driver.ovsdb.ovsdb_monitor [None req-ba7dcc1a-3df1-4630-b4a8-c0e6c0cc6e29 None None] Hash Ring: Node 46429651c7e85d5c847283fe4a4360cf (host: np0000007727) handling event "create" for row eea5bdef-e486-4dd0-bd34-549dbae97ebf (table: ACL) {{(pid=90892) notify /opt/stack/neutron/neutron/plugins/ml2/drivers/ovn/mech_driver/ovsdb/ovsdb_monitor.py:1099}}
Aug 19 01:51:17.455620 np0000007727 devstack@neutron-api.service[90892]: DEBUG neutron.common.ovn.hash_ring_manager [None req-ba7dcc1a-3df1-4630-b4a8-c0e6c0cc6e29 None None] Hash Ring loaded. 3 active nodes. 0 offline nodes {{(pid=90892) _load_hash_ring /opt/stack/neutron/neutron/common/ovn/hash_ring_manager.py:110}}
Aug 19 01:51:17.461360 np0000007727 devstack@neutron-api.service[90892]: DEBUG neutron.common.ovn.hash_ring_manager [None req-ba7dcc1a-3df1-4630-b4a8-c0e6c0cc6e29 None None] Hash Ring loaded. 3 active nodes. 0 offline nodes {{(pid=90892) _load_hash_ring /opt/stack/neutron/neutron/common/ovn/hash_ring_manager.py:110}}
Aug 19 01:51:17.464996 np0000007727 devstack@neutron-api.service[90893]: DEBUG ovsdbapp.backend.ovs_idl [None req-15f1c7ef-29f6-4dd1-aa05-885a53e3dd2d None None] Created lookup_table index Chassis.name {{(pid=90893) autocreate_indices /opt/stack/data/venv/lib/python3.12/site-packages/ovsdbapp/backend/ovs_idl/__init__.py:87}}
Aug 19 01:51:17.464996 np0000007727 devstack@neutron-api.service[90893]: DEBUG ovsdbapp.backend.ovs_idl [None req-15f1c7ef-29f6-4dd1-aa05-885a53e3dd2d None None] Created lookup_table index Port_Binding.logical_port {{(pid=90893) autocreate_indices /opt/stack/data/venv/lib/python3.12/site-packages/ovsdbapp/backend/ovs_idl/__init__.py:87}}
Aug 19 01:51:17.464996 np0000007727 devstack@neutron-api.service[90893]: DEBUG ovsdbapp.backend.ovs_idl [None req-15f1c7ef-29f6-4dd1-aa05-885a53e3dd2d None None] Created schema index Chassis_Private.name {{(pid=90893) autocreate_indices /opt/stack/data/venv/lib/python3.12/site-packages/ovsdbapp/backend/ovs_idl/__init__.py:106}}
Aug 19 01:51:17.465184 np0000007727 devstack@neutron-api.service[90893]: DEBUG ovsdbapp.backend.ovs_idl [None req-15f1c7ef-29f6-4dd1-aa05-885a53e3dd2d None None] Created schema index Datapath_Binding.tunnel_key {{(pid=90893) autocreate_indices /opt/stack/data/venv/lib/python3.12/site-packages/ovsdbapp/backend/ovs_idl/__init__.py:106}}
Aug 19 01:51:17.467310 np0000007727 devstack@neutron-api.service[90893]: INFO ovsdbapp.backend.ovs_idl.vlog [None req-15f1c7ef-29f6-4dd1-aa05-885a53e3dd2d None None] ssl:10.4.3.92:6642: connecting...
Aug 19 01:51:17.467634 np0000007727 devstack@neutron-api.service[90892]: DEBUG neutron.common.ovn.hash_ring_manager [None req-ba7dcc1a-3df1-4630-b4a8-c0e6c0cc6e29 None None] Hash Ring loaded. 3 active nodes. 0 offline nodes {{(pid=90892) _load_hash_ring /opt/stack/neutron/neutron/common/ovn/hash_ring_manager.py:110}}
Aug 19 01:51:17.471425 np0000007727 devstack@neutron-api.service[90893]: INFO ovsdbapp.backend.ovs_idl.vlog [None req-15f1c7ef-29f6-4dd1-aa05-885a53e3dd2d None None] ssl:10.4.3.92:6642: connected
Aug 19 01:51:17.473326 np0000007727 devstack@neutron-api.service[90892]: DEBUG neutron.common.ovn.hash_ring_manager [None req-ba7dcc1a-3df1-4630-b4a8-c0e6c0cc6e29 None None] Hash Ring loaded. 3 active nodes. 0 offline nodes {{(pid=90892) _load_hash_ring /opt/stack/neutron/neutron/common/ovn/hash_ring_manager.py:110}}
Aug 19 01:51:17.479824 np0000007727 devstack@neutron-api.service[90892]: DEBUG neutron.common.ovn.hash_ring_manager [None req-ba7dcc1a-3df1-4630-b4a8-c0e6c0cc6e29 None None] Hash Ring loaded. 3 active nodes. 0 offline nodes {{(pid=90892) _load_hash_ring /opt/stack/neutron/neutron/common/ovn/hash_ring_manager.py:110}}
Aug 19 01:51:17.480926 np0000007727 devstack@neutron-api.service[90892]: INFO neutron.plugins.ml2.drivers.ovn.mech_driver.ovsdb.impl_idl_ovn [None req-ba7dcc1a-3df1-4630-b4a8-c0e6c0cc6e29 None None] Getting OvsdbSbOvnIdl for WorkerService with retry
Aug 19 01:51:17.498612 np0000007727 devstack@neutron-api.service[90893]: DEBUG neutron.common.ovn.hash_ring_manager [None req-15f1c7ef-29f6-4dd1-aa05-885a53e3dd2d None None] Disallow caching, nodes 3<4 {{(pid=90893) _wait_startup_before_caching /opt/stack/neutron/neutron/common/ovn/hash_ring_manager.py:79}}
Aug 19 01:51:17.502610 np0000007727 devstack@neutron-api.service[90893]: DEBUG neutron.common.ovn.hash_ring_manager [None req-15f1c7ef-29f6-4dd1-aa05-885a53e3dd2d None None] Hash Ring loaded. 3 active nodes. 0 offline nodes {{(pid=90893) _load_hash_ring /opt/stack/neutron/neutron/common/ovn/hash_ring_manager.py:110}}
Aug 19 01:51:17.503139 np0000007727 devstack@neutron-api.service[90893]: DEBUG ovsdbapp.backend.ovs_idl.event [None req-15f1c7ef-29f6-4dd1-aa05-885a53e3dd2d None None] Matched CREATE: ChassisAgentWriteEvent(events=('create', 'update'), table='Chassis_Private', conditions=None, old_conditions=None), priority=20 to row=Chassis_Private(uuid=9894622a-9104-4f12-ac48-a28f432ff5d4, chassis=a7c9a4c3-4916-4985-b62b-4fccbb300f71, external_ids={'neutron:ovn-bridge': 'br-int', 'neutron:ovn-neutron-agent-id': 'f931ba30-7121-529f-b6c1-5b37169c66a4', 'neutron:ovn-neutron-agent-sb-cfg': '0'}, name='2aef7bb5-3638-4cda-8378-5d9226554fb9', nb_cfg=0, nb_cfg_timestamp=0) old= {{(pid=90893) matches /opt/stack/data/venv/lib/python3.12/site-packages/ovsdbapp/backend/ovs_idl/event.py:55}}
Aug 19 01:51:17.503655 np0000007727 devstack@neutron-api.service[90893]: DEBUG ovsdbapp.backend.ovs_idl.event [None req-15f1c7ef-29f6-4dd1-aa05-885a53e3dd2d None None] Matched CREATE: ChassisOVNAgentWriteEvent(events=('create', 'update'), table='Chassis_Private', conditions=None, old_conditions=None), priority=20 to row=Chassis_Private(uuid=9894622a-9104-4f12-ac48-a28f432ff5d4, chassis=a7c9a4c3-4916-4985-b62b-4fccbb300f71, external_ids={'neutron:ovn-bridge': 'br-int', 'neutron:ovn-neutron-agent-id': 'f931ba30-7121-529f-b6c1-5b37169c66a4', 'neutron:ovn-neutron-agent-sb-cfg': '0'}, name='2aef7bb5-3638-4cda-8378-5d9226554fb9', nb_cfg=0, nb_cfg_timestamp=0) old= {{(pid=90893) matches /opt/stack/data/venv/lib/python3.12/site-packages/ovsdbapp/backend/ovs_idl/event.py:55}}
Aug 19 01:51:17.504586 np0000007727 devstack@neutron-api.service[90892]: DEBUG ovsdbapp.backend.ovs_idl [None req-ba7dcc1a-3df1-4630-b4a8-c0e6c0cc6e29 None None] Created lookup_table index Chassis.name {{(pid=90892) autocreate_indices /opt/stack/data/venv/lib/python3.12/site-packages/ovsdbapp/backend/ovs_idl/__init__.py:87}}
Aug 19 01:51:17.504702 np0000007727 devstack@neutron-api.service[90892]: DEBUG ovsdbapp.backend.ovs_idl [None req-ba7dcc1a-3df1-4630-b4a8-c0e6c0cc6e29 None None] Created lookup_table index Port_Binding.logical_port {{(pid=90892) autocreate_indices /opt/stack/data/venv/lib/python3.12/site-packages/ovsdbapp/backend/ovs_idl/__init__.py:87}}
Aug 19 01:51:17.504804 np0000007727 devstack@neutron-api.service[90892]: DEBUG ovsdbapp.backend.ovs_idl [None req-ba7dcc1a-3df1-4630-b4a8-c0e6c0cc6e29 None None] Created schema index Chassis_Private.name {{(pid=90892) autocreate_indices /opt/stack/data/venv/lib/python3.12/site-packages/ovsdbapp/backend/ovs_idl/__init__.py:106}}
Aug 19 01:51:17.504894 np0000007727 devstack@neutron-api.service[90892]: DEBUG ovsdbapp.backend.ovs_idl [None req-ba7dcc1a-3df1-4630-b4a8-c0e6c0cc6e29 None None] Created schema index Datapath_Binding.tunnel_key {{(pid=90892) autocreate_indices /opt/stack/data/venv/lib/python3.12/site-packages/ovsdbapp/backend/ovs_idl/__init__.py:106}}
Aug 19 01:51:17.506781 np0000007727 devstack@neutron-api.service[90892]: INFO ovsdbapp.backend.ovs_idl.vlog [None req-ba7dcc1a-3df1-4630-b4a8-c0e6c0cc6e29 None None] ssl:10.4.3.92:6642: connecting...
Aug 19 01:51:17.510508 np0000007727 devstack@neutron-api.service[90893]: DEBUG neutron.common.ovn.hash_ring_manager [None req-15f1c7ef-29f6-4dd1-aa05-885a53e3dd2d None None] Hash Ring loaded. 3 active nodes. 0 offline nodes {{(pid=90893) _load_hash_ring /opt/stack/neutron/neutron/common/ovn/hash_ring_manager.py:110}}
Aug 19 01:51:17.510656 np0000007727 devstack@neutron-api.service[90893]: DEBUG neutron.plugins.ml2.drivers.ovn.mech_driver.ovsdb.ovsdb_monitor [None req-15f1c7ef-29f6-4dd1-aa05-885a53e3dd2d None None] Hash Ring: Node fd1128f7cc725d6787f28bfed4fa7b46 (host: np0000007727) handling event "create" for row 9894622a-9104-4f12-ac48-a28f432ff5d4 (table: Chassis_Private) {{(pid=90893) notify /opt/stack/neutron/neutron/plugins/ml2/drivers/ovn/mech_driver/ovsdb/ovsdb_monitor.py:1099}}
Aug 19 01:51:17.511528 np0000007727 devstack@neutron-api.service[90892]: INFO ovsdbapp.backend.ovs_idl.vlog [None req-ba7dcc1a-3df1-4630-b4a8-c0e6c0cc6e29 None None] ssl:10.4.3.92:6642: connected
Aug 19 01:51:17.515642 np0000007727 devstack@neutron-api.service[90893]: DEBUG neutron.common.ovn.hash_ring_manager [None req-15f1c7ef-29f6-4dd1-aa05-885a53e3dd2d None None] Hash Ring loaded. 3 active nodes. 0 offline nodes {{(pid=90893) _load_hash_ring /opt/stack/neutron/neutron/common/ovn/hash_ring_manager.py:110}}
Aug 19 01:51:17.516623 np0000007727 devstack@neutron-api.service[90893]: INFO neutron.plugins.ml2.drivers.ovn.mech_driver.mech_driver [None req-15f1c7ef-29f6-4dd1-aa05-885a53e3dd2d None None] WorkerService process has finished the post initialization
Aug 19 01:51:17.516944 np0000007727 devstack@neutron-api.service[90893]: DEBUG oslo_concurrency.processutils [None req-15f1c7ef-29f6-4dd1-aa05-885a53e3dd2d None None] Running cmd (subprocess): ovsdb-client transact ssl:10.4.3.92:6641 --timeout 180 -p /opt/stack/data/CA/int-ca/private/devstack-cert.key -c /opt/stack/data/CA/int-ca/devstack-cert.crt -C /opt/stack/data/CA/int-ca/ca-chain.pem ["OVN_Northbound", {"op": "wait", "timeout": 0, "table": "Port_Group", "where": [["name", "==", "pvlan_pg_drop"]], "until": "==", "rows": []}, {"op": "insert", "table": "ACL", "row": {"action": "drop", "direction": "to-lport", "match": "outport == @pvlan_pg_drop && ip", "priority": 1010}, "uuid-name": "pvlandroptoport"}, {"op": "insert", "table": "ACL", "row": {"action": "drop", "direction": "from-lport", "match": "inport == @pvlan_pg_drop && ip", "priority": 1010}, "uuid-name": "pvlandropfromport"}, {"op": "insert", "table": "Port_Group", "row": {"name": "pvlan_pg_drop", "acls": ["set", [["named-uuid", "pvlandroptoport"], ["named-uuid", "pvlandropfromport"]]]}}] {{(pid=90893) execute /opt/stack/data/venv/lib/python3.12/site-packages/oslo_concurrency/processutils.py:440}}
Aug 19 01:51:17.537856 np0000007727 devstack@neutron-api.service[90892]: DEBUG neutron.common.ovn.hash_ring_manager [None req-ba7dcc1a-3df1-4630-b4a8-c0e6c0cc6e29 None None] Disallow caching, nodes 3<4 {{(pid=90892) _wait_startup_before_caching /opt/stack/neutron/neutron/common/ovn/hash_ring_manager.py:79}}
Aug 19 01:51:17.541571 np0000007727 devstack@neutron-api.service[90892]: DEBUG neutron.common.ovn.hash_ring_manager [None req-ba7dcc1a-3df1-4630-b4a8-c0e6c0cc6e29 None None] Hash Ring loaded. 3 active nodes. 0 offline nodes {{(pid=90892) _load_hash_ring /opt/stack/neutron/neutron/common/ovn/hash_ring_manager.py:110}}
Aug 19 01:51:17.541789 np0000007727 devstack@neutron-api.service[90892]: DEBUG neutron.plugins.ml2.drivers.ovn.mech_driver.ovsdb.ovsdb_monitor [None req-ba7dcc1a-3df1-4630-b4a8-c0e6c0cc6e29 None None] Hash Ring: Node 46429651c7e85d5c847283fe4a4360cf (host: np0000007727) handling event "create" for row a7c9a4c3-4916-4985-b62b-4fccbb300f71 (table: Chassis) {{(pid=90892) notify /opt/stack/neutron/neutron/plugins/ml2/drivers/ovn/mech_driver/ovsdb/ovsdb_monitor.py:1099}}
Aug 19 01:51:17.543007 np0000007727 devstack@neutron-api.service[90892]: DEBUG ovsdbapp.backend.ovs_idl.event [None req-ba7dcc1a-3df1-4630-b4a8-c0e6c0cc6e29 None None] Matched CREATE: ChassisBandwidthConfigEvent(events=('create', 'update'), table='Chassis', conditions=None, old_conditions=None), priority=20 to row=Chassis(uuid=a7c9a4c3-4916-4985-b62b-4fccbb300f71, encaps=[dcf1153c-1c93-4633-b615-8ef24a3456e8], external_ids={}, hostname='np0000007727', name='2aef7bb5-3638-4cda-8378-5d9226554fb9', nb_cfg=0, other_config={'ct-commit-nat-v2': 'true', 'ct-commit-to-zone': 'true', 'ct-next-zone': 'true', 'ct-no-masked-label': 'true', 'ct-state-save': 'true', 'datapath-type': 'system', 'fdb-timestamp': 'true', 'iface-types': 'afxdp,afxdp-nonpmd,bareudp,erspan,geneve,gre,gtpu,internal,ip6erspan,ip6gre,lisp,patch,srv6,stt,system,tap,vxlan', 'is-interconn': 'false', 'ls-dpg-column': 'true', 'mac-binding-timestamp': 'true', 'ovn-bridge-mappings': 'public:br-ex', 'ovn-chassis-mac-mappings': '', 'ovn-cms-options': 'enable-chassis-as-gw', 'ovn-ct-lb-related': 'true', 'ovn-enable-lflow-cache': 'true', 'ovn-limit-lflow-cache': '', 'ovn-memlimit-lflow-cache-kb': '', 'ovn-monitor-all': 'false', 'ovn-trim-limit-lflow-cache': '', 'ovn-trim-timeout-ms': '', 'ovn-trim-wmark-perc-lflow-cache': '', 'port-up-notif': 'true'}, transport_zones=[], vtep_logical_switches=[]) old= {{(pid=90892) matches /opt/stack/data/venv/lib/python3.12/site-packages/ovsdbapp/backend/ovs_idl/event.py:55}}
Aug 19 01:51:17.544241 np0000007727 devstack@neutron-api.service[90892]: DEBUG ovsdbapp.backend.ovs_idl.event [None req-ba7dcc1a-3df1-4630-b4a8-c0e6c0cc6e29 None None] Matched CREATE: ChassisAgentWriteEvent(events=('create', 'update'), table='Chassis_Private', conditions=None, old_conditions=None), priority=20 to row=Chassis_Private(uuid=9894622a-9104-4f12-ac48-a28f432ff5d4, chassis=a7c9a4c3-4916-4985-b62b-4fccbb300f71, external_ids={'neutron:ovn-bridge': 'br-int', 'neutron:ovn-neutron-agent-id': 'f931ba30-7121-529f-b6c1-5b37169c66a4', 'neutron:ovn-neutron-agent-sb-cfg': '0'}, name='2aef7bb5-3638-4cda-8378-5d9226554fb9', nb_cfg=0, nb_cfg_timestamp=0) old= {{(pid=90892) matches /opt/stack/data/venv/lib/python3.12/site-packages/ovsdbapp/backend/ovs_idl/event.py:55}}
Aug 19 01:51:17.544241 np0000007727 devstack@neutron-api.service[90892]: DEBUG ovsdbapp.backend.ovs_idl.event [None req-ba7dcc1a-3df1-4630-b4a8-c0e6c0cc6e29 None None] Matched CREATE: ChassisOVNAgentWriteEvent(events=('create', 'update'), table='Chassis_Private', conditions=None, old_conditions=None), priority=20 to row=Chassis_Private(uuid=9894622a-9104-4f12-ac48-a28f432ff5d4, chassis=a7c9a4c3-4916-4985-b62b-4fccbb300f71, external_ids={'neutron:ovn-bridge': 'br-int', 'neutron:ovn-neutron-agent-id': 'f931ba30-7121-529f-b6c1-5b37169c66a4', 'neutron:ovn-neutron-agent-sb-cfg': '0'}, name='2aef7bb5-3638-4cda-8378-5d9226554fb9', nb_cfg=0, nb_cfg_timestamp=0) old= {{(pid=90892) matches /opt/stack/data/venv/lib/python3.12/site-packages/ovsdbapp/backend/ovs_idl/event.py:55}}
Aug 19 01:51:17.544670 np0000007727 devstack@neutron-api.service[90893]: DEBUG oslo_concurrency.processutils [None req-15f1c7ef-29f6-4dd1-aa05-885a53e3dd2d None None] CMD "ovsdb-client transact ssl:10.4.3.92:6641 --timeout 180 -p /opt/stack/data/CA/int-ca/private/devstack-cert.key -c /opt/stack/data/CA/int-ca/devstack-cert.crt -C /opt/stack/data/CA/int-ca/ca-chain.pem ["OVN_Northbound", {"op": "wait", "timeout": 0, "table": "Port_Group", "where": [["name", "==", "pvlan_pg_drop"]], "until": "==", "rows": []}, {"op": "insert", "table": "ACL", "row": {"action": "drop", "direction": "to-lport", "match": "outport == @pvlan_pg_drop && ip", "priority": 1010}, "uuid-name": "pvlandroptoport"}, {"op": "insert", "table": "ACL", "row": {"action": "drop", "direction": "from-lport", "match": "inport == @pvlan_pg_drop && ip", "priority": 1010}, "uuid-name": "pvlandropfromport"}, {"op": "insert", "table": "Port_Group", "row": {"name": "pvlan_pg_drop", "acls": ["set", [["named-uuid", "pvlandroptoport"], ["named-uuid", "pvlandropfromport"]]]}}]" returned: 0 in 0.027s {{(pid=90893) execute /opt/stack/data/venv/lib/python3.12/site-packages/oslo_concurrency/processutils.py:468}}
Aug 19 01:51:17.546498 np0000007727 devstack@neutron-api.service[90893]: WSGI app 0 (mountpoint='') ready in 6 seconds on interpreter 0x79ddd0ca4668 pid: 90893 (default app)
Aug 19 01:51:17.550279 np0000007727 devstack@neutron-api.service[90892]: DEBUG neutron.common.ovn.hash_ring_manager [None req-ba7dcc1a-3df1-4630-b4a8-c0e6c0cc6e29 None None] Hash Ring loaded. 3 active nodes. 0 offline nodes {{(pid=90892) _load_hash_ring /opt/stack/neutron/neutron/common/ovn/hash_ring_manager.py:110}}
Aug 19 01:51:17.556608 np0000007727 devstack@neutron-api.service[90892]: DEBUG neutron.common.ovn.hash_ring_manager [None req-ba7dcc1a-3df1-4630-b4a8-c0e6c0cc6e29 None None] Hash Ring loaded. 3 active nodes. 0 offline nodes {{(pid=90892) _load_hash_ring /opt/stack/neutron/neutron/common/ovn/hash_ring_manager.py:110}}
Aug 19 01:51:17.557577 np0000007727 devstack@neutron-api.service[90892]: INFO neutron.plugins.ml2.drivers.ovn.mech_driver.mech_driver [None req-ba7dcc1a-3df1-4630-b4a8-c0e6c0cc6e29 None None] WorkerService process has finished the post initialization
Aug 19 01:51:17.558892 np0000007727 devstack@neutron-api.service[90892]: DEBUG oslo_concurrency.processutils [None req-ba7dcc1a-3df1-4630-b4a8-c0e6c0cc6e29 None None] Running cmd (subprocess): ovsdb-client transact ssl:10.4.3.92:6641 --timeout 180 -p /opt/stack/data/CA/int-ca/private/devstack-cert.key -c /opt/stack/data/CA/int-ca/devstack-cert.crt -C /opt/stack/data/CA/int-ca/ca-chain.pem ["OVN_Northbound", {"op": "wait", "timeout": 0, "table": "Port_Group", "where": [["name", "==", "pvlan_pg_drop"]], "until": "==", "rows": []}, {"op": "insert", "table": "ACL", "row": {"action": "drop", "direction": "to-lport", "match": "outport == @pvlan_pg_drop && ip", "priority": 1010}, "uuid-name": "pvlandroptoport"}, {"op": "insert", "table": "ACL", "row": {"action": "drop", "direction": "from-lport", "match": "inport == @pvlan_pg_drop && ip", "priority": 1010}, "uuid-name": "pvlandropfromport"}, {"op": "insert", "table": "Port_Group", "row": {"name": "pvlan_pg_drop", "acls": ["set", [["named-uuid", "pvlandroptoport"], ["named-uuid", "pvlandropfromport"]]]}}] {{(pid=90892) execute /opt/stack/data/venv/lib/python3.12/site-packages/oslo_concurrency/processutils.py:440}}
Aug 19 01:51:17.558892 np0000007727 devstack@neutron-api.service[90892]: INFO neutron.plugins.ml2.drivers.ovn.mech_driver.ovsdb.extensions.qos [-] Starting OVNClientQosExtension
Aug 19 01:51:17.558892 np0000007727 devstack@neutron-api.service[90892]: INFO neutron.plugins.ml2.drivers.ovn.mech_driver.ovsdb.extensions.placement [-] Starting OVNClientPlacementExtension
Aug 19 01:51:17.589214 np0000007727 devstack@neutron-api.service[90892]: DEBUG oslo_concurrency.processutils [None req-ba7dcc1a-3df1-4630-b4a8-c0e6c0cc6e29 None None] CMD "ovsdb-client transact ssl:10.4.3.92:6641 --timeout 180 -p /opt/stack/data/CA/int-ca/private/devstack-cert.key -c /opt/stack/data/CA/int-ca/devstack-cert.crt -C /opt/stack/data/CA/int-ca/ca-chain.pem ["OVN_Northbound", {"op": "wait", "timeout": 0, "table": "Port_Group", "where": [["name", "==", "pvlan_pg_drop"]], "until": "==", "rows": []}, {"op": "insert", "table": "ACL", "row": {"action": "drop", "direction": "to-lport", "match": "outport == @pvlan_pg_drop && ip", "priority": 1010}, "uuid-name": "pvlandroptoport"}, {"op": "insert", "table": "ACL", "row": {"action": "drop", "direction": "from-lport", "match": "inport == @pvlan_pg_drop && ip", "priority": 1010}, "uuid-name": "pvlandropfromport"}, {"op": "insert", "table": "Port_Group", "row": {"name": "pvlan_pg_drop", "acls": ["set", [["named-uuid", "pvlandroptoport"], ["named-uuid", "pvlandropfromport"]]]}}]" returned: 0 in 0.031s {{(pid=90892) execute /opt/stack/data/venv/lib/python3.12/site-packages/oslo_concurrency/processutils.py:468}}
Aug 19 01:51:17.591269 np0000007727 devstack@neutron-api.service[90892]: WSGI app 0 (mountpoint='') ready in 6 seconds on interpreter 0x79ddd0ca4668 pid: 90892 (default app)
Aug 19 01:51:17.809864 np0000007727 devstack@neutron-api.service[90891]: WARNING neutron.objects.base [None req-55955f74-ae04-4fde-bb58-afdc2a52cf9f None None] ORM session: SQL execution without transaction in progress, traceback:
Aug 19 01:51:17.809864 np0000007727 devstack@neutron-api.service[90891]: File "", line 1360, in _find_and_load
Aug 19 01:51:17.809864 np0000007727 devstack@neutron-api.service[90891]: File "", line 1331, in _find_and_load_unlocked
Aug 19 01:51:17.809864 np0000007727 devstack@neutron-api.service[90891]: File "", line 935, in _load_unlocked
Aug 19 01:51:17.809864 np0000007727 devstack@neutron-api.service[90891]: File "", line 995, in exec_module
Aug 19 01:51:17.809864 np0000007727 devstack@neutron-api.service[90891]: File "", line 488, in _call_with_frames_removed
Aug 19 01:51:17.809864 np0000007727 devstack@neutron-api.service[90891]: File "/opt/stack/neutron/neutron/wsgi/api.py", line 23, in
Aug 19 01:51:17.809864 np0000007727 devstack@neutron-api.service[90891]: application = server.boot_server(api.api_server, prog='neutron-api')
Aug 19 01:51:17.809864 np0000007727 devstack@neutron-api.service[90891]: File "/opt/stack/neutron/neutron/server/__init__.py", line 78, in boot_server
Aug 19 01:51:17.809864 np0000007727 devstack@neutron-api.service[90891]: return server_func()
Aug 19 01:51:17.809864 np0000007727 devstack@neutron-api.service[90891]: File "/opt/stack/neutron/neutron/server/api.py", line 32, in api_server
Aug 19 01:51:17.809864 np0000007727 devstack@neutron-api.service[90891]: registry.publish(resources.PROCESS, events.AFTER_INIT,
Aug 19 01:51:17.809864 np0000007727 devstack@neutron-api.service[90891]: File "/opt/stack/data/venv/lib/python3.12/site-packages/neutron_lib/callbacks/registry.py", line 56, in publish
Aug 19 01:51:17.809864 np0000007727 devstack@neutron-api.service[90891]: _get_callback_manager().publish(resource, event, trigger, payload=payload)
Aug 19 01:51:17.809864 np0000007727 devstack@neutron-api.service[90891]: File "/opt/stack/data/venv/lib/python3.12/site-packages/neutron_lib/db/utils.py", line 110, in _wrapped
Aug 19 01:51:17.809864 np0000007727 devstack@neutron-api.service[90891]: return function(*args, **kwargs)
Aug 19 01:51:17.809864 np0000007727 devstack@neutron-api.service[90891]: File "/opt/stack/data/venv/lib/python3.12/site-packages/neutron_lib/callbacks/manager.py", line 157, in publish
Aug 19 01:51:17.809864 np0000007727 devstack@neutron-api.service[90891]: errors = self._notify_loop(resource, event, trigger, payload)
Aug 19 01:51:17.809864 np0000007727 devstack@neutron-api.service[90891]: File "/opt/stack/data/venv/lib/python3.12/site-packages/neutron_lib/callbacks/manager.py", line 189, in _notify_loop
Aug 19 01:51:17.809864 np0000007727 devstack@neutron-api.service[90891]: callback.method(resource, event, trigger, payload=payload)
Aug 19 01:51:17.809864 np0000007727 devstack@neutron-api.service[90891]: File "/opt/stack/neutron/neutron/plugins/ml2/drivers/ovn/mech_driver/mech_driver.py", line 408, in post_fork_initialize
Aug 19 01:51:17.809864 np0000007727 devstack@neutron-api.service[90891]: self._setup_hash_ring()
Aug 19 01:51:17.809864 np0000007727 devstack@neutron-api.service[90891]: File "/opt/stack/neutron/neutron/plugins/ml2/drivers/ovn/mech_driver/mech_driver.py", line 363, in _setup_hash_ring
Aug 19 01:51:17.809864 np0000007727 devstack@neutron-api.service[90891]: self._init_hash_ring(n_context.get_admin_context())
Aug 19 01:51:17.810584 np0000007727 devstack@neutron-api.service[90891]: File "/opt/stack/data/venv/lib/python3.12/site-packages/neutron_lib/db/api.py", line 222, in wrapped
Aug 19 01:51:17.810584 np0000007727 devstack@neutron-api.service[90891]: return f_with_retry(*args, **kwargs, _context_reference=context)
Aug 19 01:51:17.810584 np0000007727 devstack@neutron-api.service[90891]: File "/opt/stack/data/venv/lib/python3.12/site-packages/neutron_lib/db/api.py", line 135, in wrapped
Aug 19 01:51:17.810584 np0000007727 devstack@neutron-api.service[90891]: return f(*args, **kwargs)
Aug 19 01:51:17.810584 np0000007727 devstack@neutron-api.service[90891]: File "/opt/stack/data/venv/lib/python3.12/site-packages/oslo_db/api.py", line 142, in wrapper
Aug 19 01:51:17.810584 np0000007727 devstack@neutron-api.service[90891]: return f(*args, **kwargs)
Aug 19 01:51:17.810584 np0000007727 devstack@neutron-api.service[90891]: File "/opt/stack/data/venv/lib/python3.12/site-packages/neutron_lib/db/api.py", line 181, in wrapped
Aug 19 01:51:17.810584 np0000007727 devstack@neutron-api.service[90891]: return f(*dup_args, **dup_kwargs)
Aug 19 01:51:17.810584 np0000007727 devstack@neutron-api.service[90891]: File "/opt/stack/data/venv/lib/python3.12/site-packages/oslo_db/sqlalchemy/enginefacade.py", line 1159, in wrapper
Aug 19 01:51:17.810584 np0000007727 devstack@neutron-api.service[90891]: return fn(*args, **kwargs)
Aug 19 01:51:17.810584 np0000007727 devstack@neutron-api.service[90891]: File "/opt/stack/neutron/neutron/plugins/ml2/drivers/ovn/mech_driver/mech_driver.py", line 385, in _init_hash_ring
Aug 19 01:51:17.810584 np0000007727 devstack@neutron-api.service[90891]: ovn_hash_ring_db.remove_nodes_from_host(
Aug 19 01:51:17.810584 np0000007727 devstack@neutron-api.service[90891]: File "/opt/stack/data/venv/lib/python3.12/site-packages/neutron_lib/db/api.py", line 222, in wrapped
Aug 19 01:51:17.810584 np0000007727 devstack@neutron-api.service[90891]: return f_with_retry(*args, **kwargs, _context_reference=context)
Aug 19 01:51:17.810584 np0000007727 devstack@neutron-api.service[90891]: File "/opt/stack/data/venv/lib/python3.12/site-packages/neutron_lib/db/api.py", line 135, in wrapped
Aug 19 01:51:17.810584 np0000007727 devstack@neutron-api.service[90891]: return f(*args, **kwargs)
Aug 19 01:51:17.810584 np0000007727 devstack@neutron-api.service[90891]: File "/opt/stack/data/venv/lib/python3.12/site-packages/oslo_db/api.py", line 142, in wrapper
Aug 19 01:51:17.810584 np0000007727 devstack@neutron-api.service[90891]: return f(*args, **kwargs)
Aug 19 01:51:17.810584 np0000007727 devstack@neutron-api.service[90891]: File "/opt/stack/data/venv/lib/python3.12/site-packages/neutron_lib/db/api.py", line 181, in wrapped
Aug 19 01:51:17.810584 np0000007727 devstack@neutron-api.service[90891]: return f(*dup_args, **dup_kwargs)
Aug 19 01:51:17.810584 np0000007727 devstack@neutron-api.service[90891]: File "/opt/stack/neutron/neutron/db/ovn_hash_ring_db.py", line 86, in remove_nodes_from_host
Aug 19 01:51:17.810584 np0000007727 devstack@neutron-api.service[90891]: query.delete()
Aug 19 01:51:17.810584 np0000007727 devstack@neutron-api.service[90891]: File "/opt/stack/data/venv/lib/python3.12/site-packages/sqlalchemy/orm/query.py", line 3217, in delete
Aug 19 01:51:17.810584 np0000007727 devstack@neutron-api.service[90891]: self.session.execute(
Aug 19 01:51:17.810584 np0000007727 devstack@neutron-api.service[90891]: File "/opt/stack/data/venv/lib/python3.12/site-packages/sqlalchemy/orm/session.py", line 2373, in execute
Aug 19 01:51:17.810584 np0000007727 devstack@neutron-api.service[90891]: return self._execute_internal(
Aug 19 01:51:17.810584 np0000007727 devstack@neutron-api.service[90891]: File "/opt/stack/data/venv/lib/python3.12/site-packages/sqlalchemy/orm/session.py", line 2225, in _execute_internal
Aug 19 01:51:17.810584 np0000007727 devstack@neutron-api.service[90891]: fn_result: Optional[Result[Any]] = fn(orm_exec_state)
Aug 19 01:51:17.810584 np0000007727 devstack@neutron-api.service[90891]:
Aug 19 01:51:17.812905 np0000007727 devstack@neutron-api.service[90891]: INFO neutron.db.ovn_hash_ring_db [None req-55955f74-ae04-4fde-bb58-afdc2a52cf9f None None] Nodes from host "np0000007727" and group "mechanism_driver" removed from the Hash Ring created at 2026-08-19 01:51:16+00:00
Aug 19 01:51:17.815760 np0000007727 devstack@neutron-api.service[90891]: INFO neutron.db.ovn_hash_ring_db [None req-55955f74-ae04-4fde-bb58-afdc2a52cf9f None None] Node d5e2650850605ae8a0a8a16e7f46ee69 from host "np0000007727" and group "mechanism_driver" added to the Hash Ring
Aug 19 01:51:17.818104 np0000007727 devstack@neutron-api.service[90891]: DEBUG neutron.plugins.ml2.drivers.ovn.mech_driver.mech_driver [None req-55955f74-ae04-4fde-bb58-afdc2a52cf9f None None] Hash Ring setup, this worker has detected 4 OVN hash ring registers in the database {{(pid=90891) _init_hash_ring /opt/stack/neutron/neutron/plugins/ml2/drivers/ovn/mech_driver/mech_driver.py:392}}
Aug 19 01:51:17.821508 np0000007727 devstack@neutron-api.service[90891]: DEBUG neutron.plugins.ml2.drivers.ovn.mech_driver.ovsdb.maintenance [None req-55955f74-ae04-4fde-bb58-afdc2a52cf9f None None] Periodic task found: HashRingHealthCheckPeriodics.touch_hash_ring_node {{(pid=90891) add_periodics /opt/stack/neutron/neutron/plugins/ml2/drivers/ovn/mech_driver/ovsdb/maintenance.py:148}}
Aug 19 01:51:17.822347 np0000007727 devstack@neutron-api.service[90891]: INFO neutron.plugins.ml2.drivers.ovn.mech_driver.mech_driver [None req-55955f74-ae04-4fde-bb58-afdc2a52cf9f None None] Hash Ring probing thread for node d5e2650850605ae8a0a8a16e7f46ee69 has started
