Aug 06 07:09:56.577755 np0000006632 devstack@g-api.service[99870]: DEBUG glance.api.middleware.version_negotiation [None req-bb463c08-8583-4323-b9ba-f5c2ba45247f tempest-VolumesBackupsTest-1878466867 tempest-VolumesBackupsTest-1878466867-project-member] new path /v2/images/94c605e6-d611-4949-a560-4c2def3ef6dd {{(pid=99870) process_request /opt/stack/glance/glance/api/middleware/version_negotiation.py:70}}
Aug 06 07:09:56.598833 np0000006632 devstack@g-api.service[99870]: WARNING glance.api.v2.images [None req-06fdb293-732e-4c5d-9086-af12f3456573 tempest-ServerStableDeviceRescueTest-1903575737 tempest-ServerStableDeviceRescueTest-1903575737-project-member] After upload to backend, deletion of staged image data has failed because it cannot be found at /tmp/staging//94c605e6-d611-4949-a560-4c2def3ef6dd
Aug 06 07:09:56.599266 np0000006632 devstack@g-api.service[99870]: DEBUG glance_store.backend [None req-06fdb293-732e-4c5d-9086-af12f3456573 tempest-ServerStableDeviceRescueTest-1903575737 tempest-ServerStableDeviceRescueTest-1903575737-project-member] Attempting to import store swift {{(pid=99870) _load_store /opt/stack/data/venv/lib/python3.12/site-packages/glance_store/backend.py:215}}
Aug 06 07:09:56.600454 np0000006632 devstack@g-api.service[99870]: DEBUG glance_store.capabilities [None req-06fdb293-732e-4c5d-9086-af12f3456573 tempest-ServerStableDeviceRescueTest-1903575737 tempest-ServerStableDeviceRescueTest-1903575737-project-member] Store glance_store._drivers.swift.store.SingleTenantStore doesn't support updating dynamic storage capabilities. Please overwrite 'update_capabilities' method of the store to implement updating logics if needed. {{(pid=99870) update_capabilities /opt/stack/data/venv/lib/python3.12/site-packages/glance_store/capabilities.py:91}}
Aug 06 07:09:56.600549 np0000006632 devstack@g-api.service[99870]: DEBUG glance_store.driver [None req-06fdb293-732e-4c5d-9086-af12f3456573 tempest-ServerStableDeviceRescueTest-1903575737 tempest-ServerStableDeviceRescueTest-1903575737-project-member] Late loading location class glance_store._drivers.swift.store.StoreLocation {{(pid=99870) get_store_location_class /opt/stack/data/venv/lib/python3.12/site-packages/glance_store/driver.py:134}}
Aug 06 07:09:56.600836 np0000006632 devstack@g-api.service[99870]: DEBUG glance_store.location [None req-06fdb293-732e-4c5d-9086-af12f3456573 tempest-ServerStableDeviceRescueTest-1903575737 tempest-ServerStableDeviceRescueTest-1903575737-project-member] Registering scheme swift+https with {'store': , 'location_class': , 'store_entry': 'swift'} {{(pid=99870) register_scheme_map /opt/stack/data/venv/lib/python3.12/site-packages/glance_store/location.py:146}}
Aug 06 07:09:56.600929 np0000006632 devstack@g-api.service[99870]: DEBUG glance_store.location [None req-06fdb293-732e-4c5d-9086-af12f3456573 tempest-ServerStableDeviceRescueTest-1903575737 tempest-ServerStableDeviceRescueTest-1903575737-project-member] Registering scheme swift+https with {'store': , 'location_class': , 'store_entry': 'swift'} {{(pid=99870) register_scheme_map /opt/stack/data/venv/lib/python3.12/site-packages/glance_store/location.py:146}}
Aug 06 07:09:56.601049 np0000006632 devstack@g-api.service[99870]: DEBUG glance_store.location [None req-06fdb293-732e-4c5d-9086-af12f3456573 tempest-ServerStableDeviceRescueTest-1903575737 tempest-ServerStableDeviceRescueTest-1903575737-project-member] Registering scheme swift with {'store': , 'location_class': , 'store_entry': 'swift'} {{(pid=99870) register_scheme_map /opt/stack/data/venv/lib/python3.12/site-packages/glance_store/location.py:146}}
Aug 06 07:09:56.601135 np0000006632 devstack@g-api.service[99870]: DEBUG glance_store.location [None req-06fdb293-732e-4c5d-9086-af12f3456573 tempest-ServerStableDeviceRescueTest-1903575737 tempest-ServerStableDeviceRescueTest-1903575737-project-member] Registering scheme swift+https with {'store': , 'location_class': , 'store_entry': 'swift'} {{(pid=99870) register_scheme_map /opt/stack/data/venv/lib/python3.12/site-packages/glance_store/location.py:146}}
Aug 06 07:09:56.601250 np0000006632 devstack@g-api.service[99870]: DEBUG glance_store.location [None req-06fdb293-732e-4c5d-9086-af12f3456573 tempest-ServerStableDeviceRescueTest-1903575737 tempest-ServerStableDeviceRescueTest-1903575737-project-member] Registering scheme swift with {'store': , 'location_class': , 'store_entry': 'swift'} {{(pid=99870) register_scheme_map /opt/stack/data/venv/lib/python3.12/site-packages/glance_store/location.py:146}}
Aug 06 07:09:56.601368 np0000006632 devstack@g-api.service[99870]: DEBUG glance_store.location [None req-06fdb293-732e-4c5d-9086-af12f3456573 tempest-ServerStableDeviceRescueTest-1903575737 tempest-ServerStableDeviceRescueTest-1903575737-project-member] Registering scheme swift+http with {'store': , 'location_class': , 'store_entry': 'swift'} {{(pid=99870) register_scheme_map /opt/stack/data/venv/lib/python3.12/site-packages/glance_store/location.py:146}}
Aug 06 07:09:56.601496 np0000006632 devstack@g-api.service[99870]: DEBUG glance_store.location [None req-06fdb293-732e-4c5d-9086-af12f3456573 tempest-ServerStableDeviceRescueTest-1903575737 tempest-ServerStableDeviceRescueTest-1903575737-project-member] Registering scheme swift+https with {'store': , 'location_class': , 'store_entry': 'swift'} {{(pid=99870) register_scheme_map /opt/stack/data/venv/lib/python3.12/site-packages/glance_store/location.py:146}}
Aug 06 07:09:56.601599 np0000006632 devstack@g-api.service[99870]: DEBUG glance_store.location [None req-06fdb293-732e-4c5d-9086-af12f3456573 tempest-ServerStableDeviceRescueTest-1903575737 tempest-ServerStableDeviceRescueTest-1903575737-project-member] Registering scheme swift with {'store': , 'location_class': , 'store_entry': 'swift'} {{(pid=99870) register_scheme_map /opt/stack/data/venv/lib/python3.12/site-packages/glance_store/location.py:146}}
Aug 06 07:09:56.601703 np0000006632 devstack@g-api.service[99870]: DEBUG glance_store.location [None req-06fdb293-732e-4c5d-9086-af12f3456573 tempest-ServerStableDeviceRescueTest-1903575737 tempest-ServerStableDeviceRescueTest-1903575737-project-member] Registering scheme swift+http with {'store': , 'location_class': , 'store_entry': 'swift'} {{(pid=99870) register_scheme_map /opt/stack/data/venv/lib/python3.12/site-packages/glance_store/location.py:146}}
Aug 06 07:09:56.601801 np0000006632 devstack@g-api.service[99870]: DEBUG glance_store.location [None req-06fdb293-732e-4c5d-9086-af12f3456573 tempest-ServerStableDeviceRescueTest-1903575737 tempest-ServerStableDeviceRescueTest-1903575737-project-member] Registering scheme swift+config with {'store': , 'location_class': , 'store_entry': 'swift'} {{(pid=99870) register_scheme_map /opt/stack/data/venv/lib/python3.12/site-packages/glance_store/location.py:146}}
Aug 06 07:09:56.602264 np0000006632 devstack@g-api.service[99870]: DEBUG keystoneclient.auth.identity.v3.base [None req-06fdb293-732e-4c5d-9086-af12f3456573 tempest-ServerStableDeviceRescueTest-1903575737 tempest-ServerStableDeviceRescueTest-1903575737-project-member] Making authentication request to https://10.4.3.13/identity/v3/auth/tokens {{(pid=99870) get_auth_ref /opt/stack/data/venv/lib/python3.12/site-packages/keystoneclient/auth/identity/v3/base.py:185}}
Aug 06 07:09:56.641254 np0000006632 devstack@g-api.service[99870]: DEBUG keystoneclient.auth.identity.v3.base [None req-06fdb293-732e-4c5d-9086-af12f3456573 tempest-ServerStableDeviceRescueTest-1903575737 tempest-ServerStableDeviceRescueTest-1903575737-project-member] {"token": {"methods": ["password"], "user": {"domain": {"id": "default", "name": "Default"}, "id": "a6b489582d1042bcb65b1b1296a7ab95", "name": "glance-swift", "password_expires_at": null}, "audit_ids": ["WjNawpTLQImVMndnMeoI8Q"], "expires_at": "2026-08-06T08:09:56.000000Z", "issued_at": "2026-08-06T07:09:56.000000Z", "project": {"domain": {"id": "default", "name": "Default"}, "id": "072ec3c530ce407b8c871d6634e1f74d", "name": "service"}, "is_domain": false, "roles": [{"id": "d0755cd1518141dbabc958ea0b539df9", "name": "service"}, {"id": "eb55e5ca62cb437c81e302b4e9c7ab8a", "name": "ResellerAdmin"}], "catalog": [{"endpoints": [{"id": "9c10b5be34d144859a2c21dff88d5732", "interface": "public", "region_id": "RegionOne", "url": "https://10.4.3.13/compute/v2/072ec3c530ce407b8c871d6634e1f74d", "region": "RegionOne"}], "id": "2379fa7f30ce453da475a19dd1552b2f", "type": "compute_legacy", "name": "nova_legacy"}, {"endpoints": [{"id": "ce11435453824b7ba354528b902db4ad", "interface": "public", "region_id": "RegionOne", "url": "https://10.4.3.13/compute/v2.1", "region": "RegionOne"}], "id": "39305f5e112d44b5ad5dfff818c37a30", "type": "compute", "name": "nova"}, {"endpoints": [{"id": "1322e3b8286940e39b2b862f89a19bb5", "interface": "admin", "region_id": "RegionOne", "url": "https://10.4.3.13:8080", "region": "RegionOne"}, {"id": "aff9719acf6043c495485693f3fa5ede", "interface": "public", "region_id": "RegionOne", "url": "https://10.4.3.13:8080/v1/AUTH_072ec3c530ce407b8c871d6634e1f74d", "region": "RegionOne"}], "id": "4d1898306d2f4293b6247622246de421", "type": "object-store", "name": "swift"}, {"endpoints": [{"id": "daef97f189b94ee09735e32bbef35429", "interface": "public", "region_id": "RegionOne", "url": "https://10.4.3.13/placement", "region": "RegionOne"}], "id": "7680445f460f4a3a9cd8d25eb2bb4d7a", "type": "placement", "name": "placement"}, {"endpoints": [{"id": "4a721e4127ce4ba2a9908de9295953bc", "interface": "public", "region_id": "RegionOne", "url": "https://10.4.3.13/networking", "region": "RegionOne"}], "id": "95f1c9ab91e04ec89a6659a68787b695", "type": "network", "name": "neutron"}, {"endpoints": [{"id": "926b7b5794d34ac8b027d3ee7f865af6", "interface": "public", "region_id": "RegionOne", "url": "https://10.4.3.13/image", "region": "RegionOne"}], "id": "be72bbf7e6984a2ca07dd10c44a05739", "type": "image", "name": "glance"}, {"endpoints": [{"id": "3b7858a890704a3bad85ba8e92239609", "interface": "public", "region_id": "RegionOne", "url": "https://10.4.3.13/identity", "region": "RegionOne"}], "id": "d72c32a1188242a1ad1297b391941471", "type": "identity", "name": "keystone"}, {"endpoints": [{"id": "c5ab264937924c60a9b5fcc44969179a", "interface": "public", "region_id": "RegionOne", "url": "https://10.4.3.13/volume/v3", "region": "RegionOne"}], "id": "dd1d29d23d1d40f9a397e061e13ad1bb", "type": "block-storage", "name": "cinder"}]}} {{(pid=99870) get_auth_ref /opt/stack/data/venv/lib/python3.12/site-packages/keystoneclient/auth/identity/v3/base.py:190}}
Aug 06 07:09:56.642961 np0000006632 devstack@g-api.service[99870]: DEBUG keystoneclient.httpclient [None req-06fdb293-732e-4c5d-9086-af12f3456573 tempest-ServerStableDeviceRescueTest-1903575737 tempest-ServerStableDeviceRescueTest-1903575737-project-member] Failed to find endpoint for management url admin endpoint for identity service not found {{(pid=99870) _process_management_url /opt/stack/data/venv/lib/python3.12/site-packages/keystoneclient/httpclient.py:670}}
Aug 06 07:09:56.713319 np0000006632 devstack@g-api.service[99870]: DEBUG swiftclient [None req-06fdb293-732e-4c5d-9086-af12f3456573 tempest-ServerStableDeviceRescueTest-1903575737 tempest-ServerStableDeviceRescueTest-1903575737-project-member] REQ: curl -i https://10.4.3.13:8080/v1/AUTH_072ec3c530ce407b8c871d6634e1f74d/glance/94c605e6-d611-4949-a560-4c2def3ef6dd -I -H "X-Auth-Token: gAAAAABqdDNEUPc9..." {{(pid=99870) http_log /opt/stack/data/venv/lib/python3.12/site-packages/swiftclient/client.py:160}}
Aug 06 07:09:56.713482 np0000006632 devstack@g-api.service[99870]: DEBUG swiftclient [None req-06fdb293-732e-4c5d-9086-af12f3456573 tempest-ServerStableDeviceRescueTest-1903575737 tempest-ServerStableDeviceRescueTest-1903575737-project-member] RESP STATUS: 200 OK {{(pid=99870) http_log /opt/stack/data/venv/lib/python3.12/site-packages/swiftclient/client.py:161}}
Aug 06 07:09:56.713872 np0000006632 devstack@g-api.service[99870]: DEBUG swiftclient [None req-06fdb293-732e-4c5d-9086-af12f3456573 tempest-ServerStableDeviceRescueTest-1903575737 tempest-ServerStableDeviceRescueTest-1903575737-project-member] RESP HEADERS: {'Date': 'Thu, 06 Aug 2026 07:09:56 GMT', 'Server': 'Apache/2.4.58 (Ubuntu)', 'Content-Type': 'application/octet-stream', 'Content-Length': '53542912', 'X-Object-Manifest': 'glance/94c605e6-d611-4949-a560-4c2def3ef6dd-', 'Last-Modified': 'Thu, 06 Aug 2026 07:09:09 GMT', 'X-Timestamp': '1786000148.35651', 'Accept-Ranges': 'bytes', 'Etag': '"034d0786ace73364a2a0336779f8b802"', 'X-Trans-Id': 'tx9ebd1b00cbb14f2199e59-006a743344', 'X-Openstack-Request-Id': 'tx9ebd1b00cbb14f2199e59-006a743344', 'Connection': 'close'} {{(pid=99870) http_log /opt/stack/data/venv/lib/python3.12/site-packages/swiftclient/client.py:162}}
Aug 06 07:09:56.731707 np0000006632 devstack@g-api.service[99870]: DEBUG swiftclient [None req-06fdb293-732e-4c5d-9086-af12f3456573 tempest-ServerStableDeviceRescueTest-1903575737 tempest-ServerStableDeviceRescueTest-1903575737-project-member] REQ: curl -i https://10.4.3.13:8080/v1/AUTH_072ec3c530ce407b8c871d6634e1f74d/glance?format=json&prefix=94c605e6-d611-4949-a560-4c2def3ef6dd- -X GET -H "X-Auth-Token: gAAAAABqdDNEUPc9..." -H "Accept-Encoding: gzip" {{(pid=99870) http_log /opt/stack/data/venv/lib/python3.12/site-packages/swiftclient/client.py:160}}
Aug 06 07:09:56.731815 np0000006632 devstack@g-api.service[99870]: DEBUG swiftclient [None req-06fdb293-732e-4c5d-9086-af12f3456573 tempest-ServerStableDeviceRescueTest-1903575737 tempest-ServerStableDeviceRescueTest-1903575737-project-member] RESP STATUS: 200 OK {{(pid=99870) http_log /opt/stack/data/venv/lib/python3.12/site-packages/swiftclient/client.py:161}}
Aug 06 07:09:56.731968 np0000006632 devstack@g-api.service[99870]: DEBUG swiftclient [None req-06fdb293-732e-4c5d-9086-af12f3456573 tempest-ServerStableDeviceRescueTest-1903575737 tempest-ServerStableDeviceRescueTest-1903575737-project-member] RESP HEADERS: {'Date': 'Thu, 06 Aug 2026 07:09:56 GMT', 'Server': 'Apache/2.4.58 (Ubuntu)', 'Content-Type': 'application/json; charset=utf-8', 'Content-Length': '210', 'X-Container-Object-Count': '7', 'X-Container-Bytes-Used': '141426688', 'X-Timestamp': '1785999855.00169', 'Last-Modified': 'Thu, 06 Aug 2026 07:04:15 GMT', 'Accept-Ranges': 'bytes', 'X-Storage-Policy': 'Policy-0', 'X-Container-Sharding': 'False', 'X-Trans-Id': 'tx42b0cb7c7d8642138fac6-006a743344', 'X-Openstack-Request-Id': 'tx42b0cb7c7d8642138fac6-006a743344', 'Connection': 'close'} {{(pid=99870) http_log /opt/stack/data/venv/lib/python3.12/site-packages/swiftclient/client.py:162}}
Aug 06 07:09:56.732331 np0000006632 devstack@g-api.service[99870]: DEBUG swiftclient [None req-06fdb293-732e-4c5d-9086-af12f3456573 tempest-ServerStableDeviceRescueTest-1903575737 tempest-ServerStableDeviceRescueTest-1903575737-project-member] RESP BODY: b'[{"bytes": 53542912, "hash": "3a4f4cdf5422073bba84a9ccb09c2e87", "name": "94c605e6-d611-4949-a560-4c2def3ef6dd-00001", "content_type": "application/octet-stream", "last_modified": "2026-08-06T07:09:07.870940"}]' {{(pid=99870) http_log /opt/stack/data/venv/lib/python3.12/site-packages/swiftclient/client.py:166}}
Aug 06 07:09:56.745229 np0000006632 devstack@g-api.service[99872]: DEBUG glance.api.middleware.version_negotiation [None req-bb463c08-8583-4323-b9ba-f5c2ba45247f tempest-VolumesBackupsTest-1878466867 tempest-VolumesBackupsTest-1878466867-project-member] Determining version of request: GET /versions Accept: */* {{(pid=99872) process_request /opt/stack/glance/glance/api/middleware/version_negotiation.py:44}}
Aug 06 07:09:56.746135 np0000006632 devstack@g-api.service[99872]: [pid: 99872|app: 0|req: 109/332] 127.0.0.1 () {44 vars in 1035 bytes} [Thu Aug 6 07:09:56 2026] GET /versions => generated 1501 bytes in 1 msecs (HTTP/1.1 200) 3 headers in 92 bytes (1 switches on core 0)
Aug 06 07:09:56.751672 np0000006632 devstack@g-api.service[99871]: DEBUG glance.api.middleware.version_negotiation [None req-bb463c08-8583-4323-b9ba-f5c2ba45247f tempest-VolumesBackupsTest-1878466867 tempest-VolumesBackupsTest-1878466867-project-member] Determining version of request: GET /v2/images/10046777-ebe2-4f65-9f83-38b35ec8262b/locations Accept: */* {{(pid=99871) process_request /opt/stack/glance/glance/api/middleware/version_negotiation.py:44}}
Aug 06 07:09:56.752540 np0000006632 devstack@g-api.service[99871]: DEBUG glance.api.middleware.version_negotiation [None req-bb463c08-8583-4323-b9ba-f5c2ba45247f tempest-VolumesBackupsTest-1878466867 tempest-VolumesBackupsTest-1878466867-project-member] Using url versioning {{(pid=99871) process_request /opt/stack/glance/glance/api/middleware/version_negotiation.py:57}}
Aug 06 07:09:56.752540 np0000006632 devstack@g-api.service[99871]: DEBUG glance.api.middleware.version_negotiation [None req-bb463c08-8583-4323-b9ba-f5c2ba45247f tempest-VolumesBackupsTest-1878466867 tempest-VolumesBackupsTest-1878466867-project-member] Matched version: v2 {{(pid=99871) process_request /opt/stack/glance/glance/api/middleware/version_negotiation.py:69}}
Aug 06 07:09:56.752540 np0000006632 devstack@g-api.service[99871]: DEBUG glance.api.middleware.version_negotiation [None req-bb463c08-8583-4323-b9ba-f5c2ba45247f tempest-VolumesBackupsTest-1878466867 tempest-VolumesBackupsTest-1878466867-project-member] new path /v2/images/10046777-ebe2-4f65-9f83-38b35ec8262b/locations {{(pid=99871) process_request /opt/stack/glance/glance/api/middleware/version_negotiation.py:70}}
Aug 06 07:09:56.753436 np0000006632 devstack@g-api.service[99870]: DEBUG swiftclient [None req-06fdb293-732e-4c5d-9086-af12f3456573 tempest-ServerStableDeviceRescueTest-1903575737 tempest-ServerStableDeviceRescueTest-1903575737-project-member] REQ: curl -i https://10.4.3.13:8080/v1/AUTH_072ec3c530ce407b8c871d6634e1f74d/glance/94c605e6-d611-4949-a560-4c2def3ef6dd-00001 DELETE -H "X-Auth-Token: gAAAAABqdDNEUPc9..." {{(pid=99870) http_log /opt/stack/data/venv/lib/python3.12/site-packages/swiftclient/client.py:160}}
Aug 06 07:09:56.753536 np0000006632 devstack@g-api.service[99870]: DEBUG swiftclient [None req-06fdb293-732e-4c5d-9086-af12f3456573 tempest-ServerStableDeviceRescueTest-1903575737 tempest-ServerStableDeviceRescueTest-1903575737-project-member] RESP STATUS: 204 No Content {{(pid=99870) http_log /opt/stack/data/venv/lib/python3.12/site-packages/swiftclient/client.py:161}}
Aug 06 07:09:56.753709 np0000006632 devstack@g-api.service[99870]: DEBUG swiftclient [None req-06fdb293-732e-4c5d-9086-af12f3456573 tempest-ServerStableDeviceRescueTest-1903575737 tempest-ServerStableDeviceRescueTest-1903575737-project-member] RESP HEADERS: {'Date': 'Thu, 06 Aug 2026 07:09:56 GMT', 'Server': 'Apache/2.4.58 (Ubuntu)', 'Content-Type': 'text/html; charset=UTF-8', 'X-Trans-Id': 'tx3a9a04e456de4ccb896b1-006a743344', 'X-Openstack-Request-Id': 'tx3a9a04e456de4ccb896b1-006a743344', 'Connection': 'close'} {{(pid=99870) http_log /opt/stack/data/venv/lib/python3.12/site-packages/swiftclient/client.py:162}}
Aug 06 07:09:56.772831 np0000006632 devstack@g-api.service[99870]: DEBUG swiftclient [None req-06fdb293-732e-4c5d-9086-af12f3456573 tempest-ServerStableDeviceRescueTest-1903575737 tempest-ServerStableDeviceRescueTest-1903575737-project-member] REQ: curl -i https://10.4.3.13:8080/v1/AUTH_072ec3c530ce407b8c871d6634e1f74d/glance/94c605e6-d611-4949-a560-4c2def3ef6dd DELETE -H "X-Auth-Token: gAAAAABqdDNEUPc9..." {{(pid=99870) http_log /opt/stack/data/venv/lib/python3.12/site-packages/swiftclient/client.py:160}}
Aug 06 07:09:56.772951 np0000006632 devstack@g-api.service[99870]: DEBUG swiftclient [None req-06fdb293-732e-4c5d-9086-af12f3456573 tempest-ServerStableDeviceRescueTest-1903575737 tempest-ServerStableDeviceRescueTest-1903575737-project-member] RESP STATUS: 204 No Content {{(pid=99870) http_log /opt/stack/data/venv/lib/python3.12/site-packages/swiftclient/client.py:161}}
Aug 06 07:09:56.773083 np0000006632 devstack@g-api.service[99870]: DEBUG swiftclient [None req-06fdb293-732e-4c5d-9086-af12f3456573 tempest-ServerStableDeviceRescueTest-1903575737 tempest-ServerStableDeviceRescueTest-1903575737-project-member] RESP HEADERS: {'Date': 'Thu, 06 Aug 2026 07:09:56 GMT', 'Server': 'Apache/2.4.58 (Ubuntu)', 'Content-Type': 'text/html; charset=UTF-8', 'X-Trans-Id': 'tx37e00e702265459884dc4-006a743344', 'X-Openstack-Request-Id': 'tx37e00e702265459884dc4-006a743344', 'Connection': 'close'} {{(pid=99870) http_log /opt/stack/data/venv/lib/python3.12/site-packages/swiftclient/client.py:162}}
Aug 06 07:09:56.797808 np0000006632 devstack@g-api.service[99871]: [pid: 99871|app: 0|req: 113/333] 127.0.0.1 () {44 vars in 1131 bytes} [Thu Aug 6 07:09:56 2026] GET /v2/images/10046777-ebe2-4f65-9f83-38b35ec8262b/locations => generated 92 bytes in 46 msecs (HTTP/1.1 200) 4 headers in 156 bytes (1 switches on core 0)
Aug 06 07:09:56.815263 np0000006632 devstack@g-api.service[99872]: DEBUG glance.api.middleware.version_negotiation [None req-bb463c08-8583-4323-b9ba-f5c2ba45247f tempest-VolumesBackupsTest-1878466867 tempest-VolumesBackupsTest-1878466867-project-member] Determining version of request: GET /v2/images/10046777-ebe2-4f65-9f83-38b35ec8262b Accept: */* {{(pid=99872) process_request /opt/stack/glance/glance/api/middleware/version_negotiation.py:44}}
Aug 06 07:09:56.815364 np0000006632 devstack@g-api.service[99872]: DEBUG glance.api.middleware.version_negotiation [None req-bb463c08-8583-4323-b9ba-f5c2ba45247f tempest-VolumesBackupsTest-1878466867 tempest-VolumesBackupsTest-1878466867-project-member] Using url versioning {{(pid=99872) process_request /opt/stack/glance/glance/api/middleware/version_negotiation.py:57}}
Aug 06 07:09:56.815503 np0000006632 devstack@g-api.service[99872]: DEBUG glance.api.middleware.version_negotiation [None req-bb463c08-8583-4323-b9ba-f5c2ba45247f tempest-VolumesBackupsTest-1878466867 tempest-VolumesBackupsTest-1878466867-project-member] Matched version: v2 {{(pid=99872) process_request /opt/stack/glance/glance/api/middleware/version_negotiation.py:69}}
Aug 06 07:09:56.815675 np0000006632 devstack@g-api.service[99872]: DEBUG glance.api.middleware.version_negotiation [None req-bb463c08-8583-4323-b9ba-f5c2ba45247f tempest-VolumesBackupsTest-1878466867 tempest-VolumesBackupsTest-1878466867-project-member] new path /v2/images/10046777-ebe2-4f65-9f83-38b35ec8262b {{(pid=99872) process_request /opt/stack/glance/glance/api/middleware/version_negotiation.py:70}}
Aug 06 07:09:56.825046 np0000006632 devstack@g-api.service[99872]: [pid: 99872|app: 0|req: 110/334] 127.0.0.1 () {44 vars in 1111 bytes} [Thu Aug 6 07:09:56 2026] GET /v2/images/10046777-ebe2-4f65-9f83-38b35ec8262b => generated 1044 bytes in 10 msecs (HTTP/1.1 200) 4 headers in 158 bytes (1 switches on core 0)
Aug 06 07:09:56.834755 np0000006632 devstack@g-api.service[99871]: DEBUG glance.api.middleware.version_negotiation [None req-bb463c08-8583-4323-b9ba-f5c2ba45247f service glance] Determining version of request: GET /v2/schemas/image Accept: */* {{(pid=99871) process_request /opt/stack/glance/glance/api/middleware/version_negotiation.py:44}}
Aug 06 07:09:56.834755 np0000006632 devstack@g-api.service[99871]: DEBUG glance.api.middleware.version_negotiation [None req-bb463c08-8583-4323-b9ba-f5c2ba45247f service glance] Using url versioning {{(pid=99871) process_request /opt/stack/glance/glance/api/middleware/version_negotiation.py:57}}
Aug 06 07:09:56.834755 np0000006632 devstack@g-api.service[99871]: DEBUG glance.api.middleware.version_negotiation [None req-bb463c08-8583-4323-b9ba-f5c2ba45247f service glance] Matched version: v2 {{(pid=99871) process_request /opt/stack/glance/glance/api/middleware/version_negotiation.py:69}}
Aug 06 07:09:56.834755 np0000006632 devstack@g-api.service[99871]: DEBUG glance.api.middleware.version_negotiation [None req-bb463c08-8583-4323-b9ba-f5c2ba45247f service glance] new path /v2/schemas/image {{(pid=99871) process_request /opt/stack/glance/glance/api/middleware/version_negotiation.py:70}}
Aug 06 07:09:56.837636 np0000006632 devstack@g-api.service[99871]: [pid: 99871|app: 0|req: 114/335] 127.0.0.1 () {44 vars in 1051 bytes} [Thu Aug 6 07:09:56 2026] GET /v2/schemas/image => generated 6083 bytes in 4 msecs (HTTP/1.1 200) 4 headers in 158 bytes (1 switches on core 0)
Aug 06 07:09:56.847398 np0000006632 devstack@g-api.service[99872]: DEBUG glance.api.middleware.version_negotiation [None req-bb463c08-8583-4323-b9ba-f5c2ba45247f tempest-VolumesBackupsTest-1878466867 tempest-VolumesBackupsTest-1878466867-project-member] Determining version of request: GET /v2/schemas/image Accept: */* {{(pid=99872) process_request /opt/stack/glance/glance/api/middleware/version_negotiation.py:44}}
Aug 06 07:09:56.847748 np0000006632 devstack@g-api.service[99872]: DEBUG glance.api.middleware.version_negotiation [None req-bb463c08-8583-4323-b9ba-f5c2ba45247f tempest-VolumesBackupsTest-1878466867 tempest-VolumesBackupsTest-1878466867-project-member] Using url versioning {{(pid=99872) process_request /opt/stack/glance/glance/api/middleware/version_negotiation.py:57}}
Aug 06 07:09:56.848152 np0000006632 devstack@g-api.service[99872]: DEBUG glance.api.middleware.version_negotiation [None req-bb463c08-8583-4323-b9ba-f5c2ba45247f tempest-VolumesBackupsTest-1878466867 tempest-VolumesBackupsTest-1878466867-project-member] Matched version: v2 {{(pid=99872) process_request /opt/stack/glance/glance/api/middleware/version_negotiation.py:69}}
Aug 06 07:09:56.848308 np0000006632 devstack@g-api.service[99872]: DEBUG glance.api.middleware.version_negotiation [None req-bb463c08-8583-4323-b9ba-f5c2ba45247f tempest-VolumesBackupsTest-1878466867 tempest-VolumesBackupsTest-1878466867-project-member] new path /v2/schemas/image {{(pid=99872) process_request /opt/stack/glance/glance/api/middleware/version_negotiation.py:70}}
Aug 06 07:09:56.851876 np0000006632 devstack@g-api.service[99872]: [pid: 99872|app: 0|req: 111/336] 127.0.0.1 () {44 vars in 1051 bytes} [Thu Aug 6 07:09:56 2026] GET /v2/schemas/image => generated 6083 bytes in 5 msecs (HTTP/1.1 200) 4 headers in 158 bytes (1 switches on core 0)
Aug 06 07:09:56.872497 np0000006632 devstack@g-api.service[99870]: DEBUG glance.api.middleware.cache [None req-06fdb293-732e-4c5d-9086-af12f3456573 tempest-ServerStableDeviceRescueTest-1903575737 tempest-ServerStableDeviceRescueTest-1903575737-project-member] Removing image 94c605e6-d611-4949-a560-4c2def3ef6dd from cache {{(pid=99870) _process_DELETE_response /opt/stack/glance/glance/api/middleware/cache.py:264}}
Aug 06 07:09:56.872753 np0000006632 devstack@g-api.service[99870]: DEBUG glance.image_cache.drivers.centralized_db [None req-06fdb293-732e-4c5d-9086-af12f3456573 tempest-ServerStableDeviceRescueTest-1903575737 tempest-ServerStableDeviceRescueTest-1903575737-project-member] Deleting image cache file '/opt/stack/data/glance/cache/94c605e6-d611-4949-a560-4c2def3ef6dd' {{(pid=99870) delete_cached_file /opt/stack/glance/glance/image_cache/drivers/centralized_db.py:400}}
Aug 06 07:09:56.896527 np0000006632 devstack@g-api.service[99870]: [pid: 99870|app: 0|req: 112/337] 127.0.0.1 () {46 vars in 1133 bytes} [Thu Aug 6 07:09:56 2026] DELETE /v2/images/94c605e6-d611-4949-a560-4c2def3ef6dd => generated 0 bytes in 319 msecs (HTTP/1.1 204) 4 headers in 171 bytes (1 switches on core 0)
Aug 06 07:10:00.562286 np0000006632 devstack@g-api.service[99871]: DEBUG glance.api.middleware.version_negotiation [None req-bb463c08-8583-4323-b9ba-f5c2ba45247f tempest-VolumesBackupsTest-1878466867 tempest-VolumesBackupsTest-1878466867-project-member] Determining version of request: GET /v2/schemas/image Accept: */* {{(pid=99871) process_request /opt/stack/glance/glance/api/middleware/version_negotiation.py:44}}
Aug 06 07:10:00.562844 np0000006632 devstack@g-api.service[99871]: DEBUG glance.api.middleware.version_negotiation [None req-bb463c08-8583-4323-b9ba-f5c2ba45247f tempest-VolumesBackupsTest-1878466867 tempest-VolumesBackupsTest-1878466867-project-member] Using url versioning {{(pid=99871) process_request /opt/stack/glance/glance/api/middleware/version_negotiation.py:57}}
Aug 06 07:10:00.562844 np0000006632 devstack@g-api.service[99871]: DEBUG glance.api.middleware.version_negotiation [None req-bb463c08-8583-4323-b9ba-f5c2ba45247f tempest-VolumesBackupsTest-1878466867 tempest-VolumesBackupsTest-1878466867-project-member] Matched version: v2 {{(pid=99871) process_request /opt/stack/glance/glance/api/middleware/version_negotiation.py:69}}
Aug 06 07:10:00.562844 np0000006632 devstack@g-api.service[99871]: DEBUG glance.api.middleware.version_negotiation [None req-bb463c08-8583-4323-b9ba-f5c2ba45247f tempest-VolumesBackupsTest-1878466867 tempest-VolumesBackupsTest-1878466867-project-member] new path /v2/schemas/image {{(pid=99871) process_request /opt/stack/glance/glance/api/middleware/version_negotiation.py:70}}
Aug 06 07:10:00.578582 np0000006632 devstack@g-api.service[99871]: [pid: 99871|app: 0|req: 115/338] 127.0.0.1 () {44 vars in 1051 bytes} [Thu Aug 6 07:10:00 2026] GET /v2/schemas/image => generated 6083 bytes in 16 msecs (HTTP/1.1 200) 4 headers in 158 bytes (1 switches on core 0)
Aug 06 07:10:00.613224 np0000006632 devstack@g-api.service[99872]: DEBUG glance.api.middleware.version_negotiation [None req-bb463c08-8583-4323-b9ba-f5c2ba45247f tempest-VolumesBackupsTest-1878466867 tempest-VolumesBackupsTest-1878466867-project-member] Determining version of request: POST /v2/images Accept: */* {{(pid=99872) process_request /opt/stack/glance/glance/api/middleware/version_negotiation.py:44}}
Aug 06 07:10:00.613681 np0000006632 devstack@g-api.service[99872]: DEBUG glance.api.middleware.version_negotiation [None req-bb463c08-8583-4323-b9ba-f5c2ba45247f tempest-VolumesBackupsTest-1878466867 tempest-VolumesBackupsTest-1878466867-project-member] Using url versioning {{(pid=99872) process_request /opt/stack/glance/glance/api/middleware/version_negotiation.py:57}}
Aug 06 07:10:00.613681 np0000006632 devstack@g-api.service[99872]: DEBUG glance.api.middleware.version_negotiation [None req-bb463c08-8583-4323-b9ba-f5c2ba45247f tempest-VolumesBackupsTest-1878466867 tempest-VolumesBackupsTest-1878466867-project-member] Matched version: v2 {{(pid=99872) process_request /opt/stack/glance/glance/api/middleware/version_negotiation.py:69}}
Aug 06 07:10:00.613681 np0000006632 devstack@g-api.service[99872]: DEBUG glance.api.middleware.version_negotiation [None req-bb463c08-8583-4323-b9ba-f5c2ba45247f tempest-VolumesBackupsTest-1878466867 tempest-VolumesBackupsTest-1878466867-project-member] new path /v2/images {{(pid=99872) process_request /opt/stack/glance/glance/api/middleware/version_negotiation.py:70}}
Aug 06 07:10:01.126838 np0000006632 devstack@g-api.service[99872]: [pid: 99872|app: 0|req: 112/339] 127.0.0.1 () {46 vars in 1051 bytes} [Thu Aug 6 07:10:00 2026] POST /v2/images => generated 1360 bytes in 514 msecs (HTTP/1.1 201) 6 headers in 316 bytes (1 switches on core 0)
Aug 06 07:10:01.193475 np0000006632 devstack@g-api.service[99870]: DEBUG glance.api.middleware.version_negotiation [None req-06fdb293-732e-4c5d-9086-af12f3456573 tempest-ServerStableDeviceRescueTest-1903575737 tempest-ServerStableDeviceRescueTest-1903575737-project-member] Determining version of request: GET /v2/images/c4a69d6a-142f-45c3-bf57-5ae6822821e0 Accept: application/json {{(pid=99870) process_request /opt/stack/glance/glance/api/middleware/version_negotiation.py:44}}
Aug 06 07:10:01.193475 np0000006632 devstack@g-api.service[99870]: DEBUG glance.api.middleware.version_negotiation [None req-06fdb293-732e-4c5d-9086-af12f3456573 tempest-ServerStableDeviceRescueTest-1903575737 tempest-ServerStableDeviceRescueTest-1903575737-project-member] Using url versioning {{(pid=99870) process_request /opt/stack/glance/glance/api/middleware/version_negotiation.py:57}}
Aug 06 07:10:01.194143 np0000006632 devstack@g-api.service[99870]: DEBUG glance.api.middleware.version_negotiation [None req-06fdb293-732e-4c5d-9086-af12f3456573 tempest-ServerStableDeviceRescueTest-1903575737 tempest-ServerStableDeviceRescueTest-1903575737-project-member] Matched version: v2 {{(pid=99870) process_request /opt/stack/glance/glance/api/middleware/version_negotiation.py:69}}
Aug 06 07:10:01.194325 np0000006632 devstack@g-api.service[99870]: DEBUG glance.api.middleware.version_negotiation [None req-06fdb293-732e-4c5d-9086-af12f3456573 tempest-ServerStableDeviceRescueTest-1903575737 tempest-ServerStableDeviceRescueTest-1903575737-project-member] new path /v2/images/c4a69d6a-142f-45c3-bf57-5ae6822821e0 {{(pid=99870) process_request /opt/stack/glance/glance/api/middleware/version_negotiation.py:70}}
Aug 06 07:10:01.208259 np0000006632 devstack@g-api.service[99870]: [pid: 99870|app: 0|req: 113/340] 127.0.0.1 () {40 vars in 834 bytes} [Thu Aug 6 07:10:01 2026] GET /v2/images/c4a69d6a-142f-45c3-bf57-5ae6822821e0 => generated 1360 bytes in 15 msecs (HTTP/1.1 200) 4 headers in 158 bytes (1 switches on core 0)
Aug 06 07:10:01.342660 np0000006632 devstack@g-api.service[99871]: DEBUG glance.api.middleware.version_negotiation [None req-37edf5ed-14f2-4c2c-9309-731c7a2f7c56 tempest-ServerBootFromVolumeStableRescueTest-1888441245 tempest-ServerBootFromVolumeStableRescueTest-1888441245-project-member] Determining version of request: GET /v2/images/c4a69d6a-142f-45c3-bf57-5ae6822821e0 Accept: */* {{(pid=99871) process_request /opt/stack/glance/glance/api/middleware/version_negotiation.py:44}}
Aug 06 07:10:01.342933 np0000006632 devstack@g-api.service[99871]: DEBUG glance.api.middleware.version_negotiation [None req-37edf5ed-14f2-4c2c-9309-731c7a2f7c56 tempest-ServerBootFromVolumeStableRescueTest-1888441245 tempest-ServerBootFromVolumeStableRescueTest-1888441245-project-member] Using url versioning {{(pid=99871) process_request /opt/stack/glance/glance/api/middleware/version_negotiation.py:57}}
Aug 06 07:10:01.343099 np0000006632 devstack@g-api.service[99871]: DEBUG glance.api.middleware.version_negotiation [None req-37edf5ed-14f2-4c2c-9309-731c7a2f7c56 tempest-ServerBootFromVolumeStableRescueTest-1888441245 tempest-ServerBootFromVolumeStableRescueTest-1888441245-project-member] Matched version: v2 {{(pid=99871) process_request /opt/stack/glance/glance/api/middleware/version_negotiation.py:69}}
Aug 06 07:10:01.343268 np0000006632 devstack@g-api.service[99871]: DEBUG glance.api.middleware.version_negotiation [None req-37edf5ed-14f2-4c2c-9309-731c7a2f7c56 tempest-ServerBootFromVolumeStableRescueTest-1888441245 tempest-ServerBootFromVolumeStableRescueTest-1888441245-project-member] new path /v2/images/c4a69d6a-142f-45c3-bf57-5ae6822821e0 {{(pid=99871) process_request /opt/stack/glance/glance/api/middleware/version_negotiation.py:70}}
Aug 06 07:10:01.361399 np0000006632 devstack@g-api.service[99871]: [pid: 99871|app: 0|req: 116/341] 127.0.0.1 () {44 vars in 1111 bytes} [Thu Aug 6 07:10:01 2026] GET /v2/images/c4a69d6a-142f-45c3-bf57-5ae6822821e0 => generated 1360 bytes in 19 msecs (HTTP/1.1 200) 4 headers in 158 bytes (1 switches on core 0)
Aug 06 07:10:01.430573 np0000006632 devstack@g-api.service[99872]: DEBUG glance.api.middleware.version_negotiation [None req-37edf5ed-14f2-4c2c-9309-731c7a2f7c56 tempest-ServerBootFromVolumeStableRescueTest-1888441245 tempest-ServerBootFromVolumeStableRescueTest-1888441245-project-member] Determining version of request: GET /v2/schemas/image Accept: */* {{(pid=99872) process_request /opt/stack/glance/glance/api/middleware/version_negotiation.py:44}}
Aug 06 07:10:01.432662 np0000006632 devstack@g-api.service[99872]: DEBUG glance.api.middleware.version_negotiation [None req-37edf5ed-14f2-4c2c-9309-731c7a2f7c56 tempest-ServerBootFromVolumeStableRescueTest-1888441245 tempest-ServerBootFromVolumeStableRescueTest-1888441245-project-member] Using url versioning {{(pid=99872) process_request /opt/stack/glance/glance/api/middleware/version_negotiation.py:57}}
Aug 06 07:10:01.432851 np0000006632 devstack@g-api.service[99872]: DEBUG glance.api.middleware.version_negotiation [None req-37edf5ed-14f2-4c2c-9309-731c7a2f7c56 tempest-ServerBootFromVolumeStableRescueTest-1888441245 tempest-ServerBootFromVolumeStableRescueTest-1888441245-project-member] Matched version: v2 {{(pid=99872) process_request /opt/stack/glance/glance/api/middleware/version_negotiation.py:69}}
Aug 06 07:10:01.433022 np0000006632 devstack@g-api.service[99872]: DEBUG glance.api.middleware.version_negotiation [None req-37edf5ed-14f2-4c2c-9309-731c7a2f7c56 tempest-ServerBootFromVolumeStableRescueTest-1888441245 tempest-ServerBootFromVolumeStableRescueTest-1888441245-project-member] new path /v2/schemas/image {{(pid=99872) process_request /opt/stack/glance/glance/api/middleware/version_negotiation.py:70}}
Aug 06 07:10:01.437611 np0000006632 devstack@g-api.service[99872]: [pid: 99872|app: 0|req: 113/342] 127.0.0.1 () {44 vars in 1051 bytes} [Thu Aug 6 07:10:01 2026] GET /v2/schemas/image => generated 6083 bytes in 7 msecs (HTTP/1.1 200) 4 headers in 158 bytes (1 switches on core 0)
Aug 06 07:10:02.219319 np0000006632 devstack@g-api.service[99870]: DEBUG glance.api.middleware.version_negotiation [None req-ee567ccf-b5e4-437c-9f18-dd4946539926 tempest-ServerBootFromVolumeStableRescueTest-1888441245 tempest-ServerBootFromVolumeStableRescueTest-1888441245-project-member] Determining version of request: GET /v2/images/c4a69d6a-142f-45c3-bf57-5ae6822821e0 Accept: application/json {{(pid=99870) process_request /opt/stack/glance/glance/api/middleware/version_negotiation.py:44}}
Aug 06 07:10:02.220020 np0000006632 devstack@g-api.service[99870]: DEBUG glance.api.middleware.version_negotiation [None req-ee567ccf-b5e4-437c-9f18-dd4946539926 tempest-ServerBootFromVolumeStableRescueTest-1888441245 tempest-ServerBootFromVolumeStableRescueTest-1888441245-project-member] Using url versioning {{(pid=99870) process_request /opt/stack/glance/glance/api/middleware/version_negotiation.py:57}}
Aug 06 07:10:02.220020 np0000006632 devstack@g-api.service[99870]: DEBUG glance.api.middleware.version_negotiation [None req-ee567ccf-b5e4-437c-9f18-dd4946539926 tempest-ServerBootFromVolumeStableRescueTest-1888441245 tempest-ServerBootFromVolumeStableRescueTest-1888441245-project-member] Matched version: v2 {{(pid=99870) process_request /opt/stack/glance/glance/api/middleware/version_negotiation.py:69}}
Aug 06 07:10:02.220020 np0000006632 devstack@g-api.service[99870]: DEBUG glance.api.middleware.version_negotiation [None req-ee567ccf-b5e4-437c-9f18-dd4946539926 tempest-ServerBootFromVolumeStableRescueTest-1888441245 tempest-ServerBootFromVolumeStableRescueTest-1888441245-project-member] new path /v2/images/c4a69d6a-142f-45c3-bf57-5ae6822821e0 {{(pid=99870) process_request /opt/stack/glance/glance/api/middleware/version_negotiation.py:70}}
Aug 06 07:10:02.231636 np0000006632 devstack@g-api.service[99870]: [pid: 99870|app: 0|req: 114/343] 127.0.0.1 () {40 vars in 834 bytes} [Thu Aug 6 07:10:02 2026] GET /v2/images/c4a69d6a-142f-45c3-bf57-5ae6822821e0 => generated 1360 bytes in 12 msecs (HTTP/1.1 200) 4 headers in 158 bytes (1 switches on core 0)
Aug 06 07:10:02.706010 np0000006632 devstack@g-api.service[99871]: DEBUG glance.api.middleware.version_negotiation [None req-37edf5ed-14f2-4c2c-9309-731c7a2f7c56 tempest-ServerBootFromVolumeStableRescueTest-1888441245 tempest-ServerBootFromVolumeStableRescueTest-1888441245-project-member] Determining version of request: GET /v2/images/c4a69d6a-142f-45c3-bf57-5ae6822821e0 Accept: */* {{(pid=99871) process_request /opt/stack/glance/glance/api/middleware/version_negotiation.py:44}}
Aug 06 07:10:02.706010 np0000006632 devstack@g-api.service[99871]: DEBUG glance.api.middleware.version_negotiation [None req-37edf5ed-14f2-4c2c-9309-731c7a2f7c56 tempest-ServerBootFromVolumeStableRescueTest-1888441245 tempest-ServerBootFromVolumeStableRescueTest-1888441245-project-member] Using url versioning {{(pid=99871) process_request /opt/stack/glance/glance/api/middleware/version_negotiation.py:57}}
Aug 06 07:10:02.706010 np0000006632 devstack@g-api.service[99871]: DEBUG glance.api.middleware.version_negotiation [None req-37edf5ed-14f2-4c2c-9309-731c7a2f7c56 tempest-ServerBootFromVolumeStableRescueTest-1888441245 tempest-ServerBootFromVolumeStableRescueTest-1888441245-project-member] Matched version: v2 {{(pid=99871) process_request /opt/stack/glance/glance/api/middleware/version_negotiation.py:69}}
Aug 06 07:10:02.706010 np0000006632 devstack@g-api.service[99871]: DEBUG glance.api.middleware.version_negotiation [None req-37edf5ed-14f2-4c2c-9309-731c7a2f7c56 tempest-ServerBootFromVolumeStableRescueTest-1888441245 tempest-ServerBootFromVolumeStableRescueTest-1888441245-project-member] new path /v2/images/c4a69d6a-142f-45c3-bf57-5ae6822821e0 {{(pid=99871) process_request /opt/stack/glance/glance/api/middleware/version_negotiation.py:70}}
Aug 06 07:10:02.726876 np0000006632 devstack@g-api.service[99871]: [pid: 99871|app: 0|req: 117/344] 127.0.0.1 () {44 vars in 1111 bytes} [Thu Aug 6 07:10:02 2026] GET /v2/images/c4a69d6a-142f-45c3-bf57-5ae6822821e0 => generated 1360 bytes in 22 msecs (HTTP/1.1 200) 4 headers in 158 bytes (1 switches on core 0)
Aug 06 07:10:02.779375 np0000006632 devstack@g-api.service[99872]: DEBUG glance.api.middleware.version_negotiation [None req-37edf5ed-14f2-4c2c-9309-731c7a2f7c56 tempest-ServerBootFromVolumeStableRescueTest-1888441245 tempest-ServerBootFromVolumeStableRescueTest-1888441245-project-member] Determining version of request: GET /v2/schemas/image Accept: */* {{(pid=99872) process_request /opt/stack/glance/glance/api/middleware/version_negotiation.py:44}}
Aug 06 07:10:02.779375 np0000006632 devstack@g-api.service[99872]: DEBUG glance.api.middleware.version_negotiation [None req-37edf5ed-14f2-4c2c-9309-731c7a2f7c56 tempest-ServerBootFromVolumeStableRescueTest-1888441245 tempest-ServerBootFromVolumeStableRescueTest-1888441245-project-member] Using url versioning {{(pid=99872) process_request /opt/stack/glance/glance/api/middleware/version_negotiation.py:57}}
Aug 06 07:10:02.779958 np0000006632 devstack@g-api.service[99872]: DEBUG glance.api.middleware.version_negotiation [None req-37edf5ed-14f2-4c2c-9309-731c7a2f7c56 tempest-ServerBootFromVolumeStableRescueTest-1888441245 tempest-ServerBootFromVolumeStableRescueTest-1888441245-project-member] Matched version: v2 {{(pid=99872) process_request /opt/stack/glance/glance/api/middleware/version_negotiation.py:69}}
Aug 06 07:10:02.779958 np0000006632 devstack@g-api.service[99872]: DEBUG glance.api.middleware.version_negotiation [None req-37edf5ed-14f2-4c2c-9309-731c7a2f7c56 tempest-ServerBootFromVolumeStableRescueTest-1888441245 tempest-ServerBootFromVolumeStableRescueTest-1888441245-project-member] new path /v2/schemas/image {{(pid=99872) process_request /opt/stack/glance/glance/api/middleware/version_negotiation.py:70}}
Aug 06 07:10:02.783735 np0000006632 devstack@g-api.service[99872]: [pid: 99872|app: 0|req: 114/345] 127.0.0.1 () {44 vars in 1051 bytes} [Thu Aug 6 07:10:02 2026] GET /v2/schemas/image => generated 6083 bytes in 5 msecs (HTTP/1.1 200) 4 headers in 158 bytes (1 switches on core 0)
Aug 06 07:10:02.828918 np0000006632 devstack@g-api.service[99870]: DEBUG glance.api.middleware.version_negotiation [None req-83a14719-f5bb-4bb1-ac23-45d80b96645e tempest-ServerBootFromVolumeStableRescueTest-1888441245 tempest-ServerBootFromVolumeStableRescueTest-1888441245-project-member] Determining version of request: GET /v2/schemas/image Accept: */* {{(pid=99870) process_request /opt/stack/glance/glance/api/middleware/version_negotiation.py:44}}
Aug 06 07:10:02.829138 np0000006632 devstack@g-api.service[99870]: DEBUG glance.api.middleware.version_negotiation [None req-83a14719-f5bb-4bb1-ac23-45d80b96645e tempest-ServerBootFromVolumeStableRescueTest-1888441245 tempest-ServerBootFromVolumeStableRescueTest-1888441245-project-member] Using url versioning {{(pid=99870) process_request /opt/stack/glance/glance/api/middleware/version_negotiation.py:57}}
Aug 06 07:10:02.829276 np0000006632 devstack@g-api.service[99870]: DEBUG glance.api.middleware.version_negotiation [None req-83a14719-f5bb-4bb1-ac23-45d80b96645e tempest-ServerBootFromVolumeStableRescueTest-1888441245 tempest-ServerBootFromVolumeStableRescueTest-1888441245-project-member] Matched version: v2 {{(pid=99870) process_request /opt/stack/glance/glance/api/middleware/version_negotiation.py:69}}
Aug 06 07:10:02.829405 np0000006632 devstack@g-api.service[99870]: DEBUG glance.api.middleware.version_negotiation [None req-83a14719-f5bb-4bb1-ac23-45d80b96645e tempest-ServerBootFromVolumeStableRescueTest-1888441245 tempest-ServerBootFromVolumeStableRescueTest-1888441245-project-member] new path /v2/schemas/image {{(pid=99870) process_request /opt/stack/glance/glance/api/middleware/version_negotiation.py:70}}
Aug 06 07:10:02.832185 np0000006632 devstack@g-api.service[99870]: [pid: 99870|app: 0|req: 115/346] 127.0.0.1 () {44 vars in 1051 bytes} [Thu Aug 6 07:10:02 2026] GET /v2/schemas/image => generated 6083 bytes in 3 msecs (HTTP/1.1 200) 4 headers in 158 bytes (1 switches on core 0)
Aug 06 07:10:02.903370 np0000006632 devstack@g-api.service[99871]: DEBUG glance.api.middleware.version_negotiation [None req-37edf5ed-14f2-4c2c-9309-731c7a2f7c56 tempest-ServerBootFromVolumeStableRescueTest-1888441245 tempest-ServerBootFromVolumeStableRescueTest-1888441245-project-member] Determining version of request: PATCH /v2/images/c4a69d6a-142f-45c3-bf57-5ae6822821e0 Accept: */* {{(pid=99871) process_request /opt/stack/glance/glance/api/middleware/version_negotiation.py:44}}
Aug 06 07:10:02.903370 np0000006632 devstack@g-api.service[99871]: DEBUG glance.api.middleware.version_negotiation [None req-37edf5ed-14f2-4c2c-9309-731c7a2f7c56 tempest-ServerBootFromVolumeStableRescueTest-1888441245 tempest-ServerBootFromVolumeStableRescueTest-1888441245-project-member] Using url versioning {{(pid=99871) process_request /opt/stack/glance/glance/api/middleware/version_negotiation.py:57}}
Aug 06 07:10:02.903370 np0000006632 devstack@g-api.service[99871]: DEBUG glance.api.middleware.version_negotiation [None req-37edf5ed-14f2-4c2c-9309-731c7a2f7c56 tempest-ServerBootFromVolumeStableRescueTest-1888441245 tempest-ServerBootFromVolumeStableRescueTest-1888441245-project-member] Matched version: v2 {{(pid=99871) process_request /opt/stack/glance/glance/api/middleware/version_negotiation.py:69}}
Aug 06 07:10:02.903689 np0000006632 devstack@g-api.service[99871]: DEBUG glance.api.middleware.version_negotiation [None req-37edf5ed-14f2-4c2c-9309-731c7a2f7c56 tempest-ServerBootFromVolumeStableRescueTest-1888441245 tempest-ServerBootFromVolumeStableRescueTest-1888441245-project-member] new path /v2/images/c4a69d6a-142f-45c3-bf57-5ae6822821e0 {{(pid=99871) process_request /opt/stack/glance/glance/api/middleware/version_negotiation.py:70}}
Aug 06 07:10:03.121582 np0000006632 devstack@g-api.service[99871]: [pid: 99871|app: 0|req: 118/347] 127.0.0.1 () {46 vars in 1154 bytes} [Thu Aug 6 07:10:02 2026] PATCH /v2/images/c4a69d6a-142f-45c3-bf57-5ae6822821e0 => generated 1471 bytes in 219 msecs (HTTP/1.1 200) 4 headers in 158 bytes (1 switches on core 0)
Aug 06 07:10:03.171765 np0000006632 devstack@g-api.service[99872]: DEBUG glance.api.middleware.version_negotiation [None req-37edf5ed-14f2-4c2c-9309-731c7a2f7c56 tempest-ServerBootFromVolumeStableRescueTest-1888441245 tempest-ServerBootFromVolumeStableRescueTest-1888441245-project-member] Determining version of request: GET /v2/images/c4a69d6a-142f-45c3-bf57-5ae6822821e0 Accept: */* {{(pid=99872) process_request /opt/stack/glance/glance/api/middleware/version_negotiation.py:44}}
Aug 06 07:10:03.171995 np0000006632 devstack@g-api.service[99872]: DEBUG glance.api.middleware.version_negotiation [None req-37edf5ed-14f2-4c2c-9309-731c7a2f7c56 tempest-ServerBootFromVolumeStableRescueTest-1888441245 tempest-ServerBootFromVolumeStableRescueTest-1888441245-project-member] Using url versioning {{(pid=99872) process_request /opt/stack/glance/glance/api/middleware/version_negotiation.py:57}}
Aug 06 07:10:03.172094 np0000006632 devstack@g-api.service[99872]: DEBUG glance.api.middleware.version_negotiation [None req-37edf5ed-14f2-4c2c-9309-731c7a2f7c56 tempest-ServerBootFromVolumeStableRescueTest-1888441245 tempest-ServerBootFromVolumeStableRescueTest-1888441245-project-member] Matched version: v2 {{(pid=99872) process_request /opt/stack/glance/glance/api/middleware/version_negotiation.py:69}}
Aug 06 07:10:03.172199 np0000006632 devstack@g-api.service[99872]: DEBUG glance.api.middleware.version_negotiation [None req-37edf5ed-14f2-4c2c-9309-731c7a2f7c56 tempest-ServerBootFromVolumeStableRescueTest-1888441245 tempest-ServerBootFromVolumeStableRescueTest-1888441245-project-member] new path /v2/images/c4a69d6a-142f-45c3-bf57-5ae6822821e0 {{(pid=99872) process_request /opt/stack/glance/glance/api/middleware/version_negotiation.py:70}}
Aug 06 07:10:03.182824 np0000006632 devstack@g-api.service[99872]: [pid: 99872|app: 0|req: 115/348] 127.0.0.1 () {44 vars in 1111 bytes} [Thu Aug 6 07:10:03 2026] GET /v2/images/c4a69d6a-142f-45c3-bf57-5ae6822821e0 => generated 1471 bytes in 11 msecs (HTTP/1.1 200) 4 headers in 158 bytes (1 switches on core 0)
Aug 06 07:10:03.227242 np0000006632 devstack@g-api.service[99870]: DEBUG glance.api.middleware.version_negotiation [None req-37edf5ed-14f2-4c2c-9309-731c7a2f7c56 tempest-ServerBootFromVolumeStableRescueTest-1888441245 tempest-ServerBootFromVolumeStableRescueTest-1888441245-project-member] Determining version of request: PUT /v2/images/c4a69d6a-142f-45c3-bf57-5ae6822821e0/file Accept: */* {{(pid=99870) process_request /opt/stack/glance/glance/api/middleware/version_negotiation.py:44}}
Aug 06 07:10:03.227784 np0000006632 devstack@g-api.service[99870]: DEBUG glance.api.middleware.version_negotiation [None req-37edf5ed-14f2-4c2c-9309-731c7a2f7c56 tempest-ServerBootFromVolumeStableRescueTest-1888441245 tempest-ServerBootFromVolumeStableRescueTest-1888441245-project-member] Using url versioning {{(pid=99870) process_request /opt/stack/glance/glance/api/middleware/version_negotiation.py:57}}
