Aug 14 00:25:38.577526 np0000007289 nova-scheduler[96603]: DEBUG cotyledon.oslo_config_glue [-] workarounds.never_download_image_if_on_rbd = False {{(pid=96603) log_opt_values /opt/stack/data/venv/lib/python3.12/site-packages/oslo_config/cfg.py:3560}}
Aug 14 00:25:38.577526 np0000007289 nova-scheduler[96603]: DEBUG cotyledon.oslo_config_glue [-] workarounds.qemu_monitor_announce_self_count = 3 {{(pid=96603) log_opt_values /opt/stack/data/venv/lib/python3.12/site-packages/oslo_config/cfg.py:3560}}
Aug 14 00:25:38.577526 np0000007289 nova-scheduler[96603]: DEBUG cotyledon.oslo_config_glue [-] workarounds.qemu_monitor_announce_self_interval = 1 {{(pid=96603) log_opt_values /opt/stack/data/venv/lib/python3.12/site-packages/oslo_config/cfg.py:3560}}
Aug 14 00:25:38.577526 np0000007289 nova-scheduler[96603]: DEBUG cotyledon.oslo_config_glue [-] workarounds.reserve_disk_resource_for_image_cache = False {{(pid=96603) log_opt_values /opt/stack/data/venv/lib/python3.12/site-packages/oslo_config/cfg.py:3560}}
Aug 14 00:25:38.577526 np0000007289 nova-scheduler[96603]: DEBUG cotyledon.oslo_config_glue [-] workarounds.skip_cpu_compare_at_startup = False {{(pid=96603) log_opt_values /opt/stack/data/venv/lib/python3.12/site-packages/oslo_config/cfg.py:3560}}
Aug 14 00:25:38.577526 np0000007289 nova-scheduler[96603]: DEBUG cotyledon.oslo_config_glue [-] workarounds.skip_cpu_compare_on_dest = False {{(pid=96603) log_opt_values /opt/stack/data/venv/lib/python3.12/site-packages/oslo_config/cfg.py:3560}}
Aug 14 00:25:38.577526 np0000007289 nova-scheduler[96603]: DEBUG cotyledon.oslo_config_glue [-] workarounds.skip_hypervisor_version_check_on_lm = False {{(pid=96603) log_opt_values /opt/stack/data/venv/lib/python3.12/site-packages/oslo_config/cfg.py:3560}}
Aug 14 00:25:38.577828 np0000007289 nova-scheduler[96603]: DEBUG cotyledon.oslo_config_glue [-] workarounds.skip_reserve_in_use_ironic_nodes = False {{(pid=96603) log_opt_values /opt/stack/data/venv/lib/python3.12/site-packages/oslo_config/cfg.py:3560}}
Aug 14 00:25:38.577828 np0000007289 nova-scheduler[96603]: DEBUG cotyledon.oslo_config_glue [-] workarounds.unified_limits_count_pcpu_as_vcpu = False {{(pid=96603) log_opt_values /opt/stack/data/venv/lib/python3.12/site-packages/oslo_config/cfg.py:3560}}
Aug 14 00:25:38.577828 np0000007289 nova-scheduler[96603]: DEBUG cotyledon.oslo_config_glue [-] workarounds.wait_for_vif_plugged_event_during_hard_reboot = [] {{(pid=96603) log_opt_values /opt/stack/data/venv/lib/python3.12/site-packages/oslo_config/cfg.py:3560}}
Aug 14 00:25:38.577828 np0000007289 nova-scheduler[96603]: DEBUG cotyledon.oslo_config_glue [-] wsgi.api_paste_config = /etc/nova/api-paste.ini {{(pid=96603) log_opt_values /opt/stack/data/venv/lib/python3.12/site-packages/oslo_config/cfg.py:3560}}
Aug 14 00:25:38.577828 np0000007289 nova-scheduler[96603]: DEBUG cotyledon.oslo_config_glue [-] wsgi.secure_proxy_ssl_header = None {{(pid=96603) log_opt_values /opt/stack/data/venv/lib/python3.12/site-packages/oslo_config/cfg.py:3560}}
Aug 14 00:25:38.577828 np0000007289 nova-scheduler[96603]: DEBUG cotyledon.oslo_config_glue [-] zvm.ca_file = None {{(pid=96603) log_opt_values /opt/stack/data/venv/lib/python3.12/site-packages/oslo_config/cfg.py:3560}}
Aug 14 00:25:38.577828 np0000007289 nova-scheduler[96603]: DEBUG cotyledon.oslo_config_glue [-] zvm.cloud_connector_url = None {{(pid=96603) log_opt_values /opt/stack/data/venv/lib/python3.12/site-packages/oslo_config/cfg.py:3560}}
Aug 14 00:25:38.577828 np0000007289 nova-scheduler[96603]: DEBUG cotyledon.oslo_config_glue [-] zvm.image_tmp_path = /opt/stack/data/nova/images {{(pid=96603) log_opt_values /opt/stack/data/venv/lib/python3.12/site-packages/oslo_config/cfg.py:3560}}
Aug 14 00:25:38.577828 np0000007289 nova-scheduler[96603]: DEBUG cotyledon.oslo_config_glue [-] zvm.reachable_timeout = 300 {{(pid=96603) log_opt_values /opt/stack/data/venv/lib/python3.12/site-packages/oslo_config/cfg.py:3560}}
Aug 14 00:25:38.578756 np0000007289 nova-scheduler[96603]: DEBUG cotyledon.oslo_config_glue [-] oslo_versionedobjects.fatal_exception_format_errors = False {{(pid=96603) log_opt_values /opt/stack/data/venv/lib/python3.12/site-packages/oslo_config/cfg.py:3560}}
Aug 14 00:25:38.578756 np0000007289 nova-scheduler[96603]: DEBUG cotyledon.oslo_config_glue [-] oslo_middleware.http_basic_auth_user_file = /etc/htpasswd {{(pid=96603) log_opt_values /opt/stack/data/venv/lib/python3.12/site-packages/oslo_config/cfg.py:3560}}
Aug 14 00:25:38.578756 np0000007289 nova-scheduler[96603]: DEBUG cotyledon.oslo_config_glue [-] oslo_messaging_metrics.metrics_buffer_size = 1000 {{(pid=96603) log_opt_values /opt/stack/data/venv/lib/python3.12/site-packages/oslo_config/cfg.py:3560}}
Aug 14 00:25:38.578756 np0000007289 nova-scheduler[96603]: DEBUG cotyledon.oslo_config_glue [-] oslo_messaging_metrics.metrics_enabled = False {{(pid=96603) log_opt_values /opt/stack/data/venv/lib/python3.12/site-packages/oslo_config/cfg.py:3560}}
Aug 14 00:25:38.578756 np0000007289 nova-scheduler[96603]: DEBUG cotyledon.oslo_config_glue [-] oslo_messaging_metrics.metrics_process_name = {{(pid=96603) log_opt_values /opt/stack/data/venv/lib/python3.12/site-packages/oslo_config/cfg.py:3560}}
Aug 14 00:25:38.578756 np0000007289 nova-scheduler[96603]: DEBUG cotyledon.oslo_config_glue [-] oslo_messaging_metrics.metrics_socket_file = /var/tmp/metrics_collector.sock {{(pid=96603) log_opt_values /opt/stack/data/venv/lib/python3.12/site-packages/oslo_config/cfg.py:3560}}
Aug 14 00:25:38.578756 np0000007289 nova-scheduler[96603]: DEBUG cotyledon.oslo_config_glue [-] oslo_messaging_metrics.metrics_thread_stop_timeout = 10 {{(pid=96603) log_opt_values /opt/stack/data/venv/lib/python3.12/site-packages/oslo_config/cfg.py:3560}}
Aug 14 00:25:38.578756 np0000007289 nova-scheduler[96603]: DEBUG cotyledon.oslo_config_glue [-] profiler.connection_string = messaging:// {{(pid=96603) log_opt_values /opt/stack/data/venv/lib/python3.12/site-packages/oslo_config/cfg.py:3560}}
Aug 14 00:25:38.579019 np0000007289 nova-scheduler[96603]: DEBUG cotyledon.oslo_config_glue [-] profiler.enabled = False {{(pid=96603) log_opt_values /opt/stack/data/venv/lib/python3.12/site-packages/oslo_config/cfg.py:3560}}
Aug 14 00:25:38.579019 np0000007289 nova-scheduler[96603]: DEBUG cotyledon.oslo_config_glue [-] profiler.es_doc_type = notification {{(pid=96603) log_opt_values /opt/stack/data/venv/lib/python3.12/site-packages/oslo_config/cfg.py:3560}}
Aug 14 00:25:38.579019 np0000007289 nova-scheduler[96603]: DEBUG cotyledon.oslo_config_glue [-] profiler.es_scroll_size = 10000 {{(pid=96603) log_opt_values /opt/stack/data/venv/lib/python3.12/site-packages/oslo_config/cfg.py:3560}}
Aug 14 00:25:38.579019 np0000007289 nova-scheduler[96603]: DEBUG cotyledon.oslo_config_glue [-] profiler.es_scroll_time = 2m {{(pid=96603) log_opt_values /opt/stack/data/venv/lib/python3.12/site-packages/oslo_config/cfg.py:3560}}
Aug 14 00:25:38.579019 np0000007289 nova-scheduler[96603]: DEBUG cotyledon.oslo_config_glue [-] profiler.filter_error_trace = False {{(pid=96603) log_opt_values /opt/stack/data/venv/lib/python3.12/site-packages/oslo_config/cfg.py:3560}}
Aug 14 00:25:38.579019 np0000007289 nova-scheduler[96603]: DEBUG cotyledon.oslo_config_glue [-] profiler.hmac_keys = **** {{(pid=96603) log_opt_values /opt/stack/data/venv/lib/python3.12/site-packages/oslo_config/cfg.py:3560}}
Aug 14 00:25:38.579019 np0000007289 nova-scheduler[96603]: DEBUG cotyledon.oslo_config_glue [-] profiler.sentinel_service_name = mymaster {{(pid=96603) log_opt_values /opt/stack/data/venv/lib/python3.12/site-packages/oslo_config/cfg.py:3560}}
Aug 14 00:25:38.579019 np0000007289 nova-scheduler[96603]: DEBUG cotyledon.oslo_config_glue [-] profiler.socket_timeout = 0.1 {{(pid=96603) log_opt_values /opt/stack/data/venv/lib/python3.12/site-packages/oslo_config/cfg.py:3560}}
Aug 14 00:25:38.579019 np0000007289 nova-scheduler[96603]: DEBUG cotyledon.oslo_config_glue [-] profiler.trace_requests = False {{(pid=96603) log_opt_values /opt/stack/data/venv/lib/python3.12/site-packages/oslo_config/cfg.py:3560}}
Aug 14 00:25:38.579359 np0000007289 nova-scheduler[96603]: DEBUG cotyledon.oslo_config_glue [-] profiler.trace_sqlalchemy = False {{(pid=96603) log_opt_values /opt/stack/data/venv/lib/python3.12/site-packages/oslo_config/cfg.py:3560}}
Aug 14 00:25:38.579359 np0000007289 nova-scheduler[96603]: DEBUG cotyledon.oslo_config_glue [-] profiler_jaeger.process_tags = {} {{(pid=96603) log_opt_values /opt/stack/data/venv/lib/python3.12/site-packages/oslo_config/cfg.py:3560}}
Aug 14 00:25:38.579359 np0000007289 nova-scheduler[96603]: DEBUG cotyledon.oslo_config_glue [-] profiler_jaeger.service_name_prefix = None {{(pid=96603) log_opt_values /opt/stack/data/venv/lib/python3.12/site-packages/oslo_config/cfg.py:3560}}
Aug 14 00:25:38.579359 np0000007289 nova-scheduler[96603]: DEBUG cotyledon.oslo_config_glue [-] profiler_otlp.service_name_prefix = None {{(pid=96603) log_opt_values /opt/stack/data/venv/lib/python3.12/site-packages/oslo_config/cfg.py:3560}}
Aug 14 00:25:38.579359 np0000007289 nova-scheduler[96603]: DEBUG cotyledon.oslo_config_glue [-] oslo_messaging_rabbit.amqp_auto_delete = False {{(pid=96603) log_opt_values /opt/stack/data/venv/lib/python3.12/site-packages/oslo_config/cfg.py:3560}}
Aug 14 00:25:38.579359 np0000007289 nova-scheduler[96603]: DEBUG cotyledon.oslo_config_glue [-] oslo_messaging_rabbit.amqp_durable_queues = False {{(pid=96603) log_opt_values /opt/stack/data/venv/lib/python3.12/site-packages/oslo_config/cfg.py:3560}}
Aug 14 00:25:38.579359 np0000007289 nova-scheduler[96603]: DEBUG cotyledon.oslo_config_glue [-] oslo_messaging_rabbit.conn_pool_min_size = 2 {{(pid=96603) log_opt_values /opt/stack/data/venv/lib/python3.12/site-packages/oslo_config/cfg.py:3560}}
Aug 14 00:25:38.579359 np0000007289 nova-scheduler[96603]: DEBUG cotyledon.oslo_config_glue [-] oslo_messaging_rabbit.conn_pool_ttl = 1200 {{(pid=96603) log_opt_values /opt/stack/data/venv/lib/python3.12/site-packages/oslo_config/cfg.py:3560}}
Aug 14 00:25:38.579359 np0000007289 nova-scheduler[96603]: DEBUG cotyledon.oslo_config_glue [-] oslo_messaging_rabbit.direct_mandatory_flag = True {{(pid=96603) log_opt_values /opt/stack/data/venv/lib/python3.12/site-packages/oslo_config/cfg.py:3560}}
Aug 14 00:25:38.579676 np0000007289 nova-scheduler[96603]: DEBUG cotyledon.oslo_config_glue [-] oslo_messaging_rabbit.enable_cancel_on_failover = False {{(pid=96603) log_opt_values /opt/stack/data/venv/lib/python3.12/site-packages/oslo_config/cfg.py:3560}}
Aug 14 00:25:38.579676 np0000007289 nova-scheduler[96603]: DEBUG cotyledon.oslo_config_glue [-] oslo_messaging_rabbit.heartbeat_rate = 3 {{(pid=96603) log_opt_values /opt/stack/data/venv/lib/python3.12/site-packages/oslo_config/cfg.py:3560}}
Aug 14 00:25:38.579676 np0000007289 nova-scheduler[96603]: DEBUG cotyledon.oslo_config_glue [-] oslo_messaging_rabbit.heartbeat_timeout_threshold = 60 {{(pid=96603) log_opt_values /opt/stack/data/venv/lib/python3.12/site-packages/oslo_config/cfg.py:3560}}
Aug 14 00:25:38.579676 np0000007289 nova-scheduler[96603]: DEBUG cotyledon.oslo_config_glue [-] oslo_messaging_rabbit.hostname = np0000007289 {{(pid=96603) log_opt_values /opt/stack/data/venv/lib/python3.12/site-packages/oslo_config/cfg.py:3560}}
Aug 14 00:25:38.579676 np0000007289 nova-scheduler[96603]: DEBUG cotyledon.oslo_config_glue [-] oslo_messaging_rabbit.kombu_compression = None {{(pid=96603) log_opt_values /opt/stack/data/venv/lib/python3.12/site-packages/oslo_config/cfg.py:3560}}
Aug 14 00:25:38.579676 np0000007289 nova-scheduler[96603]: DEBUG cotyledon.oslo_config_glue [-] oslo_messaging_rabbit.kombu_failover_strategy = round-robin {{(pid=96603) log_opt_values /opt/stack/data/venv/lib/python3.12/site-packages/oslo_config/cfg.py:3560}}
Aug 14 00:25:38.579676 np0000007289 nova-scheduler[96603]: DEBUG cotyledon.oslo_config_glue [-] oslo_messaging_rabbit.kombu_missing_consumer_retry_timeout = 60 {{(pid=96603) log_opt_values /opt/stack/data/venv/lib/python3.12/site-packages/oslo_config/cfg.py:3560}}
Aug 14 00:25:38.579676 np0000007289 nova-scheduler[96603]: DEBUG cotyledon.oslo_config_glue [-] oslo_messaging_rabbit.kombu_reconnect_delay = 1.0 {{(pid=96603) log_opt_values /opt/stack/data/venv/lib/python3.12/site-packages/oslo_config/cfg.py:3560}}
Aug 14 00:25:38.579676 np0000007289 nova-scheduler[96603]: DEBUG cotyledon.oslo_config_glue [-] oslo_messaging_rabbit.kombu_reconnect_splay = 0.0 {{(pid=96603) log_opt_values /opt/stack/data/venv/lib/python3.12/site-packages/oslo_config/cfg.py:3560}}
Aug 14 00:25:38.579980 np0000007289 nova-scheduler[96603]: DEBUG cotyledon.oslo_config_glue [-] oslo_messaging_rabbit.processname = nova-scheduler {{(pid=96603) log_opt_values /opt/stack/data/venv/lib/python3.12/site-packages/oslo_config/cfg.py:3560}}
Aug 14 00:25:38.579980 np0000007289 nova-scheduler[96603]: DEBUG cotyledon.oslo_config_glue [-] oslo_messaging_rabbit.rabbit_ha_queues = False {{(pid=96603) log_opt_values /opt/stack/data/venv/lib/python3.12/site-packages/oslo_config/cfg.py:3560}}
Aug 14 00:25:38.579980 np0000007289 nova-scheduler[96603]: DEBUG cotyledon.oslo_config_glue [-] oslo_messaging_rabbit.rabbit_interval_max = 30 {{(pid=96603) log_opt_values /opt/stack/data/venv/lib/python3.12/site-packages/oslo_config/cfg.py:3560}}
Aug 14 00:25:38.579980 np0000007289 nova-scheduler[96603]: DEBUG cotyledon.oslo_config_glue [-] oslo_messaging_rabbit.rabbit_login_method = AMQPLAIN {{(pid=96603) log_opt_values /opt/stack/data/venv/lib/python3.12/site-packages/oslo_config/cfg.py:3560}}
Aug 14 00:25:38.579980 np0000007289 nova-scheduler[96603]: DEBUG cotyledon.oslo_config_glue [-] oslo_messaging_rabbit.rabbit_qos_prefetch_count = 0 {{(pid=96603) log_opt_values /opt/stack/data/venv/lib/python3.12/site-packages/oslo_config/cfg.py:3560}}
Aug 14 00:25:38.579980 np0000007289 nova-scheduler[96603]: DEBUG cotyledon.oslo_config_glue [-] oslo_messaging_rabbit.rabbit_quorum_delivery_limit = 0 {{(pid=96603) log_opt_values /opt/stack/data/venv/lib/python3.12/site-packages/oslo_config/cfg.py:3560}}
Aug 14 00:25:38.579980 np0000007289 nova-scheduler[96603]: DEBUG cotyledon.oslo_config_glue [-] oslo_messaging_rabbit.rabbit_quorum_max_memory_bytes = 0 {{(pid=96603) log_opt_values /opt/stack/data/venv/lib/python3.12/site-packages/oslo_config/cfg.py:3560}}
Aug 14 00:25:38.579980 np0000007289 nova-scheduler[96603]: DEBUG cotyledon.oslo_config_glue [-] oslo_messaging_rabbit.rabbit_quorum_max_memory_length = 0 {{(pid=96603) log_opt_values /opt/stack/data/venv/lib/python3.12/site-packages/oslo_config/cfg.py:3560}}
Aug 14 00:25:38.579980 np0000007289 nova-scheduler[96603]: DEBUG cotyledon.oslo_config_glue [-] oslo_messaging_rabbit.rabbit_quorum_queue = False {{(pid=96603) log_opt_values /opt/stack/data/venv/lib/python3.12/site-packages/oslo_config/cfg.py:3560}}
Aug 14 00:25:38.580386 np0000007289 nova-scheduler[96603]: DEBUG cotyledon.oslo_config_glue [-] oslo_messaging_rabbit.rabbit_retry_backoff = 2 {{(pid=96603) log_opt_values /opt/stack/data/venv/lib/python3.12/site-packages/oslo_config/cfg.py:3560}}
Aug 14 00:25:38.580386 np0000007289 nova-scheduler[96603]: DEBUG cotyledon.oslo_config_glue [-] oslo_messaging_rabbit.rabbit_retry_interval = 1 {{(pid=96603) log_opt_values /opt/stack/data/venv/lib/python3.12/site-packages/oslo_config/cfg.py:3560}}
Aug 14 00:25:38.580386 np0000007289 nova-scheduler[96603]: DEBUG cotyledon.oslo_config_glue [-] oslo_messaging_rabbit.rabbit_stream_fanout = False {{(pid=96603) log_opt_values /opt/stack/data/venv/lib/python3.12/site-packages/oslo_config/cfg.py:3560}}
Aug 14 00:25:38.580386 np0000007289 nova-scheduler[96603]: DEBUG cotyledon.oslo_config_glue [-] oslo_messaging_rabbit.rabbit_transient_queues_ttl = 1800 {{(pid=96603) log_opt_values /opt/stack/data/venv/lib/python3.12/site-packages/oslo_config/cfg.py:3560}}
Aug 14 00:25:38.580386 np0000007289 nova-scheduler[96603]: DEBUG cotyledon.oslo_config_glue [-] oslo_messaging_rabbit.rabbit_transient_quorum_queue = False {{(pid=96603) log_opt_values /opt/stack/data/venv/lib/python3.12/site-packages/oslo_config/cfg.py:3560}}
Aug 14 00:25:38.580386 np0000007289 nova-scheduler[96603]: DEBUG cotyledon.oslo_config_glue [-] oslo_messaging_rabbit.rpc_conn_pool_size = 30 {{(pid=96603) log_opt_values /opt/stack/data/venv/lib/python3.12/site-packages/oslo_config/cfg.py:3560}}
Aug 14 00:25:38.580386 np0000007289 nova-scheduler[96603]: DEBUG cotyledon.oslo_config_glue [-] oslo_messaging_rabbit.ssl = False {{(pid=96603) log_opt_values /opt/stack/data/venv/lib/python3.12/site-packages/oslo_config/cfg.py:3560}}
Aug 14 00:25:38.580386 np0000007289 nova-scheduler[96603]: DEBUG cotyledon.oslo_config_glue [-] oslo_messaging_rabbit.ssl_ca_file = {{(pid=96603) log_opt_values /opt/stack/data/venv/lib/python3.12/site-packages/oslo_config/cfg.py:3560}}
Aug 14 00:25:38.580386 np0000007289 nova-scheduler[96603]: DEBUG cotyledon.oslo_config_glue [-] oslo_messaging_rabbit.ssl_cert_file = {{(pid=96603) log_opt_values /opt/stack/data/venv/lib/python3.12/site-packages/oslo_config/cfg.py:3560}}
Aug 14 00:25:38.580774 np0000007289 nova-scheduler[96603]: DEBUG cotyledon.oslo_config_glue [-] oslo_messaging_rabbit.ssl_enforce_fips_mode = False {{(pid=96603) log_opt_values /opt/stack/data/venv/lib/python3.12/site-packages/oslo_config/cfg.py:3560}}
Aug 14 00:25:38.580774 np0000007289 nova-scheduler[96603]: DEBUG cotyledon.oslo_config_glue [-] oslo_messaging_rabbit.ssl_enforce_hostname_verification = True {{(pid=96603) log_opt_values /opt/stack/data/venv/lib/python3.12/site-packages/oslo_config/cfg.py:3560}}
Aug 14 00:25:38.580774 np0000007289 nova-scheduler[96603]: DEBUG cotyledon.oslo_config_glue [-] oslo_messaging_rabbit.ssl_key_file = {{(pid=96603) log_opt_values /opt/stack/data/venv/lib/python3.12/site-packages/oslo_config/cfg.py:3560}}
Aug 14 00:25:38.580774 np0000007289 nova-scheduler[96603]: DEBUG cotyledon.oslo_config_glue [-] oslo_messaging_rabbit.ssl_version = {{(pid=96603) log_opt_values /opt/stack/data/venv/lib/python3.12/site-packages/oslo_config/cfg.py:3560}}
Aug 14 00:25:38.580774 np0000007289 nova-scheduler[96603]: DEBUG cotyledon.oslo_config_glue [-] oslo_messaging_rabbit.use_queue_manager = False {{(pid=96603) log_opt_values /opt/stack/data/venv/lib/python3.12/site-packages/oslo_config/cfg.py:3560}}
Aug 14 00:25:38.580774 np0000007289 nova-scheduler[96603]: DEBUG cotyledon.oslo_config_glue [-] oslo_messaging_notifications.driver = ['messagingv2'] {{(pid=96603) log_opt_values /opt/stack/data/venv/lib/python3.12/site-packages/oslo_config/cfg.py:3560}}
Aug 14 00:25:38.580774 np0000007289 nova-scheduler[96603]: DEBUG cotyledon.oslo_config_glue [-] oslo_messaging_notifications.retry = -1 {{(pid=96603) log_opt_values /opt/stack/data/venv/lib/python3.12/site-packages/oslo_config/cfg.py:3560}}
Aug 14 00:25:38.580774 np0000007289 nova-scheduler[96603]: DEBUG cotyledon.oslo_config_glue [-] oslo_messaging_notifications.topics = ['notifications'] {{(pid=96603) log_opt_values /opt/stack/data/venv/lib/python3.12/site-packages/oslo_config/cfg.py:3560}}
Aug 14 00:25:38.580774 np0000007289 nova-scheduler[96603]: DEBUG cotyledon.oslo_config_glue [-] oslo_messaging_notifications.transport_url = **** {{(pid=96603) log_opt_values /opt/stack/data/venv/lib/python3.12/site-packages/oslo_config/cfg.py:3560}}
Aug 14 00:25:38.581074 np0000007289 nova-scheduler[96603]: DEBUG cotyledon.oslo_config_glue [-] oslo_limit.auth_section = None {{(pid=96603) log_opt_values /opt/stack/data/venv/lib/python3.12/site-packages/oslo_config/cfg.py:3560}}
Aug 14 00:25:38.581074 np0000007289 nova-scheduler[96603]: DEBUG cotyledon.oslo_config_glue [-] oslo_limit.auth_type = None {{(pid=96603) log_opt_values /opt/stack/data/venv/lib/python3.12/site-packages/oslo_config/cfg.py:3560}}
Aug 14 00:25:38.581074 np0000007289 nova-scheduler[96603]: DEBUG cotyledon.oslo_config_glue [-] oslo_limit.cafile = None {{(pid=96603) log_opt_values /opt/stack/data/venv/lib/python3.12/site-packages/oslo_config/cfg.py:3560}}
Aug 14 00:25:38.581074 np0000007289 nova-scheduler[96603]: DEBUG cotyledon.oslo_config_glue [-] oslo_limit.certfile = None {{(pid=96603) log_opt_values /opt/stack/data/venv/lib/python3.12/site-packages/oslo_config/cfg.py:3560}}
Aug 14 00:25:38.581074 np0000007289 nova-scheduler[96603]: DEBUG cotyledon.oslo_config_glue [-] oslo_limit.collect_timing = False {{(pid=96603) log_opt_values /opt/stack/data/venv/lib/python3.12/site-packages/oslo_config/cfg.py:3560}}
Aug 14 00:25:38.581074 np0000007289 nova-scheduler[96603]: DEBUG cotyledon.oslo_config_glue [-] oslo_limit.connect_retries = None {{(pid=96603) log_opt_values /opt/stack/data/venv/lib/python3.12/site-packages/oslo_config/cfg.py:3560}}
Aug 14 00:25:38.581074 np0000007289 nova-scheduler[96603]: DEBUG cotyledon.oslo_config_glue [-] oslo_limit.connect_retry_delay = None {{(pid=96603) log_opt_values /opt/stack/data/venv/lib/python3.12/site-packages/oslo_config/cfg.py:3560}}
Aug 14 00:25:38.581074 np0000007289 nova-scheduler[96603]: DEBUG cotyledon.oslo_config_glue [-] oslo_limit.endpoint_id = None {{(pid=96603) log_opt_values /opt/stack/data/venv/lib/python3.12/site-packages/oslo_config/cfg.py:3560}}
Aug 14 00:25:38.581074 np0000007289 nova-scheduler[96603]: DEBUG cotyledon.oslo_config_glue [-] oslo_limit.endpoint_interface = public {{(pid=96603) log_opt_values /opt/stack/data/venv/lib/python3.12/site-packages/oslo_config/cfg.py:3560}}
Aug 14 00:25:38.581428 np0000007289 nova-scheduler[96603]: DEBUG cotyledon.oslo_config_glue [-] oslo_limit.endpoint_override = None {{(pid=96603) log_opt_values /opt/stack/data/venv/lib/python3.12/site-packages/oslo_config/cfg.py:3560}}
Aug 14 00:25:38.581428 np0000007289 nova-scheduler[96603]: DEBUG cotyledon.oslo_config_glue [-] oslo_limit.endpoint_region_name = None {{(pid=96603) log_opt_values /opt/stack/data/venv/lib/python3.12/site-packages/oslo_config/cfg.py:3560}}
Aug 14 00:25:38.581428 np0000007289 nova-scheduler[96603]: DEBUG cotyledon.oslo_config_glue [-] oslo_limit.endpoint_service_name = None {{(pid=96603) log_opt_values /opt/stack/data/venv/lib/python3.12/site-packages/oslo_config/cfg.py:3560}}
Aug 14 00:25:38.581428 np0000007289 nova-scheduler[96603]: DEBUG cotyledon.oslo_config_glue [-] oslo_limit.endpoint_service_type = None {{(pid=96603) log_opt_values /opt/stack/data/venv/lib/python3.12/site-packages/oslo_config/cfg.py:3560}}
Aug 14 00:25:38.581428 np0000007289 nova-scheduler[96603]: DEBUG cotyledon.oslo_config_glue [-] oslo_limit.insecure = False {{(pid=96603) log_opt_values /opt/stack/data/venv/lib/python3.12/site-packages/oslo_config/cfg.py:3560}}
Aug 14 00:25:38.581428 np0000007289 nova-scheduler[96603]: DEBUG cotyledon.oslo_config_glue [-] oslo_limit.keyfile = None {{(pid=96603) log_opt_values /opt/stack/data/venv/lib/python3.12/site-packages/oslo_config/cfg.py:3560}}
Aug 14 00:25:38.581428 np0000007289 nova-scheduler[96603]: DEBUG cotyledon.oslo_config_glue [-] oslo_limit.max_version = None {{(pid=96603) log_opt_values /opt/stack/data/venv/lib/python3.12/site-packages/oslo_config/cfg.py:3560}}
Aug 14 00:25:38.581428 np0000007289 nova-scheduler[96603]: DEBUG cotyledon.oslo_config_glue [-] oslo_limit.min_version = None {{(pid=96603) log_opt_values /opt/stack/data/venv/lib/python3.12/site-packages/oslo_config/cfg.py:3560}}
Aug 14 00:25:38.581428 np0000007289 nova-scheduler[96603]: DEBUG cotyledon.oslo_config_glue [-] oslo_limit.region_name = None {{(pid=96603) log_opt_values /opt/stack/data/venv/lib/python3.12/site-packages/oslo_config/cfg.py:3560}}
Aug 14 00:25:38.581809 np0000007289 nova-scheduler[96603]: DEBUG cotyledon.oslo_config_glue [-] oslo_limit.retriable_status_codes = None {{(pid=96603) log_opt_values /opt/stack/data/venv/lib/python3.12/site-packages/oslo_config/cfg.py:3560}}
Aug 14 00:25:38.581809 np0000007289 nova-scheduler[96603]: DEBUG cotyledon.oslo_config_glue [-] oslo_limit.service_name = None {{(pid=96603) log_opt_values /opt/stack/data/venv/lib/python3.12/site-packages/oslo_config/cfg.py:3560}}
Aug 14 00:25:38.581809 np0000007289 nova-scheduler[96603]: DEBUG cotyledon.oslo_config_glue [-] oslo_limit.service_type = None {{(pid=96603) log_opt_values /opt/stack/data/venv/lib/python3.12/site-packages/oslo_config/cfg.py:3560}}
Aug 14 00:25:38.581809 np0000007289 nova-scheduler[96603]: DEBUG cotyledon.oslo_config_glue [-] oslo_limit.split_loggers = False {{(pid=96603) log_opt_values /opt/stack/data/venv/lib/python3.12/site-packages/oslo_config/cfg.py:3560}}
Aug 14 00:25:38.581809 np0000007289 nova-scheduler[96603]: DEBUG cotyledon.oslo_config_glue [-] oslo_limit.status_code_retries = None {{(pid=96603) log_opt_values /opt/stack/data/venv/lib/python3.12/site-packages/oslo_config/cfg.py:3560}}
Aug 14 00:25:38.581809 np0000007289 nova-scheduler[96603]: DEBUG cotyledon.oslo_config_glue [-] oslo_limit.status_code_retry_delay = None {{(pid=96603) log_opt_values /opt/stack/data/venv/lib/python3.12/site-packages/oslo_config/cfg.py:3560}}
Aug 14 00:25:38.581809 np0000007289 nova-scheduler[96603]: DEBUG cotyledon.oslo_config_glue [-] oslo_limit.timeout = None {{(pid=96603) log_opt_values /opt/stack/data/venv/lib/python3.12/site-packages/oslo_config/cfg.py:3560}}
Aug 14 00:25:38.581809 np0000007289 nova-scheduler[96603]: DEBUG cotyledon.oslo_config_glue [-] oslo_limit.valid_interfaces = None {{(pid=96603) log_opt_values /opt/stack/data/venv/lib/python3.12/site-packages/oslo_config/cfg.py:3560}}
Aug 14 00:25:38.581809 np0000007289 nova-scheduler[96603]: DEBUG cotyledon.oslo_config_glue [-] oslo_limit.version = None {{(pid=96603) log_opt_values /opt/stack/data/venv/lib/python3.12/site-packages/oslo_config/cfg.py:3560}}
Aug 14 00:25:38.582175 np0000007289 nova-scheduler[96603]: DEBUG cotyledon.oslo_config_glue [-] oslo_reports.file_event_handler = None {{(pid=96603) log_opt_values /opt/stack/data/venv/lib/python3.12/site-packages/oslo_config/cfg.py:3560}}
Aug 14 00:25:38.582175 np0000007289 nova-scheduler[96603]: DEBUG cotyledon.oslo_config_glue [-] oslo_reports.file_event_handler_interval = 1 {{(pid=96603) log_opt_values /opt/stack/data/venv/lib/python3.12/site-packages/oslo_config/cfg.py:3560}}
Aug 14 00:25:38.582175 np0000007289 nova-scheduler[96603]: DEBUG cotyledon.oslo_config_glue [-] oslo_reports.log_dir = None {{(pid=96603) log_opt_values /opt/stack/data/venv/lib/python3.12/site-packages/oslo_config/cfg.py:3560}}
Aug 14 00:25:38.582175 np0000007289 nova-scheduler[96603]: DEBUG cotyledon.oslo_config_glue [-] ******************************************************************************** {{(pid=96603) log_opt_values /opt/stack/data/venv/lib/python3.12/site-packages/oslo_config/cfg.py:3567}}
Aug 14 00:25:38.582175 np0000007289 nova-scheduler[96603]: DEBUG cotyledon._service_worker [-] Run service ServiceWrapper(3) [96603] {{(pid=96603) wait_forever /opt/stack/data/venv/lib/python3.12/site-packages/cotyledon/_service_worker.py:218}}
Aug 14 00:25:38.582175 np0000007289 nova-scheduler[96603]: INFO nova.service [-] Starting scheduler node (version 33.1.0)
Aug 14 00:25:38.582175 np0000007289 nova-scheduler[96603]: INFO dbcounter [None req-d23b7e88-54e3-428f-a905-664b4244a9fd None None] Registered counter for database nova_cell0
Aug 14 00:25:38.582442 np0000007289 nova-scheduler[96597]: DEBUG oslo_db.sqlalchemy.engines [None req-191959d6-7c72-45c2-ac55-88c916e31140 None None] MySQL server mode set to STRICT_TRANS_TABLES,STRICT_ALL_TABLES,NO_ZERO_IN_DATE,NO_ZERO_DATE,ERROR_FOR_DIVISION_BY_ZERO,TRADITIONAL,NO_ENGINE_SUBSTITUTION {{(pid=96597) _check_effective_sql_mode /opt/stack/data/venv/lib/python3.12/site-packages/oslo_db/sqlalchemy/engines.py:325}}
Aug 14 00:25:38.582506 np0000007289 nova-scheduler[96599]: DEBUG oslo_db.sqlalchemy.engines [None req-9988cf67-f0f6-49ac-b663-7bb63f55c989 None None] MySQL server mode set to STRICT_TRANS_TABLES,STRICT_ALL_TABLES,NO_ZERO_IN_DATE,NO_ZERO_DATE,ERROR_FOR_DIVISION_BY_ZERO,TRADITIONAL,NO_ENGINE_SUBSTITUTION {{(pid=96599) _check_effective_sql_mode /opt/stack/data/venv/lib/python3.12/site-packages/oslo_db/sqlalchemy/engines.py:325}}
Aug 14 00:25:38.582556 np0000007289 nova-scheduler[96597]: DEBUG dbcounter [-] [96597] Writer thread running {{(pid=96597) stat_writer /opt/stack/data/venv/lib/python3.12/site-packages/dbcounter.py:102}}
Aug 14 00:25:38.582634 np0000007289 nova-scheduler[96601]: DEBUG oslo_db.sqlalchemy.engines [None req-f8c3d845-20e6-4ece-a7f4-2e0e4f0d3510 None None] MySQL server mode set to STRICT_TRANS_TABLES,STRICT_ALL_TABLES,NO_ZERO_IN_DATE,NO_ZERO_DATE,ERROR_FOR_DIVISION_BY_ZERO,TRADITIONAL,NO_ENGINE_SUBSTITUTION {{(pid=96601) _check_effective_sql_mode /opt/stack/data/venv/lib/python3.12/site-packages/oslo_db/sqlalchemy/engines.py:325}}
Aug 14 00:25:38.582767 np0000007289 nova-scheduler[96599]: DEBUG dbcounter [-] [96599] Writer thread running {{(pid=96599) stat_writer /opt/stack/data/venv/lib/python3.12/site-packages/dbcounter.py:102}}
Aug 14 00:25:38.582818 np0000007289 nova-scheduler[96601]: DEBUG dbcounter [-] [96601] Writer thread running {{(pid=96601) stat_writer /opt/stack/data/venv/lib/python3.12/site-packages/dbcounter.py:102}}
Aug 14 00:25:38.582862 np0000007289 nova-scheduler[96597]: DEBUG nova.service [None req-191959d6-7c72-45c2-ac55-88c916e31140 None None] Creating RPC server for service: nova-scheduler on topic: scheduler {{(pid=96597) start /opt/stack/nova/nova/service.py:196}}
Aug 14 00:25:38.582914 np0000007289 nova-scheduler[96603]: DEBUG oslo_db.sqlalchemy.engines [None req-d23b7e88-54e3-428f-a905-664b4244a9fd None None] MySQL server mode set to STRICT_TRANS_TABLES,STRICT_ALL_TABLES,NO_ZERO_IN_DATE,NO_ZERO_DATE,ERROR_FOR_DIVISION_BY_ZERO,TRADITIONAL,NO_ENGINE_SUBSTITUTION {{(pid=96603) _check_effective_sql_mode /opt/stack/data/venv/lib/python3.12/site-packages/oslo_db/sqlalchemy/engines.py:325}}
Aug 14 00:25:38.582966 np0000007289 nova-scheduler[96601]: DEBUG nova.service [None req-f8c3d845-20e6-4ece-a7f4-2e0e4f0d3510 None None] Creating RPC server for service: nova-scheduler on topic: scheduler {{(pid=96601) start /opt/stack/nova/nova/service.py:196}}
Aug 14 00:25:38.583001 np0000007289 nova-scheduler[96603]: DEBUG dbcounter [-] [96603] Writer thread running {{(pid=96603) stat_writer /opt/stack/data/venv/lib/python3.12/site-packages/dbcounter.py:102}}
Aug 14 00:25:38.585422 np0000007289 nova-scheduler[96599]: DEBUG nova.service [None req-9988cf67-f0f6-49ac-b663-7bb63f55c989 None None] Creating RPC server for service: nova-scheduler on topic: scheduler {{(pid=96599) start /opt/stack/nova/nova/service.py:196}}
Aug 14 00:25:38.585734 np0000007289 nova-scheduler[96603]: DEBUG nova.service [None req-d23b7e88-54e3-428f-a905-664b4244a9fd None None] Creating RPC server for service: nova-scheduler on topic: scheduler {{(pid=96603) start /opt/stack/nova/nova/service.py:196}}
Aug 14 00:25:38.608234 np0000007289 nova-scheduler[96603]: DEBUG nova.service [None req-d23b7e88-54e3-428f-a905-664b4244a9fd None None] Join ServiceGroup membership for this service scheduler {{(pid=96603) start /opt/stack/nova/nova/service.py:222}}
Aug 14 00:25:38.608424 np0000007289 nova-scheduler[96603]: DEBUG nova.servicegroup.drivers.db [None req-d23b7e88-54e3-428f-a905-664b4244a9fd None None] DB_Driver: join new ServiceGroup member np0000007289 to the scheduler group, service = {{(pid=96603) join /opt/stack/nova/nova/servicegroup/drivers/db.py:44}}
Aug 14 00:25:38.614380 np0000007289 nova-scheduler[96601]: DEBUG nova.service [None req-f8c3d845-20e6-4ece-a7f4-2e0e4f0d3510 None None] Join ServiceGroup membership for this service scheduler {{(pid=96601) start /opt/stack/nova/nova/service.py:222}}
Aug 14 00:25:38.614834 np0000007289 nova-scheduler[96601]: DEBUG nova.servicegroup.drivers.db [None req-f8c3d845-20e6-4ece-a7f4-2e0e4f0d3510 None None] DB_Driver: join new ServiceGroup member np0000007289 to the scheduler group, service = {{(pid=96601) join /opt/stack/nova/nova/servicegroup/drivers/db.py:44}}
Aug 14 00:25:38.614939 np0000007289 nova-scheduler[96597]: DEBUG nova.service [None req-191959d6-7c72-45c2-ac55-88c916e31140 None None] Join ServiceGroup membership for this service scheduler {{(pid=96597) start /opt/stack/nova/nova/service.py:222}}
Aug 14 00:25:38.615180 np0000007289 nova-scheduler[96597]: DEBUG nova.servicegroup.drivers.db [None req-191959d6-7c72-45c2-ac55-88c916e31140 None None] DB_Driver: join new ServiceGroup member np0000007289 to the scheduler group, service = {{(pid=96597) join /opt/stack/nova/nova/servicegroup/drivers/db.py:44}}
Aug 14 00:25:38.617726 np0000007289 nova-scheduler[96599]: DEBUG nova.service [None req-9988cf67-f0f6-49ac-b663-7bb63f55c989 None None] Join ServiceGroup membership for this service scheduler {{(pid=96599) start /opt/stack/nova/nova/service.py:222}}
Aug 14 00:25:38.618631 np0000007289 nova-scheduler[96599]: DEBUG nova.servicegroup.drivers.db [None req-9988cf67-f0f6-49ac-b663-7bb63f55c989 None None] DB_Driver: join new ServiceGroup member np0000007289 to the scheduler group, service = {{(pid=96599) join /opt/stack/nova/nova/servicegroup/drivers/db.py:44}}
Aug 14 00:25:43.634116 np0000007289 nova-scheduler[96603]: DEBUG oslo.service.backend._threading.loopingcall [-] Fixed interval looping call 'nova.servicegroup.drivers.db.DbDriver._report_state' sleeping for 119.98 seconds {{(pid=96603) _run_loop /opt/stack/data/venv/lib/python3.12/site-packages/oslo_service/backend/_threading/loopingcall.py:125}}
Aug 14 00:25:43.634685 np0000007289 nova-scheduler[96599]: DEBUG oslo.service.backend._threading.loopingcall [-] Fixed interval looping call 'nova.servicegroup.drivers.db.DbDriver._report_state' sleeping for 119.99 seconds {{(pid=96599) _run_loop /opt/stack/data/venv/lib/python3.12/site-packages/oslo_service/backend/_threading/loopingcall.py:125}}
Aug 14 00:25:43.637580 np0000007289 nova-scheduler[96597]: DEBUG oslo.service.backend._threading.loopingcall [-] Fixed interval looping call 'nova.servicegroup.drivers.db.DbDriver._report_state' sleeping for 119.98 seconds {{(pid=96597) _run_loop /opt/stack/data/venv/lib/python3.12/site-packages/oslo_service/backend/_threading/loopingcall.py:125}}
Aug 14 00:25:43.638260 np0000007289 nova-scheduler[96601]: DEBUG oslo.service.backend._threading.loopingcall [-] Fixed interval looping call 'nova.servicegroup.drivers.db.DbDriver._report_state' sleeping for 119.98 seconds {{(pid=96601) _run_loop /opt/stack/data/venv/lib/python3.12/site-packages/oslo_service/backend/_threading/loopingcall.py:125}}
Aug 14 00:25:44.618015 np0000007289 nova-scheduler[96597]: DEBUG oslo.service.backend._threading.loopingcall [None req-8c68ed97-a270-427c-ab8d-9bc8245ff85e None None] Dynamic interval looping call 'nova.service.Service.periodic_tasks' sleeping for 60.00 seconds {{(pid=96597) _run_loop /opt/stack/data/venv/lib/python3.12/site-packages/oslo_service/backend/_threading/loopingcall.py:125}}
Aug 14 00:25:47.146860 np0000007289 nova-scheduler[95403]: DEBUG dbcounter [-] [95403] Writing DB stats nova_api:SELECT=3 {{(pid=95403) stat_writer /opt/stack/data/venv/lib/python3.12/site-packages/dbcounter.py:115}}
Aug 14 00:25:47.286630 np0000007289 nova-scheduler[95403]: DEBUG dbcounter [-] [95403] Writing DB stats nova_cell0:SELECT=1 {{(pid=95403) stat_writer /opt/stack/data/venv/lib/python3.12/site-packages/dbcounter.py:115}}
Aug 14 00:25:47.291121 np0000007289 nova-scheduler[95403]: DEBUG dbcounter [-] [95403] Writing DB stats nova_cell1:SELECT=1 {{(pid=95403) stat_writer /opt/stack/data/venv/lib/python3.12/site-packages/dbcounter.py:115}}
Aug 14 00:25:53.628157 np0000007289 nova-scheduler[96603]: DEBUG dbcounter [-] [96603] Writing DB stats nova_cell0:SELECT=3,nova_cell0:UPDATE=1 {{(pid=96603) stat_writer /opt/stack/data/venv/lib/python3.12/site-packages/dbcounter.py:115}}
Aug 14 00:25:53.628396 np0000007289 nova-scheduler[96599]: DEBUG dbcounter [-] [96599] Writing DB stats nova_cell0:SELECT=4,nova_cell0:INSERT=1,nova_cell0:UPDATE=1 {{(pid=96599) stat_writer /opt/stack/data/venv/lib/python3.12/site-packages/dbcounter.py:115}}
Aug 14 00:25:53.629751 np0000007289 nova-scheduler[96601]: DEBUG dbcounter [-] [96601] Writing DB stats nova_cell0:SELECT=5,nova_cell0:INSERT=1,nova_cell0:UPDATE=1 {{(pid=96601) stat_writer /opt/stack/data/venv/lib/python3.12/site-packages/dbcounter.py:115}}
Aug 14 00:25:53.635483 np0000007289 nova-scheduler[96597]: DEBUG dbcounter [-] [96597] Writing DB stats nova_cell0:SELECT=4,nova_cell0:INSERT=1,nova_cell0:UPDATE=1 {{(pid=96597) stat_writer /opt/stack/data/venv/lib/python3.12/site-packages/dbcounter.py:115}}
Aug 14 00:25:55.610467 np0000007289 nova-scheduler[96603]: DEBUG oslo.service.backend._threading.loopingcall [None req-d0fcd2f0-f27b-4a58-aeb2-b354725f06f2 None None] Dynamic interval looping call 'nova.service.Service.periodic_tasks' sleeping for 60.00 seconds {{(pid=96603) _run_loop /opt/stack/data/venv/lib/python3.12/site-packages/oslo_service/backend/_threading/loopingcall.py:125}}
Aug 14 00:26:07.617116 np0000007289 nova-scheduler[96601]: DEBUG oslo.service.backend._threading.loopingcall [None req-76a9d028-2982-473a-a9a8-e57ba1485419 None None] Dynamic interval looping call 'nova.service.Service.periodic_tasks' sleeping for 60.00 seconds {{(pid=96601) _run_loop /opt/stack/data/venv/lib/python3.12/site-packages/oslo_service/backend/_threading/loopingcall.py:125}}
Aug 14 00:26:18.620688 np0000007289 nova-scheduler[96599]: DEBUG oslo.service.backend._threading.loopingcall [None req-afa97ca8-c55e-497f-b32c-503e01529073 None None] Dynamic interval looping call 'nova.service.Service.periodic_tasks' sleeping for 60.00 seconds {{(pid=96599) _run_loop /opt/stack/data/venv/lib/python3.12/site-packages/oslo_service/backend/_threading/loopingcall.py:125}}
Aug 14 00:26:44.618518 np0000007289 nova-scheduler[96597]: DEBUG oslo.service.backend._threading.loopingcall [None req-8c68ed97-a270-427c-ab8d-9bc8245ff85e None None] Dynamic interval looping call 'nova.service.Service.periodic_tasks' sleeping for 60.00 seconds {{(pid=96597) _run_loop /opt/stack/data/venv/lib/python3.12/site-packages/oslo_service/backend/_threading/loopingcall.py:125}}
Aug 14 00:26:55.611538 np0000007289 nova-scheduler[96603]: DEBUG oslo.service.backend._threading.loopingcall [None req-d0fcd2f0-f27b-4a58-aeb2-b354725f06f2 None None] Dynamic interval looping call 'nova.service.Service.periodic_tasks' sleeping for 60.00 seconds {{(pid=96603) _run_loop /opt/stack/data/venv/lib/python3.12/site-packages/oslo_service/backend/_threading/loopingcall.py:125}}
Aug 14 00:27:07.617593 np0000007289 nova-scheduler[96601]: DEBUG oslo.service.backend._threading.loopingcall [None req-76a9d028-2982-473a-a9a8-e57ba1485419 None None] Dynamic interval looping call 'nova.service.Service.periodic_tasks' sleeping for 60.00 seconds {{(pid=96601) _run_loop /opt/stack/data/venv/lib/python3.12/site-packages/oslo_service/backend/_threading/loopingcall.py:125}}
Aug 14 00:27:18.621166 np0000007289 nova-scheduler[96599]: DEBUG oslo.service.backend._threading.loopingcall [None req-afa97ca8-c55e-497f-b32c-503e01529073 None None] Dynamic interval looping call 'nova.service.Service.periodic_tasks' sleeping for 60.00 seconds {{(pid=96599) _run_loop /opt/stack/data/venv/lib/python3.12/site-packages/oslo_service/backend/_threading/loopingcall.py:125}}
Aug 14 00:27:43.624711 np0000007289 nova-scheduler[96603]: DEBUG oslo.service.backend._threading.loopingcall [-] Fixed interval looping call 'nova.servicegroup.drivers.db.DbDriver._report_state' sleeping for 119.99 seconds {{(pid=96603) _run_loop /opt/stack/data/venv/lib/python3.12/site-packages/oslo_service/backend/_threading/loopingcall.py:125}}
Aug 14 00:27:43.625190 np0000007289 nova-scheduler[96597]: DEBUG oslo.service.backend._threading.loopingcall [-] Fixed interval looping call 'nova.servicegroup.drivers.db.DbDriver._report_state' sleeping for 119.99 seconds {{(pid=96597) _run_loop /opt/stack/data/venv/lib/python3.12/site-packages/oslo_service/backend/_threading/loopingcall.py:125}}
Aug 14 00:27:43.625598 np0000007289 nova-scheduler[96601]: DEBUG oslo.service.backend._threading.loopingcall [-] Fixed interval looping call 'nova.servicegroup.drivers.db.DbDriver._report_state' sleeping for 119.99 seconds {{(pid=96601) _run_loop /opt/stack/data/venv/lib/python3.12/site-packages/oslo_service/backend/_threading/loopingcall.py:125}}
Aug 14 00:27:43.630770 np0000007289 nova-scheduler[96599]: DEBUG oslo.service.backend._threading.loopingcall [-] Fixed interval looping call 'nova.servicegroup.drivers.db.DbDriver._report_state' sleeping for 119.99 seconds {{(pid=96599) _run_loop /opt/stack/data/venv/lib/python3.12/site-packages/oslo_service/backend/_threading/loopingcall.py:125}}
Aug 14 00:27:44.619043 np0000007289 nova-scheduler[96597]: DEBUG oslo.service.backend._threading.loopingcall [None req-8c68ed97-a270-427c-ab8d-9bc8245ff85e None None] Dynamic interval looping call 'nova.service.Service.periodic_tasks' sleeping for 60.00 seconds {{(pid=96597) _run_loop /opt/stack/data/venv/lib/python3.12/site-packages/oslo_service/backend/_threading/loopingcall.py:125}}
Aug 14 00:27:53.617793 np0000007289 nova-scheduler[96603]: DEBUG dbcounter [-] [96603] Writing DB stats nova_cell0:SELECT=1,nova_cell0:UPDATE=1 {{(pid=96603) stat_writer /opt/stack/data/venv/lib/python3.12/site-packages/dbcounter.py:115}}
Aug 14 00:27:53.623616 np0000007289 nova-scheduler[96601]: DEBUG dbcounter [-] [96601] Writing DB stats nova_cell0:SELECT=1,nova_cell0:UPDATE=1 {{(pid=96601) stat_writer /opt/stack/data/venv/lib/python3.12/site-packages/dbcounter.py:115}}
Aug 14 00:27:53.638967 np0000007289 nova-scheduler[96597]: DEBUG dbcounter [-] [96597] Writing DB stats nova_cell0:SELECT=1,nova_cell0:UPDATE=1 {{(pid=96597) stat_writer /opt/stack/data/venv/lib/python3.12/site-packages/dbcounter.py:115}}
Aug 14 00:27:53.639468 np0000007289 nova-scheduler[96599]: DEBUG dbcounter [-] [96599] Writing DB stats nova_cell0:SELECT=1 {{(pid=96599) stat_writer /opt/stack/data/venv/lib/python3.12/site-packages/dbcounter.py:115}}
Aug 14 00:27:54.127472 np0000007289 nova-scheduler[96603]: DEBUG nova.scheduler.manager [None req-a41ff86e-a91f-46af-989a-01135e76541d tempest-DeleteServersTestJSON-369961533 tempest-DeleteServersTestJSON-369961533-project-member] Starting to schedule for instances: ['530f7c1a-c7b8-4013-a66d-f6ec56ef8ab1'] {{(pid=96603) select_destinations /opt/stack/nova/nova/scheduler/manager.py:209}}
Aug 14 00:27:54.128348 np0000007289 nova-scheduler[96603]: DEBUG nova.scheduler.request_filter [None req-a41ff86e-a91f-46af-989a-01135e76541d tempest-DeleteServersTestJSON-369961533 tempest-DeleteServersTestJSON-369961533-project-member] compute_status_filter request filter added forbidden trait COMPUTE_STATUS_DISABLED {{(pid=96603) compute_status_filter /opt/stack/nova/nova/scheduler/request_filter.py:253}}
Aug 14 00:27:54.128699 np0000007289 nova-scheduler[96603]: DEBUG nova.scheduler.request_filter [None req-a41ff86e-a91f-46af-989a-01135e76541d tempest-DeleteServersTestJSON-369961533 tempest-DeleteServersTestJSON-369961533-project-member] Request filter 'compute_status_filter' took 0.0 seconds {{(pid=96603) wrapper /opt/stack/nova/nova/scheduler/request_filter.py:46}}
Aug 14 00:27:54.128798 np0000007289 nova-scheduler[96603]: DEBUG nova.scheduler.request_filter [None req-a41ff86e-a91f-46af-989a-01135e76541d tempest-DeleteServersTestJSON-369961533 tempest-DeleteServersTestJSON-369961533-project-member] Request filter 'accelerators_filter' took 0.0 seconds {{(pid=96603) wrapper /opt/stack/nova/nova/scheduler/request_filter.py:46}}
Aug 14 00:27:54.129029 np0000007289 nova-scheduler[96603]: DEBUG nova.scheduler.request_filter [None req-a41ff86e-a91f-46af-989a-01135e76541d tempest-DeleteServersTestJSON-369961533 tempest-DeleteServersTestJSON-369961533-project-member] Request filter 'packed_virtqueue_filter' took 0.0 seconds {{(pid=96603) wrapper /opt/stack/nova/nova/scheduler/request_filter.py:46}}
Aug 14 00:27:54.129338 np0000007289 nova-scheduler[96603]: DEBUG nova.scheduler.request_filter [None req-a41ff86e-a91f-46af-989a-01135e76541d tempest-DeleteServersTestJSON-369961533 tempest-DeleteServersTestJSON-369961533-project-member] Request filter 'remote_managed_ports_filter' took 0.0 seconds {{(pid=96603) wrapper /opt/stack/nova/nova/scheduler/request_filter.py:46}}
Aug 14 00:27:54.129515 np0000007289 nova-scheduler[96603]: DEBUG nova.scheduler.request_filter [None req-a41ff86e-a91f-46af-989a-01135e76541d tempest-DeleteServersTestJSON-369961533 tempest-DeleteServersTestJSON-369961533-project-member] ephemeral_encryption_filter skipped {{(pid=96603) ephemeral_encryption_filter /opt/stack/nova/nova/scheduler/request_filter.py:426}}
Aug 14 00:27:54.129656 np0000007289 nova-scheduler[96603]: DEBUG nova.scheduler.request_filter [None req-a41ff86e-a91f-46af-989a-01135e76541d tempest-DeleteServersTestJSON-369961533 tempest-DeleteServersTestJSON-369961533-project-member] virtio_sound_filter skipped {{(pid=96603) virtio_sound_filter /opt/stack/nova/nova/scheduler/request_filter.py:460}}
Aug 14 00:27:54.129810 np0000007289 nova-scheduler[96603]: DEBUG nova.scheduler.request_filter [None req-a41ff86e-a91f-46af-989a-01135e76541d tempest-DeleteServersTestJSON-369961533 tempest-DeleteServersTestJSON-369961533-project-member] tpm_secret_security_filter skipped {{(pid=96603) tpm_secret_security_filter /opt/stack/nova/nova/scheduler/request_filter.py:477}}
Aug 14 00:27:54.803564 np0000007289 nova-scheduler[96603]: INFO nova.utils [None req-a41ff86e-a91f-46af-989a-01135e76541d tempest-DeleteServersTestJSON-369961533 tempest-DeleteServersTestJSON-369961533-project-member] The cell worker thread pool ForkProcess-4.cell_worker is initialized
Aug 14 00:27:54.804346 np0000007289 nova-scheduler[96603]: DEBUG oslo_concurrency.lockutils [None req-a41ff86e-a91f-46af-989a-01135e76541d tempest-DeleteServersTestJSON-369961533 tempest-DeleteServersTestJSON-369961533-project-member] Acquiring lock "e279c8be-1c5d-4d2a-bbfe-73b385e2ca1e" by "nova.context.set_target_cell..get_or_set_cached_cell_and_set_connections" {{(pid=96603) inner /opt/stack/data/venv/lib/python3.12/site-packages/oslo_concurrency/lockutils.py:512}}
Aug 14 00:27:54.804610 np0000007289 nova-scheduler[96603]: DEBUG oslo_concurrency.lockutils [None req-a41ff86e-a91f-46af-989a-01135e76541d tempest-DeleteServersTestJSON-369961533 tempest-DeleteServersTestJSON-369961533-project-member] Lock "e279c8be-1c5d-4d2a-bbfe-73b385e2ca1e" acquired by "nova.context.set_target_cell..get_or_set_cached_cell_and_set_connections" :: waited 0.000s {{(pid=96603) inner /opt/stack/data/venv/lib/python3.12/site-packages/oslo_concurrency/lockutils.py:525}}
Aug 14 00:27:54.807040 np0000007289 nova-scheduler[96603]: DEBUG oslo_concurrency.lockutils [None req-a41ff86e-a91f-46af-989a-01135e76541d tempest-DeleteServersTestJSON-369961533 tempest-DeleteServersTestJSON-369961533-project-member] Lock "e279c8be-1c5d-4d2a-bbfe-73b385e2ca1e" "released" by "nova.context.set_target_cell..get_or_set_cached_cell_and_set_connections" :: held 0.002s {{(pid=96603) inner /opt/stack/data/venv/lib/python3.12/site-packages/oslo_concurrency/lockutils.py:544}}
Aug 14 00:27:54.809721 np0000007289 nova-scheduler[96603]: INFO dbcounter [None req-a41ff86e-a91f-46af-989a-01135e76541d tempest-DeleteServersTestJSON-369961533 tempest-DeleteServersTestJSON-369961533-project-member] Registered counter for database nova_cell1
Aug 14 00:27:54.859109 np0000007289 nova-scheduler[96603]: DEBUG oslo_db.sqlalchemy.engines [None req-a41ff86e-a91f-46af-989a-01135e76541d tempest-DeleteServersTestJSON-369961533 tempest-DeleteServersTestJSON-369961533-project-member] MySQL server mode set to STRICT_TRANS_TABLES,STRICT_ALL_TABLES,NO_ZERO_IN_DATE,NO_ZERO_DATE,ERROR_FOR_DIVISION_BY_ZERO,TRADITIONAL,NO_ENGINE_SUBSTITUTION {{(pid=96603) _check_effective_sql_mode /opt/stack/data/venv/lib/python3.12/site-packages/oslo_db/sqlalchemy/engines.py:325}}
Aug 14 00:27:54.864185 np0000007289 nova-scheduler[96603]: DEBUG dbcounter [-] [96603] Writer thread running {{(pid=96603) stat_writer /opt/stack/data/venv/lib/python3.12/site-packages/dbcounter.py:102}}
Aug 14 00:27:54.882954 np0000007289 nova-scheduler[96603]: DEBUG oslo_db.sqlalchemy.engines [None req-a41ff86e-a91f-46af-989a-01135e76541d tempest-DeleteServersTestJSON-369961533 tempest-DeleteServersTestJSON-369961533-project-member] Parent process 95403 forked (96603) with an open database connection, which is being discarded and recreated. {{(pid=96603) checkout /opt/stack/data/venv/lib/python3.12/site-packages/oslo_db/sqlalchemy/engines.py:402}}
Aug 14 00:27:54.927863 np0000007289 nova-scheduler[96603]: DEBUG dbcounter [-] [96603] Writer thread running {{(pid=96603) stat_writer /opt/stack/data/venv/lib/python3.12/site-packages/dbcounter.py:102}}
Aug 14 00:27:54.931324 np0000007289 nova-scheduler[96603]: DEBUG oslo_concurrency.lockutils [None req-a41ff86e-a91f-46af-989a-01135e76541d tempest-DeleteServersTestJSON-369961533 tempest-DeleteServersTestJSON-369961533-project-member] Acquiring lock "e279c8be-1c5d-4d2a-bbfe-73b385e2ca1e" by "nova.context.set_target_cell..get_or_set_cached_cell_and_set_connections" {{(pid=96603) inner /opt/stack/data/venv/lib/python3.12/site-packages/oslo_concurrency/lockutils.py:512}}
Aug 14 00:27:54.931552 np0000007289 nova-scheduler[96603]: DEBUG oslo_concurrency.lockutils [None req-a41ff86e-a91f-46af-989a-01135e76541d tempest-DeleteServersTestJSON-369961533 tempest-DeleteServersTestJSON-369961533-project-member] Lock "e279c8be-1c5d-4d2a-bbfe-73b385e2ca1e" acquired by "nova.context.set_target_cell..get_or_set_cached_cell_and_set_connections" :: waited 0.000s {{(pid=96603) inner /opt/stack/data/venv/lib/python3.12/site-packages/oslo_concurrency/lockutils.py:525}}
