Aug 16 22:01:07.595109 np0000007415 devstack@g-api.service[103023]: DEBUG glance.api.middleware.version_negotiation [None req-cc177b37-8fce-427a-a896-21ec0e569b39 tempest-ServerStableDeviceRescueTest-1753549101 tempest-ServerStableDeviceRescueTest-1753549101-project-member] Using url versioning {{(pid=103023) process_request /opt/stack/glance/glance/api/middleware/version_negotiation.py:57}}
Aug 16 22:01:07.595271 np0000007415 devstack@g-api.service[103023]: DEBUG glance.api.middleware.version_negotiation [None req-cc177b37-8fce-427a-a896-21ec0e569b39 tempest-ServerStableDeviceRescueTest-1753549101 tempest-ServerStableDeviceRescueTest-1753549101-project-member] Matched version: v2 {{(pid=103023) process_request /opt/stack/glance/glance/api/middleware/version_negotiation.py:69}}
Aug 16 22:01:07.595382 np0000007415 devstack@g-api.service[103023]: DEBUG glance.api.middleware.version_negotiation [None req-cc177b37-8fce-427a-a896-21ec0e569b39 tempest-ServerStableDeviceRescueTest-1753549101 tempest-ServerStableDeviceRescueTest-1753549101-project-member] new path /v2/images/c495f384-a80d-4004-90ba-dd2f43554f99/file {{(pid=103023) process_request /opt/stack/glance/glance/api/middleware/version_negotiation.py:70}}
Aug 16 22:01:07.953471 np0000007415 devstack@g-api.service[103026]: [pid: 103026|app: 0|req: 31/124] 127.0.0.1 () {46 vars in 1055 bytes} [Sun Aug 16 22:01:07 2026] POST /v2/images => generated 1357 bytes in 736 msecs (HTTP/1.1 201) 6 headers in 316 bytes (1 switches on core 0)
Aug 16 22:01:08.014860 np0000007415 devstack@g-api.service[103024]: DEBUG glance.api.middleware.version_negotiation [None req-cc177b37-8fce-427a-a896-21ec0e569b39 tempest-ServerStableDeviceRescueTest-1753549101 tempest-ServerStableDeviceRescueTest-1753549101-project-member] Determining version of request: GET /v2/images/756734a8-efe4-4d64-9e20-8df373e24827 Accept: application/json {{(pid=103024) process_request /opt/stack/glance/glance/api/middleware/version_negotiation.py:44}}
Aug 16 22:01:08.015077 np0000007415 devstack@g-api.service[103024]: DEBUG glance.api.middleware.version_negotiation [None req-cc177b37-8fce-427a-a896-21ec0e569b39 tempest-ServerStableDeviceRescueTest-1753549101 tempest-ServerStableDeviceRescueTest-1753549101-project-member] Using url versioning {{(pid=103024) process_request /opt/stack/glance/glance/api/middleware/version_negotiation.py:57}}
Aug 16 22:01:08.015924 np0000007415 devstack@g-api.service[103024]: DEBUG glance.api.middleware.version_negotiation [None req-cc177b37-8fce-427a-a896-21ec0e569b39 tempest-ServerStableDeviceRescueTest-1753549101 tempest-ServerStableDeviceRescueTest-1753549101-project-member] Matched version: v2 {{(pid=103024) process_request /opt/stack/glance/glance/api/middleware/version_negotiation.py:69}}
Aug 16 22:01:08.015924 np0000007415 devstack@g-api.service[103024]: DEBUG glance.api.middleware.version_negotiation [None req-cc177b37-8fce-427a-a896-21ec0e569b39 tempest-ServerStableDeviceRescueTest-1753549101 tempest-ServerStableDeviceRescueTest-1753549101-project-member] new path /v2/images/756734a8-efe4-4d64-9e20-8df373e24827 {{(pid=103024) process_request /opt/stack/glance/glance/api/middleware/version_negotiation.py:70}}
Aug 16 22:01:08.028199 np0000007415 devstack@g-api.service[103024]: [pid: 103024|app: 0|req: 35/125] 127.0.0.1 () {40 vars in 838 bytes} [Sun Aug 16 22:01:08 2026] GET /v2/images/756734a8-efe4-4d64-9e20-8df373e24827 => generated 1357 bytes in 13 msecs (HTTP/1.1 200) 4 headers in 158 bytes (1 switches on core 0)
Aug 16 22:01:08.167786 np0000007415 devstack@g-api.service[103025]: DEBUG glance.api.middleware.version_negotiation [None req-44aa0bff-8d48-48d9-89ec-672a76f34ea2 tempest-ServerStableDeviceRescueTest-1753549101 tempest-ServerStableDeviceRescueTest-1753549101-project-member] Determining version of request: GET /v2/images/756734a8-efe4-4d64-9e20-8df373e24827 Accept: */* {{(pid=103025) process_request /opt/stack/glance/glance/api/middleware/version_negotiation.py:44}}
Aug 16 22:01:08.167930 np0000007415 devstack@g-api.service[103025]: DEBUG glance.api.middleware.version_negotiation [None req-44aa0bff-8d48-48d9-89ec-672a76f34ea2 tempest-ServerStableDeviceRescueTest-1753549101 tempest-ServerStableDeviceRescueTest-1753549101-project-member] Using url versioning {{(pid=103025) process_request /opt/stack/glance/glance/api/middleware/version_negotiation.py:57}}
Aug 16 22:01:08.168048 np0000007415 devstack@g-api.service[103025]: DEBUG glance.api.middleware.version_negotiation [None req-44aa0bff-8d48-48d9-89ec-672a76f34ea2 tempest-ServerStableDeviceRescueTest-1753549101 tempest-ServerStableDeviceRescueTest-1753549101-project-member] Matched version: v2 {{(pid=103025) process_request /opt/stack/glance/glance/api/middleware/version_negotiation.py:69}}
Aug 16 22:01:08.168130 np0000007415 devstack@g-api.service[103025]: DEBUG glance.api.middleware.version_negotiation [None req-44aa0bff-8d48-48d9-89ec-672a76f34ea2 tempest-ServerStableDeviceRescueTest-1753549101 tempest-ServerStableDeviceRescueTest-1753549101-project-member] new path /v2/images/756734a8-efe4-4d64-9e20-8df373e24827 {{(pid=103025) process_request /opt/stack/glance/glance/api/middleware/version_negotiation.py:70}}
Aug 16 22:01:08.186451 np0000007415 devstack@g-api.service[103025]: [pid: 103025|app: 0|req: 28/126] 127.0.0.1 () {44 vars in 1115 bytes} [Sun Aug 16 22:01:08 2026] GET /v2/images/756734a8-efe4-4d64-9e20-8df373e24827 => generated 1357 bytes in 18 msecs (HTTP/1.1 200) 4 headers in 158 bytes (1 switches on core 0)
Aug 16 22:01:08.219314 np0000007415 devstack@g-api.service[103026]: DEBUG glance.api.middleware.version_negotiation [None req-161ce9d8-9529-444c-95e6-90c9ba337455 tempest-ServerBootFromVolumeStableRescueTest-393477757 tempest-ServerBootFromVolumeStableRescueTest-393477757-project-member] Determining version of request: GET /v2/schemas/image Accept: */* {{(pid=103026) process_request /opt/stack/glance/glance/api/middleware/version_negotiation.py:44}}
Aug 16 22:01:08.219492 np0000007415 devstack@g-api.service[103026]: DEBUG glance.api.middleware.version_negotiation [None req-161ce9d8-9529-444c-95e6-90c9ba337455 tempest-ServerBootFromVolumeStableRescueTest-393477757 tempest-ServerBootFromVolumeStableRescueTest-393477757-project-member] Using url versioning {{(pid=103026) process_request /opt/stack/glance/glance/api/middleware/version_negotiation.py:57}}
Aug 16 22:01:08.219564 np0000007415 devstack@g-api.service[103026]: DEBUG glance.api.middleware.version_negotiation [None req-161ce9d8-9529-444c-95e6-90c9ba337455 tempest-ServerBootFromVolumeStableRescueTest-393477757 tempest-ServerBootFromVolumeStableRescueTest-393477757-project-member] Matched version: v2 {{(pid=103026) process_request /opt/stack/glance/glance/api/middleware/version_negotiation.py:69}}
Aug 16 22:01:08.219663 np0000007415 devstack@g-api.service[103026]: DEBUG glance.api.middleware.version_negotiation [None req-161ce9d8-9529-444c-95e6-90c9ba337455 tempest-ServerBootFromVolumeStableRescueTest-393477757 tempest-ServerBootFromVolumeStableRescueTest-393477757-project-member] new path /v2/schemas/image {{(pid=103026) process_request /opt/stack/glance/glance/api/middleware/version_negotiation.py:70}}
Aug 16 22:01:08.225361 np0000007415 devstack@g-api.service[103026]: [pid: 103026|app: 0|req: 32/127] 127.0.0.1 () {44 vars in 1055 bytes} [Sun Aug 16 22:01:08 2026] GET /v2/schemas/image => generated 6083 bytes in 6 msecs (HTTP/1.1 200) 4 headers in 158 bytes (1 switches on core 0)
Aug 16 22:01:08.229277 np0000007415 devstack@g-api.service[103023]: INFO glance.api.v2.image_data [None req-44aa0bff-8d48-48d9-89ec-672a76f34ea2 tempest-ServerStableDeviceRescueTest-1753549101 tempest-ServerStableDeviceRescueTest-1753549101-project-member] Unable to create trust: no such option collect_timing in group [keystone_authtoken] Use the existing user token.
Aug 16 22:01:08.610609 np0000007415 devstack@g-api.service[103024]: DEBUG glance.api.middleware.version_negotiation [None req-809edcfc-0659-496a-9338-409f3bc20086 tempest-ServerBootFromVolumeStableRescueTest-393477757 tempest-ServerBootFromVolumeStableRescueTest-393477757-project-member] Determining version of request: GET /v2/images/c495f384-a80d-4004-90ba-dd2f43554f99 Accept: */* {{(pid=103024) process_request /opt/stack/glance/glance/api/middleware/version_negotiation.py:44}}
Aug 16 22:01:08.610895 np0000007415 devstack@g-api.service[103024]: DEBUG glance.api.middleware.version_negotiation [None req-809edcfc-0659-496a-9338-409f3bc20086 tempest-ServerBootFromVolumeStableRescueTest-393477757 tempest-ServerBootFromVolumeStableRescueTest-393477757-project-member] Using url versioning {{(pid=103024) process_request /opt/stack/glance/glance/api/middleware/version_negotiation.py:57}}
Aug 16 22:01:08.610895 np0000007415 devstack@g-api.service[103024]: DEBUG glance.api.middleware.version_negotiation [None req-809edcfc-0659-496a-9338-409f3bc20086 tempest-ServerBootFromVolumeStableRescueTest-393477757 tempest-ServerBootFromVolumeStableRescueTest-393477757-project-member] Matched version: v2 {{(pid=103024) process_request /opt/stack/glance/glance/api/middleware/version_negotiation.py:69}}
Aug 16 22:01:08.610948 np0000007415 devstack@g-api.service[103024]: DEBUG glance.api.middleware.version_negotiation [None req-809edcfc-0659-496a-9338-409f3bc20086 tempest-ServerBootFromVolumeStableRescueTest-393477757 tempest-ServerBootFromVolumeStableRescueTest-393477757-project-member] new path /v2/images/c495f384-a80d-4004-90ba-dd2f43554f99 {{(pid=103024) process_request /opt/stack/glance/glance/api/middleware/version_negotiation.py:70}}
Aug 16 22:01:08.622503 np0000007415 devstack@g-api.service[103024]: [pid: 103024|app: 0|req: 36/128] 127.0.0.1 () {44 vars in 1115 bytes} [Sun Aug 16 22:01:08 2026] GET /v2/images/c495f384-a80d-4004-90ba-dd2f43554f99 => generated 1446 bytes in 12 msecs (HTTP/1.1 200) 4 headers in 158 bytes (1 switches on core 0)
Aug 16 22:01:08.656312 np0000007415 devstack@g-api.service[103025]: DEBUG glance.api.middleware.version_negotiation [None req-161ce9d8-9529-444c-95e6-90c9ba337455 tempest-ServerBootFromVolumeStableRescueTest-393477757 tempest-ServerBootFromVolumeStableRescueTest-393477757-project-member] Determining version of request: GET /v2/schemas/image Accept: */* {{(pid=103025) process_request /opt/stack/glance/glance/api/middleware/version_negotiation.py:44}}
Aug 16 22:01:08.656536 np0000007415 devstack@g-api.service[103025]: DEBUG glance.api.middleware.version_negotiation [None req-161ce9d8-9529-444c-95e6-90c9ba337455 tempest-ServerBootFromVolumeStableRescueTest-393477757 tempest-ServerBootFromVolumeStableRescueTest-393477757-project-member] Using url versioning {{(pid=103025) process_request /opt/stack/glance/glance/api/middleware/version_negotiation.py:57}}
Aug 16 22:01:08.656635 np0000007415 devstack@g-api.service[103025]: DEBUG glance.api.middleware.version_negotiation [None req-161ce9d8-9529-444c-95e6-90c9ba337455 tempest-ServerBootFromVolumeStableRescueTest-393477757 tempest-ServerBootFromVolumeStableRescueTest-393477757-project-member] Matched version: v2 {{(pid=103025) process_request /opt/stack/glance/glance/api/middleware/version_negotiation.py:69}}
Aug 16 22:01:08.656730 np0000007415 devstack@g-api.service[103025]: DEBUG glance.api.middleware.version_negotiation [None req-161ce9d8-9529-444c-95e6-90c9ba337455 tempest-ServerBootFromVolumeStableRescueTest-393477757 tempest-ServerBootFromVolumeStableRescueTest-393477757-project-member] new path /v2/schemas/image {{(pid=103025) process_request /opt/stack/glance/glance/api/middleware/version_negotiation.py:70}}
Aug 16 22:01:08.662006 np0000007415 devstack@g-api.service[103025]: [pid: 103025|app: 0|req: 29/129] 127.0.0.1 () {44 vars in 1055 bytes} [Sun Aug 16 22:01:08 2026] GET /v2/schemas/image => generated 6083 bytes in 6 msecs (HTTP/1.1 200) 4 headers in 158 bytes (1 switches on core 0)
Aug 16 22:01:08.808266 np0000007415 devstack@g-api.service[103023]: DEBUG glance.location [None req-44aa0bff-8d48-48d9-89ec-672a76f34ea2 tempest-ServerStableDeviceRescueTest-1753549101 tempest-ServerStableDeviceRescueTest-1753549101-project-member] Enabling in-flight format inspection for qcow2 {{(pid=103023) set_data /opt/stack/glance/glance/location.py:596}}
Aug 16 22:01:08.808683 np0000007415 devstack@g-api.service[103023]: DEBUG glance_store.backend [None req-44aa0bff-8d48-48d9-89ec-672a76f34ea2 tempest-ServerStableDeviceRescueTest-1753549101 tempest-ServerStableDeviceRescueTest-1753549101-project-member] Attempting to import store swift {{(pid=103023) _load_store /opt/stack/data/venv/lib/python3.12/site-packages/glance_store/backend.py:215}}
Aug 16 22:01:08.809910 np0000007415 devstack@g-api.service[103023]: DEBUG glance_store.capabilities [None req-44aa0bff-8d48-48d9-89ec-672a76f34ea2 tempest-ServerStableDeviceRescueTest-1753549101 tempest-ServerStableDeviceRescueTest-1753549101-project-member] Store glance_store._drivers.swift.store.SingleTenantStore doesn't support updating dynamic storage capabilities. Please overwrite 'update_capabilities' method of the store to implement updating logics if needed. {{(pid=103023) update_capabilities /opt/stack/data/venv/lib/python3.12/site-packages/glance_store/capabilities.py:91}}
Aug 16 22:01:08.810028 np0000007415 devstack@g-api.service[103023]: DEBUG glance_store.driver [None req-44aa0bff-8d48-48d9-89ec-672a76f34ea2 tempest-ServerStableDeviceRescueTest-1753549101 tempest-ServerStableDeviceRescueTest-1753549101-project-member] Late loading location class glance_store._drivers.swift.store.StoreLocation {{(pid=103023) get_store_location_class /opt/stack/data/venv/lib/python3.12/site-packages/glance_store/driver.py:134}}
Aug 16 22:01:08.810090 np0000007415 devstack@g-api.service[103023]: DEBUG glance_store.location [None req-44aa0bff-8d48-48d9-89ec-672a76f34ea2 tempest-ServerStableDeviceRescueTest-1753549101 tempest-ServerStableDeviceRescueTest-1753549101-project-member] Registering scheme swift+https with {'store': , 'location_class': , 'store_entry': 'swift'} {{(pid=103023) register_scheme_map /opt/stack/data/venv/lib/python3.12/site-packages/glance_store/location.py:146}}
Aug 16 22:01:08.810155 np0000007415 devstack@g-api.service[103023]: DEBUG glance_store.location [None req-44aa0bff-8d48-48d9-89ec-672a76f34ea2 tempest-ServerStableDeviceRescueTest-1753549101 tempest-ServerStableDeviceRescueTest-1753549101-project-member] Registering scheme swift+https with {'store': , 'location_class': , 'store_entry': 'swift'} {{(pid=103023) register_scheme_map /opt/stack/data/venv/lib/python3.12/site-packages/glance_store/location.py:146}}
Aug 16 22:01:08.810230 np0000007415 devstack@g-api.service[103023]: DEBUG glance_store.location [None req-44aa0bff-8d48-48d9-89ec-672a76f34ea2 tempest-ServerStableDeviceRescueTest-1753549101 tempest-ServerStableDeviceRescueTest-1753549101-project-member] Registering scheme swift with {'store': , 'location_class': , 'store_entry': 'swift'} {{(pid=103023) register_scheme_map /opt/stack/data/venv/lib/python3.12/site-packages/glance_store/location.py:146}}
Aug 16 22:01:08.810306 np0000007415 devstack@g-api.service[103023]: DEBUG glance_store.location [None req-44aa0bff-8d48-48d9-89ec-672a76f34ea2 tempest-ServerStableDeviceRescueTest-1753549101 tempest-ServerStableDeviceRescueTest-1753549101-project-member] Registering scheme swift+https with {'store': , 'location_class': , 'store_entry': 'swift'} {{(pid=103023) register_scheme_map /opt/stack/data/venv/lib/python3.12/site-packages/glance_store/location.py:146}}
Aug 16 22:01:08.810360 np0000007415 devstack@g-api.service[103023]: DEBUG glance_store.location [None req-44aa0bff-8d48-48d9-89ec-672a76f34ea2 tempest-ServerStableDeviceRescueTest-1753549101 tempest-ServerStableDeviceRescueTest-1753549101-project-member] Registering scheme swift with {'store': , 'location_class': , 'store_entry': 'swift'} {{(pid=103023) register_scheme_map /opt/stack/data/venv/lib/python3.12/site-packages/glance_store/location.py:146}}
Aug 16 22:01:08.810408 np0000007415 devstack@g-api.service[103023]: DEBUG glance_store.location [None req-44aa0bff-8d48-48d9-89ec-672a76f34ea2 tempest-ServerStableDeviceRescueTest-1753549101 tempest-ServerStableDeviceRescueTest-1753549101-project-member] Registering scheme swift+http with {'store': , 'location_class': , 'store_entry': 'swift'} {{(pid=103023) register_scheme_map /opt/stack/data/venv/lib/python3.12/site-packages/glance_store/location.py:146}}
Aug 16 22:01:08.810485 np0000007415 devstack@g-api.service[103023]: DEBUG glance_store.location [None req-44aa0bff-8d48-48d9-89ec-672a76f34ea2 tempest-ServerStableDeviceRescueTest-1753549101 tempest-ServerStableDeviceRescueTest-1753549101-project-member] Registering scheme swift+https with {'store': , 'location_class': , 'store_entry': 'swift'} {{(pid=103023) register_scheme_map /opt/stack/data/venv/lib/python3.12/site-packages/glance_store/location.py:146}}
Aug 16 22:01:08.810646 np0000007415 devstack@g-api.service[103023]: DEBUG glance_store.location [None req-44aa0bff-8d48-48d9-89ec-672a76f34ea2 tempest-ServerStableDeviceRescueTest-1753549101 tempest-ServerStableDeviceRescueTest-1753549101-project-member] Registering scheme swift with {'store': , 'location_class': , 'store_entry': 'swift'} {{(pid=103023) register_scheme_map /opt/stack/data/venv/lib/python3.12/site-packages/glance_store/location.py:146}}
Aug 16 22:01:08.810646 np0000007415 devstack@g-api.service[103023]: DEBUG glance_store.location [None req-44aa0bff-8d48-48d9-89ec-672a76f34ea2 tempest-ServerStableDeviceRescueTest-1753549101 tempest-ServerStableDeviceRescueTest-1753549101-project-member] Registering scheme swift+http with {'store': , 'location_class': , 'store_entry': 'swift'} {{(pid=103023) register_scheme_map /opt/stack/data/venv/lib/python3.12/site-packages/glance_store/location.py:146}}
Aug 16 22:01:08.810837 np0000007415 devstack@g-api.service[103023]: DEBUG glance_store.location [None req-44aa0bff-8d48-48d9-89ec-672a76f34ea2 tempest-ServerStableDeviceRescueTest-1753549101 tempest-ServerStableDeviceRescueTest-1753549101-project-member] Registering scheme swift+config with {'store': , 'location_class': , 'store_entry': 'swift'} {{(pid=103023) register_scheme_map /opt/stack/data/venv/lib/python3.12/site-packages/glance_store/location.py:146}}
Aug 16 22:01:09.028660 np0000007415 devstack@g-api.service[103026]: DEBUG glance.api.middleware.version_negotiation [None req-161ce9d8-9529-444c-95e6-90c9ba337455 tempest-ServerBootFromVolumeStableRescueTest-393477757 tempest-ServerBootFromVolumeStableRescueTest-393477757-project-member] Determining version of request: GET /v2/images/756734a8-efe4-4d64-9e20-8df373e24827 Accept: */* {{(pid=103026) process_request /opt/stack/glance/glance/api/middleware/version_negotiation.py:44}}
Aug 16 22:01:09.028973 np0000007415 devstack@g-api.service[103026]: DEBUG glance.api.middleware.version_negotiation [None req-161ce9d8-9529-444c-95e6-90c9ba337455 tempest-ServerBootFromVolumeStableRescueTest-393477757 tempest-ServerBootFromVolumeStableRescueTest-393477757-project-member] Using url versioning {{(pid=103026) process_request /opt/stack/glance/glance/api/middleware/version_negotiation.py:57}}
Aug 16 22:01:09.028973 np0000007415 devstack@g-api.service[103026]: DEBUG glance.api.middleware.version_negotiation [None req-161ce9d8-9529-444c-95e6-90c9ba337455 tempest-ServerBootFromVolumeStableRescueTest-393477757 tempest-ServerBootFromVolumeStableRescueTest-393477757-project-member] Matched version: v2 {{(pid=103026) process_request /opt/stack/glance/glance/api/middleware/version_negotiation.py:69}}
Aug 16 22:01:09.029136 np0000007415 devstack@g-api.service[103026]: DEBUG glance.api.middleware.version_negotiation [None req-161ce9d8-9529-444c-95e6-90c9ba337455 tempest-ServerBootFromVolumeStableRescueTest-393477757 tempest-ServerBootFromVolumeStableRescueTest-393477757-project-member] new path /v2/images/756734a8-efe4-4d64-9e20-8df373e24827 {{(pid=103026) process_request /opt/stack/glance/glance/api/middleware/version_negotiation.py:70}}
Aug 16 22:01:09.034589 np0000007415 devstack@g-api.service[103024]: DEBUG glance.api.middleware.version_negotiation [None req-5778a7e8-3664-47f0-83c4-ff4ba7c7a3e1 tempest-ServerStableDeviceRescueTest-1753549101 tempest-ServerStableDeviceRescueTest-1753549101-project-member] Determining version of request: GET /v2/images/756734a8-efe4-4d64-9e20-8df373e24827 Accept: application/json {{(pid=103024) process_request /opt/stack/glance/glance/api/middleware/version_negotiation.py:44}}
Aug 16 22:01:09.034811 np0000007415 devstack@g-api.service[103024]: DEBUG glance.api.middleware.version_negotiation [None req-5778a7e8-3664-47f0-83c4-ff4ba7c7a3e1 tempest-ServerStableDeviceRescueTest-1753549101 tempest-ServerStableDeviceRescueTest-1753549101-project-member] Using url versioning {{(pid=103024) process_request /opt/stack/glance/glance/api/middleware/version_negotiation.py:57}}
Aug 16 22:01:09.034946 np0000007415 devstack@g-api.service[103024]: DEBUG glance.api.middleware.version_negotiation [None req-5778a7e8-3664-47f0-83c4-ff4ba7c7a3e1 tempest-ServerStableDeviceRescueTest-1753549101 tempest-ServerStableDeviceRescueTest-1753549101-project-member] Matched version: v2 {{(pid=103024) process_request /opt/stack/glance/glance/api/middleware/version_negotiation.py:69}}
Aug 16 22:01:09.035031 np0000007415 devstack@g-api.service[103024]: DEBUG glance.api.middleware.version_negotiation [None req-5778a7e8-3664-47f0-83c4-ff4ba7c7a3e1 tempest-ServerStableDeviceRescueTest-1753549101 tempest-ServerStableDeviceRescueTest-1753549101-project-member] new path /v2/images/756734a8-efe4-4d64-9e20-8df373e24827 {{(pid=103024) process_request /opt/stack/glance/glance/api/middleware/version_negotiation.py:70}}
Aug 16 22:01:09.040235 np0000007415 devstack@g-api.service[103026]: [pid: 103026|app: 0|req: 33/130] 127.0.0.1 () {44 vars in 1115 bytes} [Sun Aug 16 22:01:09 2026] GET /v2/images/756734a8-efe4-4d64-9e20-8df373e24827 => generated 1357 bytes in 12 msecs (HTTP/1.1 200) 4 headers in 158 bytes (1 switches on core 0)
Aug 16 22:01:09.043691 np0000007415 devstack@g-api.service[103024]: [pid: 103024|app: 0|req: 37/131] 127.0.0.1 () {40 vars in 838 bytes} [Sun Aug 16 22:01:09 2026] GET /v2/images/756734a8-efe4-4d64-9e20-8df373e24827 => generated 1357 bytes in 9 msecs (HTTP/1.1 200) 4 headers in 158 bytes (1 switches on core 0)
Aug 16 22:01:09.079513 np0000007415 devstack@g-api.service[103025]: DEBUG glance.api.middleware.version_negotiation [None req-5778a7e8-3664-47f0-83c4-ff4ba7c7a3e1 tempest-ServerStableDeviceRescueTest-1753549101 tempest-ServerStableDeviceRescueTest-1753549101-project-member] Determining version of request: GET /v2/schemas/image Accept: */* {{(pid=103025) process_request /opt/stack/glance/glance/api/middleware/version_negotiation.py:44}}
Aug 16 22:01:09.079634 np0000007415 devstack@g-api.service[103025]: DEBUG glance.api.middleware.version_negotiation [None req-5778a7e8-3664-47f0-83c4-ff4ba7c7a3e1 tempest-ServerStableDeviceRescueTest-1753549101 tempest-ServerStableDeviceRescueTest-1753549101-project-member] Using url versioning {{(pid=103025) process_request /opt/stack/glance/glance/api/middleware/version_negotiation.py:57}}
Aug 16 22:01:09.079814 np0000007415 devstack@g-api.service[103025]: DEBUG glance.api.middleware.version_negotiation [None req-5778a7e8-3664-47f0-83c4-ff4ba7c7a3e1 tempest-ServerStableDeviceRescueTest-1753549101 tempest-ServerStableDeviceRescueTest-1753549101-project-member] Matched version: v2 {{(pid=103025) process_request /opt/stack/glance/glance/api/middleware/version_negotiation.py:69}}
Aug 16 22:01:09.079879 np0000007415 devstack@g-api.service[103025]: DEBUG glance.api.middleware.version_negotiation [None req-5778a7e8-3664-47f0-83c4-ff4ba7c7a3e1 tempest-ServerStableDeviceRescueTest-1753549101 tempest-ServerStableDeviceRescueTest-1753549101-project-member] new path /v2/schemas/image {{(pid=103025) process_request /opt/stack/glance/glance/api/middleware/version_negotiation.py:70}}
Aug 16 22:01:09.081927 np0000007415 devstack@g-api.service[103025]: [pid: 103025|app: 0|req: 30/132] 127.0.0.1 () {44 vars in 1055 bytes} [Sun Aug 16 22:01:09 2026] GET /v2/schemas/image => generated 6083 bytes in 2 msecs (HTTP/1.1 200) 4 headers in 158 bytes (1 switches on core 0)
Aug 16 22:01:09.118656 np0000007415 devstack@g-api.service[103026]: DEBUG glance.api.middleware.version_negotiation [None req-161ce9d8-9529-444c-95e6-90c9ba337455 tempest-ServerBootFromVolumeStableRescueTest-393477757 tempest-ServerBootFromVolumeStableRescueTest-393477757-project-member] Determining version of request: GET /v2/schemas/image Accept: */* {{(pid=103026) process_request /opt/stack/glance/glance/api/middleware/version_negotiation.py:44}}
Aug 16 22:01:09.118882 np0000007415 devstack@g-api.service[103026]: DEBUG glance.api.middleware.version_negotiation [None req-161ce9d8-9529-444c-95e6-90c9ba337455 tempest-ServerBootFromVolumeStableRescueTest-393477757 tempest-ServerBootFromVolumeStableRescueTest-393477757-project-member] Using url versioning {{(pid=103026) process_request /opt/stack/glance/glance/api/middleware/version_negotiation.py:57}}
Aug 16 22:01:09.119031 np0000007415 devstack@g-api.service[103026]: DEBUG glance.api.middleware.version_negotiation [None req-161ce9d8-9529-444c-95e6-90c9ba337455 tempest-ServerBootFromVolumeStableRescueTest-393477757 tempest-ServerBootFromVolumeStableRescueTest-393477757-project-member] Matched version: v2 {{(pid=103026) process_request /opt/stack/glance/glance/api/middleware/version_negotiation.py:69}}
Aug 16 22:01:09.119170 np0000007415 devstack@g-api.service[103026]: DEBUG glance.api.middleware.version_negotiation [None req-161ce9d8-9529-444c-95e6-90c9ba337455 tempest-ServerBootFromVolumeStableRescueTest-393477757 tempest-ServerBootFromVolumeStableRescueTest-393477757-project-member] new path /v2/schemas/image {{(pid=103026) process_request /opt/stack/glance/glance/api/middleware/version_negotiation.py:70}}
Aug 16 22:01:09.121619 np0000007415 devstack@g-api.service[103026]: [pid: 103026|app: 0|req: 34/133] 127.0.0.1 () {44 vars in 1055 bytes} [Sun Aug 16 22:01:09 2026] GET /v2/schemas/image => generated 6083 bytes in 3 msecs (HTTP/1.1 200) 4 headers in 158 bytes (1 switches on core 0)
Aug 16 22:01:09.174474 np0000007415 devstack@g-api.service[103024]: DEBUG glance.api.middleware.version_negotiation [None req-1559dba5-f184-4085-9778-cd78aecc2824 tempest-ServerBootFromVolumeStableRescueTest-393477757 tempest-ServerBootFromVolumeStableRescueTest-393477757-project-member] Determining version of request: PATCH /v2/images/756734a8-efe4-4d64-9e20-8df373e24827 Accept: */* {{(pid=103024) process_request /opt/stack/glance/glance/api/middleware/version_negotiation.py:44}}
Aug 16 22:01:09.174629 np0000007415 devstack@g-api.service[103024]: DEBUG glance.api.middleware.version_negotiation [None req-1559dba5-f184-4085-9778-cd78aecc2824 tempest-ServerBootFromVolumeStableRescueTest-393477757 tempest-ServerBootFromVolumeStableRescueTest-393477757-project-member] Using url versioning {{(pid=103024) process_request /opt/stack/glance/glance/api/middleware/version_negotiation.py:57}}
Aug 16 22:01:09.174880 np0000007415 devstack@g-api.service[103024]: DEBUG glance.api.middleware.version_negotiation [None req-1559dba5-f184-4085-9778-cd78aecc2824 tempest-ServerBootFromVolumeStableRescueTest-393477757 tempest-ServerBootFromVolumeStableRescueTest-393477757-project-member] Matched version: v2 {{(pid=103024) process_request /opt/stack/glance/glance/api/middleware/version_negotiation.py:69}}
Aug 16 22:01:09.174982 np0000007415 devstack@g-api.service[103024]: DEBUG glance.api.middleware.version_negotiation [None req-1559dba5-f184-4085-9778-cd78aecc2824 tempest-ServerBootFromVolumeStableRescueTest-393477757 tempest-ServerBootFromVolumeStableRescueTest-393477757-project-member] new path /v2/images/756734a8-efe4-4d64-9e20-8df373e24827 {{(pid=103024) process_request /opt/stack/glance/glance/api/middleware/version_negotiation.py:70}}
Aug 16 22:01:09.187216 np0000007415 devstack@g-api.service[103023]: DEBUG swiftclient [None req-44aa0bff-8d48-48d9-89ec-672a76f34ea2 tempest-ServerStableDeviceRescueTest-1753549101 tempest-ServerStableDeviceRescueTest-1753549101-project-member] REQ: curl -i https://10.4.3.134:8080/v1/AUTH_bb3ca35aecc44be1ace4062f9f84b99d/glance -I -H "X-Auth-Token: gAAAAABqgjMkL8JS..." {{(pid=103023) http_log /opt/stack/data/venv/lib/python3.12/site-packages/swiftclient/client.py:160}}
Aug 16 22:01:09.187405 np0000007415 devstack@g-api.service[103023]: DEBUG swiftclient [None req-44aa0bff-8d48-48d9-89ec-672a76f34ea2 tempest-ServerStableDeviceRescueTest-1753549101 tempest-ServerStableDeviceRescueTest-1753549101-project-member] RESP STATUS: 204 No Content {{(pid=103023) http_log /opt/stack/data/venv/lib/python3.12/site-packages/swiftclient/client.py:161}}
Aug 16 22:01:09.187634 np0000007415 devstack@g-api.service[103023]: DEBUG swiftclient [None req-44aa0bff-8d48-48d9-89ec-672a76f34ea2 tempest-ServerStableDeviceRescueTest-1753549101 tempest-ServerStableDeviceRescueTest-1753549101-project-member] RESP HEADERS: {'Date': 'Sun, 16 Aug 2026 22:01:09 GMT', 'Server': 'Apache/2.4.58 (Ubuntu)', 'Content-Type': 'text/plain; charset=utf-8', 'X-Container-Object-Count': '7', 'X-Container-Bytes-Used': '109576192', 'X-Timestamp': '1786917497.70838', 'Last-Modified': 'Sun, 16 Aug 2026 21:58:18 GMT', 'Accept-Ranges': 'bytes', 'X-Storage-Policy': 'Policy-0', 'X-Container-Sharding': 'False', 'Vary': 'Accept', 'X-Trans-Id': 'txde206d44f4164560b46a6-006a823324', 'X-Openstack-Request-Id': 'txde206d44f4164560b46a6-006a823324', 'Connection': 'close'} {{(pid=103023) http_log /opt/stack/data/venv/lib/python3.12/site-packages/swiftclient/client.py:162}}
Aug 16 22:01:09.187855 np0000007415 devstack@g-api.service[103023]: DEBUG glance_store._drivers.swift.store [None req-44aa0bff-8d48-48d9-89ec-672a76f34ea2 tempest-ServerStableDeviceRescueTest-1753549101 tempest-ServerStableDeviceRescueTest-1753549101-project-member] Adding image object 'c495f384-a80d-4004-90ba-dd2f43554f99' to Swift {{(pid=103023) add /opt/stack/data/venv/lib/python3.12/site-packages/glance_store/_drivers/swift/store.py:970}}
Aug 16 22:01:09.187946 np0000007415 devstack@g-api.service[103023]: DEBUG glance_store._drivers.swift.store [None req-44aa0bff-8d48-48d9-89ec-672a76f34ea2 tempest-ServerStableDeviceRescueTest-1753549101 tempest-ServerStableDeviceRescueTest-1753549101-project-member] Cannot determine image size because it is either not provided in the request or chunked-transfer encoding is used. Adding image as a segmented object to Swift. {{(pid=103023) add /opt/stack/data/venv/lib/python3.12/site-packages/glance_store/_drivers/swift/store.py:994}}
Aug 16 22:01:09.193782 np0000007415 devstack@g-api.service[103023]: DEBUG oslo_utils.imageutils.format_inspector [None req-44aa0bff-8d48-48d9-89ec-672a76f34ea2 tempest-ServerStableDeviceRescueTest-1753549101 tempest-ServerStableDeviceRescueTest-1753549101-project-member] Format inspector for vmdk does not match, excluding from consideration (Signature KDMV not found: b'QFI\xfb') {{(pid=103023) _process_chunk /opt/stack/data/venv/lib/python3.12/site-packages/oslo_utils/imageutils/format_inspector.py:1758}}
Aug 16 22:01:09.196037 np0000007415 devstack@g-api.service[103023]: DEBUG oslo_utils.imageutils.format_inspector [None req-44aa0bff-8d48-48d9-89ec-672a76f34ea2 tempest-ServerStableDeviceRescueTest-1753549101 tempest-ServerStableDeviceRescueTest-1753549101-project-member] Format inspector for vhdx does not match, excluding from consideration (Region signature not found at 30000) {{(pid=103023) _process_chunk /opt/stack/data/venv/lib/python3.12/site-packages/oslo_utils/imageutils/format_inspector.py:1758}}
Aug 16 22:01:09.311015 np0000007415 devstack@g-api.service[103024]: [pid: 103024|app: 0|req: 38/134] 127.0.0.1 () {46 vars in 1158 bytes} [Sun Aug 16 22:01:09 2026] PATCH /v2/images/756734a8-efe4-4d64-9e20-8df373e24827 => generated 1468 bytes in 136 msecs (HTTP/1.1 200) 4 headers in 158 bytes (1 switches on core 0)
Aug 16 22:01:09.345434 np0000007415 devstack@g-api.service[103025]: DEBUG glance.api.middleware.version_negotiation [None req-161ce9d8-9529-444c-95e6-90c9ba337455 tempest-ServerBootFromVolumeStableRescueTest-393477757 tempest-ServerBootFromVolumeStableRescueTest-393477757-project-member] Determining version of request: GET /v2/images/756734a8-efe4-4d64-9e20-8df373e24827 Accept: */* {{(pid=103025) process_request /opt/stack/glance/glance/api/middleware/version_negotiation.py:44}}
Aug 16 22:01:09.345842 np0000007415 devstack@g-api.service[103025]: DEBUG glance.api.middleware.version_negotiation [None req-161ce9d8-9529-444c-95e6-90c9ba337455 tempest-ServerBootFromVolumeStableRescueTest-393477757 tempest-ServerBootFromVolumeStableRescueTest-393477757-project-member] Using url versioning {{(pid=103025) process_request /opt/stack/glance/glance/api/middleware/version_negotiation.py:57}}
Aug 16 22:01:09.345842 np0000007415 devstack@g-api.service[103025]: DEBUG glance.api.middleware.version_negotiation [None req-161ce9d8-9529-444c-95e6-90c9ba337455 tempest-ServerBootFromVolumeStableRescueTest-393477757 tempest-ServerBootFromVolumeStableRescueTest-393477757-project-member] Matched version: v2 {{(pid=103025) process_request /opt/stack/glance/glance/api/middleware/version_negotiation.py:69}}
Aug 16 22:01:09.345917 np0000007415 devstack@g-api.service[103025]: DEBUG glance.api.middleware.version_negotiation [None req-161ce9d8-9529-444c-95e6-90c9ba337455 tempest-ServerBootFromVolumeStableRescueTest-393477757 tempest-ServerBootFromVolumeStableRescueTest-393477757-project-member] new path /v2/images/756734a8-efe4-4d64-9e20-8df373e24827 {{(pid=103025) process_request /opt/stack/glance/glance/api/middleware/version_negotiation.py:70}}
Aug 16 22:01:09.358695 np0000007415 devstack@g-api.service[103025]: [pid: 103025|app: 0|req: 31/135] 127.0.0.1 () {44 vars in 1115 bytes} [Sun Aug 16 22:01:09 2026] GET /v2/images/756734a8-efe4-4d64-9e20-8df373e24827 => generated 1468 bytes in 13 msecs (HTTP/1.1 200) 4 headers in 158 bytes (1 switches on core 0)
Aug 16 22:01:09.401327 np0000007415 devstack@g-api.service[103026]: DEBUG glance.api.middleware.version_negotiation [None req-161ce9d8-9529-444c-95e6-90c9ba337455 tempest-ServerBootFromVolumeStableRescueTest-393477757 tempest-ServerBootFromVolumeStableRescueTest-393477757-project-member] Determining version of request: PUT /v2/images/756734a8-efe4-4d64-9e20-8df373e24827/file Accept: */* {{(pid=103026) process_request /opt/stack/glance/glance/api/middleware/version_negotiation.py:44}}
Aug 16 22:01:09.401327 np0000007415 devstack@g-api.service[103026]: DEBUG glance.api.middleware.version_negotiation [None req-161ce9d8-9529-444c-95e6-90c9ba337455 tempest-ServerBootFromVolumeStableRescueTest-393477757 tempest-ServerBootFromVolumeStableRescueTest-393477757-project-member] Using url versioning {{(pid=103026) process_request /opt/stack/glance/glance/api/middleware/version_negotiation.py:57}}
Aug 16 22:01:09.401527 np0000007415 devstack@g-api.service[103026]: DEBUG glance.api.middleware.version_negotiation [None req-161ce9d8-9529-444c-95e6-90c9ba337455 tempest-ServerBootFromVolumeStableRescueTest-393477757 tempest-ServerBootFromVolumeStableRescueTest-393477757-project-member] Matched version: v2 {{(pid=103026) process_request /opt/stack/glance/glance/api/middleware/version_negotiation.py:69}}
Aug 16 22:01:09.401564 np0000007415 devstack@g-api.service[103026]: DEBUG glance.api.middleware.version_negotiation [None req-161ce9d8-9529-444c-95e6-90c9ba337455 tempest-ServerBootFromVolumeStableRescueTest-393477757 tempest-ServerBootFromVolumeStableRescueTest-393477757-project-member] new path /v2/images/756734a8-efe4-4d64-9e20-8df373e24827/file {{(pid=103026) process_request /opt/stack/glance/glance/api/middleware/version_negotiation.py:70}}
Aug 16 22:01:09.687784 np0000007415 devstack@g-api.service[103023]: DEBUG swiftclient [None req-44aa0bff-8d48-48d9-89ec-672a76f34ea2 tempest-ServerStableDeviceRescueTest-1753549101 tempest-ServerStableDeviceRescueTest-1753549101-project-member] REQ: curl -i https://10.4.3.134:8080/v1/AUTH_bb3ca35aecc44be1ace4062f9f84b99d/glance/c495f384-a80d-4004-90ba-dd2f43554f99-00001 -X PUT -H "X-Auth-Token: gAAAAABqgjMkL8JS..." {{(pid=103023) http_log /opt/stack/data/venv/lib/python3.12/site-packages/swiftclient/client.py:160}}
Aug 16 22:01:09.687962 np0000007415 devstack@g-api.service[103023]: DEBUG swiftclient [None req-44aa0bff-8d48-48d9-89ec-672a76f34ea2 tempest-ServerStableDeviceRescueTest-1753549101 tempest-ServerStableDeviceRescueTest-1753549101-project-member] RESP STATUS: 201 Created {{(pid=103023) http_log /opt/stack/data/venv/lib/python3.12/site-packages/swiftclient/client.py:161}}
Aug 16 22:01:09.688487 np0000007415 devstack@g-api.service[103023]: DEBUG swiftclient [None req-44aa0bff-8d48-48d9-89ec-672a76f34ea2 tempest-ServerStableDeviceRescueTest-1753549101 tempest-ServerStableDeviceRescueTest-1753549101-project-member] RESP HEADERS: {'Date': 'Sun, 16 Aug 2026 22:01:09 GMT', 'Server': 'Apache/2.4.58 (Ubuntu)', 'Content-Type': 'text/html; charset=UTF-8', 'Content-Length': '0', 'Etag': '97c242e7a357fd1c2f828ec84dfd76af', 'Last-Modified': 'Sun, 16 Aug 2026 22:01:10 GMT', 'X-Trans-Id': 'tx7a4d083f9a5b4654b345b-006a823325', 'X-Openstack-Request-Id': 'tx7a4d083f9a5b4654b345b-006a823325', 'Connection': 'close'} {{(pid=103023) http_log /opt/stack/data/venv/lib/python3.12/site-packages/swiftclient/client.py:162}}
Aug 16 22:01:09.688487 np0000007415 devstack@g-api.service[103023]: DEBUG glance_store._drivers.swift.store [None req-44aa0bff-8d48-48d9-89ec-672a76f34ea2 tempest-ServerStableDeviceRescueTest-1753549101 tempest-ServerStableDeviceRescueTest-1753549101-project-member] Wrote chunk c495f384-a80d-4004-90ba-dd2f43554f99-00001 (1/?) of length 53608448 to Swift returning MD5 of content: 97c242e7a357fd1c2f828ec84dfd76af {{(pid=103023) add /opt/stack/data/venv/lib/python3.12/site-packages/glance_store/_drivers/swift/store.py:1059}}
Aug 16 22:01:09.688621 np0000007415 devstack@g-api.service[103023]: DEBUG glance_store._drivers.swift.store [None req-44aa0bff-8d48-48d9-89ec-672a76f34ea2 tempest-ServerStableDeviceRescueTest-1753549101 tempest-ServerStableDeviceRescueTest-1753549101-project-member] Not writing zero-length chunk. {{(pid=103023) add /opt/stack/data/venv/lib/python3.12/site-packages/glance_store/_drivers/swift/store.py:1028}}
Aug 16 22:01:09.713392 np0000007415 devstack@g-api.service[103023]: DEBUG swiftclient [None req-44aa0bff-8d48-48d9-89ec-672a76f34ea2 tempest-ServerStableDeviceRescueTest-1753549101 tempest-ServerStableDeviceRescueTest-1753549101-project-member] REQ: curl -i https://10.4.3.134:8080/v1/AUTH_bb3ca35aecc44be1ace4062f9f84b99d/glance/c495f384-a80d-4004-90ba-dd2f43554f99 -X PUT -H "X-Object-Manifest: glance/c495f384-a80d-4004-90ba-dd2f43554f99-" -H "X-Auth-Token: gAAAAABqgjMkL8JS..." -H "Content-Length: 0" {{(pid=103023) http_log /opt/stack/data/venv/lib/python3.12/site-packages/swiftclient/client.py:160}}
Aug 16 22:01:09.713533 np0000007415 devstack@g-api.service[103023]: DEBUG swiftclient [None req-44aa0bff-8d48-48d9-89ec-672a76f34ea2 tempest-ServerStableDeviceRescueTest-1753549101 tempest-ServerStableDeviceRescueTest-1753549101-project-member] RESP STATUS: 201 Created {{(pid=103023) http_log /opt/stack/data/venv/lib/python3.12/site-packages/swiftclient/client.py:161}}
Aug 16 22:01:09.713658 np0000007415 devstack@g-api.service[103023]: DEBUG swiftclient [None req-44aa0bff-8d48-48d9-89ec-672a76f34ea2 tempest-ServerStableDeviceRescueTest-1753549101 tempest-ServerStableDeviceRescueTest-1753549101-project-member] RESP HEADERS: {'Date': 'Sun, 16 Aug 2026 22:01:09 GMT', 'Server': 'Apache/2.4.58 (Ubuntu)', 'Content-Type': 'text/html; charset=UTF-8', 'Content-Length': '0', 'Etag': 'd41d8cd98f00b204e9800998ecf8427e', 'Last-Modified': 'Sun, 16 Aug 2026 22:01:10 GMT', 'X-Trans-Id': 'tx43e99084aed148848e228-006a823325', 'X-Openstack-Request-Id': 'tx43e99084aed148848e228-006a823325', 'Connection': 'close'} {{(pid=103023) http_log /opt/stack/data/venv/lib/python3.12/site-packages/swiftclient/client.py:162}}
Aug 16 22:01:09.714159 np0000007415 devstack@g-api.service[103023]: INFO glance.location [None req-44aa0bff-8d48-48d9-89ec-672a76f34ea2 tempest-ServerStableDeviceRescueTest-1753549101 tempest-ServerStableDeviceRescueTest-1753549101-project-member] Image format matched and virtual size computed: 1073741824
Aug 16 22:01:09.727256 np0000007415 devstack@g-api.service[103024]: DEBUG glance.api.middleware.version_negotiation [None req-161ce9d8-9529-444c-95e6-90c9ba337455 tempest-ServerBootFromVolumeStableRescueTest-393477757 tempest-ServerBootFromVolumeStableRescueTest-393477757-project-member] Determining version of request: GET /v2/images/c495f384-a80d-4004-90ba-dd2f43554f99 Accept: */* {{(pid=103024) process_request /opt/stack/glance/glance/api/middleware/version_negotiation.py:44}}
Aug 16 22:01:09.727256 np0000007415 devstack@g-api.service[103024]: DEBUG glance.api.middleware.version_negotiation [None req-161ce9d8-9529-444c-95e6-90c9ba337455 tempest-ServerBootFromVolumeStableRescueTest-393477757 tempest-ServerBootFromVolumeStableRescueTest-393477757-project-member] Using url versioning {{(pid=103024) process_request /opt/stack/glance/glance/api/middleware/version_negotiation.py:57}}
Aug 16 22:01:09.727808 np0000007415 devstack@g-api.service[103024]: DEBUG glance.api.middleware.version_negotiation [None req-161ce9d8-9529-444c-95e6-90c9ba337455 tempest-ServerBootFromVolumeStableRescueTest-393477757 tempest-ServerBootFromVolumeStableRescueTest-393477757-project-member] Matched version: v2 {{(pid=103024) process_request /opt/stack/glance/glance/api/middleware/version_negotiation.py:69}}
Aug 16 22:01:09.727808 np0000007415 devstack@g-api.service[103024]: DEBUG glance.api.middleware.version_negotiation [None req-161ce9d8-9529-444c-95e6-90c9ba337455 tempest-ServerBootFromVolumeStableRescueTest-393477757 tempest-ServerBootFromVolumeStableRescueTest-393477757-project-member] new path /v2/images/c495f384-a80d-4004-90ba-dd2f43554f99 {{(pid=103024) process_request /opt/stack/glance/glance/api/middleware/version_negotiation.py:70}}
Aug 16 22:01:09.740759 np0000007415 devstack@g-api.service[103024]: [pid: 103024|app: 0|req: 39/136] 127.0.0.1 () {44 vars in 1115 bytes} [Sun Aug 16 22:01:09 2026] GET /v2/images/c495f384-a80d-4004-90ba-dd2f43554f99 => generated 1446 bytes in 14 msecs (HTTP/1.1 200) 4 headers in 158 bytes (1 switches on core 0)
Aug 16 22:01:09.762458 np0000007415 devstack@g-api.service[103023]: DEBUG glance_store.backend [None req-44aa0bff-8d48-48d9-89ec-672a76f34ea2 tempest-ServerStableDeviceRescueTest-1753549101 tempest-ServerStableDeviceRescueTest-1753549101-project-member] Attempting to import store swift {{(pid=103023) _load_store /opt/stack/data/venv/lib/python3.12/site-packages/glance_store/backend.py:215}}
Aug 16 22:01:09.762458 np0000007415 devstack@g-api.service[103023]: DEBUG glance_store.capabilities [None req-44aa0bff-8d48-48d9-89ec-672a76f34ea2 tempest-ServerStableDeviceRescueTest-1753549101 tempest-ServerStableDeviceRescueTest-1753549101-project-member] Store glance_store._drivers.swift.store.SingleTenantStore doesn't support updating dynamic storage capabilities. Please overwrite 'update_capabilities' method of the store to implement updating logics if needed. {{(pid=103023) update_capabilities /opt/stack/data/venv/lib/python3.12/site-packages/glance_store/capabilities.py:91}}
Aug 16 22:01:09.762458 np0000007415 devstack@g-api.service[103023]: DEBUG glance_store.driver [None req-44aa0bff-8d48-48d9-89ec-672a76f34ea2 tempest-ServerStableDeviceRescueTest-1753549101 tempest-ServerStableDeviceRescueTest-1753549101-project-member] Late loading location class glance_store._drivers.swift.store.StoreLocation {{(pid=103023) get_store_location_class /opt/stack/data/venv/lib/python3.12/site-packages/glance_store/driver.py:134}}
Aug 16 22:01:09.762458 np0000007415 devstack@g-api.service[103023]: DEBUG glance_store.location [None req-44aa0bff-8d48-48d9-89ec-672a76f34ea2 tempest-ServerStableDeviceRescueTest-1753549101 tempest-ServerStableDeviceRescueTest-1753549101-project-member] Registering scheme swift+https with {'store': , 'location_class': , 'store_entry': 'swift'} {{(pid=103023) register_scheme_map /opt/stack/data/venv/lib/python3.12/site-packages/glance_store/location.py:146}}
Aug 16 22:01:09.762705 np0000007415 devstack@g-api.service[103023]: DEBUG glance_store.location [None req-44aa0bff-8d48-48d9-89ec-672a76f34ea2 tempest-ServerStableDeviceRescueTest-1753549101 tempest-ServerStableDeviceRescueTest-1753549101-project-member] Registering scheme swift+https with {'store': , 'location_class': , 'store_entry': 'swift'} {{(pid=103023) register_scheme_map /opt/stack/data/venv/lib/python3.12/site-packages/glance_store/location.py:146}}
Aug 16 22:01:09.762705 np0000007415 devstack@g-api.service[103023]: DEBUG glance_store.location [None req-44aa0bff-8d48-48d9-89ec-672a76f34ea2 tempest-ServerStableDeviceRescueTest-1753549101 tempest-ServerStableDeviceRescueTest-1753549101-project-member] Registering scheme swift with {'store': , 'location_class': , 'store_entry': 'swift'} {{(pid=103023) register_scheme_map /opt/stack/data/venv/lib/python3.12/site-packages/glance_store/location.py:146}}
Aug 16 22:01:09.762705 np0000007415 devstack@g-api.service[103023]: DEBUG glance_store.location [None req-44aa0bff-8d48-48d9-89ec-672a76f34ea2 tempest-ServerStableDeviceRescueTest-1753549101 tempest-ServerStableDeviceRescueTest-1753549101-project-member] Registering scheme swift+https with {'store': , 'location_class': , 'store_entry': 'swift'} {{(pid=103023) register_scheme_map /opt/stack/data/venv/lib/python3.12/site-packages/glance_store/location.py:146}}
Aug 16 22:01:09.762869 np0000007415 devstack@g-api.service[103023]: DEBUG glance_store.location [None req-44aa0bff-8d48-48d9-89ec-672a76f34ea2 tempest-ServerStableDeviceRescueTest-1753549101 tempest-ServerStableDeviceRescueTest-1753549101-project-member] Registering scheme swift with {'store': , 'location_class': , 'store_entry': 'swift'} {{(pid=103023) register_scheme_map /opt/stack/data/venv/lib/python3.12/site-packages/glance_store/location.py:146}}
Aug 16 22:01:09.762869 np0000007415 devstack@g-api.service[103023]: DEBUG glance_store.location [None req-44aa0bff-8d48-48d9-89ec-672a76f34ea2 tempest-ServerStableDeviceRescueTest-1753549101 tempest-ServerStableDeviceRescueTest-1753549101-project-member] Registering scheme swift+http with {'store': , 'location_class': , 'store_entry': 'swift'} {{(pid=103023) register_scheme_map /opt/stack/data/venv/lib/python3.12/site-packages/glance_store/location.py:146}}
Aug 16 22:01:09.762869 np0000007415 devstack@g-api.service[103023]: DEBUG glance_store.location [None req-44aa0bff-8d48-48d9-89ec-672a76f34ea2 tempest-ServerStableDeviceRescueTest-1753549101 tempest-ServerStableDeviceRescueTest-1753549101-project-member] Registering scheme swift+https with {'store': , 'location_class': , 'store_entry': 'swift'} {{(pid=103023) register_scheme_map /opt/stack/data/venv/lib/python3.12/site-packages/glance_store/location.py:146}}
Aug 16 22:01:09.763022 np0000007415 devstack@g-api.service[103023]: DEBUG glance_store.location [None req-44aa0bff-8d48-48d9-89ec-672a76f34ea2 tempest-ServerStableDeviceRescueTest-1753549101 tempest-ServerStableDeviceRescueTest-1753549101-project-member] Registering scheme swift with {'store': , 'location_class': , 'store_entry': 'swift'} {{(pid=103023) register_scheme_map /opt/stack/data/venv/lib/python3.12/site-packages/glance_store/location.py:146}}
Aug 16 22:01:09.763022 np0000007415 devstack@g-api.service[103023]: DEBUG glance_store.location [None req-44aa0bff-8d48-48d9-89ec-672a76f34ea2 tempest-ServerStableDeviceRescueTest-1753549101 tempest-ServerStableDeviceRescueTest-1753549101-project-member] Registering scheme swift+http with {'store': , 'location_class': , 'store_entry': 'swift'} {{(pid=103023) register_scheme_map /opt/stack/data/venv/lib/python3.12/site-packages/glance_store/location.py:146}}
Aug 16 22:01:09.765297 np0000007415 devstack@g-api.service[103023]: DEBUG glance_store.location [None req-44aa0bff-8d48-48d9-89ec-672a76f34ea2 tempest-ServerStableDeviceRescueTest-1753549101 tempest-ServerStableDeviceRescueTest-1753549101-project-member] Registering scheme swift+config with {'store': , 'location_class': , 'store_entry': 'swift'} {{(pid=103023) register_scheme_map /opt/stack/data/venv/lib/python3.12/site-packages/glance_store/location.py:146}}
Aug 16 22:01:09.765297 np0000007415 devstack@g-api.service[103023]: DEBUG glance_store.backend [None req-44aa0bff-8d48-48d9-89ec-672a76f34ea2 tempest-ServerStableDeviceRescueTest-1753549101 tempest-ServerStableDeviceRescueTest-1753549101-project-member] Skipping store.set_acls... not implemented. {{(pid=103023) set_acls /opt/stack/data/venv/lib/python3.12/site-packages/glance_store/backend.py:507}}
Aug 16 22:01:09.766655 np0000007415 devstack@g-api.service[103023]: [pid: 103023|app: 0|req: 33/137] 127.0.0.1 () {46 vars in 1158 bytes} [Sun Aug 16 22:01:07 2026] PUT /v2/images/c495f384-a80d-4004-90ba-dd2f43554f99/file => generated 0 bytes in 2172 msecs (HTTP/1.1 204) 4 headers in 171 bytes (1 switches on core 0)
Aug 16 22:01:09.777308 np0000007415 devstack@g-api.service[103025]: DEBUG glance.api.middleware.version_negotiation [None req-161ce9d8-9529-444c-95e6-90c9ba337455 tempest-ServerBootFromVolumeStableRescueTest-393477757 tempest-ServerBootFromVolumeStableRescueTest-393477757-project-member] Determining version of request: GET /v2/schemas/image Accept: */* {{(pid=103025) process_request /opt/stack/glance/glance/api/middleware/version_negotiation.py:44}}
