Aug 16 21:57:46.510052 np0000007415 systemd[1]: Starting devstack@n-api-meta.service - Devstack devstack@n-api-meta.service...
Aug 16 21:57:46.515465 np0000007415 devstack@n-api-meta.service[95987]: [uWSGI] getting INI configuration from /etc/nova/nova-metadata-uwsgi.ini
Aug 16 21:57:46.517668 np0000007415 devstack@n-api-meta.service[95987]: *** Starting uWSGI 2.0.24-debian (64bit) on [Sun Aug 16 21:57:46 2026] ***
Aug 16 21:57:46.517668 np0000007415 devstack@n-api-meta.service[95987]: compiled with version: 13.2.0 on 17 April 2024 16:23:48
Aug 16 21:57:46.517668 np0000007415 devstack@n-api-meta.service[95987]: os: Linux-6.8.0-100-generic #100-Ubuntu SMP PREEMPT_DYNAMIC Tue Jan 13 16:40:06 UTC 2026
Aug 16 21:57:46.517668 np0000007415 devstack@n-api-meta.service[95987]: nodename: np0000007415
Aug 16 21:57:46.517668 np0000007415 devstack@n-api-meta.service[95987]: machine: x86_64
Aug 16 21:57:46.517668 np0000007415 devstack@n-api-meta.service[95987]: clock source: unix
Aug 16 21:57:46.517668 np0000007415 devstack@n-api-meta.service[95987]: pcre jit disabled
Aug 16 21:57:46.517668 np0000007415 devstack@n-api-meta.service[95987]: detected number of CPU cores: 16
Aug 16 21:57:46.517668 np0000007415 devstack@n-api-meta.service[95987]: current working directory: /
Aug 16 21:57:46.517668 np0000007415 devstack@n-api-meta.service[95987]: detected binary path: /usr/bin/uwsgi-core
Aug 16 21:57:46.517668 np0000007415 devstack@n-api-meta.service[95987]: your processes number limit is 257052
Aug 16 21:57:46.517668 np0000007415 devstack@n-api-meta.service[95987]: your memory page size is 4096 bytes
Aug 16 21:57:46.517668 np0000007415 devstack@n-api-meta.service[95987]: detected max file descriptor number: 2048
Aug 16 21:57:46.517668 np0000007415 devstack@n-api-meta.service[95987]: lock engine: pthread robust mutexes
Aug 16 21:57:46.518095 np0000007415 devstack@n-api-meta.service[95987]: thunder lock: enabled
Aug 16 21:57:46.518095 np0000007415 devstack@n-api-meta.service[95987]: uWSGI http bound on 0.0.0.0:8775 fd 5
Aug 16 21:57:46.518095 np0000007415 devstack@n-api-meta.service[95987]: uwsgi socket 0 bound to TCP address 127.0.0.1:39385 (port auto-assigned) fd 4
Aug 16 21:57:46.518191 np0000007415 devstack@n-api-meta.service[95987]: Python version: 3.12.3 (main, Jun 19 2026, 12:46:00) [GCC 13.3.0]
Aug 16 21:57:46.518191 np0000007415 devstack@n-api-meta.service[95987]: PEP 405 virtualenv detected: /opt/stack/data/venv
Aug 16 21:57:46.518191 np0000007415 devstack@n-api-meta.service[95987]: Set PythonHome to /opt/stack/data/venv
Aug 16 21:57:46.548421 np0000007415 devstack@n-api-meta.service[95987]: Python main interpreter initialized at 0x7d0a394a4668
Aug 16 21:57:46.548421 np0000007415 devstack@n-api-meta.service[95987]: python threads support enabled
Aug 16 21:57:46.548421 np0000007415 devstack@n-api-meta.service[95987]: your server socket listen backlog is limited to 100 connections
Aug 16 21:57:46.548421 np0000007415 devstack@n-api-meta.service[95987]: your mercy for graceful operations on workers is 80 seconds
Aug 16 21:57:46.548933 np0000007415 devstack@n-api-meta.service[95987]: mapped 671795 bytes (656 KB) for 4 cores
Aug 16 21:57:46.549089 np0000007415 devstack@n-api-meta.service[95987]: *** Operational MODE: preforking ***
Aug 16 21:57:46.549228 np0000007415 devstack@n-api-meta.service[95987]: *** uWSGI is running in multiple interpreter mode ***
Aug 16 21:57:46.549228 np0000007415 devstack@n-api-meta.service[95987]: spawned uWSGI master process (pid: 95987)
Aug 16 21:57:46.549375 np0000007415 systemd[1]: Started devstack@n-api-meta.service - Devstack devstack@n-api-meta.service.
Aug 16 21:57:46.549723 np0000007415 devstack@n-api-meta.service[95987]: spawned uWSGI worker 1 (pid: 95990, cores: 1)
Aug 16 21:57:46.550169 np0000007415 devstack@n-api-meta.service[95987]: spawned uWSGI worker 2 (pid: 95991, cores: 1)
Aug 16 21:57:46.550573 np0000007415 devstack@n-api-meta.service[95987]: spawned uWSGI worker 3 (pid: 95992, cores: 1)
Aug 16 21:57:46.550962 np0000007415 devstack@n-api-meta.service[95987]: spawned uWSGI worker 4 (pid: 95993, cores: 1)
Aug 16 21:57:46.551437 np0000007415 devstack@n-api-meta.service[95987]: spawned uWSGI http 1 (pid: 95994)
Aug 16 21:57:46.551437 np0000007415 devstack@n-api-meta.service[95987]: running "unix_signal:15 gracefully_kill_them_all" (master-start)...
Aug 16 21:57:48.165798 np0000007415 devstack@n-api-meta.service[95992]: INFO dbcounter [None req-8441b293-5d0f-443f-8a64-d9cf4902a410 None None] Registered counter for database nova_api
Aug 16 21:57:48.189878 np0000007415 devstack@n-api-meta.service[95993]: INFO dbcounter [None req-a876d0c8-1a78-4888-bd9e-59c0d387003e None None] Registered counter for database nova_api
Aug 16 21:57:48.207685 np0000007415 devstack@n-api-meta.service[95992]: DEBUG oslo_db.sqlalchemy.engines [None req-8441b293-5d0f-443f-8a64-d9cf4902a410 None None] MySQL server mode set to STRICT_TRANS_TABLES,STRICT_ALL_TABLES,NO_ZERO_IN_DATE,NO_ZERO_DATE,ERROR_FOR_DIVISION_BY_ZERO,TRADITIONAL,NO_ENGINE_SUBSTITUTION {{(pid=95992) _check_effective_sql_mode /opt/stack/data/venv/lib/python3.12/site-packages/oslo_db/sqlalchemy/engines.py:325}}
Aug 16 21:57:48.216509 np0000007415 devstack@n-api-meta.service[95990]: INFO dbcounter [None req-610293bb-acf0-4b71-81d5-6423f6aabb41 None None] Registered counter for database nova_api
Aug 16 21:57:48.223392 np0000007415 devstack@n-api-meta.service[95991]: INFO dbcounter [None req-62673250-ee25-4ea4-b118-36fa5e982687 None None] Registered counter for database nova_api
Aug 16 21:57:48.230316 np0000007415 devstack@n-api-meta.service[95993]: DEBUG oslo_db.sqlalchemy.engines [None req-a876d0c8-1a78-4888-bd9e-59c0d387003e None None] MySQL server mode set to STRICT_TRANS_TABLES,STRICT_ALL_TABLES,NO_ZERO_IN_DATE,NO_ZERO_DATE,ERROR_FOR_DIVISION_BY_ZERO,TRADITIONAL,NO_ENGINE_SUBSTITUTION {{(pid=95993) _check_effective_sql_mode /opt/stack/data/venv/lib/python3.12/site-packages/oslo_db/sqlalchemy/engines.py:325}}
Aug 16 21:57:48.234541 np0000007415 devstack@n-api-meta.service[95992]: DEBUG dbcounter [-] [95992] Writer thread running {{(pid=95992) stat_writer /opt/stack/data/venv/lib/python3.12/site-packages/dbcounter.py:102}}
Aug 16 21:57:48.236807 np0000007415 devstack@n-api-meta.service[95992]: DEBUG nova.context [None req-8441b293-5d0f-443f-8a64-d9cf4902a410 None None] Found 2 cells: 00000000-0000-0000-0000-000000000000(cell0),76ae4416-9ec7-4167-bf11-e225005abc8f(cell1) {{(pid=95992) load_cells /opt/stack/nova/nova/context.py:509}}
Aug 16 21:57:48.237026 np0000007415 devstack@n-api-meta.service[95992]: INFO nova.utils [None req-8441b293-5d0f-443f-8a64-d9cf4902a410 None None] The cell worker thread pool MainProcess.cell_worker is initialized
Aug 16 21:57:48.238637 np0000007415 devstack@n-api-meta.service[95992]: DEBUG oslo_concurrency.lockutils [None req-8441b293-5d0f-443f-8a64-d9cf4902a410 None None] Acquiring lock "00000000-0000-0000-0000-000000000000" by "nova.context.set_target_cell..get_or_set_cached_cell_and_set_connections" {{(pid=95992) inner /opt/stack/data/venv/lib/python3.12/site-packages/oslo_concurrency/lockutils.py:512}}
Aug 16 21:57:48.238801 np0000007415 devstack@n-api-meta.service[95992]: DEBUG oslo_concurrency.lockutils [None req-8441b293-5d0f-443f-8a64-d9cf4902a410 None None] Lock "00000000-0000-0000-0000-000000000000" acquired by "nova.context.set_target_cell..get_or_set_cached_cell_and_set_connections" :: waited 0.000s {{(pid=95992) inner /opt/stack/data/venv/lib/python3.12/site-packages/oslo_concurrency/lockutils.py:525}}
Aug 16 21:57:48.239215 np0000007415 devstack@n-api-meta.service[95992]: DEBUG oslo_concurrency.lockutils [None req-8441b293-5d0f-443f-8a64-d9cf4902a410 None None] Lock "00000000-0000-0000-0000-000000000000" "released" by "nova.context.set_target_cell..get_or_set_cached_cell_and_set_connections" :: held 0.000s {{(pid=95992) inner /opt/stack/data/venv/lib/python3.12/site-packages/oslo_concurrency/lockutils.py:544}}
Aug 16 21:57:48.239810 np0000007415 devstack@n-api-meta.service[95992]: DEBUG oslo_concurrency.lockutils [None req-8441b293-5d0f-443f-8a64-d9cf4902a410 None None] Acquiring lock "76ae4416-9ec7-4167-bf11-e225005abc8f" by "nova.context.set_target_cell..get_or_set_cached_cell_and_set_connections" {{(pid=95992) inner /opt/stack/data/venv/lib/python3.12/site-packages/oslo_concurrency/lockutils.py:512}}
Aug 16 21:57:48.239966 np0000007415 devstack@n-api-meta.service[95992]: DEBUG oslo_concurrency.lockutils [None req-8441b293-5d0f-443f-8a64-d9cf4902a410 None None] Lock "76ae4416-9ec7-4167-bf11-e225005abc8f" acquired by "nova.context.set_target_cell..get_or_set_cached_cell_and_set_connections" :: waited 0.000s {{(pid=95992) inner /opt/stack/data/venv/lib/python3.12/site-packages/oslo_concurrency/lockutils.py:525}}
Aug 16 21:57:48.240788 np0000007415 devstack@n-api-meta.service[95992]: DEBUG oslo_concurrency.lockutils [None req-8441b293-5d0f-443f-8a64-d9cf4902a410 None None] Lock "76ae4416-9ec7-4167-bf11-e225005abc8f" "released" by "nova.context.set_target_cell..get_or_set_cached_cell_and_set_connections" :: held 0.001s {{(pid=95992) inner /opt/stack/data/venv/lib/python3.12/site-packages/oslo_concurrency/lockutils.py:544}}
Aug 16 21:57:48.242470 np0000007415 devstack@n-api-meta.service[95992]: INFO dbcounter [None req-8441b293-5d0f-443f-8a64-d9cf4902a410 None None] Registered counter for database nova_cell0
Aug 16 21:57:48.245412 np0000007415 devstack@n-api-meta.service[95992]: INFO dbcounter [None req-8441b293-5d0f-443f-8a64-d9cf4902a410 None None] Registered counter for database nova_cell1
Aug 16 21:57:48.258143 np0000007415 devstack@n-api-meta.service[95993]: DEBUG dbcounter [-] [95993] Writer thread running {{(pid=95993) stat_writer /opt/stack/data/venv/lib/python3.12/site-packages/dbcounter.py:102}}
Aug 16 21:57:48.260787 np0000007415 devstack@n-api-meta.service[95993]: DEBUG nova.context [None req-a876d0c8-1a78-4888-bd9e-59c0d387003e None None] Found 2 cells: 00000000-0000-0000-0000-000000000000(cell0),76ae4416-9ec7-4167-bf11-e225005abc8f(cell1) {{(pid=95993) load_cells /opt/stack/nova/nova/context.py:509}}
Aug 16 21:57:48.261114 np0000007415 devstack@n-api-meta.service[95993]: INFO nova.utils [None req-a876d0c8-1a78-4888-bd9e-59c0d387003e None None] The cell worker thread pool MainProcess.cell_worker is initialized
Aug 16 21:57:48.262087 np0000007415 devstack@n-api-meta.service[95990]: DEBUG oslo_db.sqlalchemy.engines [None req-610293bb-acf0-4b71-81d5-6423f6aabb41 None None] MySQL server mode set to STRICT_TRANS_TABLES,STRICT_ALL_TABLES,NO_ZERO_IN_DATE,NO_ZERO_DATE,ERROR_FOR_DIVISION_BY_ZERO,TRADITIONAL,NO_ENGINE_SUBSTITUTION {{(pid=95990) _check_effective_sql_mode /opt/stack/data/venv/lib/python3.12/site-packages/oslo_db/sqlalchemy/engines.py:325}}
Aug 16 21:57:48.263294 np0000007415 devstack@n-api-meta.service[95993]: DEBUG oslo_concurrency.lockutils [None req-a876d0c8-1a78-4888-bd9e-59c0d387003e None None] Acquiring lock "00000000-0000-0000-0000-000000000000" by "nova.context.set_target_cell..get_or_set_cached_cell_and_set_connections" {{(pid=95993) inner /opt/stack/data/venv/lib/python3.12/site-packages/oslo_concurrency/lockutils.py:512}}
Aug 16 21:57:48.263545 np0000007415 devstack@n-api-meta.service[95993]: DEBUG oslo_concurrency.lockutils [None req-a876d0c8-1a78-4888-bd9e-59c0d387003e None None] Lock "00000000-0000-0000-0000-000000000000" acquired by "nova.context.set_target_cell..get_or_set_cached_cell_and_set_connections" :: waited 0.000s {{(pid=95993) inner /opt/stack/data/venv/lib/python3.12/site-packages/oslo_concurrency/lockutils.py:525}}
Aug 16 21:57:48.264056 np0000007415 devstack@n-api-meta.service[95993]: DEBUG oslo_concurrency.lockutils [None req-a876d0c8-1a78-4888-bd9e-59c0d387003e None None] Lock "00000000-0000-0000-0000-000000000000" "released" by "nova.context.set_target_cell..get_or_set_cached_cell_and_set_connections" :: held 0.001s {{(pid=95993) inner /opt/stack/data/venv/lib/python3.12/site-packages/oslo_concurrency/lockutils.py:544}}
Aug 16 21:57:48.264880 np0000007415 devstack@n-api-meta.service[95993]: DEBUG oslo_concurrency.lockutils [None req-a876d0c8-1a78-4888-bd9e-59c0d387003e None None] Acquiring lock "76ae4416-9ec7-4167-bf11-e225005abc8f" by "nova.context.set_target_cell..get_or_set_cached_cell_and_set_connections" {{(pid=95993) inner /opt/stack/data/venv/lib/python3.12/site-packages/oslo_concurrency/lockutils.py:512}}
Aug 16 21:57:48.267137 np0000007415 devstack@n-api-meta.service[95993]: INFO dbcounter [None req-a876d0c8-1a78-4888-bd9e-59c0d387003e None None] Registered counter for database nova_cell0
Aug 16 21:57:48.267897 np0000007415 devstack@n-api-meta.service[95993]: DEBUG oslo_concurrency.lockutils [None req-a876d0c8-1a78-4888-bd9e-59c0d387003e None None] Lock "76ae4416-9ec7-4167-bf11-e225005abc8f" acquired by "nova.context.set_target_cell..get_or_set_cached_cell_and_set_connections" :: waited 0.001s {{(pid=95993) inner /opt/stack/data/venv/lib/python3.12/site-packages/oslo_concurrency/lockutils.py:525}}
Aug 16 21:57:48.269105 np0000007415 devstack@n-api-meta.service[95993]: DEBUG oslo_concurrency.lockutils [None req-a876d0c8-1a78-4888-bd9e-59c0d387003e None None] Lock "76ae4416-9ec7-4167-bf11-e225005abc8f" "released" by "nova.context.set_target_cell..get_or_set_cached_cell_and_set_connections" :: held 0.003s {{(pid=95993) inner /opt/stack/data/venv/lib/python3.12/site-packages/oslo_concurrency/lockutils.py:544}}
Aug 16 21:57:48.272783 np0000007415 devstack@n-api-meta.service[95993]: INFO dbcounter [None req-a876d0c8-1a78-4888-bd9e-59c0d387003e None None] Registered counter for database nova_cell1
Aug 16 21:57:48.276218 np0000007415 devstack@n-api-meta.service[95991]: DEBUG oslo_db.sqlalchemy.engines [None req-62673250-ee25-4ea4-b118-36fa5e982687 None None] MySQL server mode set to STRICT_TRANS_TABLES,STRICT_ALL_TABLES,NO_ZERO_IN_DATE,NO_ZERO_DATE,ERROR_FOR_DIVISION_BY_ZERO,TRADITIONAL,NO_ENGINE_SUBSTITUTION {{(pid=95991) _check_effective_sql_mode /opt/stack/data/venv/lib/python3.12/site-packages/oslo_db/sqlalchemy/engines.py:325}}
Aug 16 21:57:48.299885 np0000007415 devstack@n-api-meta.service[95992]: DEBUG oslo_db.sqlalchemy.engines [None req-8441b293-5d0f-443f-8a64-d9cf4902a410 None None] MySQL server mode set to STRICT_TRANS_TABLES,STRICT_ALL_TABLES,NO_ZERO_IN_DATE,NO_ZERO_DATE,ERROR_FOR_DIVISION_BY_ZERO,TRADITIONAL,NO_ENGINE_SUBSTITUTION {{(pid=95992) _check_effective_sql_mode /opt/stack/data/venv/lib/python3.12/site-packages/oslo_db/sqlalchemy/engines.py:325}}
Aug 16 21:57:48.302970 np0000007415 devstack@n-api-meta.service[95990]: DEBUG dbcounter [-] [95990] Writer thread running {{(pid=95990) stat_writer /opt/stack/data/venv/lib/python3.12/site-packages/dbcounter.py:102}}
Aug 16 21:57:48.305395 np0000007415 devstack@n-api-meta.service[95990]: DEBUG nova.context [None req-610293bb-acf0-4b71-81d5-6423f6aabb41 None None] Found 2 cells: 00000000-0000-0000-0000-000000000000(cell0),76ae4416-9ec7-4167-bf11-e225005abc8f(cell1) {{(pid=95990) load_cells /opt/stack/nova/nova/context.py:509}}
Aug 16 21:57:48.305616 np0000007415 devstack@n-api-meta.service[95990]: INFO nova.utils [None req-610293bb-acf0-4b71-81d5-6423f6aabb41 None None] The cell worker thread pool MainProcess.cell_worker is initialized
Aug 16 21:57:48.307279 np0000007415 devstack@n-api-meta.service[95990]: DEBUG oslo_concurrency.lockutils [None req-610293bb-acf0-4b71-81d5-6423f6aabb41 None None] Acquiring lock "00000000-0000-0000-0000-000000000000" by "nova.context.set_target_cell..get_or_set_cached_cell_and_set_connections" {{(pid=95990) inner /opt/stack/data/venv/lib/python3.12/site-packages/oslo_concurrency/lockutils.py:512}}
Aug 16 21:57:48.307454 np0000007415 devstack@n-api-meta.service[95990]: DEBUG oslo_concurrency.lockutils [None req-610293bb-acf0-4b71-81d5-6423f6aabb41 None None] Lock "00000000-0000-0000-0000-000000000000" acquired by "nova.context.set_target_cell..get_or_set_cached_cell_and_set_connections" :: waited 0.000s {{(pid=95990) inner /opt/stack/data/venv/lib/python3.12/site-packages/oslo_concurrency/lockutils.py:525}}
Aug 16 21:57:48.307808 np0000007415 devstack@n-api-meta.service[95990]: DEBUG oslo_concurrency.lockutils [None req-610293bb-acf0-4b71-81d5-6423f6aabb41 None None] Lock "00000000-0000-0000-0000-000000000000" "released" by "nova.context.set_target_cell..get_or_set_cached_cell_and_set_connections" :: held 0.000s {{(pid=95990) inner /opt/stack/data/venv/lib/python3.12/site-packages/oslo_concurrency/lockutils.py:544}}
Aug 16 21:57:48.308483 np0000007415 devstack@n-api-meta.service[95990]: DEBUG oslo_concurrency.lockutils [None req-610293bb-acf0-4b71-81d5-6423f6aabb41 None None] Acquiring lock "76ae4416-9ec7-4167-bf11-e225005abc8f" by "nova.context.set_target_cell..get_or_set_cached_cell_and_set_connections" {{(pid=95990) inner /opt/stack/data/venv/lib/python3.12/site-packages/oslo_concurrency/lockutils.py:512}}
Aug 16 21:57:48.308641 np0000007415 devstack@n-api-meta.service[95990]: DEBUG oslo_concurrency.lockutils [None req-610293bb-acf0-4b71-81d5-6423f6aabb41 None None] Lock "76ae4416-9ec7-4167-bf11-e225005abc8f" acquired by "nova.context.set_target_cell..get_or_set_cached_cell_and_set_connections" :: waited 0.000s {{(pid=95990) inner /opt/stack/data/venv/lib/python3.12/site-packages/oslo_concurrency/lockutils.py:525}}
Aug 16 21:57:48.309439 np0000007415 devstack@n-api-meta.service[95990]: DEBUG oslo_concurrency.lockutils [None req-610293bb-acf0-4b71-81d5-6423f6aabb41 None None] Lock "76ae4416-9ec7-4167-bf11-e225005abc8f" "released" by "nova.context.set_target_cell..get_or_set_cached_cell_and_set_connections" :: held 0.001s {{(pid=95990) inner /opt/stack/data/venv/lib/python3.12/site-packages/oslo_concurrency/lockutils.py:544}}
Aug 16 21:57:48.310792 np0000007415 devstack@n-api-meta.service[95990]: INFO dbcounter [None req-610293bb-acf0-4b71-81d5-6423f6aabb41 None None] Registered counter for database nova_cell0
Aug 16 21:57:48.312594 np0000007415 devstack@n-api-meta.service[95991]: DEBUG dbcounter [-] [95991] Writer thread running {{(pid=95991) stat_writer /opt/stack/data/venv/lib/python3.12/site-packages/dbcounter.py:102}}
Aug 16 21:57:48.313840 np0000007415 devstack@n-api-meta.service[95990]: INFO dbcounter [None req-610293bb-acf0-4b71-81d5-6423f6aabb41 None None] Registered counter for database nova_cell1
Aug 16 21:57:48.316543 np0000007415 devstack@n-api-meta.service[95991]: DEBUG nova.context [None req-62673250-ee25-4ea4-b118-36fa5e982687 None None] Found 2 cells: 00000000-0000-0000-0000-000000000000(cell0),76ae4416-9ec7-4167-bf11-e225005abc8f(cell1) {{(pid=95991) load_cells /opt/stack/nova/nova/context.py:509}}
Aug 16 21:57:48.316807 np0000007415 devstack@n-api-meta.service[95991]: INFO nova.utils [None req-62673250-ee25-4ea4-b118-36fa5e982687 None None] The cell worker thread pool MainProcess.cell_worker is initialized
Aug 16 21:57:48.318567 np0000007415 devstack@n-api-meta.service[95991]: DEBUG oslo_concurrency.lockutils [None req-62673250-ee25-4ea4-b118-36fa5e982687 None None] Acquiring lock "00000000-0000-0000-0000-000000000000" by "nova.context.set_target_cell..get_or_set_cached_cell_and_set_connections" {{(pid=95991) inner /opt/stack/data/venv/lib/python3.12/site-packages/oslo_concurrency/lockutils.py:512}}
Aug 16 21:57:48.318567 np0000007415 devstack@n-api-meta.service[95991]: DEBUG oslo_concurrency.lockutils [None req-62673250-ee25-4ea4-b118-36fa5e982687 None None] Lock "00000000-0000-0000-0000-000000000000" acquired by "nova.context.set_target_cell..get_or_set_cached_cell_and_set_connections" :: waited 0.000s {{(pid=95991) inner /opt/stack/data/venv/lib/python3.12/site-packages/oslo_concurrency/lockutils.py:525}}
Aug 16 21:57:48.318990 np0000007415 devstack@n-api-meta.service[95991]: DEBUG oslo_concurrency.lockutils [None req-62673250-ee25-4ea4-b118-36fa5e982687 None None] Lock "00000000-0000-0000-0000-000000000000" "released" by "nova.context.set_target_cell..get_or_set_cached_cell_and_set_connections" :: held 0.000s {{(pid=95991) inner /opt/stack/data/venv/lib/python3.12/site-packages/oslo_concurrency/lockutils.py:544}}
Aug 16 21:57:48.319607 np0000007415 devstack@n-api-meta.service[95991]: DEBUG oslo_concurrency.lockutils [None req-62673250-ee25-4ea4-b118-36fa5e982687 None None] Acquiring lock "76ae4416-9ec7-4167-bf11-e225005abc8f" by "nova.context.set_target_cell..get_or_set_cached_cell_and_set_connections" {{(pid=95991) inner /opt/stack/data/venv/lib/python3.12/site-packages/oslo_concurrency/lockutils.py:512}}
Aug 16 21:57:48.319939 np0000007415 devstack@n-api-meta.service[95991]: DEBUG oslo_concurrency.lockutils [None req-62673250-ee25-4ea4-b118-36fa5e982687 None None] Lock "76ae4416-9ec7-4167-bf11-e225005abc8f" acquired by "nova.context.set_target_cell..get_or_set_cached_cell_and_set_connections" :: waited 0.000s {{(pid=95991) inner /opt/stack/data/venv/lib/python3.12/site-packages/oslo_concurrency/lockutils.py:525}}
Aug 16 21:57:48.320518 np0000007415 devstack@n-api-meta.service[95991]: DEBUG oslo_concurrency.lockutils [None req-62673250-ee25-4ea4-b118-36fa5e982687 None None] Lock "76ae4416-9ec7-4167-bf11-e225005abc8f" "released" by "nova.context.set_target_cell..get_or_set_cached_cell_and_set_connections" :: held 0.001s {{(pid=95991) inner /opt/stack/data/venv/lib/python3.12/site-packages/oslo_concurrency/lockutils.py:544}}
Aug 16 21:57:48.323108 np0000007415 devstack@n-api-meta.service[95991]: INFO dbcounter [None req-62673250-ee25-4ea4-b118-36fa5e982687 None None] Registered counter for database nova_cell0
Aug 16 21:57:48.323619 np0000007415 devstack@n-api-meta.service[95993]: DEBUG oslo_db.sqlalchemy.engines [None req-a876d0c8-1a78-4888-bd9e-59c0d387003e None None] MySQL server mode set to STRICT_TRANS_TABLES,STRICT_ALL_TABLES,NO_ZERO_IN_DATE,NO_ZERO_DATE,ERROR_FOR_DIVISION_BY_ZERO,TRADITIONAL,NO_ENGINE_SUBSTITUTION {{(pid=95993) _check_effective_sql_mode /opt/stack/data/venv/lib/python3.12/site-packages/oslo_db/sqlalchemy/engines.py:325}}
Aug 16 21:57:48.325411 np0000007415 devstack@n-api-meta.service[95991]: INFO dbcounter [None req-62673250-ee25-4ea4-b118-36fa5e982687 None None] Registered counter for database nova_cell1
Aug 16 21:57:48.345960 np0000007415 devstack@n-api-meta.service[95993]: DEBUG oslo_db.sqlalchemy.engines [None req-a876d0c8-1a78-4888-bd9e-59c0d387003e None None] MySQL server mode set to STRICT_TRANS_TABLES,STRICT_ALL_TABLES,NO_ZERO_IN_DATE,NO_ZERO_DATE,ERROR_FOR_DIVISION_BY_ZERO,TRADITIONAL,NO_ENGINE_SUBSTITUTION {{(pid=95993) _check_effective_sql_mode /opt/stack/data/venv/lib/python3.12/site-packages/oslo_db/sqlalchemy/engines.py:325}}
Aug 16 21:57:48.363796 np0000007415 devstack@n-api-meta.service[95990]: DEBUG oslo_db.sqlalchemy.engines [None req-610293bb-acf0-4b71-81d5-6423f6aabb41 None None] MySQL server mode set to STRICT_TRANS_TABLES,STRICT_ALL_TABLES,NO_ZERO_IN_DATE,NO_ZERO_DATE,ERROR_FOR_DIVISION_BY_ZERO,TRADITIONAL,NO_ENGINE_SUBSTITUTION {{(pid=95990) _check_effective_sql_mode /opt/stack/data/venv/lib/python3.12/site-packages/oslo_db/sqlalchemy/engines.py:325}}
Aug 16 21:57:48.367991 np0000007415 devstack@n-api-meta.service[95990]: DEBUG oslo_db.sqlalchemy.engines [None req-610293bb-acf0-4b71-81d5-6423f6aabb41 None None] MySQL server mode set to STRICT_TRANS_TABLES,STRICT_ALL_TABLES,NO_ZERO_IN_DATE,NO_ZERO_DATE,ERROR_FOR_DIVISION_BY_ZERO,TRADITIONAL,NO_ENGINE_SUBSTITUTION {{(pid=95990) _check_effective_sql_mode /opt/stack/data/venv/lib/python3.12/site-packages/oslo_db/sqlalchemy/engines.py:325}}
Aug 16 21:57:48.381506 np0000007415 devstack@n-api-meta.service[95991]: DEBUG oslo_db.sqlalchemy.engines [None req-62673250-ee25-4ea4-b118-36fa5e982687 None None] MySQL server mode set to STRICT_TRANS_TABLES,STRICT_ALL_TABLES,NO_ZERO_IN_DATE,NO_ZERO_DATE,ERROR_FOR_DIVISION_BY_ZERO,TRADITIONAL,NO_ENGINE_SUBSTITUTION {{(pid=95991) _check_effective_sql_mode /opt/stack/data/venv/lib/python3.12/site-packages/oslo_db/sqlalchemy/engines.py:325}}
Aug 16 21:57:48.382359 np0000007415 devstack@n-api-meta.service[95992]: DEBUG oslo_db.sqlalchemy.engines [None req-8441b293-5d0f-443f-8a64-d9cf4902a410 None None] MySQL server mode set to STRICT_TRANS_TABLES,STRICT_ALL_TABLES,NO_ZERO_IN_DATE,NO_ZERO_DATE,ERROR_FOR_DIVISION_BY_ZERO,TRADITIONAL,NO_ENGINE_SUBSTITUTION {{(pid=95992) _check_effective_sql_mode /opt/stack/data/venv/lib/python3.12/site-packages/oslo_db/sqlalchemy/engines.py:325}}
Aug 16 21:57:48.397644 np0000007415 devstack@n-api-meta.service[95992]: DEBUG dbcounter [-] [95992] Writer thread running {{(pid=95992) stat_writer /opt/stack/data/venv/lib/python3.12/site-packages/dbcounter.py:102}}
Aug 16 21:57:48.402895 np0000007415 devstack@n-api-meta.service[95992]: DEBUG dbcounter [-] [95992] Writer thread running {{(pid=95992) stat_writer /opt/stack/data/venv/lib/python3.12/site-packages/dbcounter.py:102}}
Aug 16 21:57:48.404798 np0000007415 devstack@n-api-meta.service[95993]: DEBUG dbcounter [-] [95993] Writer thread running {{(pid=95993) stat_writer /opt/stack/data/venv/lib/python3.12/site-packages/dbcounter.py:102}}
Aug 16 21:57:48.405691 np0000007415 devstack@n-api-meta.service[95992]: INFO dbcounter [None req-8441b293-5d0f-443f-8a64-d9cf4902a410 None None] Registered counter for database nova_cell0
Aug 16 21:57:48.409223 np0000007415 devstack@n-api-meta.service[95993]: DEBUG dbcounter [-] [95993] Writer thread running {{(pid=95993) stat_writer /opt/stack/data/venv/lib/python3.12/site-packages/dbcounter.py:102}}
Aug 16 21:57:48.411961 np0000007415 devstack@n-api-meta.service[95993]: INFO dbcounter [None req-a876d0c8-1a78-4888-bd9e-59c0d387003e None None] Registered counter for database nova_cell0
Aug 16 21:57:48.440118 np0000007415 devstack@n-api-meta.service[95992]: DEBUG oslo_db.sqlalchemy.engines [None req-8441b293-5d0f-443f-8a64-d9cf4902a410 None None] MySQL server mode set to STRICT_TRANS_TABLES,STRICT_ALL_TABLES,NO_ZERO_IN_DATE,NO_ZERO_DATE,ERROR_FOR_DIVISION_BY_ZERO,TRADITIONAL,NO_ENGINE_SUBSTITUTION {{(pid=95992) _check_effective_sql_mode /opt/stack/data/venv/lib/python3.12/site-packages/oslo_db/sqlalchemy/engines.py:325}}
Aug 16 21:57:48.444235 np0000007415 devstack@n-api-meta.service[95993]: DEBUG oslo_db.sqlalchemy.engines [None req-a876d0c8-1a78-4888-bd9e-59c0d387003e None None] MySQL server mode set to STRICT_TRANS_TABLES,STRICT_ALL_TABLES,NO_ZERO_IN_DATE,NO_ZERO_DATE,ERROR_FOR_DIVISION_BY_ZERO,TRADITIONAL,NO_ENGINE_SUBSTITUTION {{(pid=95993) _check_effective_sql_mode /opt/stack/data/venv/lib/python3.12/site-packages/oslo_db/sqlalchemy/engines.py:325}}
Aug 16 21:57:48.445995 np0000007415 devstack@n-api-meta.service[95992]: DEBUG dbcounter [-] [95992] Writer thread running {{(pid=95992) stat_writer /opt/stack/data/venv/lib/python3.12/site-packages/dbcounter.py:102}}
Aug 16 21:57:48.450250 np0000007415 devstack@n-api-meta.service[95993]: DEBUG dbcounter [-] [95993] Writer thread running {{(pid=95993) stat_writer /opt/stack/data/venv/lib/python3.12/site-packages/dbcounter.py:102}}
Aug 16 21:57:48.458875 np0000007415 devstack@n-api-meta.service[95990]: DEBUG dbcounter [-] [95990] Writer thread running {{(pid=95990) stat_writer /opt/stack/data/venv/lib/python3.12/site-packages/dbcounter.py:102}}
Aug 16 21:57:48.462990 np0000007415 devstack@n-api-meta.service[95990]: DEBUG dbcounter [-] [95990] Writer thread running {{(pid=95990) stat_writer /opt/stack/data/venv/lib/python3.12/site-packages/dbcounter.py:102}}
Aug 16 21:57:48.467302 np0000007415 devstack@n-api-meta.service[95990]: INFO dbcounter [None req-610293bb-acf0-4b71-81d5-6423f6aabb41 None None] Registered counter for database nova_cell0
Aug 16 21:57:48.478457 np0000007415 devstack@n-api-meta.service[95991]: DEBUG oslo_db.sqlalchemy.engines [None req-62673250-ee25-4ea4-b118-36fa5e982687 None None] MySQL server mode set to STRICT_TRANS_TABLES,STRICT_ALL_TABLES,NO_ZERO_IN_DATE,NO_ZERO_DATE,ERROR_FOR_DIVISION_BY_ZERO,TRADITIONAL,NO_ENGINE_SUBSTITUTION {{(pid=95991) _check_effective_sql_mode /opt/stack/data/venv/lib/python3.12/site-packages/oslo_db/sqlalchemy/engines.py:325}}
Aug 16 21:57:48.479937 np0000007415 devstack@n-api-meta.service[95991]: DEBUG dbcounter [-] [95991] Writer thread running {{(pid=95991) stat_writer /opt/stack/data/venv/lib/python3.12/site-packages/dbcounter.py:102}}
Aug 16 21:57:48.482879 np0000007415 devstack@n-api-meta.service[95992]: WARNING nova.api.metadata.handler [None req-8441b293-5d0f-443f-8a64-d9cf4902a410 None None] metadata_proxy_shared_secret is not configured, the metadata information returned by the proxy cannot be trusted
Aug 16 21:57:48.486416 np0000007415 devstack@n-api-meta.service[95992]: DEBUG nova.api.openstack.wsgi_app [None req-8441b293-5d0f-443f-8a64-d9cf4902a410 None None] ******************************************************************************** {{(pid=95992) log_opt_values /opt/stack/data/venv/lib/python3.12/site-packages/oslo_config/cfg.py:3533}}
Aug 16 21:57:48.486416 np0000007415 devstack@n-api-meta.service[95992]: DEBUG nova.api.openstack.wsgi_app [None req-8441b293-5d0f-443f-8a64-d9cf4902a410 None None] Configuration options gathered from: {{(pid=95992) log_opt_values /opt/stack/data/venv/lib/python3.12/site-packages/oslo_config/cfg.py:3534}}
Aug 16 21:57:48.486416 np0000007415 devstack@n-api-meta.service[95992]: DEBUG nova.api.openstack.wsgi_app [None req-8441b293-5d0f-443f-8a64-d9cf4902a410 None None] command line args: [] {{(pid=95992) log_opt_values /opt/stack/data/venv/lib/python3.12/site-packages/oslo_config/cfg.py:3535}}
Aug 16 21:57:48.486416 np0000007415 devstack@n-api-meta.service[95992]: DEBUG nova.api.openstack.wsgi_app [None req-8441b293-5d0f-443f-8a64-d9cf4902a410 None None] config files: ['/etc/nova/api-paste.ini', '/etc/nova/nova.conf'] {{(pid=95992) log_opt_values /opt/stack/data/venv/lib/python3.12/site-packages/oslo_config/cfg.py:3536}}
Aug 16 21:57:48.486416 np0000007415 devstack@n-api-meta.service[95992]: DEBUG nova.api.openstack.wsgi_app [None req-8441b293-5d0f-443f-8a64-d9cf4902a410 None None] ================================================================================ {{(pid=95992) log_opt_values /opt/stack/data/venv/lib/python3.12/site-packages/oslo_config/cfg.py:3541}}
Aug 16 21:57:48.486416 np0000007415 devstack@n-api-meta.service[95992]: DEBUG nova.api.openstack.wsgi_app [None req-8441b293-5d0f-443f-8a64-d9cf4902a410 None None] allow_resize_to_same_host = True {{(pid=95992) log_opt_values /opt/stack/data/venv/lib/python3.12/site-packages/oslo_config/cfg.py:3549}}
Aug 16 21:57:48.486416 np0000007415 devstack@n-api-meta.service[95992]: DEBUG nova.api.openstack.wsgi_app [None req-8441b293-5d0f-443f-8a64-d9cf4902a410 None None] arq_binding_timeout = 300 {{(pid=95992) log_opt_values /opt/stack/data/venv/lib/python3.12/site-packages/oslo_config/cfg.py:3549}}
Aug 16 21:57:48.486780 np0000007415 devstack@n-api-meta.service[95992]: DEBUG nova.api.openstack.wsgi_app [None req-8441b293-5d0f-443f-8a64-d9cf4902a410 None None] block_device_allocate_retries = 60 {{(pid=95992) log_opt_values /opt/stack/data/venv/lib/python3.12/site-packages/oslo_config/cfg.py:3549}}
Aug 16 21:57:48.486780 np0000007415 devstack@n-api-meta.service[95992]: DEBUG nova.api.openstack.wsgi_app [None req-8441b293-5d0f-443f-8a64-d9cf4902a410 None None] block_device_allocate_retries_interval = 3 {{(pid=95992) log_opt_values /opt/stack/data/venv/lib/python3.12/site-packages/oslo_config/cfg.py:3549}}
Aug 16 21:57:48.486780 np0000007415 devstack@n-api-meta.service[95992]: DEBUG nova.api.openstack.wsgi_app [None req-8441b293-5d0f-443f-8a64-d9cf4902a410 None None] cell_worker_thread_pool_size = 5 {{(pid=95992) log_opt_values /opt/stack/data/venv/lib/python3.12/site-packages/oslo_config/cfg.py:3549}}
Aug 16 21:57:48.486780 np0000007415 devstack@n-api-meta.service[95992]: DEBUG nova.api.openstack.wsgi_app [None req-8441b293-5d0f-443f-8a64-d9cf4902a410 None None] cert = self.pem {{(pid=95992) log_opt_values /opt/stack/data/venv/lib/python3.12/site-packages/oslo_config/cfg.py:3549}}
Aug 16 21:57:48.486780 np0000007415 devstack@n-api-meta.service[95992]: DEBUG nova.api.openstack.wsgi_app [None req-8441b293-5d0f-443f-8a64-d9cf4902a410 None None] compute_driver = libvirt.LibvirtDriver {{(pid=95992) log_opt_values /opt/stack/data/venv/lib/python3.12/site-packages/oslo_config/cfg.py:3549}}
Aug 16 21:57:48.486780 np0000007415 devstack@n-api-meta.service[95992]: DEBUG nova.api.openstack.wsgi_app [None req-8441b293-5d0f-443f-8a64-d9cf4902a410 None None] compute_monitors = [] {{(pid=95992) log_opt_values /opt/stack/data/venv/lib/python3.12/site-packages/oslo_config/cfg.py:3549}}
Aug 16 21:57:48.486780 np0000007415 devstack@n-api-meta.service[95992]: DEBUG nova.api.openstack.wsgi_app [None req-8441b293-5d0f-443f-8a64-d9cf4902a410 None None] concurrency_backend = auto {{(pid=95992) log_opt_values /opt/stack/data/venv/lib/python3.12/site-packages/oslo_config/cfg.py:3549}}
Aug 16 21:57:48.487038 np0000007415 devstack@n-api-meta.service[95992]: DEBUG nova.api.openstack.wsgi_app [None req-8441b293-5d0f-443f-8a64-d9cf4902a410 None None] config_dir = [] {{(pid=95992) log_opt_values /opt/stack/data/venv/lib/python3.12/site-packages/oslo_config/cfg.py:3549}}
Aug 16 21:57:48.487038 np0000007415 devstack@n-api-meta.service[95992]: DEBUG nova.api.openstack.wsgi_app [None req-8441b293-5d0f-443f-8a64-d9cf4902a410 None None] config_drive_format = iso9660 {{(pid=95992) log_opt_values /opt/stack/data/venv/lib/python3.12/site-packages/oslo_config/cfg.py:3549}}
Aug 16 21:57:48.487038 np0000007415 devstack@n-api-meta.service[95992]: DEBUG nova.api.openstack.wsgi_app [None req-8441b293-5d0f-443f-8a64-d9cf4902a410 None None] config_file = ['/etc/nova/api-paste.ini', '/etc/nova/nova.conf'] {{(pid=95992) log_opt_values /opt/stack/data/venv/lib/python3.12/site-packages/oslo_config/cfg.py:3549}}
Aug 16 21:57:48.487282 np0000007415 devstack@n-api-meta.service[95992]: DEBUG nova.api.openstack.wsgi_app [None req-8441b293-5d0f-443f-8a64-d9cf4902a410 None None] config_source = [] {{(pid=95992) log_opt_values /opt/stack/data/venv/lib/python3.12/site-packages/oslo_config/cfg.py:3549}}
Aug 16 21:57:48.487411 np0000007415 devstack@n-api-meta.service[95992]: DEBUG nova.api.openstack.wsgi_app [None req-8441b293-5d0f-443f-8a64-d9cf4902a410 None None] console_host = np0000007415 {{(pid=95992) log_opt_values /opt/stack/data/venv/lib/python3.12/site-packages/oslo_config/cfg.py:3549}}
Aug 16 21:57:48.487531 np0000007415 devstack@n-api-meta.service[95992]: DEBUG nova.api.openstack.wsgi_app [None req-8441b293-5d0f-443f-8a64-d9cf4902a410 None None] control_exchange = nova {{(pid=95992) log_opt_values /opt/stack/data/venv/lib/python3.12/site-packages/oslo_config/cfg.py:3549}}
Aug 16 21:57:48.487639 np0000007415 devstack@n-api-meta.service[95992]: DEBUG nova.api.openstack.wsgi_app [None req-8441b293-5d0f-443f-8a64-d9cf4902a410 None None] cpu_allocation_ratio = None {{(pid=95992) log_opt_values /opt/stack/data/venv/lib/python3.12/site-packages/oslo_config/cfg.py:3549}}
Aug 16 21:57:48.487764 np0000007415 devstack@n-api-meta.service[95992]: DEBUG nova.api.openstack.wsgi_app [None req-8441b293-5d0f-443f-8a64-d9cf4902a410 None None] daemon = False {{(pid=95992) log_opt_values /opt/stack/data/venv/lib/python3.12/site-packages/oslo_config/cfg.py:3549}}
Aug 16 21:57:48.487957 np0000007415 devstack@n-api-meta.service[95992]: DEBUG nova.api.openstack.wsgi_app [None req-8441b293-5d0f-443f-8a64-d9cf4902a410 None None] debug = True {{(pid=95992) log_opt_values /opt/stack/data/venv/lib/python3.12/site-packages/oslo_config/cfg.py:3549}}
Aug 16 21:57:48.488079 np0000007415 devstack@n-api-meta.service[95992]: DEBUG nova.api.openstack.wsgi_app [None req-8441b293-5d0f-443f-8a64-d9cf4902a410 None None] default_access_ip_network_name = None {{(pid=95992) log_opt_values /opt/stack/data/venv/lib/python3.12/site-packages/oslo_config/cfg.py:3549}}
Aug 16 21:57:48.488196 np0000007415 devstack@n-api-meta.service[95992]: DEBUG nova.api.openstack.wsgi_app [None req-8441b293-5d0f-443f-8a64-d9cf4902a410 None None] default_availability_zone = nova {{(pid=95992) log_opt_values /opt/stack/data/venv/lib/python3.12/site-packages/oslo_config/cfg.py:3549}}
Aug 16 21:57:48.488314 np0000007415 devstack@n-api-meta.service[95992]: DEBUG nova.api.openstack.wsgi_app [None req-8441b293-5d0f-443f-8a64-d9cf4902a410 None None] default_ephemeral_format = ext4 {{(pid=95992) log_opt_values /opt/stack/data/venv/lib/python3.12/site-packages/oslo_config/cfg.py:3549}}
Aug 16 21:57:48.488435 np0000007415 devstack@n-api-meta.service[95992]: DEBUG nova.api.openstack.wsgi_app [None req-8441b293-5d0f-443f-8a64-d9cf4902a410 None None] default_green_pool_size = 1000 {{(pid=95992) log_opt_values /opt/stack/data/venv/lib/python3.12/site-packages/oslo_config/cfg.py:3549}}
Aug 16 21:57:48.488622 np0000007415 devstack@n-api-meta.service[95992]: DEBUG nova.api.openstack.wsgi_app [None req-8441b293-5d0f-443f-8a64-d9cf4902a410 None None] default_log_levels = ['amqp=WARN', 'boto=WARN', 'sqlalchemy=WARN', 'suds=INFO', 'oslo.messaging=INFO', 'oslo_messaging=INFO', 'iso8601=WARN', 'requests.packages.urllib3.connectionpool=WARN', 'urllib3.connectionpool=WARN', 'websocket=WARN', 'requests.packages.urllib3.util.retry=WARN', 'urllib3.util.retry=WARN', 'keystonemiddleware=WARN', 'routes.middleware=WARN', 'stevedore=WARN', 'taskflow=WARN', 'keystoneauth=WARN', 'oslo.cache=INFO', 'oslo_policy=INFO', 'dogpile.core.dogpile=INFO', 'glanceclient=WARN', 'oslo.privsep.daemon=INFO'] {{(pid=95992) log_opt_values /opt/stack/data/venv/lib/python3.12/site-packages/oslo_config/cfg.py:3549}}
Aug 16 21:57:48.488779 np0000007415 devstack@n-api-meta.service[95992]: DEBUG nova.api.openstack.wsgi_app [None req-8441b293-5d0f-443f-8a64-d9cf4902a410 None None] default_schedule_zone = None {{(pid=95992) log_opt_values /opt/stack/data/venv/lib/python3.12/site-packages/oslo_config/cfg.py:3549}}
Aug 16 21:57:48.488927 np0000007415 devstack@n-api-meta.service[95992]: DEBUG nova.api.openstack.wsgi_app [None req-8441b293-5d0f-443f-8a64-d9cf4902a410 None None] default_thread_pool_size = 10 {{(pid=95992) log_opt_values /opt/stack/data/venv/lib/python3.12/site-packages/oslo_config/cfg.py:3549}}
Aug 16 21:57:48.489039 np0000007415 devstack@n-api-meta.service[95992]: DEBUG nova.api.openstack.wsgi_app [None req-8441b293-5d0f-443f-8a64-d9cf4902a410 None None] disk_allocation_ratio = None {{(pid=95992) log_opt_values /opt/stack/data/venv/lib/python3.12/site-packages/oslo_config/cfg.py:3549}}
Aug 16 21:57:48.489151 np0000007415 devstack@n-api-meta.service[95992]: DEBUG nova.api.openstack.wsgi_app [None req-8441b293-5d0f-443f-8a64-d9cf4902a410 None None] enable_new_services = True {{(pid=95992) log_opt_values /opt/stack/data/venv/lib/python3.12/site-packages/oslo_config/cfg.py:3549}}
Aug 16 21:57:48.489265 np0000007415 devstack@n-api-meta.service[95992]: DEBUG nova.api.openstack.wsgi_app [None req-8441b293-5d0f-443f-8a64-d9cf4902a410 None None] flat_injected = False {{(pid=95992) log_opt_values /opt/stack/data/venv/lib/python3.12/site-packages/oslo_config/cfg.py:3549}}
Aug 16 21:57:48.490578 np0000007415 devstack@n-api-meta.service[95992]: DEBUG nova.api.openstack.wsgi_app [None req-8441b293-5d0f-443f-8a64-d9cf4902a410 None None] force_config_drive = True {{(pid=95992) log_opt_values /opt/stack/data/venv/lib/python3.12/site-packages/oslo_config/cfg.py:3549}}
Aug 16 21:57:48.490578 np0000007415 devstack@n-api-meta.service[95992]: DEBUG nova.api.openstack.wsgi_app [None req-8441b293-5d0f-443f-8a64-d9cf4902a410 None None] force_raw_images = True {{(pid=95992) log_opt_values /opt/stack/data/venv/lib/python3.12/site-packages/oslo_config/cfg.py:3549}}
Aug 16 21:57:48.490578 np0000007415 devstack@n-api-meta.service[95992]: DEBUG nova.api.openstack.wsgi_app [None req-8441b293-5d0f-443f-8a64-d9cf4902a410 None None] graceful_shutdown_timeout = 5 {{(pid=95992) log_opt_values /opt/stack/data/venv/lib/python3.12/site-packages/oslo_config/cfg.py:3549}}
Aug 16 21:57:48.490578 np0000007415 devstack@n-api-meta.service[95992]: DEBUG nova.api.openstack.wsgi_app [None req-8441b293-5d0f-443f-8a64-d9cf4902a410 None None] heal_instance_info_cache_interval = -1 {{(pid=95992) log_opt_values /opt/stack/data/venv/lib/python3.12/site-packages/oslo_config/cfg.py:3549}}
Aug 16 21:57:48.490578 np0000007415 devstack@n-api-meta.service[95992]: DEBUG nova.api.openstack.wsgi_app [None req-8441b293-5d0f-443f-8a64-d9cf4902a410 None None] host = np0000007415 {{(pid=95992) log_opt_values /opt/stack/data/venv/lib/python3.12/site-packages/oslo_config/cfg.py:3549}}
Aug 16 21:57:48.490578 np0000007415 devstack@n-api-meta.service[95992]: DEBUG nova.api.openstack.wsgi_app [None req-8441b293-5d0f-443f-8a64-d9cf4902a410 None None] initial_cpu_allocation_ratio = 4.0 {{(pid=95992) log_opt_values /opt/stack/data/venv/lib/python3.12/site-packages/oslo_config/cfg.py:3549}}
Aug 16 21:57:48.490578 np0000007415 devstack@n-api-meta.service[95992]: DEBUG nova.api.openstack.wsgi_app [None req-8441b293-5d0f-443f-8a64-d9cf4902a410 None None] initial_disk_allocation_ratio = 1.0 {{(pid=95992) log_opt_values /opt/stack/data/venv/lib/python3.12/site-packages/oslo_config/cfg.py:3549}}
Aug 16 21:57:48.490912 np0000007415 devstack@n-api-meta.service[95992]: DEBUG nova.api.openstack.wsgi_app [None req-8441b293-5d0f-443f-8a64-d9cf4902a410 None None] initial_ram_allocation_ratio = 1.0 {{(pid=95992) log_opt_values /opt/stack/data/venv/lib/python3.12/site-packages/oslo_config/cfg.py:3549}}
Aug 16 21:57:48.490912 np0000007415 devstack@n-api-meta.service[95992]: DEBUG nova.api.openstack.wsgi_app [None req-8441b293-5d0f-443f-8a64-d9cf4902a410 None None] injected_network_template = /opt/stack/nova/nova/virt/interfaces.template {{(pid=95992) log_opt_values /opt/stack/data/venv/lib/python3.12/site-packages/oslo_config/cfg.py:3549}}
Aug 16 21:57:48.490912 np0000007415 devstack@n-api-meta.service[95992]: DEBUG nova.api.openstack.wsgi_app [None req-8441b293-5d0f-443f-8a64-d9cf4902a410 None None] instance_build_timeout = 0 {{(pid=95992) log_opt_values /opt/stack/data/venv/lib/python3.12/site-packages/oslo_config/cfg.py:3549}}
Aug 16 21:57:48.490912 np0000007415 devstack@n-api-meta.service[95992]: DEBUG nova.api.openstack.wsgi_app [None req-8441b293-5d0f-443f-8a64-d9cf4902a410 None None] instance_delete_interval = 300 {{(pid=95992) log_opt_values /opt/stack/data/venv/lib/python3.12/site-packages/oslo_config/cfg.py:3549}}
Aug 16 21:57:48.490912 np0000007415 devstack@n-api-meta.service[95992]: DEBUG nova.api.openstack.wsgi_app [None req-8441b293-5d0f-443f-8a64-d9cf4902a410 None None] instance_format = [instance: %(uuid)s] {{(pid=95992) log_opt_values /opt/stack/data/venv/lib/python3.12/site-packages/oslo_config/cfg.py:3549}}
Aug 16 21:57:48.491093 np0000007415 devstack@n-api-meta.service[95991]: DEBUG dbcounter [-] [95991] Writer thread running {{(pid=95991) stat_writer /opt/stack/data/venv/lib/python3.12/site-packages/dbcounter.py:102}}
Aug 16 21:57:48.491140 np0000007415 devstack@n-api-meta.service[95992]: DEBUG nova.api.openstack.wsgi_app [None req-8441b293-5d0f-443f-8a64-d9cf4902a410 None None] instance_name_template = instance-%08x {{(pid=95992) log_opt_values /opt/stack/data/venv/lib/python3.12/site-packages/oslo_config/cfg.py:3549}}
Aug 16 21:57:48.491140 np0000007415 devstack@n-api-meta.service[95992]: DEBUG nova.api.openstack.wsgi_app [None req-8441b293-5d0f-443f-8a64-d9cf4902a410 None None] instance_usage_audit = False {{(pid=95992) log_opt_values /opt/stack/data/venv/lib/python3.12/site-packages/oslo_config/cfg.py:3549}}
Aug 16 21:57:48.491140 np0000007415 devstack@n-api-meta.service[95992]: DEBUG nova.api.openstack.wsgi_app [None req-8441b293-5d0f-443f-8a64-d9cf4902a410 None None] instance_usage_audit_period = month {{(pid=95992) log_opt_values /opt/stack/data/venv/lib/python3.12/site-packages/oslo_config/cfg.py:3549}}
Aug 16 21:57:48.491247 np0000007415 devstack@n-api-meta.service[95992]: DEBUG nova.api.openstack.wsgi_app [None req-8441b293-5d0f-443f-8a64-d9cf4902a410 None None] instance_uuid_format = [instance: %(uuid)s] {{(pid=95992) log_opt_values /opt/stack/data/venv/lib/python3.12/site-packages/oslo_config/cfg.py:3549}}
Aug 16 21:57:48.491324 np0000007415 devstack@n-api-meta.service[95992]: DEBUG nova.api.openstack.wsgi_app [None req-8441b293-5d0f-443f-8a64-d9cf4902a410 None None] instances_path = /opt/stack/data/nova/instances {{(pid=95992) log_opt_values /opt/stack/data/venv/lib/python3.12/site-packages/oslo_config/cfg.py:3549}}
Aug 16 21:57:48.491448 np0000007415 devstack@n-api-meta.service[95992]: DEBUG nova.api.openstack.wsgi_app [None req-8441b293-5d0f-443f-8a64-d9cf4902a410 None None] internal_service_availability_zone = internal {{(pid=95992) log_opt_values /opt/stack/data/venv/lib/python3.12/site-packages/oslo_config/cfg.py:3549}}
Aug 16 21:57:48.491558 np0000007415 devstack@n-api-meta.service[95992]: DEBUG nova.api.openstack.wsgi_app [None req-8441b293-5d0f-443f-8a64-d9cf4902a410 None None] key = None {{(pid=95992) log_opt_values /opt/stack/data/venv/lib/python3.12/site-packages/oslo_config/cfg.py:3549}}
Aug 16 21:57:48.491667 np0000007415 devstack@n-api-meta.service[95992]: DEBUG nova.api.openstack.wsgi_app [None req-8441b293-5d0f-443f-8a64-d9cf4902a410 None None] live_migration_retry_count = 30 {{(pid=95992) log_opt_values /opt/stack/data/venv/lib/python3.12/site-packages/oslo_config/cfg.py:3549}}
Aug 16 21:57:48.491816 np0000007415 devstack@n-api-meta.service[95992]: DEBUG nova.api.openstack.wsgi_app [None req-8441b293-5d0f-443f-8a64-d9cf4902a410 None None] log_color = False {{(pid=95992) log_opt_values /opt/stack/data/venv/lib/python3.12/site-packages/oslo_config/cfg.py:3549}}
Aug 16 21:57:48.491921 np0000007415 devstack@n-api-meta.service[95992]: DEBUG nova.api.openstack.wsgi_app [None req-8441b293-5d0f-443f-8a64-d9cf4902a410 None None] log_config_append = None {{(pid=95992) log_opt_values /opt/stack/data/venv/lib/python3.12/site-packages/oslo_config/cfg.py:3549}}
Aug 16 21:57:48.492036 np0000007415 devstack@n-api-meta.service[95992]: DEBUG nova.api.openstack.wsgi_app [None req-8441b293-5d0f-443f-8a64-d9cf4902a410 None None] log_date_format = %Y-%m-%d %H:%M:%S {{(pid=95992) log_opt_values /opt/stack/data/venv/lib/python3.12/site-packages/oslo_config/cfg.py:3549}}
Aug 16 21:57:48.492158 np0000007415 devstack@n-api-meta.service[95992]: DEBUG nova.api.openstack.wsgi_app [None req-8441b293-5d0f-443f-8a64-d9cf4902a410 None None] log_dir = None {{(pid=95992) log_opt_values /opt/stack/data/venv/lib/python3.12/site-packages/oslo_config/cfg.py:3549}}
Aug 16 21:57:48.492209 np0000007415 devstack@n-api-meta.service[95993]: WARNING nova.api.metadata.handler [None req-a876d0c8-1a78-4888-bd9e-59c0d387003e None None] metadata_proxy_shared_secret is not configured, the metadata information returned by the proxy cannot be trusted
Aug 16 21:57:48.492279 np0000007415 devstack@n-api-meta.service[95992]: DEBUG nova.api.openstack.wsgi_app [None req-8441b293-5d0f-443f-8a64-d9cf4902a410 None None] log_file = None {{(pid=95992) log_opt_values /opt/stack/data/venv/lib/python3.12/site-packages/oslo_config/cfg.py:3549}}
Aug 16 21:57:48.492951 np0000007415 devstack@n-api-meta.service[95992]: DEBUG nova.api.openstack.wsgi_app [None req-8441b293-5d0f-443f-8a64-d9cf4902a410 None None] log_options = True {{(pid=95992) log_opt_values /opt/stack/data/venv/lib/python3.12/site-packages/oslo_config/cfg.py:3549}}
Aug 16 21:57:48.492951 np0000007415 devstack@n-api-meta.service[95992]: DEBUG nova.api.openstack.wsgi_app [None req-8441b293-5d0f-443f-8a64-d9cf4902a410 None None] log_rotate_interval = 1 {{(pid=95992) log_opt_values /opt/stack/data/venv/lib/python3.12/site-packages/oslo_config/cfg.py:3549}}
Aug 16 21:57:48.492951 np0000007415 devstack@n-api-meta.service[95992]: DEBUG nova.api.openstack.wsgi_app [None req-8441b293-5d0f-443f-8a64-d9cf4902a410 None None] log_rotate_interval_type = days {{(pid=95992) log_opt_values /opt/stack/data/venv/lib/python3.12/site-packages/oslo_config/cfg.py:3549}}
Aug 16 21:57:48.492951 np0000007415 devstack@n-api-meta.service[95992]: DEBUG nova.api.openstack.wsgi_app [None req-8441b293-5d0f-443f-8a64-d9cf4902a410 None None] log_rotation_type = none {{(pid=95992) log_opt_values /opt/stack/data/venv/lib/python3.12/site-packages/oslo_config/cfg.py:3549}}
Aug 16 21:57:48.492951 np0000007415 devstack@n-api-meta.service[95992]: DEBUG nova.api.openstack.wsgi_app [None req-8441b293-5d0f-443f-8a64-d9cf4902a410 None None] logging_context_format_string = %(color)s%(levelname)s %(name)s [%(global_request_id)s %(request_id)s %(project_name)s %(user_name)s%(color)s] %(instance)s%(color)s%(message)s {{(pid=95992) log_opt_values /opt/stack/data/venv/lib/python3.12/site-packages/oslo_config/cfg.py:3549}}
Aug 16 21:57:48.492951 np0000007415 devstack@n-api-meta.service[95992]: DEBUG nova.api.openstack.wsgi_app [None req-8441b293-5d0f-443f-8a64-d9cf4902a410 None None] logging_debug_format_suffix = {{(pid=%(process)d) %(funcName)s %(pathname)s:%(lineno)d}} {{(pid=95992) log_opt_values /opt/stack/data/venv/lib/python3.12/site-packages/oslo_config/cfg.py:3549}}
Aug 16 21:57:48.493209 np0000007415 devstack@n-api-meta.service[95992]: DEBUG nova.api.openstack.wsgi_app [None req-8441b293-5d0f-443f-8a64-d9cf4902a410 None None] logging_default_format_string = %(color)s%(levelname)s %(name)s [-%(color)s] %(instance)s%(color)s%(message)s {{(pid=95992) log_opt_values /opt/stack/data/venv/lib/python3.12/site-packages/oslo_config/cfg.py:3549}}
Aug 16 21:57:48.493209 np0000007415 devstack@n-api-meta.service[95992]: DEBUG nova.api.openstack.wsgi_app [None req-8441b293-5d0f-443f-8a64-d9cf4902a410 None None] logging_exception_prefix = ERROR %(name)s %(instance)s {{(pid=95992) log_opt_values /opt/stack/data/venv/lib/python3.12/site-packages/oslo_config/cfg.py:3549}}
