Jul 03 02:22:49.148157 np0000004352 devstack@g-api.service[102857]: DEBUG glance.api.middleware.version_negotiation [None req-8450bbf0-fdb2-4246-95d1-46c8427b1b1b tempest-AttachSCSIVolumeTestJSON-2023040551 tempest-AttachSCSIVolumeTestJSON-2023040551-project-reader] new path /v2/images/b6789a9c-8ba7-4cf3-be2a-988e5281cdd1/file {{(pid=102857) process_request /opt/stack/glance/glance/api/middleware/version_negotiation.py:70}}
Jul 03 02:22:49.181720 np0000004352 devstack@g-api.service[102856]: DEBUG glance.image_cache.drivers.centralized_db [None req-29a246c1-455c-4dd2-b372-d198ac2e7e19 tempest-AttachSCSIVolumeTestJSON-342422977 tempest-AttachSCSIVolumeTestJSON-342422977-project-admin] Fetch finished, moving '/opt/stack/data/glance/cache/incomplete/ea993fc3-c724-45f7-8dae-63cf2cac16e5' to '/opt/stack/data/glance/cache/ea993fc3-c724-45f7-8dae-63cf2cac16e5' {{(pid=102856) commit /opt/stack/glance/glance/image_cache/drivers/centralized_db.py:243}}
Jul 03 02:22:49.201565 np0000004352 devstack@g-api.service[102856]: DEBUG glance.image_cache.drivers.centralized_db [None req-29a246c1-455c-4dd2-b372-d198ac2e7e19 tempest-AttachSCSIVolumeTestJSON-342422977 tempest-AttachSCSIVolumeTestJSON-342422977-project-admin] Image cached successfully. {{(pid=102856) commit /opt/stack/glance/glance/image_cache/drivers/centralized_db.py:258}}
Jul 03 02:22:49.201685 np0000004352 devstack@g-api.service[102856]: [pid: 102856|app: 0|req: 9/32] 127.0.0.1 () {40 vars in 848 bytes} [Fri Jul 3 02:22:47 2026] GET /v2/images/ea993fc3-c724-45f7-8dae-63cf2cac16e5/file => generated 21692416 bytes in 1419 msecs (HTTP/1.1 200) 4 headers in 191 bytes (335 switches on core 0)
Jul 03 02:22:49.203028 np0000004352 devstack@g-api.service[102858]: [pid: 102858|app: 0|req: 9/33] 127.0.0.1 () {44 vars in 1115 bytes} [Fri Jul 3 02:22:48 2026] GET /v2/images/ea993fc3-c724-45f7-8dae-63cf2cac16e5 => generated 1044 bytes in 291 msecs (HTTP/1.1 200) 4 headers in 158 bytes (1 switches on core 0)
Jul 03 02:22:49.210475 np0000004352 devstack@g-api.service[102855]: DEBUG glance.api.middleware.version_negotiation [None req-27c3ff24-e2e6-4b37-8f97-3542db0f5278 tempest-AttachSCSIVolumeTestJSON-342422977 tempest-AttachSCSIVolumeTestJSON-342422977-project-admin] Determining version of request: GET /v2/schemas/image Accept: */* {{(pid=102855) process_request /opt/stack/glance/glance/api/middleware/version_negotiation.py:44}}
Jul 03 02:22:49.210669 np0000004352 devstack@g-api.service[102855]: DEBUG glance.api.middleware.version_negotiation [None req-27c3ff24-e2e6-4b37-8f97-3542db0f5278 tempest-AttachSCSIVolumeTestJSON-342422977 tempest-AttachSCSIVolumeTestJSON-342422977-project-admin] Using url versioning {{(pid=102855) process_request /opt/stack/glance/glance/api/middleware/version_negotiation.py:57}}
Jul 03 02:22:49.210785 np0000004352 devstack@g-api.service[102855]: DEBUG glance.api.middleware.version_negotiation [None req-27c3ff24-e2e6-4b37-8f97-3542db0f5278 tempest-AttachSCSIVolumeTestJSON-342422977 tempest-AttachSCSIVolumeTestJSON-342422977-project-admin] Matched version: v2 {{(pid=102855) process_request /opt/stack/glance/glance/api/middleware/version_negotiation.py:69}}
Jul 03 02:22:49.210895 np0000004352 devstack@g-api.service[102855]: DEBUG glance.api.middleware.version_negotiation [None req-27c3ff24-e2e6-4b37-8f97-3542db0f5278 tempest-AttachSCSIVolumeTestJSON-342422977 tempest-AttachSCSIVolumeTestJSON-342422977-project-admin] new path /v2/schemas/image {{(pid=102855) process_request /opt/stack/glance/glance/api/middleware/version_negotiation.py:70}}
Jul 03 02:22:49.213013 np0000004352 devstack@g-api.service[102855]: [pid: 102855|app: 0|req: 9/34] 127.0.0.1 () {44 vars in 1055 bytes} [Fri Jul 3 02:22:49 2026] GET /v2/schemas/image => generated 6083 bytes in 3 msecs (HTTP/1.1 200) 4 headers in 158 bytes (1 switches on core 0)
Jul 03 02:22:49.220902 np0000004352 devstack@g-api.service[102856]: DEBUG glance.api.middleware.version_negotiation [None req-29a246c1-455c-4dd2-b372-d198ac2e7e19 tempest-AttachSCSIVolumeTestJSON-342422977 tempest-AttachSCSIVolumeTestJSON-342422977-project-admin] Determining version of request: GET /v2/schemas/image Accept: */* {{(pid=102856) process_request /opt/stack/glance/glance/api/middleware/version_negotiation.py:44}}
Jul 03 02:22:49.220941 np0000004352 devstack@g-api.service[102856]: DEBUG glance.api.middleware.version_negotiation [None req-29a246c1-455c-4dd2-b372-d198ac2e7e19 tempest-AttachSCSIVolumeTestJSON-342422977 tempest-AttachSCSIVolumeTestJSON-342422977-project-admin] Using url versioning {{(pid=102856) process_request /opt/stack/glance/glance/api/middleware/version_negotiation.py:57}}
Jul 03 02:22:49.221066 np0000004352 devstack@g-api.service[102856]: DEBUG glance.api.middleware.version_negotiation [None req-29a246c1-455c-4dd2-b372-d198ac2e7e19 tempest-AttachSCSIVolumeTestJSON-342422977 tempest-AttachSCSIVolumeTestJSON-342422977-project-admin] Matched version: v2 {{(pid=102856) process_request /opt/stack/glance/glance/api/middleware/version_negotiation.py:69}}
Jul 03 02:22:49.221175 np0000004352 devstack@g-api.service[102856]: DEBUG glance.api.middleware.version_negotiation [None req-29a246c1-455c-4dd2-b372-d198ac2e7e19 tempest-AttachSCSIVolumeTestJSON-342422977 tempest-AttachSCSIVolumeTestJSON-342422977-project-admin] new path /v2/schemas/image {{(pid=102856) process_request /opt/stack/glance/glance/api/middleware/version_negotiation.py:70}}
Jul 03 02:22:49.225220 np0000004352 devstack@g-api.service[102856]: [pid: 102856|app: 0|req: 10/35] 127.0.0.1 () {44 vars in 1055 bytes} [Fri Jul 3 02:22:49 2026] GET /v2/schemas/image => generated 6083 bytes in 4 msecs (HTTP/1.1 200) 4 headers in 158 bytes (1 switches on core 0)
Jul 03 02:22:49.232555 np0000004352 devstack@g-api.service[102858]: DEBUG glance.api.middleware.version_negotiation [None req-23583daf-3cd1-4fc6-b471-3569c7935569 tempest-TaggedBootDevicesTest-34022744 tempest-TaggedBootDevicesTest-34022744-project-member] Determining version of request: GET /v2/images/ea993fc3-c724-45f7-8dae-63cf2cac16e5 Accept: */* {{(pid=102858) process_request /opt/stack/glance/glance/api/middleware/version_negotiation.py:44}}
Jul 03 02:22:49.232683 np0000004352 devstack@g-api.service[102858]: DEBUG glance.api.middleware.version_negotiation [None req-23583daf-3cd1-4fc6-b471-3569c7935569 tempest-TaggedBootDevicesTest-34022744 tempest-TaggedBootDevicesTest-34022744-project-member] Using url versioning {{(pid=102858) process_request /opt/stack/glance/glance/api/middleware/version_negotiation.py:57}}
Jul 03 02:22:49.232786 np0000004352 devstack@g-api.service[102858]: DEBUG glance.api.middleware.version_negotiation [None req-23583daf-3cd1-4fc6-b471-3569c7935569 tempest-TaggedBootDevicesTest-34022744 tempest-TaggedBootDevicesTest-34022744-project-member] Matched version: v2 {{(pid=102858) process_request /opt/stack/glance/glance/api/middleware/version_negotiation.py:69}}
Jul 03 02:22:49.233451 np0000004352 devstack@g-api.service[102858]: DEBUG glance.api.middleware.version_negotiation [None req-23583daf-3cd1-4fc6-b471-3569c7935569 tempest-TaggedBootDevicesTest-34022744 tempest-TaggedBootDevicesTest-34022744-project-member] new path /v2/images/ea993fc3-c724-45f7-8dae-63cf2cac16e5 {{(pid=102858) process_request /opt/stack/glance/glance/api/middleware/version_negotiation.py:70}}
Jul 03 02:22:49.242842 np0000004352 devstack@g-api.service[102858]: [pid: 102858|app: 0|req: 10/36] 127.0.0.1 () {44 vars in 1115 bytes} [Fri Jul 3 02:22:49 2026] GET /v2/images/ea993fc3-c724-45f7-8dae-63cf2cac16e5 => generated 1044 bytes in 10 msecs (HTTP/1.1 200) 4 headers in 158 bytes (1 switches on core 0)
Jul 03 02:22:49.250189 np0000004352 devstack@g-api.service[102855]: DEBUG glance.api.middleware.version_negotiation [None req-23583daf-3cd1-4fc6-b471-3569c7935569 tempest-TaggedBootDevicesTest-34022744 tempest-TaggedBootDevicesTest-34022744-project-member] Determining version of request: GET /v2/schemas/image Accept: */* {{(pid=102855) process_request /opt/stack/glance/glance/api/middleware/version_negotiation.py:44}}
Jul 03 02:22:49.250189 np0000004352 devstack@g-api.service[102855]: DEBUG glance.api.middleware.version_negotiation [None req-23583daf-3cd1-4fc6-b471-3569c7935569 tempest-TaggedBootDevicesTest-34022744 tempest-TaggedBootDevicesTest-34022744-project-member] Using url versioning {{(pid=102855) process_request /opt/stack/glance/glance/api/middleware/version_negotiation.py:57}}
Jul 03 02:22:49.250403 np0000004352 devstack@g-api.service[102855]: DEBUG glance.api.middleware.version_negotiation [None req-23583daf-3cd1-4fc6-b471-3569c7935569 tempest-TaggedBootDevicesTest-34022744 tempest-TaggedBootDevicesTest-34022744-project-member] Matched version: v2 {{(pid=102855) process_request /opt/stack/glance/glance/api/middleware/version_negotiation.py:69}}
Jul 03 02:22:49.250403 np0000004352 devstack@g-api.service[102855]: DEBUG glance.api.middleware.version_negotiation [None req-23583daf-3cd1-4fc6-b471-3569c7935569 tempest-TaggedBootDevicesTest-34022744 tempest-TaggedBootDevicesTest-34022744-project-member] new path /v2/schemas/image {{(pid=102855) process_request /opt/stack/glance/glance/api/middleware/version_negotiation.py:70}}
Jul 03 02:22:49.252467 np0000004352 devstack@g-api.service[102855]: [pid: 102855|app: 0|req: 10/37] 127.0.0.1 () {44 vars in 1055 bytes} [Fri Jul 3 02:22:49 2026] GET /v2/schemas/image => generated 6083 bytes in 3 msecs (HTTP/1.1 200) 4 headers in 158 bytes (1 switches on core 0)
Jul 03 02:22:49.260729 np0000004352 devstack@g-api.service[102856]: DEBUG glance.api.middleware.version_negotiation [None req-23583daf-3cd1-4fc6-b471-3569c7935569 tempest-TaggedBootDevicesTest-34022744 tempest-TaggedBootDevicesTest-34022744-project-member] Determining version of request: GET /v2/schemas/image Accept: */* {{(pid=102856) process_request /opt/stack/glance/glance/api/middleware/version_negotiation.py:44}}
Jul 03 02:22:49.260919 np0000004352 devstack@g-api.service[102856]: DEBUG glance.api.middleware.version_negotiation [None req-23583daf-3cd1-4fc6-b471-3569c7935569 tempest-TaggedBootDevicesTest-34022744 tempest-TaggedBootDevicesTest-34022744-project-member] Using url versioning {{(pid=102856) process_request /opt/stack/glance/glance/api/middleware/version_negotiation.py:57}}
Jul 03 02:22:49.261084 np0000004352 devstack@g-api.service[102856]: DEBUG glance.api.middleware.version_negotiation [None req-23583daf-3cd1-4fc6-b471-3569c7935569 tempest-TaggedBootDevicesTest-34022744 tempest-TaggedBootDevicesTest-34022744-project-member] Matched version: v2 {{(pid=102856) process_request /opt/stack/glance/glance/api/middleware/version_negotiation.py:69}}
Jul 03 02:22:49.261260 np0000004352 devstack@g-api.service[102856]: DEBUG glance.api.middleware.version_negotiation [None req-23583daf-3cd1-4fc6-b471-3569c7935569 tempest-TaggedBootDevicesTest-34022744 tempest-TaggedBootDevicesTest-34022744-project-member] new path /v2/schemas/image {{(pid=102856) process_request /opt/stack/glance/glance/api/middleware/version_negotiation.py:70}}
Jul 03 02:22:49.263938 np0000004352 devstack@g-api.service[102856]: [pid: 102856|app: 0|req: 11/38] 127.0.0.1 () {44 vars in 1055 bytes} [Fri Jul 3 02:22:49 2026] GET /v2/schemas/image => generated 6083 bytes in 3 msecs (HTTP/1.1 200) 4 headers in 158 bytes (1 switches on core 0)
Jul 03 02:22:49.313009 np0000004352 devstack@g-api.service[102858]: DEBUG glance.api.middleware.version_negotiation [None req-23583daf-3cd1-4fc6-b471-3569c7935569 tempest-TaggedBootDevicesTest-34022744 tempest-TaggedBootDevicesTest-34022744-project-member] Determining version of request: GET /v2/images/ea993fc3-c724-45f7-8dae-63cf2cac16e5 Accept: */* {{(pid=102858) process_request /opt/stack/glance/glance/api/middleware/version_negotiation.py:44}}
Jul 03 02:22:49.313139 np0000004352 devstack@g-api.service[102858]: DEBUG glance.api.middleware.version_negotiation [None req-23583daf-3cd1-4fc6-b471-3569c7935569 tempest-TaggedBootDevicesTest-34022744 tempest-TaggedBootDevicesTest-34022744-project-member] Using url versioning {{(pid=102858) process_request /opt/stack/glance/glance/api/middleware/version_negotiation.py:57}}
Jul 03 02:22:49.313291 np0000004352 devstack@g-api.service[102858]: DEBUG glance.api.middleware.version_negotiation [None req-23583daf-3cd1-4fc6-b471-3569c7935569 tempest-TaggedBootDevicesTest-34022744 tempest-TaggedBootDevicesTest-34022744-project-member] Matched version: v2 {{(pid=102858) process_request /opt/stack/glance/glance/api/middleware/version_negotiation.py:69}}
Jul 03 02:22:49.313781 np0000004352 devstack@g-api.service[102858]: DEBUG glance.api.middleware.version_negotiation [None req-23583daf-3cd1-4fc6-b471-3569c7935569 tempest-TaggedBootDevicesTest-34022744 tempest-TaggedBootDevicesTest-34022744-project-member] new path /v2/images/ea993fc3-c724-45f7-8dae-63cf2cac16e5 {{(pid=102858) process_request /opt/stack/glance/glance/api/middleware/version_negotiation.py:70}}
Jul 03 02:22:49.326601 np0000004352 devstack@g-api.service[102858]: [pid: 102858|app: 0|req: 11/39] 127.0.0.1 () {44 vars in 1115 bytes} [Fri Jul 3 02:22:49 2026] GET /v2/images/ea993fc3-c724-45f7-8dae-63cf2cac16e5 => generated 1044 bytes in 12 msecs (HTTP/1.1 200) 4 headers in 158 bytes (1 switches on core 0)
Jul 03 02:22:49.335813 np0000004352 devstack@g-api.service[102855]: DEBUG glance.api.middleware.version_negotiation [None req-23583daf-3cd1-4fc6-b471-3569c7935569 tempest-TaggedBootDevicesTest-34022744 tempest-TaggedBootDevicesTest-34022744-project-member] Determining version of request: GET /v2/schemas/image Accept: */* {{(pid=102855) process_request /opt/stack/glance/glance/api/middleware/version_negotiation.py:44}}
Jul 03 02:22:49.335813 np0000004352 devstack@g-api.service[102855]: DEBUG glance.api.middleware.version_negotiation [None req-23583daf-3cd1-4fc6-b471-3569c7935569 tempest-TaggedBootDevicesTest-34022744 tempest-TaggedBootDevicesTest-34022744-project-member] Using url versioning {{(pid=102855) process_request /opt/stack/glance/glance/api/middleware/version_negotiation.py:57}}
Jul 03 02:22:49.335813 np0000004352 devstack@g-api.service[102855]: DEBUG glance.api.middleware.version_negotiation [None req-23583daf-3cd1-4fc6-b471-3569c7935569 tempest-TaggedBootDevicesTest-34022744 tempest-TaggedBootDevicesTest-34022744-project-member] Matched version: v2 {{(pid=102855) process_request /opt/stack/glance/glance/api/middleware/version_negotiation.py:69}}
Jul 03 02:22:49.335813 np0000004352 devstack@g-api.service[102855]: DEBUG glance.api.middleware.version_negotiation [None req-23583daf-3cd1-4fc6-b471-3569c7935569 tempest-TaggedBootDevicesTest-34022744 tempest-TaggedBootDevicesTest-34022744-project-member] new path /v2/schemas/image {{(pid=102855) process_request /opt/stack/glance/glance/api/middleware/version_negotiation.py:70}}
Jul 03 02:22:49.337195 np0000004352 devstack@g-api.service[102855]: [pid: 102855|app: 0|req: 11/40] 127.0.0.1 () {44 vars in 1055 bytes} [Fri Jul 3 02:22:49 2026] GET /v2/schemas/image => generated 6083 bytes in 3 msecs (HTTP/1.1 200) 4 headers in 158 bytes (1 switches on core 0)
Jul 03 02:22:49.347575 np0000004352 devstack@g-api.service[102856]: DEBUG glance.api.middleware.version_negotiation [None req-23583daf-3cd1-4fc6-b471-3569c7935569 tempest-TaggedBootDevicesTest-34022744 tempest-TaggedBootDevicesTest-34022744-project-member] Determining version of request: GET /v2/schemas/image Accept: */* {{(pid=102856) process_request /opt/stack/glance/glance/api/middleware/version_negotiation.py:44}}
Jul 03 02:22:49.347884 np0000004352 devstack@g-api.service[102856]: DEBUG glance.api.middleware.version_negotiation [None req-23583daf-3cd1-4fc6-b471-3569c7935569 tempest-TaggedBootDevicesTest-34022744 tempest-TaggedBootDevicesTest-34022744-project-member] Using url versioning {{(pid=102856) process_request /opt/stack/glance/glance/api/middleware/version_negotiation.py:57}}
Jul 03 02:22:49.347884 np0000004352 devstack@g-api.service[102856]: DEBUG glance.api.middleware.version_negotiation [None req-23583daf-3cd1-4fc6-b471-3569c7935569 tempest-TaggedBootDevicesTest-34022744 tempest-TaggedBootDevicesTest-34022744-project-member] Matched version: v2 {{(pid=102856) process_request /opt/stack/glance/glance/api/middleware/version_negotiation.py:69}}
Jul 03 02:22:49.347996 np0000004352 devstack@g-api.service[102856]: DEBUG glance.api.middleware.version_negotiation [None req-23583daf-3cd1-4fc6-b471-3569c7935569 tempest-TaggedBootDevicesTest-34022744 tempest-TaggedBootDevicesTest-34022744-project-member] new path /v2/schemas/image {{(pid=102856) process_request /opt/stack/glance/glance/api/middleware/version_negotiation.py:70}}
Jul 03 02:22:49.350498 np0000004352 devstack@g-api.service[102856]: [pid: 102856|app: 0|req: 12/41] 127.0.0.1 () {44 vars in 1055 bytes} [Fri Jul 3 02:22:49 2026] GET /v2/schemas/image => generated 6083 bytes in 3 msecs (HTTP/1.1 200) 4 headers in 158 bytes (1 switches on core 0)
Jul 03 02:22:49.826459 np0000004352 devstack@g-api.service[102857]: INFO glance.api.v2.image_data [None req-700a0420-0f38-4ea8-94de-7927200abd89 tempest-AttachSCSIVolumeTestJSON-342422977 tempest-AttachSCSIVolumeTestJSON-342422977-project-admin] Unable to create trust: no such option collect_timing in group [keystone_authtoken] Use the existing user token.
Jul 03 02:22:50.093034 np0000004352 devstack@g-api.service[102858]: DEBUG glance.api.middleware.version_negotiation [None req-23583daf-3cd1-4fc6-b471-3569c7935569 tempest-TaggedBootDevicesTest-34022744 tempest-TaggedBootDevicesTest-34022744-project-member] Determining version of request: GET /versions Accept: */* {{(pid=102858) process_request /opt/stack/glance/glance/api/middleware/version_negotiation.py:44}}
Jul 03 02:22:50.093842 np0000004352 devstack@g-api.service[102858]: [pid: 102858|app: 0|req: 12/42] 127.0.0.1 () {44 vars in 1039 bytes} [Fri Jul 3 02:22:50 2026] GET /versions => generated 1407 bytes in 1 msecs (HTTP/1.1 200) 3 headers in 92 bytes (1 switches on core 0)
Jul 03 02:22:50.102265 np0000004352 devstack@g-api.service[102855]: DEBUG glance.api.middleware.version_negotiation [None req-23583daf-3cd1-4fc6-b471-3569c7935569 tempest-TaggedBootDevicesTest-34022744 tempest-TaggedBootDevicesTest-34022744-project-member] Determining version of request: GET /v2/images/ea993fc3-c724-45f7-8dae-63cf2cac16e5/locations Accept: */* {{(pid=102855) process_request /opt/stack/glance/glance/api/middleware/version_negotiation.py:44}}
Jul 03 02:22:50.102703 np0000004352 devstack@g-api.service[102855]: DEBUG glance.api.middleware.version_negotiation [None req-23583daf-3cd1-4fc6-b471-3569c7935569 tempest-TaggedBootDevicesTest-34022744 tempest-TaggedBootDevicesTest-34022744-project-member] Using url versioning {{(pid=102855) process_request /opt/stack/glance/glance/api/middleware/version_negotiation.py:57}}
Jul 03 02:22:50.104489 np0000004352 devstack@g-api.service[102855]: DEBUG glance.api.middleware.version_negotiation [None req-23583daf-3cd1-4fc6-b471-3569c7935569 tempest-TaggedBootDevicesTest-34022744 tempest-TaggedBootDevicesTest-34022744-project-member] Matched version: v2 {{(pid=102855) process_request /opt/stack/glance/glance/api/middleware/version_negotiation.py:69}}
Jul 03 02:22:50.104489 np0000004352 devstack@g-api.service[102855]: DEBUG glance.api.middleware.version_negotiation [None req-23583daf-3cd1-4fc6-b471-3569c7935569 tempest-TaggedBootDevicesTest-34022744 tempest-TaggedBootDevicesTest-34022744-project-member] new path /v2/images/ea993fc3-c724-45f7-8dae-63cf2cac16e5/locations {{(pid=102855) process_request /opt/stack/glance/glance/api/middleware/version_negotiation.py:70}}
Jul 03 02:22:50.398188 np0000004352 devstack@g-api.service[102857]: DEBUG glance.location [None req-700a0420-0f38-4ea8-94de-7927200abd89 tempest-AttachSCSIVolumeTestJSON-342422977 tempest-AttachSCSIVolumeTestJSON-342422977-project-admin] Enabling in-flight format inspection for qcow2 {{(pid=102857) set_data /opt/stack/glance/glance/location.py:596}}
Jul 03 02:22:50.398593 np0000004352 devstack@g-api.service[102857]: DEBUG glance_store.backend [None req-700a0420-0f38-4ea8-94de-7927200abd89 tempest-AttachSCSIVolumeTestJSON-342422977 tempest-AttachSCSIVolumeTestJSON-342422977-project-admin] Attempting to import store swift {{(pid=102857) _load_store /opt/stack/data/venv/lib/python3.12/site-packages/glance_store/backend.py:215}}
Jul 03 02:22:50.399795 np0000004352 devstack@g-api.service[102857]: DEBUG glance_store.capabilities [None req-700a0420-0f38-4ea8-94de-7927200abd89 tempest-AttachSCSIVolumeTestJSON-342422977 tempest-AttachSCSIVolumeTestJSON-342422977-project-admin] Store glance_store._drivers.swift.store.SingleTenantStore doesn't support updating dynamic storage capabilities. Please overwrite 'update_capabilities' method of the store to implement updating logics if needed. {{(pid=102857) update_capabilities /opt/stack/data/venv/lib/python3.12/site-packages/glance_store/capabilities.py:91}}
Jul 03 02:22:50.399895 np0000004352 devstack@g-api.service[102857]: DEBUG glance_store.driver [None req-700a0420-0f38-4ea8-94de-7927200abd89 tempest-AttachSCSIVolumeTestJSON-342422977 tempest-AttachSCSIVolumeTestJSON-342422977-project-admin] Late loading location class glance_store._drivers.swift.store.StoreLocation {{(pid=102857) get_store_location_class /opt/stack/data/venv/lib/python3.12/site-packages/glance_store/driver.py:134}}
Jul 03 02:22:50.399966 np0000004352 devstack@g-api.service[102857]: DEBUG glance_store.location [None req-700a0420-0f38-4ea8-94de-7927200abd89 tempest-AttachSCSIVolumeTestJSON-342422977 tempest-AttachSCSIVolumeTestJSON-342422977-project-admin] Registering scheme swift+https with {'store': , 'location_class': , 'store_entry': 'swift'} {{(pid=102857) register_scheme_map /opt/stack/data/venv/lib/python3.12/site-packages/glance_store/location.py:146}}
Jul 03 02:22:50.400025 np0000004352 devstack@g-api.service[102857]: DEBUG glance_store.location [None req-700a0420-0f38-4ea8-94de-7927200abd89 tempest-AttachSCSIVolumeTestJSON-342422977 tempest-AttachSCSIVolumeTestJSON-342422977-project-admin] Registering scheme swift+https with {'store': , 'location_class': , 'store_entry': 'swift'} {{(pid=102857) register_scheme_map /opt/stack/data/venv/lib/python3.12/site-packages/glance_store/location.py:146}}
Jul 03 02:22:50.400168 np0000004352 devstack@g-api.service[102857]: DEBUG glance_store.location [None req-700a0420-0f38-4ea8-94de-7927200abd89 tempest-AttachSCSIVolumeTestJSON-342422977 tempest-AttachSCSIVolumeTestJSON-342422977-project-admin] Registering scheme swift with {'store': , 'location_class': , 'store_entry': 'swift'} {{(pid=102857) register_scheme_map /opt/stack/data/venv/lib/python3.12/site-packages/glance_store/location.py:146}}
Jul 03 02:22:50.400253 np0000004352 devstack@g-api.service[102857]: DEBUG glance_store.location [None req-700a0420-0f38-4ea8-94de-7927200abd89 tempest-AttachSCSIVolumeTestJSON-342422977 tempest-AttachSCSIVolumeTestJSON-342422977-project-admin] Registering scheme swift+https with {'store': , 'location_class': , 'store_entry': 'swift'} {{(pid=102857) register_scheme_map /opt/stack/data/venv/lib/python3.12/site-packages/glance_store/location.py:146}}
Jul 03 02:22:50.400253 np0000004352 devstack@g-api.service[102857]: DEBUG glance_store.location [None req-700a0420-0f38-4ea8-94de-7927200abd89 tempest-AttachSCSIVolumeTestJSON-342422977 tempest-AttachSCSIVolumeTestJSON-342422977-project-admin] Registering scheme swift with {'store': , 'location_class': , 'store_entry': 'swift'} {{(pid=102857) register_scheme_map /opt/stack/data/venv/lib/python3.12/site-packages/glance_store/location.py:146}}
Jul 03 02:22:50.400331 np0000004352 devstack@g-api.service[102857]: DEBUG glance_store.location [None req-700a0420-0f38-4ea8-94de-7927200abd89 tempest-AttachSCSIVolumeTestJSON-342422977 tempest-AttachSCSIVolumeTestJSON-342422977-project-admin] Registering scheme swift+http with {'store': , 'location_class': , 'store_entry': 'swift'} {{(pid=102857) register_scheme_map /opt/stack/data/venv/lib/python3.12/site-packages/glance_store/location.py:146}}
Jul 03 02:22:50.400398 np0000004352 devstack@g-api.service[102857]: DEBUG glance_store.location [None req-700a0420-0f38-4ea8-94de-7927200abd89 tempest-AttachSCSIVolumeTestJSON-342422977 tempest-AttachSCSIVolumeTestJSON-342422977-project-admin] Registering scheme swift+https with {'store': , 'location_class': , 'store_entry': 'swift'} {{(pid=102857) register_scheme_map /opt/stack/data/venv/lib/python3.12/site-packages/glance_store/location.py:146}}
Jul 03 02:22:50.400460 np0000004352 devstack@g-api.service[102857]: DEBUG glance_store.location [None req-700a0420-0f38-4ea8-94de-7927200abd89 tempest-AttachSCSIVolumeTestJSON-342422977 tempest-AttachSCSIVolumeTestJSON-342422977-project-admin] Registering scheme swift with {'store': , 'location_class': , 'store_entry': 'swift'} {{(pid=102857) register_scheme_map /opt/stack/data/venv/lib/python3.12/site-packages/glance_store/location.py:146}}
Jul 03 02:22:50.400536 np0000004352 devstack@g-api.service[102857]: DEBUG glance_store.location [None req-700a0420-0f38-4ea8-94de-7927200abd89 tempest-AttachSCSIVolumeTestJSON-342422977 tempest-AttachSCSIVolumeTestJSON-342422977-project-admin] Registering scheme swift+http with {'store': , 'location_class': , 'store_entry': 'swift'} {{(pid=102857) register_scheme_map /opt/stack/data/venv/lib/python3.12/site-packages/glance_store/location.py:146}}
Jul 03 02:22:50.400601 np0000004352 devstack@g-api.service[102857]: DEBUG glance_store.location [None req-700a0420-0f38-4ea8-94de-7927200abd89 tempest-AttachSCSIVolumeTestJSON-342422977 tempest-AttachSCSIVolumeTestJSON-342422977-project-admin] Registering scheme swift+config with {'store': , 'location_class': , 'store_entry': 'swift'} {{(pid=102857) register_scheme_map /opt/stack/data/venv/lib/python3.12/site-packages/glance_store/location.py:146}}
Jul 03 02:22:50.467567 np0000004352 devstack@g-api.service[102855]: [pid: 102855|app: 0|req: 12/43] 127.0.0.1 () {44 vars in 1135 bytes} [Fri Jul 3 02:22:50 2026] GET /v2/images/ea993fc3-c724-45f7-8dae-63cf2cac16e5/locations => generated 92 bytes in 365 msecs (HTTP/1.1 200) 4 headers in 156 bytes (1 switches on core 0)
Jul 03 02:22:50.475258 np0000004352 devstack@g-api.service[102856]: DEBUG glance.api.middleware.version_negotiation [None req-23583daf-3cd1-4fc6-b471-3569c7935569 tempest-TaggedBootDevicesTest-34022744 tempest-TaggedBootDevicesTest-34022744-project-member] Determining version of request: GET /v2/images/ea993fc3-c724-45f7-8dae-63cf2cac16e5 Accept: */* {{(pid=102856) process_request /opt/stack/glance/glance/api/middleware/version_negotiation.py:44}}
Jul 03 02:22:50.475724 np0000004352 devstack@g-api.service[102856]: DEBUG glance.api.middleware.version_negotiation [None req-23583daf-3cd1-4fc6-b471-3569c7935569 tempest-TaggedBootDevicesTest-34022744 tempest-TaggedBootDevicesTest-34022744-project-member] Using url versioning {{(pid=102856) process_request /opt/stack/glance/glance/api/middleware/version_negotiation.py:57}}
Jul 03 02:22:50.475724 np0000004352 devstack@g-api.service[102856]: DEBUG glance.api.middleware.version_negotiation [None req-23583daf-3cd1-4fc6-b471-3569c7935569 tempest-TaggedBootDevicesTest-34022744 tempest-TaggedBootDevicesTest-34022744-project-member] Matched version: v2 {{(pid=102856) process_request /opt/stack/glance/glance/api/middleware/version_negotiation.py:69}}
Jul 03 02:22:50.475724 np0000004352 devstack@g-api.service[102856]: DEBUG glance.api.middleware.version_negotiation [None req-23583daf-3cd1-4fc6-b471-3569c7935569 tempest-TaggedBootDevicesTest-34022744 tempest-TaggedBootDevicesTest-34022744-project-member] new path /v2/images/ea993fc3-c724-45f7-8dae-63cf2cac16e5 {{(pid=102856) process_request /opt/stack/glance/glance/api/middleware/version_negotiation.py:70}}
Jul 03 02:22:50.485785 np0000004352 devstack@g-api.service[102856]: [pid: 102856|app: 0|req: 13/44] 127.0.0.1 () {44 vars in 1115 bytes} [Fri Jul 3 02:22:50 2026] GET /v2/images/ea993fc3-c724-45f7-8dae-63cf2cac16e5 => generated 1044 bytes in 10 msecs (HTTP/1.1 200) 4 headers in 158 bytes (1 switches on core 0)
Jul 03 02:22:50.493009 np0000004352 devstack@g-api.service[102858]: DEBUG glance.api.middleware.version_negotiation [None req-23583daf-3cd1-4fc6-b471-3569c7935569 tempest-TaggedBootDevicesTest-34022744 tempest-TaggedBootDevicesTest-34022744-project-member] Determining version of request: GET /v2/schemas/image Accept: */* {{(pid=102858) process_request /opt/stack/glance/glance/api/middleware/version_negotiation.py:44}}
Jul 03 02:22:50.493249 np0000004352 devstack@g-api.service[102858]: DEBUG glance.api.middleware.version_negotiation [None req-23583daf-3cd1-4fc6-b471-3569c7935569 tempest-TaggedBootDevicesTest-34022744 tempest-TaggedBootDevicesTest-34022744-project-member] Using url versioning {{(pid=102858) process_request /opt/stack/glance/glance/api/middleware/version_negotiation.py:57}}
Jul 03 02:22:50.493465 np0000004352 devstack@g-api.service[102858]: DEBUG glance.api.middleware.version_negotiation [None req-23583daf-3cd1-4fc6-b471-3569c7935569 tempest-TaggedBootDevicesTest-34022744 tempest-TaggedBootDevicesTest-34022744-project-member] Matched version: v2 {{(pid=102858) process_request /opt/stack/glance/glance/api/middleware/version_negotiation.py:69}}
Jul 03 02:22:50.493630 np0000004352 devstack@g-api.service[102858]: DEBUG glance.api.middleware.version_negotiation [None req-23583daf-3cd1-4fc6-b471-3569c7935569 tempest-TaggedBootDevicesTest-34022744 tempest-TaggedBootDevicesTest-34022744-project-member] new path /v2/schemas/image {{(pid=102858) process_request /opt/stack/glance/glance/api/middleware/version_negotiation.py:70}}
Jul 03 02:22:50.496739 np0000004352 devstack@g-api.service[102858]: [pid: 102858|app: 0|req: 13/45] 127.0.0.1 () {44 vars in 1055 bytes} [Fri Jul 3 02:22:50 2026] GET /v2/schemas/image => generated 6083 bytes in 4 msecs (HTTP/1.1 200) 4 headers in 158 bytes (1 switches on core 0)
Jul 03 02:22:50.504328 np0000004352 devstack@g-api.service[102855]: DEBUG glance.api.middleware.version_negotiation [None req-23583daf-3cd1-4fc6-b471-3569c7935569 service glance] Determining version of request: GET /v2/schemas/image Accept: */* {{(pid=102855) process_request /opt/stack/glance/glance/api/middleware/version_negotiation.py:44}}
Jul 03 02:22:50.504466 np0000004352 devstack@g-api.service[102855]: DEBUG glance.api.middleware.version_negotiation [None req-23583daf-3cd1-4fc6-b471-3569c7935569 service glance] Using url versioning {{(pid=102855) process_request /opt/stack/glance/glance/api/middleware/version_negotiation.py:57}}
Jul 03 02:22:50.504575 np0000004352 devstack@g-api.service[102855]: DEBUG glance.api.middleware.version_negotiation [None req-23583daf-3cd1-4fc6-b471-3569c7935569 service glance] Matched version: v2 {{(pid=102855) process_request /opt/stack/glance/glance/api/middleware/version_negotiation.py:69}}
Jul 03 02:22:50.504701 np0000004352 devstack@g-api.service[102855]: DEBUG glance.api.middleware.version_negotiation [None req-23583daf-3cd1-4fc6-b471-3569c7935569 service glance] new path /v2/schemas/image {{(pid=102855) process_request /opt/stack/glance/glance/api/middleware/version_negotiation.py:70}}
Jul 03 02:22:50.506829 np0000004352 devstack@g-api.service[102855]: [pid: 102855|app: 0|req: 13/46] 127.0.0.1 () {44 vars in 1055 bytes} [Fri Jul 3 02:22:50 2026] GET /v2/schemas/image => generated 6083 bytes in 2 msecs (HTTP/1.1 200) 4 headers in 158 bytes (1 switches on core 0)
Jul 03 02:22:50.533309 np0000004352 devstack@g-api.service[102856]: DEBUG glance.api.middleware.version_negotiation [None req-23583daf-3cd1-4fc6-b471-3569c7935569 tempest-TaggedBootDevicesTest-34022744 tempest-TaggedBootDevicesTest-34022744-project-member] Determining version of request: GET /v2/images/ea993fc3-c724-45f7-8dae-63cf2cac16e5 Accept: */* {{(pid=102856) process_request /opt/stack/glance/glance/api/middleware/version_negotiation.py:44}}
Jul 03 02:22:50.533577 np0000004352 devstack@g-api.service[102856]: DEBUG glance.api.middleware.version_negotiation [None req-23583daf-3cd1-4fc6-b471-3569c7935569 tempest-TaggedBootDevicesTest-34022744 tempest-TaggedBootDevicesTest-34022744-project-member] Using url versioning {{(pid=102856) process_request /opt/stack/glance/glance/api/middleware/version_negotiation.py:57}}
Jul 03 02:22:50.533754 np0000004352 devstack@g-api.service[102856]: DEBUG glance.api.middleware.version_negotiation [None req-23583daf-3cd1-4fc6-b471-3569c7935569 tempest-TaggedBootDevicesTest-34022744 tempest-TaggedBootDevicesTest-34022744-project-member] Matched version: v2 {{(pid=102856) process_request /opt/stack/glance/glance/api/middleware/version_negotiation.py:69}}
Jul 03 02:22:50.533897 np0000004352 devstack@g-api.service[102856]: DEBUG glance.api.middleware.version_negotiation [None req-23583daf-3cd1-4fc6-b471-3569c7935569 tempest-TaggedBootDevicesTest-34022744 tempest-TaggedBootDevicesTest-34022744-project-member] new path /v2/images/ea993fc3-c724-45f7-8dae-63cf2cac16e5 {{(pid=102856) process_request /opt/stack/glance/glance/api/middleware/version_negotiation.py:70}}
Jul 03 02:22:50.549190 np0000004352 devstack@g-api.service[102856]: [pid: 102856|app: 0|req: 14/47] 127.0.0.1 () {44 vars in 1115 bytes} [Fri Jul 3 02:22:50 2026] GET /v2/images/ea993fc3-c724-45f7-8dae-63cf2cac16e5 => generated 1044 bytes in 16 msecs (HTTP/1.1 200) 4 headers in 158 bytes (1 switches on core 0)
Jul 03 02:22:50.556784 np0000004352 devstack@g-api.service[102858]: DEBUG glance.api.middleware.version_negotiation [None req-23583daf-3cd1-4fc6-b471-3569c7935569 tempest-TaggedBootDevicesTest-34022744 tempest-TaggedBootDevicesTest-34022744-project-member] Determining version of request: GET /v2/images/ea993fc3-c724-45f7-8dae-63cf2cac16e5/file Accept: */* {{(pid=102858) process_request /opt/stack/glance/glance/api/middleware/version_negotiation.py:44}}
Jul 03 02:22:50.556909 np0000004352 devstack@g-api.service[102858]: DEBUG glance.api.middleware.version_negotiation [None req-23583daf-3cd1-4fc6-b471-3569c7935569 tempest-TaggedBootDevicesTest-34022744 tempest-TaggedBootDevicesTest-34022744-project-member] Using url versioning {{(pid=102858) process_request /opt/stack/glance/glance/api/middleware/version_negotiation.py:57}}
Jul 03 02:22:50.557433 np0000004352 devstack@g-api.service[102858]: DEBUG glance.api.middleware.version_negotiation [None req-23583daf-3cd1-4fc6-b471-3569c7935569 tempest-TaggedBootDevicesTest-34022744 tempest-TaggedBootDevicesTest-34022744-project-member] Matched version: v2 {{(pid=102858) process_request /opt/stack/glance/glance/api/middleware/version_negotiation.py:69}}
Jul 03 02:22:50.557433 np0000004352 devstack@g-api.service[102858]: DEBUG glance.api.middleware.version_negotiation [None req-23583daf-3cd1-4fc6-b471-3569c7935569 tempest-TaggedBootDevicesTest-34022744 tempest-TaggedBootDevicesTest-34022744-project-member] new path /v2/images/ea993fc3-c724-45f7-8dae-63cf2cac16e5/file {{(pid=102858) process_request /opt/stack/glance/glance/api/middleware/version_negotiation.py:70}}
Jul 03 02:22:50.566454 np0000004352 devstack@g-api.service[102858]: DEBUG glance.api.middleware.cache [None req-23583daf-3cd1-4fc6-b471-3569c7935569 tempest-TaggedBootDevicesTest-34022744 tempest-TaggedBootDevicesTest-34022744-project-member] Cache hit for image 'ea993fc3-c724-45f7-8dae-63cf2cac16e5' {{(pid=102858) process_request /opt/stack/glance/glance/api/middleware/cache.py:160}}
Jul 03 02:22:50.644126 np0000004352 devstack@g-api.service[102858]: [pid: 102858|app: 0|req: 14/48] 127.0.0.1 () {44 vars in 1125 bytes} [Fri Jul 3 02:22:50 2026] GET /v2/images/ea993fc3-c724-45f7-8dae-63cf2cac16e5/file => generated 21692416 bytes in 87 msecs (HTTP/1.1 200) 5 headers in 217 bytes (338 switches on core 0)
Jul 03 02:22:50.720348 np0000004352 devstack@g-api.service[102855]: DEBUG glance.api.middleware.version_negotiation [None req-23583daf-3cd1-4fc6-b471-3569c7935569 tempest-TaggedBootDevicesTest-34022744 tempest-TaggedBootDevicesTest-34022744-project-member] Determining version of request: GET /v2/images/ea993fc3-c724-45f7-8dae-63cf2cac16e5 Accept: */* {{(pid=102855) process_request /opt/stack/glance/glance/api/middleware/version_negotiation.py:44}}
Jul 03 02:22:50.720574 np0000004352 devstack@g-api.service[102855]: DEBUG glance.api.middleware.version_negotiation [None req-23583daf-3cd1-4fc6-b471-3569c7935569 tempest-TaggedBootDevicesTest-34022744 tempest-TaggedBootDevicesTest-34022744-project-member] Using url versioning {{(pid=102855) process_request /opt/stack/glance/glance/api/middleware/version_negotiation.py:57}}
Jul 03 02:22:50.720733 np0000004352 devstack@g-api.service[102855]: DEBUG glance.api.middleware.version_negotiation [None req-23583daf-3cd1-4fc6-b471-3569c7935569 tempest-TaggedBootDevicesTest-34022744 tempest-TaggedBootDevicesTest-34022744-project-member] Matched version: v2 {{(pid=102855) process_request /opt/stack/glance/glance/api/middleware/version_negotiation.py:69}}
Jul 03 02:22:50.720871 np0000004352 devstack@g-api.service[102855]: DEBUG glance.api.middleware.version_negotiation [None req-23583daf-3cd1-4fc6-b471-3569c7935569 tempest-TaggedBootDevicesTest-34022744 tempest-TaggedBootDevicesTest-34022744-project-member] new path /v2/images/ea993fc3-c724-45f7-8dae-63cf2cac16e5 {{(pid=102855) process_request /opt/stack/glance/glance/api/middleware/version_negotiation.py:70}}
Jul 03 02:22:50.732247 np0000004352 devstack@g-api.service[102855]: [pid: 102855|app: 0|req: 14/49] 127.0.0.1 () {44 vars in 1115 bytes} [Fri Jul 3 02:22:50 2026] GET /v2/images/ea993fc3-c724-45f7-8dae-63cf2cac16e5 => generated 1044 bytes in 12 msecs (HTTP/1.1 200) 4 headers in 158 bytes (1 switches on core 0)
Jul 03 02:22:50.741584 np0000004352 devstack@g-api.service[102856]: DEBUG glance.api.middleware.version_negotiation [None req-23583daf-3cd1-4fc6-b471-3569c7935569 tempest-TaggedBootDevicesTest-34022744 tempest-TaggedBootDevicesTest-34022744-project-member] Determining version of request: GET /v2/schemas/image Accept: */* {{(pid=102856) process_request /opt/stack/glance/glance/api/middleware/version_negotiation.py:44}}
Jul 03 02:22:50.741584 np0000004352 devstack@g-api.service[102856]: DEBUG glance.api.middleware.version_negotiation [None req-23583daf-3cd1-4fc6-b471-3569c7935569 tempest-TaggedBootDevicesTest-34022744 tempest-TaggedBootDevicesTest-34022744-project-member] Using url versioning {{(pid=102856) process_request /opt/stack/glance/glance/api/middleware/version_negotiation.py:57}}
Jul 03 02:22:50.741584 np0000004352 devstack@g-api.service[102856]: DEBUG glance.api.middleware.version_negotiation [None req-23583daf-3cd1-4fc6-b471-3569c7935569 tempest-TaggedBootDevicesTest-34022744 tempest-TaggedBootDevicesTest-34022744-project-member] Matched version: v2 {{(pid=102856) process_request /opt/stack/glance/glance/api/middleware/version_negotiation.py:69}}
Jul 03 02:22:50.741584 np0000004352 devstack@g-api.service[102856]: DEBUG glance.api.middleware.version_negotiation [None req-23583daf-3cd1-4fc6-b471-3569c7935569 tempest-TaggedBootDevicesTest-34022744 tempest-TaggedBootDevicesTest-34022744-project-member] new path /v2/schemas/image {{(pid=102856) process_request /opt/stack/glance/glance/api/middleware/version_negotiation.py:70}}
Jul 03 02:22:50.744225 np0000004352 devstack@g-api.service[102856]: [pid: 102856|app: 0|req: 15/50] 127.0.0.1 () {44 vars in 1055 bytes} [Fri Jul 3 02:22:50 2026] GET /v2/schemas/image => generated 6083 bytes in 4 msecs (HTTP/1.1 200) 4 headers in 158 bytes (1 switches on core 0)
Jul 03 02:22:50.806083 np0000004352 devstack@g-api.service[102857]: DEBUG swiftclient [None req-700a0420-0f38-4ea8-94de-7927200abd89 tempest-AttachSCSIVolumeTestJSON-342422977 tempest-AttachSCSIVolumeTestJSON-342422977-project-admin] REQ: curl -i https://10.4.3.223:8080/v1/AUTH_83082817483c49afbbcd4607429e1931/glance -I -H "X-Auth-Token: gAAAAABqRxz6ZqUc..." {{(pid=102857) http_log /opt/stack/data/venv/lib/python3.12/site-packages/swiftclient/client.py:160}}
Jul 03 02:22:50.806272 np0000004352 devstack@g-api.service[102857]: DEBUG swiftclient [None req-700a0420-0f38-4ea8-94de-7927200abd89 tempest-AttachSCSIVolumeTestJSON-342422977 tempest-AttachSCSIVolumeTestJSON-342422977-project-admin] RESP STATUS: 204 No Content {{(pid=102857) http_log /opt/stack/data/venv/lib/python3.12/site-packages/swiftclient/client.py:161}}
Jul 03 02:22:50.806450 np0000004352 devstack@g-api.service[102857]: DEBUG swiftclient [None req-700a0420-0f38-4ea8-94de-7927200abd89 tempest-AttachSCSIVolumeTestJSON-342422977 tempest-AttachSCSIVolumeTestJSON-342422977-project-admin] RESP HEADERS: {'Date': 'Fri, 03 Jul 2026 02:22:50 GMT', 'Server': 'Apache/2.4.58 (Ubuntu)', 'Content-Type': 'text/plain; charset=utf-8', 'X-Container-Object-Count': '3', 'X-Container-Bytes-Used': '64356352', 'X-Timestamp': '1783045268.09236', 'Last-Modified': 'Fri, 03 Jul 2026 02:21:09 GMT', 'Accept-Ranges': 'bytes', 'X-Storage-Policy': 'Policy-0', 'X-Container-Sharding': 'False', 'Vary': 'Accept', 'X-Trans-Id': 'tx23bbebcb417245a184e97-006a471cfa', 'X-Openstack-Request-Id': 'tx23bbebcb417245a184e97-006a471cfa', 'Connection': 'close'} {{(pid=102857) http_log /opt/stack/data/venv/lib/python3.12/site-packages/swiftclient/client.py:162}}
Jul 03 02:22:50.806674 np0000004352 devstack@g-api.service[102857]: DEBUG glance_store._drivers.swift.store [None req-700a0420-0f38-4ea8-94de-7927200abd89 tempest-AttachSCSIVolumeTestJSON-342422977 tempest-AttachSCSIVolumeTestJSON-342422977-project-admin] Adding image object 'b6789a9c-8ba7-4cf3-be2a-988e5281cdd1' to Swift {{(pid=102857) add /opt/stack/data/venv/lib/python3.12/site-packages/glance_store/_drivers/swift/store.py:970}}
Jul 03 02:22:50.806783 np0000004352 devstack@g-api.service[102857]: DEBUG glance_store._drivers.swift.store [None req-700a0420-0f38-4ea8-94de-7927200abd89 tempest-AttachSCSIVolumeTestJSON-342422977 tempest-AttachSCSIVolumeTestJSON-342422977-project-admin] Cannot determine image size because it is either not provided in the request or chunked-transfer encoding is used. Adding image as a segmented object to Swift. {{(pid=102857) add /opt/stack/data/venv/lib/python3.12/site-packages/glance_store/_drivers/swift/store.py:994}}
Jul 03 02:22:50.814051 np0000004352 devstack@g-api.service[102857]: DEBUG oslo_utils.imageutils.format_inspector [None req-700a0420-0f38-4ea8-94de-7927200abd89 tempest-AttachSCSIVolumeTestJSON-342422977 tempest-AttachSCSIVolumeTestJSON-342422977-project-admin] Format inspector for vmdk does not match, excluding from consideration (Signature KDMV not found: b'QFI\xfb') {{(pid=102857) _process_chunk /opt/stack/data/venv/lib/python3.12/site-packages/oslo_utils/imageutils/format_inspector.py:1758}}
Jul 03 02:22:50.816690 np0000004352 devstack@g-api.service[102857]: DEBUG oslo_utils.imageutils.format_inspector [None req-700a0420-0f38-4ea8-94de-7927200abd89 tempest-AttachSCSIVolumeTestJSON-342422977 tempest-AttachSCSIVolumeTestJSON-342422977-project-admin] Format inspector for vhdx does not match, excluding from consideration (Region signature not found at 30000) {{(pid=102857) _process_chunk /opt/stack/data/venv/lib/python3.12/site-packages/oslo_utils/imageutils/format_inspector.py:1758}}
Jul 03 02:22:51.061268 np0000004352 devstack@g-api.service[102857]: DEBUG swiftclient [None req-700a0420-0f38-4ea8-94de-7927200abd89 tempest-AttachSCSIVolumeTestJSON-342422977 tempest-AttachSCSIVolumeTestJSON-342422977-project-admin] REQ: curl -i https://10.4.3.223:8080/v1/AUTH_83082817483c49afbbcd4607429e1931/glance/b6789a9c-8ba7-4cf3-be2a-988e5281cdd1-00001 -X PUT -H "X-Auth-Token: gAAAAABqRxz6ZqUc..." {{(pid=102857) http_log /opt/stack/data/venv/lib/python3.12/site-packages/swiftclient/client.py:160}}
Jul 03 02:22:51.061436 np0000004352 devstack@g-api.service[102857]: DEBUG swiftclient [None req-700a0420-0f38-4ea8-94de-7927200abd89 tempest-AttachSCSIVolumeTestJSON-342422977 tempest-AttachSCSIVolumeTestJSON-342422977-project-admin] RESP STATUS: 201 Created {{(pid=102857) http_log /opt/stack/data/venv/lib/python3.12/site-packages/swiftclient/client.py:161}}
Jul 03 02:22:51.061674 np0000004352 devstack@g-api.service[102857]: DEBUG swiftclient [None req-700a0420-0f38-4ea8-94de-7927200abd89 tempest-AttachSCSIVolumeTestJSON-342422977 tempest-AttachSCSIVolumeTestJSON-342422977-project-admin] RESP HEADERS: {'Date': 'Fri, 03 Jul 2026 02:22:51 GMT', 'Server': 'Apache/2.4.58 (Ubuntu)', 'Content-Type': 'text/html; charset=UTF-8', 'Content-Length': '0', 'Etag': '87617e24a5e30cb3b87fda8c0764838f', 'Last-Modified': 'Fri, 03 Jul 2026 02:22:51 GMT', 'X-Trans-Id': 'tx55a772572de34aec93821-006a471cfa', 'X-Openstack-Request-Id': 'tx55a772572de34aec93821-006a471cfa', 'Connection': 'close'} {{(pid=102857) http_log /opt/stack/data/venv/lib/python3.12/site-packages/swiftclient/client.py:162}}
Jul 03 02:22:51.061830 np0000004352 devstack@g-api.service[102857]: DEBUG glance_store._drivers.swift.store [None req-700a0420-0f38-4ea8-94de-7927200abd89 tempest-AttachSCSIVolumeTestJSON-342422977 tempest-AttachSCSIVolumeTestJSON-342422977-project-admin] Wrote chunk b6789a9c-8ba7-4cf3-be2a-988e5281cdd1-00001 (1/?) of length 21692416 to Swift returning MD5 of content: 87617e24a5e30cb3b87fda8c0764838f {{(pid=102857) add /opt/stack/data/venv/lib/python3.12/site-packages/glance_store/_drivers/swift/store.py:1059}}
Jul 03 02:22:51.062158 np0000004352 devstack@g-api.service[102857]: DEBUG glance_store._drivers.swift.store [None req-700a0420-0f38-4ea8-94de-7927200abd89 tempest-AttachSCSIVolumeTestJSON-342422977 tempest-AttachSCSIVolumeTestJSON-342422977-project-admin] Not writing zero-length chunk. {{(pid=102857) add /opt/stack/data/venv/lib/python3.12/site-packages/glance_store/_drivers/swift/store.py:1028}}
Jul 03 02:22:51.086028 np0000004352 devstack@g-api.service[102857]: DEBUG swiftclient [None req-700a0420-0f38-4ea8-94de-7927200abd89 tempest-AttachSCSIVolumeTestJSON-342422977 tempest-AttachSCSIVolumeTestJSON-342422977-project-admin] REQ: curl -i https://10.4.3.223:8080/v1/AUTH_83082817483c49afbbcd4607429e1931/glance/b6789a9c-8ba7-4cf3-be2a-988e5281cdd1 -X PUT -H "X-Object-Manifest: glance/b6789a9c-8ba7-4cf3-be2a-988e5281cdd1-" -H "X-Auth-Token: gAAAAABqRxz6ZqUc..." -H "Content-Length: 0" {{(pid=102857) http_log /opt/stack/data/venv/lib/python3.12/site-packages/swiftclient/client.py:160}}
Jul 03 02:22:51.086214 np0000004352 devstack@g-api.service[102857]: DEBUG swiftclient [None req-700a0420-0f38-4ea8-94de-7927200abd89 tempest-AttachSCSIVolumeTestJSON-342422977 tempest-AttachSCSIVolumeTestJSON-342422977-project-admin] RESP STATUS: 201 Created {{(pid=102857) http_log /opt/stack/data/venv/lib/python3.12/site-packages/swiftclient/client.py:161}}
Jul 03 02:22:51.086444 np0000004352 devstack@g-api.service[102857]: DEBUG swiftclient [None req-700a0420-0f38-4ea8-94de-7927200abd89 tempest-AttachSCSIVolumeTestJSON-342422977 tempest-AttachSCSIVolumeTestJSON-342422977-project-admin] RESP HEADERS: {'Date': 'Fri, 03 Jul 2026 02:22:51 GMT', 'Server': 'Apache/2.4.58 (Ubuntu)', 'Content-Type': 'text/html; charset=UTF-8', 'Content-Length': '0', 'Etag': 'd41d8cd98f00b204e9800998ecf8427e', 'Last-Modified': 'Fri, 03 Jul 2026 02:22:52 GMT', 'X-Trans-Id': 'txb0411646c88749d8bd78e-006a471cfb', 'X-Openstack-Request-Id': 'txb0411646c88749d8bd78e-006a471cfb', 'Connection': 'close'} {{(pid=102857) http_log /opt/stack/data/venv/lib/python3.12/site-packages/swiftclient/client.py:162}}
Jul 03 02:22:51.087119 np0000004352 devstack@g-api.service[102857]: INFO glance.location [None req-700a0420-0f38-4ea8-94de-7927200abd89 tempest-AttachSCSIVolumeTestJSON-342422977 tempest-AttachSCSIVolumeTestJSON-342422977-project-admin] Image format matched and virtual size computed: 117440512
Jul 03 02:22:51.112584 np0000004352 devstack@g-api.service[102857]: DEBUG glance_store.backend [None req-700a0420-0f38-4ea8-94de-7927200abd89 tempest-AttachSCSIVolumeTestJSON-342422977 tempest-AttachSCSIVolumeTestJSON-342422977-project-admin] Attempting to import store swift {{(pid=102857) _load_store /opt/stack/data/venv/lib/python3.12/site-packages/glance_store/backend.py:215}}
Jul 03 02:22:51.113812 np0000004352 devstack@g-api.service[102857]: DEBUG glance_store.capabilities [None req-700a0420-0f38-4ea8-94de-7927200abd89 tempest-AttachSCSIVolumeTestJSON-342422977 tempest-AttachSCSIVolumeTestJSON-342422977-project-admin] Store glance_store._drivers.swift.store.SingleTenantStore doesn't support updating dynamic storage capabilities. Please overwrite 'update_capabilities' method of the store to implement updating logics if needed. {{(pid=102857) update_capabilities /opt/stack/data/venv/lib/python3.12/site-packages/glance_store/capabilities.py:91}}
Jul 03 02:22:51.113925 np0000004352 devstack@g-api.service[102857]: DEBUG glance_store.driver [None req-700a0420-0f38-4ea8-94de-7927200abd89 tempest-AttachSCSIVolumeTestJSON-342422977 tempest-AttachSCSIVolumeTestJSON-342422977-project-admin] Late loading location class glance_store._drivers.swift.store.StoreLocation {{(pid=102857) get_store_location_class /opt/stack/data/venv/lib/python3.12/site-packages/glance_store/driver.py:134}}
Jul 03 02:22:51.114045 np0000004352 devstack@g-api.service[102857]: DEBUG glance_store.location [None req-700a0420-0f38-4ea8-94de-7927200abd89 tempest-AttachSCSIVolumeTestJSON-342422977 tempest-AttachSCSIVolumeTestJSON-342422977-project-admin] Registering scheme swift+https with {'store': , 'location_class': , 'store_entry': 'swift'} {{(pid=102857) register_scheme_map /opt/stack/data/venv/lib/python3.12/site-packages/glance_store/location.py:146}}
Jul 03 02:22:51.114120 np0000004352 devstack@g-api.service[102857]: DEBUG glance_store.location [None req-700a0420-0f38-4ea8-94de-7927200abd89 tempest-AttachSCSIVolumeTestJSON-342422977 tempest-AttachSCSIVolumeTestJSON-342422977-project-admin] Registering scheme swift+https with {'store': , 'location_class': , 'store_entry': 'swift'} {{(pid=102857) register_scheme_map /opt/stack/data/venv/lib/python3.12/site-packages/glance_store/location.py:146}}
