Jul 03 02:20:39.660963 np0000004352 nova-scheduler[96574]: DEBUG cotyledon.oslo_config_glue [-] profiler.es_scroll_size = 10000 {{(pid=96574) log_opt_values /opt/stack/data/venv/lib/python3.12/site-packages/oslo_config/cfg.py:3253}}
Jul 03 02:20:39.660963 np0000004352 nova-scheduler[96574]: DEBUG cotyledon.oslo_config_glue [-] profiler.es_scroll_time = 2m {{(pid=96574) log_opt_values /opt/stack/data/venv/lib/python3.12/site-packages/oslo_config/cfg.py:3253}}
Jul 03 02:20:39.660963 np0000004352 nova-scheduler[96574]: DEBUG cotyledon.oslo_config_glue [-] profiler.filter_error_trace = False {{(pid=96574) log_opt_values /opt/stack/data/venv/lib/python3.12/site-packages/oslo_config/cfg.py:3253}}
Jul 03 02:20:39.660963 np0000004352 nova-scheduler[96574]: DEBUG cotyledon.oslo_config_glue [-] profiler.hmac_keys = **** {{(pid=96574) log_opt_values /opt/stack/data/venv/lib/python3.12/site-packages/oslo_config/cfg.py:3253}}
Jul 03 02:20:39.661121 np0000004352 nova-scheduler[96574]: DEBUG cotyledon.oslo_config_glue [-] profiler.sentinel_service_name = mymaster {{(pid=96574) log_opt_values /opt/stack/data/venv/lib/python3.12/site-packages/oslo_config/cfg.py:3253}}
Jul 03 02:20:39.661121 np0000004352 nova-scheduler[96574]: DEBUG cotyledon.oslo_config_glue [-] profiler.socket_timeout = 0.1 {{(pid=96574) log_opt_values /opt/stack/data/venv/lib/python3.12/site-packages/oslo_config/cfg.py:3253}}
Jul 03 02:20:39.661121 np0000004352 nova-scheduler[96574]: DEBUG cotyledon.oslo_config_glue [-] profiler.trace_requests = False {{(pid=96574) log_opt_values /opt/stack/data/venv/lib/python3.12/site-packages/oslo_config/cfg.py:3253}}
Jul 03 02:20:39.661121 np0000004352 nova-scheduler[96574]: DEBUG cotyledon.oslo_config_glue [-] profiler.trace_sqlalchemy = False {{(pid=96574) log_opt_values /opt/stack/data/venv/lib/python3.12/site-packages/oslo_config/cfg.py:3253}}
Jul 03 02:20:39.661121 np0000004352 nova-scheduler[96574]: DEBUG cotyledon.oslo_config_glue [-] profiler_jaeger.process_tags = {} {{(pid=96574) log_opt_values /opt/stack/data/venv/lib/python3.12/site-packages/oslo_config/cfg.py:3253}}
Jul 03 02:20:39.661121 np0000004352 nova-scheduler[96574]: DEBUG cotyledon.oslo_config_glue [-] profiler_jaeger.service_name_prefix = None {{(pid=96574) log_opt_values /opt/stack/data/venv/lib/python3.12/site-packages/oslo_config/cfg.py:3253}}
Jul 03 02:20:39.661121 np0000004352 nova-scheduler[96574]: DEBUG cotyledon.oslo_config_glue [-] profiler_otlp.service_name_prefix = None {{(pid=96574) log_opt_values /opt/stack/data/venv/lib/python3.12/site-packages/oslo_config/cfg.py:3253}}
Jul 03 02:20:39.661121 np0000004352 nova-scheduler[96574]: DEBUG cotyledon.oslo_config_glue [-] oslo_messaging_rabbit.amqp_auto_delete = False {{(pid=96574) log_opt_values /opt/stack/data/venv/lib/python3.12/site-packages/oslo_config/cfg.py:3253}}
Jul 03 02:20:39.661121 np0000004352 nova-scheduler[96574]: DEBUG cotyledon.oslo_config_glue [-] oslo_messaging_rabbit.amqp_durable_queues = False {{(pid=96574) log_opt_values /opt/stack/data/venv/lib/python3.12/site-packages/oslo_config/cfg.py:3253}}
Jul 03 02:20:39.661287 np0000004352 nova-scheduler[96574]: DEBUG cotyledon.oslo_config_glue [-] oslo_messaging_rabbit.conn_pool_min_size = 2 {{(pid=96574) log_opt_values /opt/stack/data/venv/lib/python3.12/site-packages/oslo_config/cfg.py:3253}}
Jul 03 02:20:39.661287 np0000004352 nova-scheduler[96574]: DEBUG cotyledon.oslo_config_glue [-] oslo_messaging_rabbit.conn_pool_ttl = 1200 {{(pid=96574) log_opt_values /opt/stack/data/venv/lib/python3.12/site-packages/oslo_config/cfg.py:3253}}
Jul 03 02:20:39.661287 np0000004352 nova-scheduler[96574]: DEBUG cotyledon.oslo_config_glue [-] oslo_messaging_rabbit.direct_mandatory_flag = True {{(pid=96574) log_opt_values /opt/stack/data/venv/lib/python3.12/site-packages/oslo_config/cfg.py:3253}}
Jul 03 02:20:39.661287 np0000004352 nova-scheduler[96574]: DEBUG cotyledon.oslo_config_glue [-] oslo_messaging_rabbit.enable_cancel_on_failover = False {{(pid=96574) log_opt_values /opt/stack/data/venv/lib/python3.12/site-packages/oslo_config/cfg.py:3253}}
Jul 03 02:20:39.661287 np0000004352 nova-scheduler[96574]: DEBUG cotyledon.oslo_config_glue [-] oslo_messaging_rabbit.heartbeat_rate = 3 {{(pid=96574) log_opt_values /opt/stack/data/venv/lib/python3.12/site-packages/oslo_config/cfg.py:3253}}
Jul 03 02:20:39.661287 np0000004352 nova-scheduler[96574]: DEBUG cotyledon.oslo_config_glue [-] oslo_messaging_rabbit.heartbeat_timeout_threshold = 60 {{(pid=96574) log_opt_values /opt/stack/data/venv/lib/python3.12/site-packages/oslo_config/cfg.py:3253}}
Jul 03 02:20:39.661287 np0000004352 nova-scheduler[96574]: DEBUG cotyledon.oslo_config_glue [-] oslo_messaging_rabbit.hostname = np0000004352 {{(pid=96574) log_opt_values /opt/stack/data/venv/lib/python3.12/site-packages/oslo_config/cfg.py:3253}}
Jul 03 02:20:39.661287 np0000004352 nova-scheduler[96574]: DEBUG cotyledon.oslo_config_glue [-] oslo_messaging_rabbit.kombu_compression = None {{(pid=96574) log_opt_values /opt/stack/data/venv/lib/python3.12/site-packages/oslo_config/cfg.py:3253}}
Jul 03 02:20:39.661287 np0000004352 nova-scheduler[96574]: DEBUG cotyledon.oslo_config_glue [-] oslo_messaging_rabbit.kombu_failover_strategy = round-robin {{(pid=96574) log_opt_values /opt/stack/data/venv/lib/python3.12/site-packages/oslo_config/cfg.py:3253}}
Jul 03 02:20:39.661489 np0000004352 nova-scheduler[96574]: DEBUG cotyledon.oslo_config_glue [-] oslo_messaging_rabbit.kombu_missing_consumer_retry_timeout = 60 {{(pid=96574) log_opt_values /opt/stack/data/venv/lib/python3.12/site-packages/oslo_config/cfg.py:3253}}
Jul 03 02:20:39.661489 np0000004352 nova-scheduler[96574]: DEBUG cotyledon.oslo_config_glue [-] oslo_messaging_rabbit.kombu_reconnect_delay = 1.0 {{(pid=96574) log_opt_values /opt/stack/data/venv/lib/python3.12/site-packages/oslo_config/cfg.py:3253}}
Jul 03 02:20:39.661489 np0000004352 nova-scheduler[96574]: DEBUG cotyledon.oslo_config_glue [-] oslo_messaging_rabbit.kombu_reconnect_splay = 0.0 {{(pid=96574) log_opt_values /opt/stack/data/venv/lib/python3.12/site-packages/oslo_config/cfg.py:3253}}
Jul 03 02:20:39.661489 np0000004352 nova-scheduler[96574]: DEBUG cotyledon.oslo_config_glue [-] oslo_messaging_rabbit.processname = nova-scheduler {{(pid=96574) log_opt_values /opt/stack/data/venv/lib/python3.12/site-packages/oslo_config/cfg.py:3253}}
Jul 03 02:20:39.661489 np0000004352 nova-scheduler[96574]: DEBUG cotyledon.oslo_config_glue [-] oslo_messaging_rabbit.rabbit_ha_queues = False {{(pid=96574) log_opt_values /opt/stack/data/venv/lib/python3.12/site-packages/oslo_config/cfg.py:3253}}
Jul 03 02:20:39.661489 np0000004352 nova-scheduler[96574]: DEBUG cotyledon.oslo_config_glue [-] oslo_messaging_rabbit.rabbit_interval_max = 30 {{(pid=96574) log_opt_values /opt/stack/data/venv/lib/python3.12/site-packages/oslo_config/cfg.py:3253}}
Jul 03 02:20:39.661489 np0000004352 nova-scheduler[96574]: DEBUG cotyledon.oslo_config_glue [-] oslo_messaging_rabbit.rabbit_login_method = AMQPLAIN {{(pid=96574) log_opt_values /opt/stack/data/venv/lib/python3.12/site-packages/oslo_config/cfg.py:3253}}
Jul 03 02:20:39.661489 np0000004352 nova-scheduler[96574]: DEBUG cotyledon.oslo_config_glue [-] oslo_messaging_rabbit.rabbit_qos_prefetch_count = 0 {{(pid=96574) log_opt_values /opt/stack/data/venv/lib/python3.12/site-packages/oslo_config/cfg.py:3253}}
Jul 03 02:20:39.661489 np0000004352 nova-scheduler[96574]: DEBUG cotyledon.oslo_config_glue [-] oslo_messaging_rabbit.rabbit_quorum_delivery_limit = 0 {{(pid=96574) log_opt_values /opt/stack/data/venv/lib/python3.12/site-packages/oslo_config/cfg.py:3253}}
Jul 03 02:20:39.661671 np0000004352 nova-scheduler[96574]: DEBUG cotyledon.oslo_config_glue [-] oslo_messaging_rabbit.rabbit_quorum_max_memory_bytes = 0 {{(pid=96574) log_opt_values /opt/stack/data/venv/lib/python3.12/site-packages/oslo_config/cfg.py:3253}}
Jul 03 02:20:39.661671 np0000004352 nova-scheduler[96574]: DEBUG cotyledon.oslo_config_glue [-] oslo_messaging_rabbit.rabbit_quorum_max_memory_length = 0 {{(pid=96574) log_opt_values /opt/stack/data/venv/lib/python3.12/site-packages/oslo_config/cfg.py:3253}}
Jul 03 02:20:39.661671 np0000004352 nova-scheduler[96574]: DEBUG cotyledon.oslo_config_glue [-] oslo_messaging_rabbit.rabbit_quorum_queue = False {{(pid=96574) log_opt_values /opt/stack/data/venv/lib/python3.12/site-packages/oslo_config/cfg.py:3253}}
Jul 03 02:20:39.661671 np0000004352 nova-scheduler[96574]: DEBUG cotyledon.oslo_config_glue [-] oslo_messaging_rabbit.rabbit_retry_backoff = 2 {{(pid=96574) log_opt_values /opt/stack/data/venv/lib/python3.12/site-packages/oslo_config/cfg.py:3253}}
Jul 03 02:20:39.661671 np0000004352 nova-scheduler[96574]: DEBUG cotyledon.oslo_config_glue [-] oslo_messaging_rabbit.rabbit_retry_interval = 1 {{(pid=96574) log_opt_values /opt/stack/data/venv/lib/python3.12/site-packages/oslo_config/cfg.py:3253}}
Jul 03 02:20:39.661671 np0000004352 nova-scheduler[96574]: DEBUG cotyledon.oslo_config_glue [-] oslo_messaging_rabbit.rabbit_stream_fanout = False {{(pid=96574) log_opt_values /opt/stack/data/venv/lib/python3.12/site-packages/oslo_config/cfg.py:3253}}
Jul 03 02:20:39.661671 np0000004352 nova-scheduler[96574]: DEBUG cotyledon.oslo_config_glue [-] oslo_messaging_rabbit.rabbit_transient_queues_ttl = 1800 {{(pid=96574) log_opt_values /opt/stack/data/venv/lib/python3.12/site-packages/oslo_config/cfg.py:3253}}
Jul 03 02:20:39.661671 np0000004352 nova-scheduler[96574]: DEBUG cotyledon.oslo_config_glue [-] oslo_messaging_rabbit.rabbit_transient_quorum_queue = False {{(pid=96574) log_opt_values /opt/stack/data/venv/lib/python3.12/site-packages/oslo_config/cfg.py:3253}}
Jul 03 02:20:39.661848 np0000004352 nova-scheduler[96574]: DEBUG cotyledon.oslo_config_glue [-] oslo_messaging_rabbit.rpc_conn_pool_size = 30 {{(pid=96574) log_opt_values /opt/stack/data/venv/lib/python3.12/site-packages/oslo_config/cfg.py:3253}}
Jul 03 02:20:39.661848 np0000004352 nova-scheduler[96574]: DEBUG cotyledon.oslo_config_glue [-] oslo_messaging_rabbit.ssl = False {{(pid=96574) log_opt_values /opt/stack/data/venv/lib/python3.12/site-packages/oslo_config/cfg.py:3253}}
Jul 03 02:20:39.661848 np0000004352 nova-scheduler[96574]: DEBUG cotyledon.oslo_config_glue [-] oslo_messaging_rabbit.ssl_ca_file = {{(pid=96574) log_opt_values /opt/stack/data/venv/lib/python3.12/site-packages/oslo_config/cfg.py:3253}}
Jul 03 02:20:39.661848 np0000004352 nova-scheduler[96574]: DEBUG cotyledon.oslo_config_glue [-] oslo_messaging_rabbit.ssl_cert_file = {{(pid=96574) log_opt_values /opt/stack/data/venv/lib/python3.12/site-packages/oslo_config/cfg.py:3253}}
Jul 03 02:20:39.661848 np0000004352 nova-scheduler[96574]: DEBUG cotyledon.oslo_config_glue [-] oslo_messaging_rabbit.ssl_enforce_fips_mode = False {{(pid=96574) log_opt_values /opt/stack/data/venv/lib/python3.12/site-packages/oslo_config/cfg.py:3253}}
Jul 03 02:20:39.661848 np0000004352 nova-scheduler[96574]: DEBUG cotyledon.oslo_config_glue [-] oslo_messaging_rabbit.ssl_enforce_hostname_verification = True {{(pid=96574) log_opt_values /opt/stack/data/venv/lib/python3.12/site-packages/oslo_config/cfg.py:3253}}
Jul 03 02:20:39.661848 np0000004352 nova-scheduler[96574]: DEBUG cotyledon.oslo_config_glue [-] oslo_messaging_rabbit.ssl_key_file = {{(pid=96574) log_opt_values /opt/stack/data/venv/lib/python3.12/site-packages/oslo_config/cfg.py:3253}}
Jul 03 02:20:39.661848 np0000004352 nova-scheduler[96574]: DEBUG cotyledon.oslo_config_glue [-] oslo_messaging_rabbit.ssl_version = {{(pid=96574) log_opt_values /opt/stack/data/venv/lib/python3.12/site-packages/oslo_config/cfg.py:3253}}
Jul 03 02:20:39.661848 np0000004352 nova-scheduler[96574]: DEBUG cotyledon.oslo_config_glue [-] oslo_messaging_rabbit.use_queue_manager = False {{(pid=96574) log_opt_values /opt/stack/data/venv/lib/python3.12/site-packages/oslo_config/cfg.py:3253}}
Jul 03 02:20:39.662036 np0000004352 nova-scheduler[96574]: DEBUG cotyledon.oslo_config_glue [-] oslo_messaging_notifications.driver = ['messagingv2'] {{(pid=96574) log_opt_values /opt/stack/data/venv/lib/python3.12/site-packages/oslo_config/cfg.py:3253}}
Jul 03 02:20:39.662036 np0000004352 nova-scheduler[96574]: DEBUG cotyledon.oslo_config_glue [-] oslo_messaging_notifications.retry = -1 {{(pid=96574) log_opt_values /opt/stack/data/venv/lib/python3.12/site-packages/oslo_config/cfg.py:3253}}
Jul 03 02:20:39.662036 np0000004352 nova-scheduler[96574]: DEBUG cotyledon.oslo_config_glue [-] oslo_messaging_notifications.topics = ['notifications'] {{(pid=96574) log_opt_values /opt/stack/data/venv/lib/python3.12/site-packages/oslo_config/cfg.py:3253}}
Jul 03 02:20:39.662036 np0000004352 nova-scheduler[96574]: DEBUG cotyledon.oslo_config_glue [-] oslo_messaging_notifications.transport_url = **** {{(pid=96574) log_opt_values /opt/stack/data/venv/lib/python3.12/site-packages/oslo_config/cfg.py:3253}}
Jul 03 02:20:39.662036 np0000004352 nova-scheduler[96574]: DEBUG cotyledon.oslo_config_glue [-] oslo_limit.auth_section = None {{(pid=96574) log_opt_values /opt/stack/data/venv/lib/python3.12/site-packages/oslo_config/cfg.py:3253}}
Jul 03 02:20:39.662036 np0000004352 nova-scheduler[96574]: DEBUG cotyledon.oslo_config_glue [-] oslo_limit.auth_type = None {{(pid=96574) log_opt_values /opt/stack/data/venv/lib/python3.12/site-packages/oslo_config/cfg.py:3253}}
Jul 03 02:20:39.662036 np0000004352 nova-scheduler[96574]: DEBUG cotyledon.oslo_config_glue [-] oslo_limit.cafile = None {{(pid=96574) log_opt_values /opt/stack/data/venv/lib/python3.12/site-packages/oslo_config/cfg.py:3253}}
Jul 03 02:20:39.662036 np0000004352 nova-scheduler[96574]: DEBUG cotyledon.oslo_config_glue [-] oslo_limit.certfile = None {{(pid=96574) log_opt_values /opt/stack/data/venv/lib/python3.12/site-packages/oslo_config/cfg.py:3253}}
Jul 03 02:20:39.662036 np0000004352 nova-scheduler[96574]: DEBUG cotyledon.oslo_config_glue [-] oslo_limit.collect_timing = False {{(pid=96574) log_opt_values /opt/stack/data/venv/lib/python3.12/site-packages/oslo_config/cfg.py:3253}}
Jul 03 02:20:39.662203 np0000004352 nova-scheduler[96574]: DEBUG cotyledon.oslo_config_glue [-] oslo_limit.connect_retries = None {{(pid=96574) log_opt_values /opt/stack/data/venv/lib/python3.12/site-packages/oslo_config/cfg.py:3253}}
Jul 03 02:20:39.662203 np0000004352 nova-scheduler[96574]: DEBUG cotyledon.oslo_config_glue [-] oslo_limit.connect_retry_delay = None {{(pid=96574) log_opt_values /opt/stack/data/venv/lib/python3.12/site-packages/oslo_config/cfg.py:3253}}
Jul 03 02:20:39.662203 np0000004352 nova-scheduler[96574]: DEBUG cotyledon.oslo_config_glue [-] oslo_limit.endpoint_id = None {{(pid=96574) log_opt_values /opt/stack/data/venv/lib/python3.12/site-packages/oslo_config/cfg.py:3253}}
Jul 03 02:20:39.662203 np0000004352 nova-scheduler[96574]: DEBUG cotyledon.oslo_config_glue [-] oslo_limit.endpoint_interface = public {{(pid=96574) log_opt_values /opt/stack/data/venv/lib/python3.12/site-packages/oslo_config/cfg.py:3253}}
Jul 03 02:20:39.662203 np0000004352 nova-scheduler[96574]: DEBUG cotyledon.oslo_config_glue [-] oslo_limit.endpoint_override = None {{(pid=96574) log_opt_values /opt/stack/data/venv/lib/python3.12/site-packages/oslo_config/cfg.py:3253}}
Jul 03 02:20:39.662203 np0000004352 nova-scheduler[96574]: DEBUG cotyledon.oslo_config_glue [-] oslo_limit.endpoint_region_name = None {{(pid=96574) log_opt_values /opt/stack/data/venv/lib/python3.12/site-packages/oslo_config/cfg.py:3253}}
Jul 03 02:20:39.662203 np0000004352 nova-scheduler[96574]: DEBUG cotyledon.oslo_config_glue [-] oslo_limit.endpoint_service_name = None {{(pid=96574) log_opt_values /opt/stack/data/venv/lib/python3.12/site-packages/oslo_config/cfg.py:3253}}
Jul 03 02:20:39.662203 np0000004352 nova-scheduler[96574]: DEBUG cotyledon.oslo_config_glue [-] oslo_limit.endpoint_service_type = None {{(pid=96574) log_opt_values /opt/stack/data/venv/lib/python3.12/site-packages/oslo_config/cfg.py:3253}}
Jul 03 02:20:39.662203 np0000004352 nova-scheduler[96574]: DEBUG cotyledon.oslo_config_glue [-] oslo_limit.insecure = False {{(pid=96574) log_opt_values /opt/stack/data/venv/lib/python3.12/site-packages/oslo_config/cfg.py:3253}}
Jul 03 02:20:39.662378 np0000004352 nova-scheduler[96574]: DEBUG cotyledon.oslo_config_glue [-] oslo_limit.keyfile = None {{(pid=96574) log_opt_values /opt/stack/data/venv/lib/python3.12/site-packages/oslo_config/cfg.py:3253}}
Jul 03 02:20:39.662378 np0000004352 nova-scheduler[96574]: DEBUG cotyledon.oslo_config_glue [-] oslo_limit.max_version = None {{(pid=96574) log_opt_values /opt/stack/data/venv/lib/python3.12/site-packages/oslo_config/cfg.py:3253}}
Jul 03 02:20:39.662378 np0000004352 nova-scheduler[96574]: DEBUG cotyledon.oslo_config_glue [-] oslo_limit.min_version = None {{(pid=96574) log_opt_values /opt/stack/data/venv/lib/python3.12/site-packages/oslo_config/cfg.py:3253}}
Jul 03 02:20:39.662378 np0000004352 nova-scheduler[96574]: DEBUG cotyledon.oslo_config_glue [-] oslo_limit.region_name = None {{(pid=96574) log_opt_values /opt/stack/data/venv/lib/python3.12/site-packages/oslo_config/cfg.py:3253}}
Jul 03 02:20:39.662378 np0000004352 nova-scheduler[96574]: DEBUG cotyledon.oslo_config_glue [-] oslo_limit.retriable_status_codes = None {{(pid=96574) log_opt_values /opt/stack/data/venv/lib/python3.12/site-packages/oslo_config/cfg.py:3253}}
Jul 03 02:20:39.662378 np0000004352 nova-scheduler[96574]: DEBUG cotyledon.oslo_config_glue [-] oslo_limit.service_name = None {{(pid=96574) log_opt_values /opt/stack/data/venv/lib/python3.12/site-packages/oslo_config/cfg.py:3253}}
Jul 03 02:20:39.662378 np0000004352 nova-scheduler[96574]: DEBUG cotyledon.oslo_config_glue [-] oslo_limit.service_type = None {{(pid=96574) log_opt_values /opt/stack/data/venv/lib/python3.12/site-packages/oslo_config/cfg.py:3253}}
Jul 03 02:20:39.662378 np0000004352 nova-scheduler[96574]: DEBUG cotyledon.oslo_config_glue [-] oslo_limit.split_loggers = False {{(pid=96574) log_opt_values /opt/stack/data/venv/lib/python3.12/site-packages/oslo_config/cfg.py:3253}}
Jul 03 02:20:39.662378 np0000004352 nova-scheduler[96574]: DEBUG cotyledon.oslo_config_glue [-] oslo_limit.status_code_retries = None {{(pid=96574) log_opt_values /opt/stack/data/venv/lib/python3.12/site-packages/oslo_config/cfg.py:3253}}
Jul 03 02:20:39.662581 np0000004352 nova-scheduler[96574]: DEBUG cotyledon.oslo_config_glue [-] oslo_limit.status_code_retry_delay = None {{(pid=96574) log_opt_values /opt/stack/data/venv/lib/python3.12/site-packages/oslo_config/cfg.py:3253}}
Jul 03 02:20:39.662581 np0000004352 nova-scheduler[96574]: DEBUG cotyledon.oslo_config_glue [-] oslo_limit.timeout = None {{(pid=96574) log_opt_values /opt/stack/data/venv/lib/python3.12/site-packages/oslo_config/cfg.py:3253}}
Jul 03 02:20:39.662581 np0000004352 nova-scheduler[96574]: DEBUG cotyledon.oslo_config_glue [-] oslo_limit.valid_interfaces = None {{(pid=96574) log_opt_values /opt/stack/data/venv/lib/python3.12/site-packages/oslo_config/cfg.py:3253}}
Jul 03 02:20:39.662581 np0000004352 nova-scheduler[96574]: DEBUG cotyledon.oslo_config_glue [-] oslo_limit.version = None {{(pid=96574) log_opt_values /opt/stack/data/venv/lib/python3.12/site-packages/oslo_config/cfg.py:3253}}
Jul 03 02:20:39.662581 np0000004352 nova-scheduler[96574]: DEBUG cotyledon.oslo_config_glue [-] oslo_reports.file_event_handler = None {{(pid=96574) log_opt_values /opt/stack/data/venv/lib/python3.12/site-packages/oslo_config/cfg.py:3253}}
Jul 03 02:20:39.662581 np0000004352 nova-scheduler[96574]: DEBUG cotyledon.oslo_config_glue [-] oslo_reports.file_event_handler_interval = 1 {{(pid=96574) log_opt_values /opt/stack/data/venv/lib/python3.12/site-packages/oslo_config/cfg.py:3253}}
Jul 03 02:20:39.662581 np0000004352 nova-scheduler[96574]: DEBUG cotyledon.oslo_config_glue [-] oslo_reports.log_dir = None {{(pid=96574) log_opt_values /opt/stack/data/venv/lib/python3.12/site-packages/oslo_config/cfg.py:3253}}
Jul 03 02:20:39.662581 np0000004352 nova-scheduler[96574]: DEBUG cotyledon.oslo_config_glue [-] ******************************************************************************** {{(pid=96574) log_opt_values /opt/stack/data/venv/lib/python3.12/site-packages/oslo_config/cfg.py:3260}}
Jul 03 02:20:39.662581 np0000004352 nova-scheduler[96574]: DEBUG cotyledon._service_worker [-] Run service ServiceWrapper(3) [96574] {{(pid=96574) wait_forever /opt/stack/data/venv/lib/python3.12/site-packages/cotyledon/_service_worker.py:218}}
Jul 03 02:20:39.662760 np0000004352 nova-scheduler[96574]: INFO nova.service [-] Starting scheduler node (version 33.1.0)
Jul 03 02:20:39.662760 np0000004352 nova-scheduler[96574]: INFO dbcounter [None req-c29de6cc-4b14-47e7-9147-cea7be27034c None None] Registered counter for database nova_cell0
Jul 03 02:20:39.662801 np0000004352 nova-scheduler[96500]: DEBUG oslo_db.sqlalchemy.engines [None req-64d4582a-1c01-4cba-af47-a6e9b4d0a6ef None None] MySQL server mode set to STRICT_TRANS_TABLES,STRICT_ALL_TABLES,NO_ZERO_IN_DATE,NO_ZERO_DATE,ERROR_FOR_DIVISION_BY_ZERO,TRADITIONAL,NO_ENGINE_SUBSTITUTION {{(pid=96500) _check_effective_sql_mode /opt/stack/data/venv/lib/python3.12/site-packages/oslo_db/sqlalchemy/engines.py:325}}
Jul 03 02:20:39.672391 np0000004352 nova-scheduler[96500]: DEBUG dbcounter [-] [96500] Writer thread running {{(pid=96500) stat_writer /opt/stack/data/venv/lib/python3.12/site-packages/dbcounter.py:102}}
Jul 03 02:20:39.674625 np0000004352 nova-scheduler[96546]: DEBUG oslo_db.sqlalchemy.engines [None req-500bcad2-af5e-454e-9899-2900ef478fe8 None None] MySQL server mode set to STRICT_TRANS_TABLES,STRICT_ALL_TABLES,NO_ZERO_IN_DATE,NO_ZERO_DATE,ERROR_FOR_DIVISION_BY_ZERO,TRADITIONAL,NO_ENGINE_SUBSTITUTION {{(pid=96546) _check_effective_sql_mode /opt/stack/data/venv/lib/python3.12/site-packages/oslo_db/sqlalchemy/engines.py:325}}
Jul 03 02:20:39.684727 np0000004352 nova-scheduler[96546]: DEBUG dbcounter [-] [96546] Writer thread running {{(pid=96546) stat_writer /opt/stack/data/venv/lib/python3.12/site-packages/dbcounter.py:102}}
Jul 03 02:20:39.685003 np0000004352 nova-scheduler[96512]: DEBUG oslo_db.sqlalchemy.engines [None req-b7e74a2e-b682-4fcc-8fe6-52e5bf8abcbc None None] MySQL server mode set to STRICT_TRANS_TABLES,STRICT_ALL_TABLES,NO_ZERO_IN_DATE,NO_ZERO_DATE,ERROR_FOR_DIVISION_BY_ZERO,TRADITIONAL,NO_ENGINE_SUBSTITUTION {{(pid=96512) _check_effective_sql_mode /opt/stack/data/venv/lib/python3.12/site-packages/oslo_db/sqlalchemy/engines.py:325}}
Jul 03 02:20:39.689503 np0000004352 nova-scheduler[96500]: DEBUG nova.service [None req-64d4582a-1c01-4cba-af47-a6e9b4d0a6ef None None] Creating RPC server for service: nova-scheduler on topic: scheduler {{(pid=96500) start /opt/stack/nova/nova/service.py:196}}
Jul 03 02:20:39.694073 np0000004352 nova-scheduler[96512]: DEBUG dbcounter [-] [96512] Writer thread running {{(pid=96512) stat_writer /opt/stack/data/venv/lib/python3.12/site-packages/dbcounter.py:102}}
Jul 03 02:20:39.696823 np0000004352 nova-scheduler[96512]: DEBUG nova.service [None req-b7e74a2e-b682-4fcc-8fe6-52e5bf8abcbc None None] Creating RPC server for service: nova-scheduler on topic: scheduler {{(pid=96512) start /opt/stack/nova/nova/service.py:196}}
Jul 03 02:20:39.700139 np0000004352 nova-scheduler[96574]: DEBUG oslo_db.sqlalchemy.engines [None req-c29de6cc-4b14-47e7-9147-cea7be27034c None None] MySQL server mode set to STRICT_TRANS_TABLES,STRICT_ALL_TABLES,NO_ZERO_IN_DATE,NO_ZERO_DATE,ERROR_FOR_DIVISION_BY_ZERO,TRADITIONAL,NO_ENGINE_SUBSTITUTION {{(pid=96574) _check_effective_sql_mode /opt/stack/data/venv/lib/python3.12/site-packages/oslo_db/sqlalchemy/engines.py:325}}
Jul 03 02:20:39.705553 np0000004352 nova-scheduler[96546]: DEBUG nova.service [None req-500bcad2-af5e-454e-9899-2900ef478fe8 None None] Creating RPC server for service: nova-scheduler on topic: scheduler {{(pid=96546) start /opt/stack/nova/nova/service.py:196}}
Jul 03 02:20:39.708987 np0000004352 nova-scheduler[96574]: DEBUG dbcounter [-] [96574] Writer thread running {{(pid=96574) stat_writer /opt/stack/data/venv/lib/python3.12/site-packages/dbcounter.py:102}}
Jul 03 02:20:39.711616 np0000004352 nova-scheduler[96574]: DEBUG nova.service [None req-c29de6cc-4b14-47e7-9147-cea7be27034c None None] Creating RPC server for service: nova-scheduler on topic: scheduler {{(pid=96574) start /opt/stack/nova/nova/service.py:196}}
Jul 03 02:20:39.717808 np0000004352 nova-scheduler[96512]: DEBUG nova.service [None req-b7e74a2e-b682-4fcc-8fe6-52e5bf8abcbc None None] Join ServiceGroup membership for this service scheduler {{(pid=96512) start /opt/stack/nova/nova/service.py:222}}
Jul 03 02:20:39.717967 np0000004352 nova-scheduler[96512]: DEBUG nova.servicegroup.drivers.db [None req-b7e74a2e-b682-4fcc-8fe6-52e5bf8abcbc None None] DB_Driver: join new ServiceGroup member np0000004352 to the scheduler group, service = {{(pid=96512) join /opt/stack/nova/nova/servicegroup/drivers/db.py:44}}
Jul 03 02:20:39.718639 np0000004352 nova-scheduler[96500]: DEBUG nova.service [None req-64d4582a-1c01-4cba-af47-a6e9b4d0a6ef None None] Join ServiceGroup membership for this service scheduler {{(pid=96500) start /opt/stack/nova/nova/service.py:222}}
Jul 03 02:20:39.718639 np0000004352 nova-scheduler[96500]: DEBUG nova.servicegroup.drivers.db [None req-64d4582a-1c01-4cba-af47-a6e9b4d0a6ef None None] DB_Driver: join new ServiceGroup member np0000004352 to the scheduler group, service = {{(pid=96500) join /opt/stack/nova/nova/servicegroup/drivers/db.py:44}}
Jul 03 02:20:39.724088 np0000004352 nova-scheduler[96546]: DEBUG nova.service [None req-500bcad2-af5e-454e-9899-2900ef478fe8 None None] Join ServiceGroup membership for this service scheduler {{(pid=96546) start /opt/stack/nova/nova/service.py:222}}
Jul 03 02:20:39.724369 np0000004352 nova-scheduler[96546]: DEBUG nova.servicegroup.drivers.db [None req-500bcad2-af5e-454e-9899-2900ef478fe8 None None] DB_Driver: join new ServiceGroup member np0000004352 to the scheduler group, service = {{(pid=96546) join /opt/stack/nova/nova/servicegroup/drivers/db.py:44}}
Jul 03 02:20:39.727993 np0000004352 nova-scheduler[96574]: DEBUG nova.service [None req-c29de6cc-4b14-47e7-9147-cea7be27034c None None] Join ServiceGroup membership for this service scheduler {{(pid=96574) start /opt/stack/nova/nova/service.py:222}}
Jul 03 02:20:39.728173 np0000004352 nova-scheduler[96574]: DEBUG nova.servicegroup.drivers.db [None req-c29de6cc-4b14-47e7-9147-cea7be27034c None None] DB_Driver: join new ServiceGroup member np0000004352 to the scheduler group, service = {{(pid=96574) join /opt/stack/nova/nova/servicegroup/drivers/db.py:44}}
Jul 03 02:20:44.737074 np0000004352 nova-scheduler[96500]: DEBUG oslo.service.backend._threading.loopingcall [-] Fixed interval looping call 'nova.servicegroup.drivers.db.DbDriver._report_state' sleeping for 119.98 seconds {{(pid=96500) _run_loop /opt/stack/data/venv/lib/python3.12/site-packages/oslo_service/backend/_threading/loopingcall.py:125}}
Jul 03 02:20:44.737774 np0000004352 nova-scheduler[96512]: DEBUG oslo.service.backend._threading.loopingcall [-] Fixed interval looping call 'nova.servicegroup.drivers.db.DbDriver._report_state' sleeping for 119.98 seconds {{(pid=96512) _run_loop /opt/stack/data/venv/lib/python3.12/site-packages/oslo_service/backend/_threading/loopingcall.py:125}}
Jul 03 02:20:44.741925 np0000004352 nova-scheduler[96546]: DEBUG oslo.service.backend._threading.loopingcall [-] Fixed interval looping call 'nova.servicegroup.drivers.db.DbDriver._report_state' sleeping for 119.98 seconds {{(pid=96546) _run_loop /opt/stack/data/venv/lib/python3.12/site-packages/oslo_service/backend/_threading/loopingcall.py:125}}
Jul 03 02:20:44.742340 np0000004352 nova-scheduler[96574]: DEBUG oslo.service.backend._threading.loopingcall [-] Fixed interval looping call 'nova.servicegroup.drivers.db.DbDriver._report_state' sleeping for 119.99 seconds {{(pid=96574) _run_loop /opt/stack/data/venv/lib/python3.12/site-packages/oslo_service/backend/_threading/loopingcall.py:125}}
Jul 03 02:20:48.254118 np0000004352 nova-scheduler[95296]: DEBUG dbcounter [-] [95296] Writing DB stats nova_api:SELECT=3 {{(pid=95296) stat_writer /opt/stack/data/venv/lib/python3.12/site-packages/dbcounter.py:115}}
Jul 03 02:20:48.381458 np0000004352 nova-scheduler[95296]: DEBUG dbcounter [-] [95296] Writing DB stats nova_cell0:SELECT=1 {{(pid=95296) stat_writer /opt/stack/data/venv/lib/python3.12/site-packages/dbcounter.py:115}}
Jul 03 02:20:48.388130 np0000004352 nova-scheduler[95296]: DEBUG dbcounter [-] [95296] Writing DB stats nova_cell1:SELECT=1 {{(pid=95296) stat_writer /opt/stack/data/venv/lib/python3.12/site-packages/dbcounter.py:115}}
Jul 03 02:20:48.720047 np0000004352 nova-scheduler[96512]: DEBUG oslo.service.backend._threading.loopingcall [None req-82c71447-5b29-44e3-af6d-f4763c959bd2 None None] Dynamic interval looping call 'nova.service.Service.periodic_tasks' sleeping for 60.00 seconds {{(pid=96512) _run_loop /opt/stack/data/venv/lib/python3.12/site-packages/oslo_service/backend/_threading/loopingcall.py:125}}
Jul 03 02:20:54.729083 np0000004352 nova-scheduler[96512]: DEBUG dbcounter [-] [96512] Writing DB stats nova_cell0:SELECT=3,nova_cell0:UPDATE=1 {{(pid=96512) stat_writer /opt/stack/data/venv/lib/python3.12/site-packages/dbcounter.py:115}}
Jul 03 02:20:54.732692 np0000004352 nova-scheduler[96500]: DEBUG dbcounter [-] [96500] Writing DB stats nova_cell0:SELECT=4,nova_cell0:INSERT=1,nova_cell0:UPDATE=1 {{(pid=96500) stat_writer /opt/stack/data/venv/lib/python3.12/site-packages/dbcounter.py:115}}
Jul 03 02:20:54.734092 np0000004352 nova-scheduler[96546]: DEBUG dbcounter [-] [96546] Writing DB stats nova_cell0:SELECT=4,nova_cell0:INSERT=1,nova_cell0:UPDATE=1 {{(pid=96546) stat_writer /opt/stack/data/venv/lib/python3.12/site-packages/dbcounter.py:115}}
Jul 03 02:20:54.738866 np0000004352 nova-scheduler[96574]: DEBUG dbcounter [-] [96574] Writing DB stats nova_cell0:SELECT=3 {{(pid=96574) stat_writer /opt/stack/data/venv/lib/python3.12/site-packages/dbcounter.py:115}}
Jul 03 02:21:00.730432 np0000004352 nova-scheduler[96574]: DEBUG oslo.service.backend._threading.loopingcall [None req-68c10336-37d8-41fa-b35b-2e29dbecaac9 None None] Dynamic interval looping call 'nova.service.Service.periodic_tasks' sleeping for 60.00 seconds {{(pid=96574) _run_loop /opt/stack/data/venv/lib/python3.12/site-packages/oslo_service/backend/_threading/loopingcall.py:125}}
Jul 03 02:21:06.726543 np0000004352 nova-scheduler[96546]: DEBUG oslo.service.backend._threading.loopingcall [None req-b632d1d5-3f8f-497a-bf57-bbf2f87800aa None None] Dynamic interval looping call 'nova.service.Service.periodic_tasks' sleeping for 60.00 seconds {{(pid=96546) _run_loop /opt/stack/data/venv/lib/python3.12/site-packages/oslo_service/backend/_threading/loopingcall.py:125}}
Jul 03 02:21:32.720684 np0000004352 nova-scheduler[96500]: DEBUG oslo.service.backend._threading.loopingcall [None req-0c23eb5e-c2ba-4df7-b952-64e3c43b3b34 None None] Dynamic interval looping call 'nova.service.Service.periodic_tasks' sleeping for 60.00 seconds {{(pid=96500) _run_loop /opt/stack/data/venv/lib/python3.12/site-packages/oslo_service/backend/_threading/loopingcall.py:125}}
Jul 03 02:21:48.720545 np0000004352 nova-scheduler[96512]: DEBUG oslo.service.backend._threading.loopingcall [None req-82c71447-5b29-44e3-af6d-f4763c959bd2 None None] Dynamic interval looping call 'nova.service.Service.periodic_tasks' sleeping for 60.00 seconds {{(pid=96512) _run_loop /opt/stack/data/venv/lib/python3.12/site-packages/oslo_service/backend/_threading/loopingcall.py:125}}
Jul 03 02:22:00.730930 np0000004352 nova-scheduler[96574]: DEBUG oslo.service.backend._threading.loopingcall [None req-68c10336-37d8-41fa-b35b-2e29dbecaac9 None None] Dynamic interval looping call 'nova.service.Service.periodic_tasks' sleeping for 60.00 seconds {{(pid=96574) _run_loop /opt/stack/data/venv/lib/python3.12/site-packages/oslo_service/backend/_threading/loopingcall.py:125}}
Jul 03 02:22:06.727089 np0000004352 nova-scheduler[96546]: DEBUG oslo.service.backend._threading.loopingcall [None req-b632d1d5-3f8f-497a-bf57-bbf2f87800aa None None] Dynamic interval looping call 'nova.service.Service.periodic_tasks' sleeping for 60.00 seconds {{(pid=96546) _run_loop /opt/stack/data/venv/lib/python3.12/site-packages/oslo_service/backend/_threading/loopingcall.py:125}}
Jul 03 02:22:32.721121 np0000004352 nova-scheduler[96500]: DEBUG oslo.service.backend._threading.loopingcall [None req-0c23eb5e-c2ba-4df7-b952-64e3c43b3b34 None None] Dynamic interval looping call 'nova.service.Service.periodic_tasks' sleeping for 60.00 seconds {{(pid=96500) _run_loop /opt/stack/data/venv/lib/python3.12/site-packages/oslo_service/backend/_threading/loopingcall.py:125}}
Jul 03 02:22:44.727339 np0000004352 nova-scheduler[96500]: DEBUG oslo.service.backend._threading.loopingcall [-] Fixed interval looping call 'nova.servicegroup.drivers.db.DbDriver._report_state' sleeping for 119.99 seconds {{(pid=96500) _run_loop /opt/stack/data/venv/lib/python3.12/site-packages/oslo_service/backend/_threading/loopingcall.py:125}}
Jul 03 02:22:44.730222 np0000004352 nova-scheduler[96512]: DEBUG oslo.service.backend._threading.loopingcall [-] Fixed interval looping call 'nova.servicegroup.drivers.db.DbDriver._report_state' sleeping for 119.99 seconds {{(pid=96512) _run_loop /opt/stack/data/venv/lib/python3.12/site-packages/oslo_service/backend/_threading/loopingcall.py:125}}
Jul 03 02:22:44.730454 np0000004352 nova-scheduler[96546]: DEBUG oslo.service.backend._threading.loopingcall [-] Fixed interval looping call 'nova.servicegroup.drivers.db.DbDriver._report_state' sleeping for 119.99 seconds {{(pid=96546) _run_loop /opt/stack/data/venv/lib/python3.12/site-packages/oslo_service/backend/_threading/loopingcall.py:125}}
Jul 03 02:22:44.736737 np0000004352 nova-scheduler[96574]: DEBUG oslo.service.backend._threading.loopingcall [-] Fixed interval looping call 'nova.servicegroup.drivers.db.DbDriver._report_state' sleeping for 120.00 seconds {{(pid=96574) _run_loop /opt/stack/data/venv/lib/python3.12/site-packages/oslo_service/backend/_threading/loopingcall.py:125}}
Jul 03 02:22:47.173601 np0000004352 nova-scheduler[96512]: DEBUG nova.scheduler.manager [None req-7d372a85-fbcd-4c50-9248-6a67504809ed tempest-DeleteServersTestJSON-1685166643 tempest-DeleteServersTestJSON-1685166643-project-member] Starting to schedule for instances: ['ab577a94-2f90-46f0-aa46-560cad90ebd6'] {{(pid=96512) select_destinations /opt/stack/nova/nova/scheduler/manager.py:209}}
Jul 03 02:22:47.174397 np0000004352 nova-scheduler[96512]: DEBUG nova.scheduler.request_filter [None req-7d372a85-fbcd-4c50-9248-6a67504809ed tempest-DeleteServersTestJSON-1685166643 tempest-DeleteServersTestJSON-1685166643-project-member] compute_status_filter request filter added forbidden trait COMPUTE_STATUS_DISABLED {{(pid=96512) compute_status_filter /opt/stack/nova/nova/scheduler/request_filter.py:253}}
Jul 03 02:22:47.174685 np0000004352 nova-scheduler[96512]: DEBUG nova.scheduler.request_filter [None req-7d372a85-fbcd-4c50-9248-6a67504809ed tempest-DeleteServersTestJSON-1685166643 tempest-DeleteServersTestJSON-1685166643-project-member] Request filter 'compute_status_filter' took 0.0 seconds {{(pid=96512) wrapper /opt/stack/nova/nova/scheduler/request_filter.py:46}}
Jul 03 02:22:47.175356 np0000004352 nova-scheduler[96512]: DEBUG nova.scheduler.request_filter [None req-7d372a85-fbcd-4c50-9248-6a67504809ed tempest-DeleteServersTestJSON-1685166643 tempest-DeleteServersTestJSON-1685166643-project-member] Request filter 'accelerators_filter' took 0.0 seconds {{(pid=96512) wrapper /opt/stack/nova/nova/scheduler/request_filter.py:46}}
Jul 03 02:22:47.175719 np0000004352 nova-scheduler[96512]: DEBUG nova.scheduler.request_filter [None req-7d372a85-fbcd-4c50-9248-6a67504809ed tempest-DeleteServersTestJSON-1685166643 tempest-DeleteServersTestJSON-1685166643-project-member] Request filter 'packed_virtqueue_filter' took 0.0 seconds {{(pid=96512) wrapper /opt/stack/nova/nova/scheduler/request_filter.py:46}}
Jul 03 02:22:47.176076 np0000004352 nova-scheduler[96512]: DEBUG nova.scheduler.request_filter [None req-7d372a85-fbcd-4c50-9248-6a67504809ed tempest-DeleteServersTestJSON-1685166643 tempest-DeleteServersTestJSON-1685166643-project-member] Request filter 'remote_managed_ports_filter' took 0.0 seconds {{(pid=96512) wrapper /opt/stack/nova/nova/scheduler/request_filter.py:46}}
Jul 03 02:22:47.176304 np0000004352 nova-scheduler[96512]: DEBUG nova.scheduler.request_filter [None req-7d372a85-fbcd-4c50-9248-6a67504809ed tempest-DeleteServersTestJSON-1685166643 tempest-DeleteServersTestJSON-1685166643-project-member] ephemeral_encryption_filter skipped {{(pid=96512) ephemeral_encryption_filter /opt/stack/nova/nova/scheduler/request_filter.py:426}}
Jul 03 02:22:47.176655 np0000004352 nova-scheduler[96512]: DEBUG nova.scheduler.request_filter [None req-7d372a85-fbcd-4c50-9248-6a67504809ed tempest-DeleteServersTestJSON-1685166643 tempest-DeleteServersTestJSON-1685166643-project-member] virtio_sound_filter skipped {{(pid=96512) virtio_sound_filter /opt/stack/nova/nova/scheduler/request_filter.py:460}}
Jul 03 02:22:47.176810 np0000004352 nova-scheduler[96512]: DEBUG nova.scheduler.request_filter [None req-7d372a85-fbcd-4c50-9248-6a67504809ed tempest-DeleteServersTestJSON-1685166643 tempest-DeleteServersTestJSON-1685166643-project-member] tpm_secret_security_filter skipped {{(pid=96512) tpm_secret_security_filter /opt/stack/nova/nova/scheduler/request_filter.py:477}}
Jul 03 02:22:47.331155 np0000004352 nova-scheduler[96500]: DEBUG nova.scheduler.manager [None req-e4405140-3359-4749-b11e-62690d5bbf3b tempest-ServerStableDeviceRescueTest-1216564182 tempest-ServerStableDeviceRescueTest-1216564182-project-member] Starting to schedule for instances: ['52ed34a1-af8a-4305-899b-85b94aecf9ff'] {{(pid=96500) select_destinations /opt/stack/nova/nova/scheduler/manager.py:209}}
Jul 03 02:22:47.336389 np0000004352 nova-scheduler[96500]: DEBUG nova.scheduler.request_filter [None req-e4405140-3359-4749-b11e-62690d5bbf3b tempest-ServerStableDeviceRescueTest-1216564182 tempest-ServerStableDeviceRescueTest-1216564182-project-member] compute_status_filter request filter added forbidden trait COMPUTE_STATUS_DISABLED {{(pid=96500) compute_status_filter /opt/stack/nova/nova/scheduler/request_filter.py:253}}
Jul 03 02:22:47.336389 np0000004352 nova-scheduler[96500]: DEBUG nova.scheduler.request_filter [None req-e4405140-3359-4749-b11e-62690d5bbf3b tempest-ServerStableDeviceRescueTest-1216564182 tempest-ServerStableDeviceRescueTest-1216564182-project-member] Request filter 'compute_status_filter' took 0.0 seconds {{(pid=96500) wrapper /opt/stack/nova/nova/scheduler/request_filter.py:46}}
Jul 03 02:22:47.336988 np0000004352 nova-scheduler[96500]: DEBUG nova.scheduler.request_filter [None req-e4405140-3359-4749-b11e-62690d5bbf3b tempest-ServerStableDeviceRescueTest-1216564182 tempest-ServerStableDeviceRescueTest-1216564182-project-member] Request filter 'accelerators_filter' took 0.0 seconds {{(pid=96500) wrapper /opt/stack/nova/nova/scheduler/request_filter.py:46}}
Jul 03 02:22:47.336988 np0000004352 nova-scheduler[96500]: DEBUG nova.scheduler.request_filter [None req-e4405140-3359-4749-b11e-62690d5bbf3b tempest-ServerStableDeviceRescueTest-1216564182 tempest-ServerStableDeviceRescueTest-1216564182-project-member] Request filter 'packed_virtqueue_filter' took 0.0 seconds {{(pid=96500) wrapper /opt/stack/nova/nova/scheduler/request_filter.py:46}}
Jul 03 02:22:47.337282 np0000004352 nova-scheduler[96500]: DEBUG nova.scheduler.request_filter [None req-e4405140-3359-4749-b11e-62690d5bbf3b tempest-ServerStableDeviceRescueTest-1216564182 tempest-ServerStableDeviceRescueTest-1216564182-project-member] Request filter 'remote_managed_ports_filter' took 0.0 seconds {{(pid=96500) wrapper /opt/stack/nova/nova/scheduler/request_filter.py:46}}
Jul 03 02:22:47.337803 np0000004352 nova-scheduler[96500]: DEBUG nova.scheduler.request_filter [None req-e4405140-3359-4749-b11e-62690d5bbf3b tempest-ServerStableDeviceRescueTest-1216564182 tempest-ServerStableDeviceRescueTest-1216564182-project-member] ephemeral_encryption_filter skipped {{(pid=96500) ephemeral_encryption_filter /opt/stack/nova/nova/scheduler/request_filter.py:426}}
Jul 03 02:22:47.337803 np0000004352 nova-scheduler[96500]: DEBUG nova.scheduler.request_filter [None req-e4405140-3359-4749-b11e-62690d5bbf3b tempest-ServerStableDeviceRescueTest-1216564182 tempest-ServerStableDeviceRescueTest-1216564182-project-member] virtio_sound_filter skipped {{(pid=96500) virtio_sound_filter /opt/stack/nova/nova/scheduler/request_filter.py:460}}
Jul 03 02:22:47.337803 np0000004352 nova-scheduler[96500]: DEBUG nova.scheduler.request_filter [None req-e4405140-3359-4749-b11e-62690d5bbf3b tempest-ServerStableDeviceRescueTest-1216564182 tempest-ServerStableDeviceRescueTest-1216564182-project-member] tpm_secret_security_filter skipped {{(pid=96500) tpm_secret_security_filter /opt/stack/nova/nova/scheduler/request_filter.py:477}}
Jul 03 02:22:47.751725 np0000004352 nova-scheduler[96512]: INFO nova.utils [None req-7d372a85-fbcd-4c50-9248-6a67504809ed tempest-DeleteServersTestJSON-1685166643 tempest-DeleteServersTestJSON-1685166643-project-member] The cell worker thread pool ForkProcess-2.cell_worker is initialized
Jul 03 02:22:47.752249 np0000004352 nova-scheduler[96512]: DEBUG oslo_concurrency.lockutils [None req-7d372a85-fbcd-4c50-9248-6a67504809ed tempest-DeleteServersTestJSON-1685166643 tempest-DeleteServersTestJSON-1685166643-project-member] Acquiring lock "6ca8bfa6-75ff-4112-9d08-4693f740183f" by "nova.context.set_target_cell..get_or_set_cached_cell_and_set_connections" {{(pid=96512) inner /opt/stack/data/venv/lib/python3.12/site-packages/oslo_concurrency/lockutils.py:511}}
Jul 03 02:22:47.752355 np0000004352 nova-scheduler[96512]: DEBUG oslo_concurrency.lockutils [None req-7d372a85-fbcd-4c50-9248-6a67504809ed tempest-DeleteServersTestJSON-1685166643 tempest-DeleteServersTestJSON-1685166643-project-member] Lock "6ca8bfa6-75ff-4112-9d08-4693f740183f" acquired by "nova.context.set_target_cell..get_or_set_cached_cell_and_set_connections" :: waited 0.000s {{(pid=96512) inner /opt/stack/data/venv/lib/python3.12/site-packages/oslo_concurrency/lockutils.py:524}}
Jul 03 02:22:47.753707 np0000004352 nova-scheduler[96512]: DEBUG oslo_concurrency.lockutils [None req-7d372a85-fbcd-4c50-9248-6a67504809ed tempest-DeleteServersTestJSON-1685166643 tempest-DeleteServersTestJSON-1685166643-project-member] Lock "6ca8bfa6-75ff-4112-9d08-4693f740183f" "released" by "nova.context.set_target_cell..get_or_set_cached_cell_and_set_connections" :: held 0.001s {{(pid=96512) inner /opt/stack/data/venv/lib/python3.12/site-packages/oslo_concurrency/lockutils.py:543}}
Jul 03 02:22:47.755638 np0000004352 nova-scheduler[96512]: INFO dbcounter [None req-7d372a85-fbcd-4c50-9248-6a67504809ed tempest-DeleteServersTestJSON-1685166643 tempest-DeleteServersTestJSON-1685166643-project-member] Registered counter for database nova_cell1
Jul 03 02:22:47.796871 np0000004352 nova-scheduler[96512]: DEBUG oslo_db.sqlalchemy.engines [None req-7d372a85-fbcd-4c50-9248-6a67504809ed tempest-DeleteServersTestJSON-1685166643 tempest-DeleteServersTestJSON-1685166643-project-member] MySQL server mode set to STRICT_TRANS_TABLES,STRICT_ALL_TABLES,NO_ZERO_IN_DATE,NO_ZERO_DATE,ERROR_FOR_DIVISION_BY_ZERO,TRADITIONAL,NO_ENGINE_SUBSTITUTION {{(pid=96512) _check_effective_sql_mode /opt/stack/data/venv/lib/python3.12/site-packages/oslo_db/sqlalchemy/engines.py:325}}
Jul 03 02:22:47.802501 np0000004352 nova-scheduler[96512]: DEBUG dbcounter [-] [96512] Writer thread running {{(pid=96512) stat_writer /opt/stack/data/venv/lib/python3.12/site-packages/dbcounter.py:102}}
Jul 03 02:22:47.819434 np0000004352 nova-scheduler[96512]: DEBUG oslo_db.sqlalchemy.engines [None req-7d372a85-fbcd-4c50-9248-6a67504809ed tempest-DeleteServersTestJSON-1685166643 tempest-DeleteServersTestJSON-1685166643-project-member] Parent process 95296 forked (96512) with an open database connection, which is being discarded and recreated. {{(pid=96512) checkout /opt/stack/data/venv/lib/python3.12/site-packages/oslo_db/sqlalchemy/engines.py:402}}
Jul 03 02:22:47.875397 np0000004352 nova-scheduler[96512]: DEBUG dbcounter [-] [96512] Writer thread running {{(pid=96512) stat_writer /opt/stack/data/venv/lib/python3.12/site-packages/dbcounter.py:102}}
Jul 03 02:22:47.877933 np0000004352 nova-scheduler[96512]: DEBUG oslo_concurrency.lockutils [None req-7d372a85-fbcd-4c50-9248-6a67504809ed tempest-DeleteServersTestJSON-1685166643 tempest-DeleteServersTestJSON-1685166643-project-member] Acquiring lock "6ca8bfa6-75ff-4112-9d08-4693f740183f" by "nova.context.set_target_cell..get_or_set_cached_cell_and_set_connections" {{(pid=96512) inner /opt/stack/data/venv/lib/python3.12/site-packages/oslo_concurrency/lockutils.py:511}}
Jul 03 02:22:47.878153 np0000004352 nova-scheduler[96512]: DEBUG oslo_concurrency.lockutils [None req-7d372a85-fbcd-4c50-9248-6a67504809ed tempest-DeleteServersTestJSON-1685166643 tempest-DeleteServersTestJSON-1685166643-project-member] Lock "6ca8bfa6-75ff-4112-9d08-4693f740183f" acquired by "nova.context.set_target_cell..get_or_set_cached_cell_and_set_connections" :: waited 0.000s {{(pid=96512) inner /opt/stack/data/venv/lib/python3.12/site-packages/oslo_concurrency/lockutils.py:524}}
Jul 03 02:22:47.878328 np0000004352 nova-scheduler[96512]: DEBUG oslo_concurrency.lockutils [None req-7d372a85-fbcd-4c50-9248-6a67504809ed tempest-DeleteServersTestJSON-1685166643 tempest-DeleteServersTestJSON-1685166643-project-member] Lock "6ca8bfa6-75ff-4112-9d08-4693f740183f" "released" by "nova.context.set_target_cell..get_or_set_cached_cell_and_set_connections" :: held 0.000s {{(pid=96512) inner /opt/stack/data/venv/lib/python3.12/site-packages/oslo_concurrency/lockutils.py:543}}
Jul 03 02:22:47.884213 np0000004352 nova-scheduler[96512]: DEBUG oslo_concurrency.lockutils [None req-7d372a85-fbcd-4c50-9248-6a67504809ed tempest-DeleteServersTestJSON-1685166643 tempest-DeleteServersTestJSON-1685166643-project-member] Acquiring lock "np0000004352-np0000004352" by "nova.scheduler.host_manager.HostState.update.._locked_update" {{(pid=96512) inner /opt/stack/data/venv/lib/python3.12/site-packages/oslo_concurrency/lockutils.py:511}}
Jul 03 02:22:47.884312 np0000004352 nova-scheduler[96512]: DEBUG oslo_concurrency.lockutils [None req-7d372a85-fbcd-4c50-9248-6a67504809ed tempest-DeleteServersTestJSON-1685166643 tempest-DeleteServersTestJSON-1685166643-project-member] Lock "np0000004352-np0000004352" acquired by "nova.scheduler.host_manager.HostState.update.._locked_update" :: waited 0.000s {{(pid=96512) inner /opt/stack/data/venv/lib/python3.12/site-packages/oslo_concurrency/lockutils.py:524}}
