Jun 25 12:54:34.414860 np0000003602 devstack@g-api.service[99514]: DEBUG glance_store.location [-] Registering scheme swift+https with {'store': , 'location_class': , 'store_entry': 'swift'} {{(pid=99514) register_scheme_map /opt/stack/data/venv/lib/python3.12/site-packages/glance_store/location.py:146}}
Jun 25 12:54:34.414882 np0000003602 devstack@g-api.service[99513]: DEBUG glance_store.location [-] Registering scheme swift+http with {'store': , 'location_class': , 'store_entry': 'swift'} {{(pid=99513) register_scheme_map /opt/stack/data/venv/lib/python3.12/site-packages/glance_store/location.py:146}}
Jun 25 12:54:34.414905 np0000003602 devstack@g-api.service[99514]: DEBUG glance_store.location [-] Registering scheme swift with {'store': , 'location_class': , 'store_entry': 'swift'} {{(pid=99514) register_scheme_map /opt/stack/data/venv/lib/python3.12/site-packages/glance_store/location.py:146}}
Jun 25 12:54:34.414951 np0000003602 devstack@g-api.service[99513]: DEBUG glance_store.location [-] Registering scheme swift+config with {'store': , 'location_class': , 'store_entry': 'swift'} {{(pid=99513) register_scheme_map /opt/stack/data/venv/lib/python3.12/site-packages/glance_store/location.py:146}}
Jun 25 12:54:34.414990 np0000003602 devstack@g-api.service[99514]: DEBUG glance_store.location [-] Registering scheme swift+http with {'store': , 'location_class': , 'store_entry': 'swift'} {{(pid=99514) register_scheme_map /opt/stack/data/venv/lib/python3.12/site-packages/glance_store/location.py:146}}
Jun 25 12:54:34.415020 np0000003602 devstack@g-api.service[99514]: DEBUG glance_store.location [-] Registering scheme swift+https with {'store': , 'location_class': , 'store_entry': 'swift'} {{(pid=99514) register_scheme_map /opt/stack/data/venv/lib/python3.12/site-packages/glance_store/location.py:146}}
Jun 25 12:54:34.415063 np0000003602 devstack@g-api.service[99514]: DEBUG glance_store.location [-] Registering scheme swift with {'store': , 'location_class': , 'store_entry': 'swift'} {{(pid=99514) register_scheme_map /opt/stack/data/venv/lib/python3.12/site-packages/glance_store/location.py:146}}
Jun 25 12:54:34.415115 np0000003602 devstack@g-api.service[99514]: DEBUG glance_store.location [-] Registering scheme swift+http with {'store': , 'location_class': , 'store_entry': 'swift'} {{(pid=99514) register_scheme_map /opt/stack/data/venv/lib/python3.12/site-packages/glance_store/location.py:146}}
Jun 25 12:54:34.415165 np0000003602 devstack@g-api.service[99514]: DEBUG glance_store.location [-] Registering scheme swift+config with {'store': , 'location_class': , 'store_entry': 'swift'} {{(pid=99514) register_scheme_map /opt/stack/data/venv/lib/python3.12/site-packages/glance_store/location.py:146}}
Jun 25 12:54:34.415204 np0000003602 devstack@g-api.service[99513]: DEBUG glance.sqlite_migration [-] SQLite caching database not located, skipping migration {{(pid=99513) get_db_path /opt/stack/glance/glance/sqlite_migration.py:68}}
Jun 25 12:54:34.415253 np0000003602 devstack@g-api.service[99515]: DEBUG glance_store.capabilities [-] Store glance_store._drivers.swift.store.SingleTenantStore doesn't support updating dynamic storage capabilities. Please overwrite 'update_capabilities' method of the store to implement updating logics if needed. {{(pid=99515) update_capabilities /opt/stack/data/venv/lib/python3.12/site-packages/glance_store/capabilities.py:91}}
Jun 25 12:54:34.415316 np0000003602 devstack@g-api.service[99515]: DEBUG glance_store.driver [-] Late loading location class glance_store._drivers.swift.store.StoreLocation {{(pid=99515) get_store_location_class /opt/stack/data/venv/lib/python3.12/site-packages/glance_store/driver.py:134}}
Jun 25 12:54:34.415376 np0000003602 devstack@g-api.service[99515]: DEBUG glance_store.location [-] Registering scheme swift+https with {'store': , 'location_class': , 'store_entry': 'swift'} {{(pid=99515) register_scheme_map /opt/stack/data/venv/lib/python3.12/site-packages/glance_store/location.py:146}}
Jun 25 12:54:34.415410 np0000003602 devstack@g-api.service[99513]: WARNING glance.common.wsgi_app [-] Import methods are enabled but staging directory /tmp/staging/ does not exist; Imports will fail!
Jun 25 12:54:34.415437 np0000003602 devstack@g-api.service[99514]: DEBUG glance.sqlite_migration [-] SQLite caching database not located, skipping migration {{(pid=99514) get_db_path /opt/stack/glance/glance/sqlite_migration.py:68}}
Jun 25 12:54:34.415459 np0000003602 devstack@g-api.service[99515]: DEBUG glance_store.location [-] Registering scheme swift+https with {'store': , 'location_class': , 'store_entry': 'swift'} {{(pid=99515) register_scheme_map /opt/stack/data/venv/lib/python3.12/site-packages/glance_store/location.py:146}}
Jun 25 12:54:34.415496 np0000003602 devstack@g-api.service[99515]: DEBUG glance_store.location [-] Registering scheme swift with {'store': , 'location_class': , 'store_entry': 'swift'} {{(pid=99515) register_scheme_map /opt/stack/data/venv/lib/python3.12/site-packages/glance_store/location.py:146}}
Jun 25 12:54:34.415547 np0000003602 devstack@g-api.service[99515]: DEBUG glance_store.location [-] Registering scheme swift+https with {'store': , 'location_class': , 'store_entry': 'swift'} {{(pid=99515) register_scheme_map /opt/stack/data/venv/lib/python3.12/site-packages/glance_store/location.py:146}}
Jun 25 12:54:34.415595 np0000003602 devstack@g-api.service[99515]: DEBUG glance_store.location [-] Registering scheme swift with {'store': , 'location_class': , 'store_entry': 'swift'} {{(pid=99515) register_scheme_map /opt/stack/data/venv/lib/python3.12/site-packages/glance_store/location.py:146}}
Jun 25 12:54:34.415622 np0000003602 devstack@g-api.service[99514]: WARNING glance.common.wsgi_app [-] Import methods are enabled but staging directory /tmp/staging/ does not exist; Imports will fail!
Jun 25 12:54:34.415648 np0000003602 devstack@g-api.service[99515]: DEBUG glance_store.location [-] Registering scheme swift+http with {'store': , 'location_class': , 'store_entry': 'swift'} {{(pid=99515) register_scheme_map /opt/stack/data/venv/lib/python3.12/site-packages/glance_store/location.py:146}}
Jun 25 12:54:34.415700 np0000003602 devstack@g-api.service[99515]: DEBUG glance_store.location [-] Registering scheme swift+https with {'store': , 'location_class': , 'store_entry': 'swift'} {{(pid=99515) register_scheme_map /opt/stack/data/venv/lib/python3.12/site-packages/glance_store/location.py:146}}
Jun 25 12:54:34.415777 np0000003602 devstack@g-api.service[99515]: DEBUG glance_store.location [-] Registering scheme swift with {'store': , 'location_class': , 'store_entry': 'swift'} {{(pid=99515) register_scheme_map /opt/stack/data/venv/lib/python3.12/site-packages/glance_store/location.py:146}}
Jun 25 12:54:34.415859 np0000003602 devstack@g-api.service[99515]: DEBUG glance_store.location [-] Registering scheme swift+http with {'store': , 'location_class': , 'store_entry': 'swift'} {{(pid=99515) register_scheme_map /opt/stack/data/venv/lib/python3.12/site-packages/glance_store/location.py:146}}
Jun 25 12:54:34.415961 np0000003602 devstack@g-api.service[99515]: DEBUG glance_store.location [-] Registering scheme swift+config with {'store': , 'location_class': , 'store_entry': 'swift'} {{(pid=99515) register_scheme_map /opt/stack/data/venv/lib/python3.12/site-packages/glance_store/location.py:146}}
Jun 25 12:54:34.416239 np0000003602 devstack@g-api.service[99515]: DEBUG glance.sqlite_migration [-] SQLite caching database not located, skipping migration {{(pid=99515) get_db_path /opt/stack/glance/glance/sqlite_migration.py:68}}
Jun 25 12:54:34.416441 np0000003602 devstack@g-api.service[99515]: WARNING glance.common.wsgi_app [-] Import methods are enabled but staging directory /tmp/staging/ does not exist; Imports will fail!
Jun 25 12:54:34.549496 np0000003602 devstack@g-api.service[99515]: DEBUG glance.common.config [None req-3e89a386-e63a-44ca-bb97-89d3f22c5229 None None] Loading glance-api-keystone+cachemanagement from /etc/glance/glance-api-paste.ini {{(pid=99515) load_paste_app /opt/stack/glance/glance/common/config.py:759}}
Jun 25 12:54:34.552952 np0000003602 devstack@g-api.service[99514]: DEBUG glance.common.config [None req-419f4130-aab3-42bc-beb3-a034d90f478f None None] Loading glance-api-keystone+cachemanagement from /etc/glance/glance-api-paste.ini {{(pid=99514) load_paste_app /opt/stack/glance/glance/common/config.py:759}}
Jun 25 12:54:34.555584 np0000003602 devstack@g-api.service[99513]: DEBUG glance.common.config [None req-0c7e3e27-fe7d-4ca9-8a72-196ab89c7938 None None] Loading glance-api-keystone+cachemanagement from /etc/glance/glance-api-paste.ini {{(pid=99513) load_paste_app /opt/stack/glance/glance/common/config.py:759}}
Jun 25 12:54:35.217508 np0000003602 devstack@g-api.service[99515]: INFO glance.image_cache [None req-3e89a386-e63a-44ca-bb97-89d3f22c5229 None None] Image cache loaded driver 'centralized_db'.
Jun 25 12:54:35.232413 np0000003602 devstack@g-api.service[99514]: INFO glance.image_cache [None req-419f4130-aab3-42bc-beb3-a034d90f478f None None] Image cache loaded driver 'centralized_db'.
Jun 25 12:54:35.232545 np0000003602 devstack@g-api.service[99513]: INFO glance.image_cache [None req-0c7e3e27-fe7d-4ca9-8a72-196ab89c7938 None None] Image cache loaded driver 'centralized_db'.
Jun 25 12:54:35.269583 np0000003602 devstack@g-api.service[99515]: INFO dbcounter [None req-3e89a386-e63a-44ca-bb97-89d3f22c5229 None None] Registered counter for database glance
Jun 25 12:54:35.277507 np0000003602 devstack@g-api.service[99514]: INFO dbcounter [None req-419f4130-aab3-42bc-beb3-a034d90f478f None None] Registered counter for database glance
Jun 25 12:54:35.279563 np0000003602 devstack@g-api.service[99513]: INFO dbcounter [None req-0c7e3e27-fe7d-4ca9-8a72-196ab89c7938 None None] Registered counter for database glance
Jun 25 12:54:35.313371 np0000003602 devstack@g-api.service[99515]: DEBUG oslo_db.sqlalchemy.engines [None req-3e89a386-e63a-44ca-bb97-89d3f22c5229 None None] MySQL server mode set to STRICT_TRANS_TABLES,STRICT_ALL_TABLES,NO_ZERO_IN_DATE,NO_ZERO_DATE,ERROR_FOR_DIVISION_BY_ZERO,TRADITIONAL,NO_ENGINE_SUBSTITUTION {{(pid=99515) _check_effective_sql_mode /opt/stack/data/venv/lib/python3.12/site-packages/oslo_db/sqlalchemy/engines.py:325}}
Jun 25 12:54:35.318658 np0000003602 devstack@g-api.service[99514]: DEBUG oslo_db.sqlalchemy.engines [None req-419f4130-aab3-42bc-beb3-a034d90f478f None None] MySQL server mode set to STRICT_TRANS_TABLES,STRICT_ALL_TABLES,NO_ZERO_IN_DATE,NO_ZERO_DATE,ERROR_FOR_DIVISION_BY_ZERO,TRADITIONAL,NO_ENGINE_SUBSTITUTION {{(pid=99514) _check_effective_sql_mode /opt/stack/data/venv/lib/python3.12/site-packages/oslo_db/sqlalchemy/engines.py:325}}
Jun 25 12:54:35.321715 np0000003602 devstack@g-api.service[99513]: DEBUG oslo_db.sqlalchemy.engines [None req-0c7e3e27-fe7d-4ca9-8a72-196ab89c7938 None None] MySQL server mode set to STRICT_TRANS_TABLES,STRICT_ALL_TABLES,NO_ZERO_IN_DATE,NO_ZERO_DATE,ERROR_FOR_DIVISION_BY_ZERO,TRADITIONAL,NO_ENGINE_SUBSTITUTION {{(pid=99513) _check_effective_sql_mode /opt/stack/data/venv/lib/python3.12/site-packages/oslo_db/sqlalchemy/engines.py:325}}
Jun 25 12:54:35.334881 np0000003602 devstack@g-api.service[99515]: DEBUG dbcounter [-] [99515] Writer thread running {{(pid=99515) stat_writer /opt/stack/data/venv/lib/python3.12/site-packages/dbcounter.py:102}}
Jun 25 12:54:35.341116 np0000003602 devstack@g-api.service[99514]: DEBUG dbcounter [-] [99514] Writer thread running {{(pid=99514) stat_writer /opt/stack/data/venv/lib/python3.12/site-packages/dbcounter.py:102}}
Jun 25 12:54:35.343047 np0000003602 devstack@g-api.service[99513]: DEBUG dbcounter [-] [99513] Writer thread running {{(pid=99513) stat_writer /opt/stack/data/venv/lib/python3.12/site-packages/dbcounter.py:102}}
Jun 25 12:54:35.346683 np0000003602 devstack@g-api.service[99514]: DEBUG glance.image_cache.drivers.centralized_db [None req-419f4130-aab3-42bc-beb3-a034d90f478f None None] Node reference is already recorded, ignoring it {{(pid=99514) configure /opt/stack/glance/glance/image_cache/drivers/centralized_db.py:71}}
Jun 25 12:54:35.346824 np0000003602 devstack@g-api.service[99513]: DEBUG glance.image_cache.drivers.centralized_db [None req-0c7e3e27-fe7d-4ca9-8a72-196ab89c7938 None None] Node reference is already recorded, ignoring it {{(pid=99513) configure /opt/stack/glance/glance/image_cache/drivers/centralized_db.py:71}}
Jun 25 12:54:35.346872 np0000003602 devstack@g-api.service[99515]: INFO glance.image_cache [None req-3e89a386-e63a-44ca-bb97-89d3f22c5229 None None] Image cache loaded driver 'centralized_db'.
Jun 25 12:54:35.352956 np0000003602 devstack@g-api.service[99514]: INFO glance.image_cache [None req-419f4130-aab3-42bc-beb3-a034d90f478f None None] Image cache loaded driver 'centralized_db'.
Jun 25 12:54:35.353491 np0000003602 devstack@g-api.service[99513]: INFO glance.image_cache [None req-0c7e3e27-fe7d-4ca9-8a72-196ab89c7938 None None] Image cache loaded driver 'centralized_db'.
Jun 25 12:54:35.355513 np0000003602 devstack@g-api.service[99515]: DEBUG glance.image_cache.drivers.centralized_db [None req-3e89a386-e63a-44ca-bb97-89d3f22c5229 None None] Node reference is already recorded, ignoring it {{(pid=99515) configure /opt/stack/glance/glance/image_cache/drivers/centralized_db.py:71}}
Jun 25 12:54:35.452642 np0000003602 devstack@g-api.service[99515]: DEBUG glance.api.v2.cached_images [None req-3e89a386-e63a-44ca-bb97-89d3f22c5229 None None] Started cache worker thread {{(pid=99515) __init__ /opt/stack/glance/glance/api/v2/cached_images.py:69}}
Jun 25 12:54:35.453321 np0000003602 devstack@g-api.service[99515]: INFO glance.image_cache [None req-3e89a386-e63a-44ca-bb97-89d3f22c5229 None None] Image cache loaded driver 'centralized_db'.
Jun 25 12:54:35.455020 np0000003602 devstack@g-api.service[99514]: DEBUG glance.image_cache.drivers.centralized_db [None req-419f4130-aab3-42bc-beb3-a034d90f478f None None] Node reference is already recorded, ignoring it {{(pid=99514) configure /opt/stack/glance/glance/image_cache/drivers/centralized_db.py:71}}
Jun 25 12:54:35.458685 np0000003602 devstack@g-api.service[99513]: DEBUG glance.image_cache.drivers.centralized_db [None req-0c7e3e27-fe7d-4ca9-8a72-196ab89c7938 None None] Node reference is already recorded, ignoring it {{(pid=99513) configure /opt/stack/glance/glance/image_cache/drivers/centralized_db.py:71}}
Jun 25 12:54:35.459727 np0000003602 devstack@g-api.service[99514]: DEBUG glance.api.v2.cached_images [None req-419f4130-aab3-42bc-beb3-a034d90f478f None None] Started cache worker thread {{(pid=99514) __init__ /opt/stack/glance/glance/api/v2/cached_images.py:69}}
Jun 25 12:54:35.460272 np0000003602 devstack@g-api.service[99515]: DEBUG glance.image_cache.drivers.centralized_db [None req-3e89a386-e63a-44ca-bb97-89d3f22c5229 None None] Node reference is already recorded, ignoring it {{(pid=99515) configure /opt/stack/glance/glance/image_cache/drivers/centralized_db.py:71}}
Jun 25 12:54:35.460378 np0000003602 devstack@g-api.service[99514]: INFO glance.image_cache [None req-419f4130-aab3-42bc-beb3-a034d90f478f None None] Image cache loaded driver 'centralized_db'.
Jun 25 12:54:35.463378 np0000003602 devstack@g-api.service[99513]: DEBUG glance.api.v2.cached_images [None req-0c7e3e27-fe7d-4ca9-8a72-196ab89c7938 None None] Started cache worker thread {{(pid=99513) __init__ /opt/stack/glance/glance/api/v2/cached_images.py:69}}
Jun 25 12:54:35.463979 np0000003602 devstack@g-api.service[99513]: INFO glance.image_cache [None req-0c7e3e27-fe7d-4ca9-8a72-196ab89c7938 None None] Image cache loaded driver 'centralized_db'.
Jun 25 12:54:35.464625 np0000003602 devstack@g-api.service[99515]: INFO glance.api.middleware.cache_manage [None req-3e89a386-e63a-44ca-bb97-89d3f22c5229 None None] Initialized image cache management middleware
Jun 25 12:54:35.464751 np0000003602 devstack@g-api.service[99515]: INFO glance.image_cache [None req-3e89a386-e63a-44ca-bb97-89d3f22c5229 None None] Image cache loaded driver 'centralized_db'.
Jun 25 12:54:35.467210 np0000003602 devstack@g-api.service[99514]: DEBUG glance.image_cache.drivers.centralized_db [None req-419f4130-aab3-42bc-beb3-a034d90f478f None None] Node reference is already recorded, ignoring it {{(pid=99514) configure /opt/stack/glance/glance/image_cache/drivers/centralized_db.py:71}}
Jun 25 12:54:35.471519 np0000003602 devstack@g-api.service[99513]: DEBUG glance.image_cache.drivers.centralized_db [None req-0c7e3e27-fe7d-4ca9-8a72-196ab89c7938 None None] Node reference is already recorded, ignoring it {{(pid=99513) configure /opt/stack/glance/glance/image_cache/drivers/centralized_db.py:71}}
Jun 25 12:54:35.471635 np0000003602 devstack@g-api.service[99515]: DEBUG glance.image_cache.drivers.centralized_db [None req-3e89a386-e63a-44ca-bb97-89d3f22c5229 None None] Node reference is already recorded, ignoring it {{(pid=99515) configure /opt/stack/glance/glance/image_cache/drivers/centralized_db.py:71}}
Jun 25 12:54:35.472872 np0000003602 devstack@g-api.service[99514]: INFO glance.api.middleware.cache_manage [None req-419f4130-aab3-42bc-beb3-a034d90f478f None None] Initialized image cache management middleware
Jun 25 12:54:35.473057 np0000003602 devstack@g-api.service[99514]: INFO glance.image_cache [None req-419f4130-aab3-42bc-beb3-a034d90f478f None None] Image cache loaded driver 'centralized_db'.
Jun 25 12:54:35.474915 np0000003602 devstack@g-api.service[99515]: INFO glance.api.middleware.cache [None req-3e89a386-e63a-44ca-bb97-89d3f22c5229 None None] Initialized image cache middleware
Jun 25 12:54:35.475722 np0000003602 devstack@g-api.service[99513]: INFO glance.api.middleware.cache_manage [None req-0c7e3e27-fe7d-4ca9-8a72-196ab89c7938 None None] Initialized image cache management middleware
Jun 25 12:54:35.475863 np0000003602 devstack@g-api.service[99513]: INFO glance.image_cache [None req-0c7e3e27-fe7d-4ca9-8a72-196ab89c7938 None None] Image cache loaded driver 'centralized_db'.
Jun 25 12:54:35.480304 np0000003602 devstack@g-api.service[99514]: DEBUG glance.image_cache.drivers.centralized_db [None req-419f4130-aab3-42bc-beb3-a034d90f478f None None] Node reference is already recorded, ignoring it {{(pid=99514) configure /opt/stack/glance/glance/image_cache/drivers/centralized_db.py:71}}
Jun 25 12:54:35.484746 np0000003602 devstack@g-api.service[99513]: DEBUG glance.image_cache.drivers.centralized_db [None req-0c7e3e27-fe7d-4ca9-8a72-196ab89c7938 None None] Node reference is already recorded, ignoring it {{(pid=99513) configure /opt/stack/glance/glance/image_cache/drivers/centralized_db.py:71}}
Jun 25 12:54:35.485687 np0000003602 devstack@g-api.service[99514]: INFO glance.api.middleware.cache [None req-419f4130-aab3-42bc-beb3-a034d90f478f None None] Initialized image cache middleware
Jun 25 12:54:35.486285 np0000003602 devstack@g-api.service[99515]: DEBUG glance.common.config [None req-3e89a386-e63a-44ca-bb97-89d3f22c5229 None None] ******************************************************************************** {{(pid=99515) log_opt_values /opt/stack/data/venv/lib/python3.12/site-packages/oslo_config/cfg.py:3226}}
Jun 25 12:54:35.486360 np0000003602 devstack@g-api.service[99515]: DEBUG glance.common.config [None req-3e89a386-e63a-44ca-bb97-89d3f22c5229 None None] Configuration options gathered from: {{(pid=99515) log_opt_values /opt/stack/data/venv/lib/python3.12/site-packages/oslo_config/cfg.py:3227}}
Jun 25 12:54:35.486624 np0000003602 devstack@g-api.service[99515]: DEBUG glance.common.config [None req-3e89a386-e63a-44ca-bb97-89d3f22c5229 None None] command line args: [] {{(pid=99515) log_opt_values /opt/stack/data/venv/lib/python3.12/site-packages/oslo_config/cfg.py:3228}}
Jun 25 12:54:35.486728 np0000003602 devstack@g-api.service[99515]: DEBUG glance.common.config [None req-3e89a386-e63a-44ca-bb97-89d3f22c5229 None None] config files: ['/etc/glance/glance-image-import.conf', '/etc/glance/glance-api.conf'] {{(pid=99515) log_opt_values /opt/stack/data/venv/lib/python3.12/site-packages/oslo_config/cfg.py:3229}}
Jun 25 12:54:35.486825 np0000003602 devstack@g-api.service[99515]: DEBUG glance.common.config [None req-3e89a386-e63a-44ca-bb97-89d3f22c5229 None None] ================================================================================ {{(pid=99515) log_opt_values /opt/stack/data/venv/lib/python3.12/site-packages/oslo_config/cfg.py:3234}}
Jun 25 12:54:35.486958 np0000003602 devstack@g-api.service[99515]: DEBUG glance.common.config [None req-3e89a386-e63a-44ca-bb97-89d3f22c5229 None None] allow_anonymous_access = False {{(pid=99515) log_opt_values /opt/stack/data/venv/lib/python3.12/site-packages/oslo_config/cfg.py:3242}}
Jun 25 12:54:35.487075 np0000003602 devstack@g-api.service[99515]: DEBUG glance.common.config [None req-3e89a386-e63a-44ca-bb97-89d3f22c5229 None None] api_limit_max = 1000 {{(pid=99515) log_opt_values /opt/stack/data/venv/lib/python3.12/site-packages/oslo_config/cfg.py:3242}}
Jun 25 12:54:35.487155 np0000003602 devstack@g-api.service[99515]: DEBUG glance.common.config [None req-3e89a386-e63a-44ca-bb97-89d3f22c5229 None None] backlog = 4096 {{(pid=99515) log_opt_values /opt/stack/data/venv/lib/python3.12/site-packages/oslo_config/cfg.py:3242}}
Jun 25 12:54:35.487294 np0000003602 devstack@g-api.service[99515]: DEBUG glance.common.config [None req-3e89a386-e63a-44ca-bb97-89d3f22c5229 None None] bind_host = 0.0.0.0 {{(pid=99515) log_opt_values /opt/stack/data/venv/lib/python3.12/site-packages/oslo_config/cfg.py:3242}}
Jun 25 12:54:35.487387 np0000003602 devstack@g-api.service[99515]: DEBUG glance.common.config [None req-3e89a386-e63a-44ca-bb97-89d3f22c5229 None None] bind_port = 19292 {{(pid=99515) log_opt_values /opt/stack/data/venv/lib/python3.12/site-packages/oslo_config/cfg.py:3242}}
Jun 25 12:54:35.487481 np0000003602 devstack@g-api.service[99515]: DEBUG glance.common.config [None req-3e89a386-e63a-44ca-bb97-89d3f22c5229 None None] client_socket_timeout = 900 {{(pid=99515) log_opt_values /opt/stack/data/venv/lib/python3.12/site-packages/oslo_config/cfg.py:3242}}
Jun 25 12:54:35.487577 np0000003602 devstack@g-api.service[99515]: DEBUG glance.common.config [None req-3e89a386-e63a-44ca-bb97-89d3f22c5229 None None] config_dir = [] {{(pid=99515) log_opt_values /opt/stack/data/venv/lib/python3.12/site-packages/oslo_config/cfg.py:3242}}
Jun 25 12:54:35.487662 np0000003602 devstack@g-api.service[99515]: DEBUG glance.common.config [None req-3e89a386-e63a-44ca-bb97-89d3f22c5229 None None] config_file = ['/etc/glance/glance-image-import.conf', '/etc/glance/glance-api.conf'] {{(pid=99515) log_opt_values /opt/stack/data/venv/lib/python3.12/site-packages/oslo_config/cfg.py:3242}}
Jun 25 12:54:35.487738 np0000003602 devstack@g-api.service[99515]: DEBUG glance.common.config [None req-3e89a386-e63a-44ca-bb97-89d3f22c5229 None None] config_source = [] {{(pid=99515) log_opt_values /opt/stack/data/venv/lib/python3.12/site-packages/oslo_config/cfg.py:3242}}
Jun 25 12:54:35.487852 np0000003602 devstack@g-api.service[99515]: DEBUG glance.common.config [None req-3e89a386-e63a-44ca-bb97-89d3f22c5229 None None] control_exchange = glance {{(pid=99515) log_opt_values /opt/stack/data/venv/lib/python3.12/site-packages/oslo_config/cfg.py:3242}}
Jun 25 12:54:35.487978 np0000003602 devstack@g-api.service[99515]: DEBUG glance.common.config [None req-3e89a386-e63a-44ca-bb97-89d3f22c5229 None None] debug = True {{(pid=99515) log_opt_values /opt/stack/data/venv/lib/python3.12/site-packages/oslo_config/cfg.py:3242}}
Jun 25 12:54:35.488102 np0000003602 devstack@g-api.service[99515]: DEBUG glance.common.config [None req-3e89a386-e63a-44ca-bb97-89d3f22c5229 None None] default_log_levels = ['amqp=WARN', 'boto=WARN', 'sqlalchemy=WARN', 'suds=INFO', 'oslo.messaging=INFO', 'oslo_messaging=INFO', 'iso8601=WARN', 'requests.packages.urllib3.connectionpool=WARN', 'urllib3.connectionpool=WARN', 'websocket=WARN', 'requests.packages.urllib3.util.retry=WARN', 'urllib3.util.retry=WARN', 'keystonemiddleware=WARN', 'routes.middleware=WARN', 'stevedore=WARN', 'taskflow=WARN', 'keystoneauth=WARN', 'oslo.cache=INFO', 'oslo_policy=INFO', 'dogpile.core.dogpile=INFO'] {{(pid=99515) log_opt_values /opt/stack/data/venv/lib/python3.12/site-packages/oslo_config/cfg.py:3242}}
Jun 25 12:54:35.488212 np0000003602 devstack@g-api.service[99515]: DEBUG glance.common.config [None req-3e89a386-e63a-44ca-bb97-89d3f22c5229 None None] default_publisher_id = image.localhost {{(pid=99515) log_opt_values /opt/stack/data/venv/lib/python3.12/site-packages/oslo_config/cfg.py:3242}}
Jun 25 12:54:35.488315 np0000003602 devstack@g-api.service[99515]: DEBUG glance.common.config [None req-3e89a386-e63a-44ca-bb97-89d3f22c5229 None None] delayed_delete = False {{(pid=99515) log_opt_values /opt/stack/data/venv/lib/python3.12/site-packages/oslo_config/cfg.py:3242}}
Jun 25 12:54:35.488404 np0000003602 devstack@g-api.service[99513]: INFO glance.api.middleware.cache [None req-0c7e3e27-fe7d-4ca9-8a72-196ab89c7938 None None] Initialized image cache middleware
Jun 25 12:54:35.488486 np0000003602 devstack@g-api.service[99515]: DEBUG glance.common.config [None req-3e89a386-e63a-44ca-bb97-89d3f22c5229 None None] digest_algorithm = sha256 {{(pid=99515) log_opt_values /opt/stack/data/venv/lib/python3.12/site-packages/oslo_config/cfg.py:3242}}
Jun 25 12:54:35.488486 np0000003602 devstack@g-api.service[99515]: DEBUG glance.common.config [None req-3e89a386-e63a-44ca-bb97-89d3f22c5229 None None] disabled_notifications = [] {{(pid=99515) log_opt_values /opt/stack/data/venv/lib/python3.12/site-packages/oslo_config/cfg.py:3242}}
Jun 25 12:54:35.488631 np0000003602 devstack@g-api.service[99515]: DEBUG glance.common.config [None req-3e89a386-e63a-44ca-bb97-89d3f22c5229 None None] do_secure_hash = True {{(pid=99515) log_opt_values /opt/stack/data/venv/lib/python3.12/site-packages/oslo_config/cfg.py:3242}}
Jun 25 12:54:35.488631 np0000003602 devstack@g-api.service[99515]: DEBUG glance.common.config [None req-3e89a386-e63a-44ca-bb97-89d3f22c5229 None None] enabled_backends = None {{(pid=99515) log_opt_values /opt/stack/data/venv/lib/python3.12/site-packages/oslo_config/cfg.py:3242}}
Jun 25 12:54:35.488745 np0000003602 devstack@g-api.service[99515]: DEBUG glance.common.config [None req-3e89a386-e63a-44ca-bb97-89d3f22c5229 None None] enabled_import_methods = ['glance-direct', 'web-download', 'copy-image'] {{(pid=99515) log_opt_values /opt/stack/data/venv/lib/python3.12/site-packages/oslo_config/cfg.py:3242}}
Jun 25 12:54:35.488840 np0000003602 devstack@g-api.service[99515]: DEBUG glance.common.config [None req-3e89a386-e63a-44ca-bb97-89d3f22c5229 None None] fatal_deprecations = False {{(pid=99515) log_opt_values /opt/stack/data/venv/lib/python3.12/site-packages/oslo_config/cfg.py:3242}}
Jun 25 12:54:35.488950 np0000003602 devstack@g-api.service[99515]: DEBUG glance.common.config [None req-3e89a386-e63a-44ca-bb97-89d3f22c5229 None None] hashing_algorithm = sha512 {{(pid=99515) log_opt_values /opt/stack/data/venv/lib/python3.12/site-packages/oslo_config/cfg.py:3242}}
Jun 25 12:54:35.489057 np0000003602 devstack@g-api.service[99515]: DEBUG glance.common.config [None req-3e89a386-e63a-44ca-bb97-89d3f22c5229 None None] http_keepalive = True {{(pid=99515) log_opt_values /opt/stack/data/venv/lib/python3.12/site-packages/oslo_config/cfg.py:3242}}
Jun 25 12:54:35.489516 np0000003602 devstack@g-api.service[99515]: DEBUG glance.common.config [None req-3e89a386-e63a-44ca-bb97-89d3f22c5229 None None] http_retries = 3 {{(pid=99515) log_opt_values /opt/stack/data/venv/lib/python3.12/site-packages/oslo_config/cfg.py:3242}}
Jun 25 12:54:35.489516 np0000003602 devstack@g-api.service[99515]: DEBUG glance.common.config [None req-3e89a386-e63a-44ca-bb97-89d3f22c5229 None None] image_cache_dir = /opt/stack/data/glance/cache/ {{(pid=99515) log_opt_values /opt/stack/data/venv/lib/python3.12/site-packages/oslo_config/cfg.py:3242}}
Jun 25 12:54:35.489516 np0000003602 devstack@g-api.service[99515]: DEBUG glance.common.config [None req-3e89a386-e63a-44ca-bb97-89d3f22c5229 None None] image_cache_driver = centralized_db {{(pid=99515) log_opt_values /opt/stack/data/venv/lib/python3.12/site-packages/oslo_config/cfg.py:3242}}
Jun 25 12:54:35.489516 np0000003602 devstack@g-api.service[99515]: DEBUG glance.common.config [None req-3e89a386-e63a-44ca-bb97-89d3f22c5229 None None] image_cache_max_size = 10737418240 {{(pid=99515) log_opt_values /opt/stack/data/venv/lib/python3.12/site-packages/oslo_config/cfg.py:3242}}
Jun 25 12:54:35.489516 np0000003602 devstack@g-api.service[99515]: DEBUG glance.common.config [None req-3e89a386-e63a-44ca-bb97-89d3f22c5229 None None] image_cache_sqlite_db = cache.db {{(pid=99515) log_opt_values /opt/stack/data/venv/lib/python3.12/site-packages/oslo_config/cfg.py:3242}}
Jun 25 12:54:35.489712 np0000003602 devstack@g-api.service[99515]: DEBUG glance.common.config [None req-3e89a386-e63a-44ca-bb97-89d3f22c5229 None None] image_cache_stall_time = 86400 {{(pid=99515) log_opt_values /opt/stack/data/venv/lib/python3.12/site-packages/oslo_config/cfg.py:3242}}
Jun 25 12:54:35.489712 np0000003602 devstack@g-api.service[99515]: DEBUG glance.common.config [None req-3e89a386-e63a-44ca-bb97-89d3f22c5229 None None] image_location_quota = 10 {{(pid=99515) log_opt_values /opt/stack/data/venv/lib/python3.12/site-packages/oslo_config/cfg.py:3242}}
Jun 25 12:54:35.489712 np0000003602 devstack@g-api.service[99515]: DEBUG glance.common.config [None req-3e89a386-e63a-44ca-bb97-89d3f22c5229 None None] image_member_quota = 128 {{(pid=99515) log_opt_values /opt/stack/data/venv/lib/python3.12/site-packages/oslo_config/cfg.py:3242}}
Jun 25 12:54:35.489829 np0000003602 devstack@g-api.service[99515]: DEBUG glance.common.config [None req-3e89a386-e63a-44ca-bb97-89d3f22c5229 None None] image_property_quota = 128 {{(pid=99515) log_opt_values /opt/stack/data/venv/lib/python3.12/site-packages/oslo_config/cfg.py:3242}}
Jun 25 12:54:35.490051 np0000003602 devstack@g-api.service[99515]: DEBUG glance.common.config [None req-3e89a386-e63a-44ca-bb97-89d3f22c5229 None None] image_size_cap = 1099511627776 {{(pid=99515) log_opt_values /opt/stack/data/venv/lib/python3.12/site-packages/oslo_config/cfg.py:3242}}
Jun 25 12:54:35.490051 np0000003602 devstack@g-api.service[99515]: DEBUG glance.common.config [None req-3e89a386-e63a-44ca-bb97-89d3f22c5229 None None] image_tag_quota = 128 {{(pid=99515) log_opt_values /opt/stack/data/venv/lib/python3.12/site-packages/oslo_config/cfg.py:3242}}
Jun 25 12:54:35.490182 np0000003602 devstack@g-api.service[99515]: DEBUG glance.common.config [None req-3e89a386-e63a-44ca-bb97-89d3f22c5229 None None] instance_format = [instance: %(uuid)s] {{(pid=99515) log_opt_values /opt/stack/data/venv/lib/python3.12/site-packages/oslo_config/cfg.py:3242}}
Jun 25 12:54:35.490240 np0000003602 devstack@g-api.service[99515]: DEBUG glance.common.config [None req-3e89a386-e63a-44ca-bb97-89d3f22c5229 None None] instance_uuid_format = [instance: %(uuid)s] {{(pid=99515) log_opt_values /opt/stack/data/venv/lib/python3.12/site-packages/oslo_config/cfg.py:3242}}
Jun 25 12:54:35.490317 np0000003602 devstack@g-api.service[99515]: DEBUG glance.common.config [None req-3e89a386-e63a-44ca-bb97-89d3f22c5229 None None] limit_param_default = 25 {{(pid=99515) log_opt_values /opt/stack/data/venv/lib/python3.12/site-packages/oslo_config/cfg.py:3242}}
Jun 25 12:54:35.490389 np0000003602 devstack@g-api.service[99515]: DEBUG glance.common.config [None req-3e89a386-e63a-44ca-bb97-89d3f22c5229 None None] log_color = False {{(pid=99515) log_opt_values /opt/stack/data/venv/lib/python3.12/site-packages/oslo_config/cfg.py:3242}}
Jun 25 12:54:35.490475 np0000003602 devstack@g-api.service[99515]: DEBUG glance.common.config [None req-3e89a386-e63a-44ca-bb97-89d3f22c5229 None None] log_config_append = None {{(pid=99515) log_opt_values /opt/stack/data/venv/lib/python3.12/site-packages/oslo_config/cfg.py:3242}}
Jun 25 12:54:35.490558 np0000003602 devstack@g-api.service[99515]: DEBUG glance.common.config [None req-3e89a386-e63a-44ca-bb97-89d3f22c5229 None None] log_date_format = %Y-%m-%d %H:%M:%S {{(pid=99515) log_opt_values /opt/stack/data/venv/lib/python3.12/site-packages/oslo_config/cfg.py:3242}}
Jun 25 12:54:35.490649 np0000003602 devstack@g-api.service[99515]: DEBUG glance.common.config [None req-3e89a386-e63a-44ca-bb97-89d3f22c5229 None None] log_dir = None {{(pid=99515) log_opt_values /opt/stack/data/venv/lib/python3.12/site-packages/oslo_config/cfg.py:3242}}
Jun 25 12:54:35.490732 np0000003602 devstack@g-api.service[99515]: DEBUG glance.common.config [None req-3e89a386-e63a-44ca-bb97-89d3f22c5229 None None] log_file = None {{(pid=99515) log_opt_values /opt/stack/data/venv/lib/python3.12/site-packages/oslo_config/cfg.py:3242}}
Jun 25 12:54:35.490845 np0000003602 devstack@g-api.service[99515]: DEBUG glance.common.config [None req-3e89a386-e63a-44ca-bb97-89d3f22c5229 None None] log_rotate_interval = 1 {{(pid=99515) log_opt_values /opt/stack/data/venv/lib/python3.12/site-packages/oslo_config/cfg.py:3242}}
Jun 25 12:54:35.490970 np0000003602 devstack@g-api.service[99515]: DEBUG glance.common.config [None req-3e89a386-e63a-44ca-bb97-89d3f22c5229 None None] log_rotate_interval_type = days {{(pid=99515) log_opt_values /opt/stack/data/venv/lib/python3.12/site-packages/oslo_config/cfg.py:3242}}
Jun 25 12:54:35.491061 np0000003602 devstack@g-api.service[99515]: DEBUG glance.common.config [None req-3e89a386-e63a-44ca-bb97-89d3f22c5229 None None] log_rotation_type = none {{(pid=99515) log_opt_values /opt/stack/data/venv/lib/python3.12/site-packages/oslo_config/cfg.py:3242}}
Jun 25 12:54:35.491140 np0000003602 devstack@g-api.service[99515]: DEBUG glance.common.config [None req-3e89a386-e63a-44ca-bb97-89d3f22c5229 None None] logging_context_format_string = %(color)s%(levelname)s %(name)s [%(global_request_id)s %(request_id)s %(project_name)s %(user_name)s%(color)s] %(instance)s%(color)s%(message)s {{(pid=99515) log_opt_values /opt/stack/data/venv/lib/python3.12/site-packages/oslo_config/cfg.py:3242}}
Jun 25 12:54:35.491209 np0000003602 devstack@g-api.service[99515]: DEBUG glance.common.config [None req-3e89a386-e63a-44ca-bb97-89d3f22c5229 None None] logging_debug_format_suffix = {{(pid=%(process)d) %(funcName)s %(pathname)s:%(lineno)d}} {{(pid=99515) log_opt_values /opt/stack/data/venv/lib/python3.12/site-packages/oslo_config/cfg.py:3242}}
Jun 25 12:54:35.491301 np0000003602 devstack@g-api.service[99515]: DEBUG glance.common.config [None req-3e89a386-e63a-44ca-bb97-89d3f22c5229 None None] logging_default_format_string = %(color)s%(levelname)s %(name)s [-%(color)s] %(instance)s%(color)s%(message)s {{(pid=99515) log_opt_values /opt/stack/data/venv/lib/python3.12/site-packages/oslo_config/cfg.py:3242}}
Jun 25 12:54:35.491392 np0000003602 devstack@g-api.service[99515]: DEBUG glance.common.config [None req-3e89a386-e63a-44ca-bb97-89d3f22c5229 None None] logging_exception_prefix = ERROR %(name)s %(instance)s {{(pid=99515) log_opt_values /opt/stack/data/venv/lib/python3.12/site-packages/oslo_config/cfg.py:3242}}
Jun 25 12:54:35.491457 np0000003602 devstack@g-api.service[99515]: DEBUG glance.common.config [None req-3e89a386-e63a-44ca-bb97-89d3f22c5229 None None] logging_user_identity_format = %(user)s %(project)s %(domain)s %(system_scope)s %(user_domain)s %(project_domain)s {{(pid=99515) log_opt_values /opt/stack/data/venv/lib/python3.12/site-packages/oslo_config/cfg.py:3242}}
Jun 25 12:54:35.491545 np0000003602 devstack@g-api.service[99515]: DEBUG glance.common.config [None req-3e89a386-e63a-44ca-bb97-89d3f22c5229 None None] max_header_line = 16384 {{(pid=99515) log_opt_values /opt/stack/data/venv/lib/python3.12/site-packages/oslo_config/cfg.py:3242}}
Jun 25 12:54:35.491631 np0000003602 devstack@g-api.service[99515]: DEBUG glance.common.config [None req-3e89a386-e63a-44ca-bb97-89d3f22c5229 None None] max_logfile_count = 30 {{(pid=99515) log_opt_values /opt/stack/data/venv/lib/python3.12/site-packages/oslo_config/cfg.py:3242}}
Jun 25 12:54:35.491719 np0000003602 devstack@g-api.service[99515]: DEBUG glance.common.config [None req-3e89a386-e63a-44ca-bb97-89d3f22c5229 None None] max_logfile_size_mb = 200 {{(pid=99515) log_opt_values /opt/stack/data/venv/lib/python3.12/site-packages/oslo_config/cfg.py:3242}}
Jun 25 12:54:35.491804 np0000003602 devstack@g-api.service[99515]: DEBUG glance.common.config [None req-3e89a386-e63a-44ca-bb97-89d3f22c5229 None None] max_request_id_length = 64 {{(pid=99515) log_opt_values /opt/stack/data/venv/lib/python3.12/site-packages/oslo_config/cfg.py:3242}}
Jun 25 12:54:35.491946 np0000003602 devstack@g-api.service[99515]: DEBUG glance.common.config [None req-3e89a386-e63a-44ca-bb97-89d3f22c5229 None None] metadata_encryption_key = **** {{(pid=99515) log_opt_values /opt/stack/data/venv/lib/python3.12/site-packages/oslo_config/cfg.py:3242}}
Jun 25 12:54:35.492034 np0000003602 devstack@g-api.service[99515]: DEBUG glance.common.config [None req-3e89a386-e63a-44ca-bb97-89d3f22c5229 None None] node_staging_uri = file:///tmp/staging/ {{(pid=99515) log_opt_values /opt/stack/data/venv/lib/python3.12/site-packages/oslo_config/cfg.py:3242}}
Jun 25 12:54:35.492119 np0000003602 devstack@g-api.service[99515]: DEBUG glance.common.config [None req-3e89a386-e63a-44ca-bb97-89d3f22c5229 None None] property_protection_file = None {{(pid=99515) log_opt_values /opt/stack/data/venv/lib/python3.12/site-packages/oslo_config/cfg.py:3242}}
Jun 25 12:54:35.492212 np0000003602 devstack@g-api.service[99515]: DEBUG glance.common.config [None req-3e89a386-e63a-44ca-bb97-89d3f22c5229 None None] property_protection_rule_format = roles {{(pid=99515) log_opt_values /opt/stack/data/venv/lib/python3.12/site-packages/oslo_config/cfg.py:3242}}
Jun 25 12:54:35.492303 np0000003602 devstack@g-api.service[99515]: DEBUG glance.common.config [None req-3e89a386-e63a-44ca-bb97-89d3f22c5229 None None] public_endpoint = https://10.4.3.243/image {{(pid=99515) log_opt_values /opt/stack/data/venv/lib/python3.12/site-packages/oslo_config/cfg.py:3242}}
Jun 25 12:54:35.492388 np0000003602 devstack@g-api.service[99515]: DEBUG glance.common.config [None req-3e89a386-e63a-44ca-bb97-89d3f22c5229 None None] publish_errors = False {{(pid=99515) log_opt_values /opt/stack/data/venv/lib/python3.12/site-packages/oslo_config/cfg.py:3242}}
Jun 25 12:54:35.492472 np0000003602 devstack@g-api.service[99515]: DEBUG glance.common.config [None req-3e89a386-e63a-44ca-bb97-89d3f22c5229 None None] pydev_worker_debug_host = None {{(pid=99515) log_opt_values /opt/stack/data/venv/lib/python3.12/site-packages/oslo_config/cfg.py:3242}}
Jun 25 12:54:35.492564 np0000003602 devstack@g-api.service[99515]: DEBUG glance.common.config [None req-3e89a386-e63a-44ca-bb97-89d3f22c5229 None None] pydev_worker_debug_port = 5678 {{(pid=99515) log_opt_values /opt/stack/data/venv/lib/python3.12/site-packages/oslo_config/cfg.py:3242}}
Jun 25 12:54:35.492651 np0000003602 devstack@g-api.service[99515]: DEBUG glance.common.config [None req-3e89a386-e63a-44ca-bb97-89d3f22c5229 None None] rate_limit_burst = 0 {{(pid=99515) log_opt_values /opt/stack/data/venv/lib/python3.12/site-packages/oslo_config/cfg.py:3242}}
Jun 25 12:54:35.492739 np0000003602 devstack@g-api.service[99515]: DEBUG glance.common.config [None req-3e89a386-e63a-44ca-bb97-89d3f22c5229 None None] rate_limit_except_level = CRITICAL {{(pid=99515) log_opt_values /opt/stack/data/venv/lib/python3.12/site-packages/oslo_config/cfg.py:3242}}
Jun 25 12:54:35.492812 np0000003602 devstack@g-api.service[99515]: DEBUG glance.common.config [None req-3e89a386-e63a-44ca-bb97-89d3f22c5229 None None] rate_limit_interval = 0 {{(pid=99515) log_opt_values /opt/stack/data/venv/lib/python3.12/site-packages/oslo_config/cfg.py:3242}}
Jun 25 12:54:35.492978 np0000003602 devstack@g-api.service[99515]: DEBUG glance.common.config [None req-3e89a386-e63a-44ca-bb97-89d3f22c5229 None None] scrub_pool_size = 1 {{(pid=99515) log_opt_values /opt/stack/data/venv/lib/python3.12/site-packages/oslo_config/cfg.py:3242}}
Jun 25 12:54:35.493031 np0000003602 devstack@g-api.service[99515]: DEBUG glance.common.config [None req-3e89a386-e63a-44ca-bb97-89d3f22c5229 None None] scrub_time = 0 {{(pid=99515) log_opt_values /opt/stack/data/venv/lib/python3.12/site-packages/oslo_config/cfg.py:3242}}
Jun 25 12:54:35.493126 np0000003602 devstack@g-api.service[99515]: DEBUG glance.common.config [None req-3e89a386-e63a-44ca-bb97-89d3f22c5229 None None] shell_completion = None {{(pid=99515) log_opt_values /opt/stack/data/venv/lib/python3.12/site-packages/oslo_config/cfg.py:3242}}
Jun 25 12:54:35.493218 np0000003602 devstack@g-api.service[99515]: DEBUG glance.common.config [None req-3e89a386-e63a-44ca-bb97-89d3f22c5229 None None] show_image_direct_url = False {{(pid=99515) log_opt_values /opt/stack/data/venv/lib/python3.12/site-packages/oslo_config/cfg.py:3242}}
Jun 25 12:54:35.493418 np0000003602 devstack@g-api.service[99515]: WARNING oslo_config.cfg [None req-3e89a386-e63a-44ca-bb97-89d3f22c5229 None None] Deprecated: Option "show_multiple_locations" from group "DEFAULT" is deprecated for removal (Use of this option, deprecated since Newton, is a security risk and will be removed once we figure out a way to satisfy those use cases that currently require it. An earlier announcement that the same functionality can be achieved with greater granularity by using policies is incorrect. You cannot work around this option via policy configuration at the present time, though that is the direction we believe the fix will take. Please keep an eye on the Glance release notes to stay up to date on progress in addressing this issue.). Its value may be silently ignored in the future.
Jun 25 12:54:35.493517 np0000003602 devstack@g-api.service[99515]: DEBUG glance.common.config [None req-3e89a386-e63a-44ca-bb97-89d3f22c5229 None None] show_multiple_locations = False {{(pid=99515) log_opt_values /opt/stack/data/venv/lib/python3.12/site-packages/oslo_config/cfg.py:3242}}
Jun 25 12:54:35.493607 np0000003602 devstack@g-api.service[99515]: DEBUG glance.common.config [None req-3e89a386-e63a-44ca-bb97-89d3f22c5229 None None] syslog_log_facility = LOG_USER {{(pid=99515) log_opt_values /opt/stack/data/venv/lib/python3.12/site-packages/oslo_config/cfg.py:3242}}
Jun 25 12:54:35.493708 np0000003602 devstack@g-api.service[99515]: DEBUG glance.common.config [None req-3e89a386-e63a-44ca-bb97-89d3f22c5229 None None] tcp_keepidle = 600 {{(pid=99515) log_opt_values /opt/stack/data/venv/lib/python3.12/site-packages/oslo_config/cfg.py:3242}}
Jun 25 12:54:35.493796 np0000003602 devstack@g-api.service[99515]: DEBUG glance.common.config [None req-3e89a386-e63a-44ca-bb97-89d3f22c5229 None None] transport_url = **** {{(pid=99515) log_opt_values /opt/stack/data/venv/lib/python3.12/site-packages/oslo_config/cfg.py:3242}}
Jun 25 12:54:35.493895 np0000003602 devstack@g-api.service[99515]: DEBUG glance.common.config [None req-3e89a386-e63a-44ca-bb97-89d3f22c5229 None None] use_journal = False {{(pid=99515) log_opt_values /opt/stack/data/venv/lib/python3.12/site-packages/oslo_config/cfg.py:3242}}
Jun 25 12:54:35.494014 np0000003602 devstack@g-api.service[99515]: DEBUG glance.common.config [None req-3e89a386-e63a-44ca-bb97-89d3f22c5229 None None] use_json = False {{(pid=99515) log_opt_values /opt/stack/data/venv/lib/python3.12/site-packages/oslo_config/cfg.py:3242}}
Jun 25 12:54:35.494103 np0000003602 devstack@g-api.service[99515]: DEBUG glance.common.config [None req-3e89a386-e63a-44ca-bb97-89d3f22c5229 None None] use_keystone_limits = True {{(pid=99515) log_opt_values /opt/stack/data/venv/lib/python3.12/site-packages/oslo_config/cfg.py:3242}}
Jun 25 12:54:35.494193 np0000003602 devstack@g-api.service[99515]: DEBUG glance.common.config [None req-3e89a386-e63a-44ca-bb97-89d3f22c5229 None None] use_stderr = False {{(pid=99515) log_opt_values /opt/stack/data/venv/lib/python3.12/site-packages/oslo_config/cfg.py:3242}}
Jun 25 12:54:35.494284 np0000003602 devstack@g-api.service[99515]: DEBUG glance.common.config [None req-3e89a386-e63a-44ca-bb97-89d3f22c5229 None None] use_syslog = False {{(pid=99515) log_opt_values /opt/stack/data/venv/lib/python3.12/site-packages/oslo_config/cfg.py:3242}}
Jun 25 12:54:35.494373 np0000003602 devstack@g-api.service[99515]: DEBUG glance.common.config [None req-3e89a386-e63a-44ca-bb97-89d3f22c5229 None None] user_storage_quota = 0 {{(pid=99515) log_opt_values /opt/stack/data/venv/lib/python3.12/site-packages/oslo_config/cfg.py:3242}}
Jun 25 12:54:35.494470 np0000003602 devstack@g-api.service[99515]: DEBUG glance.common.config [None req-3e89a386-e63a-44ca-bb97-89d3f22c5229 None None] worker_self_reference_url = http://127.0.0.1:60999 {{(pid=99515) log_opt_values /opt/stack/data/venv/lib/python3.12/site-packages/oslo_config/cfg.py:3242}}
Jun 25 12:54:35.494537 np0000003602 devstack@g-api.service[99515]: DEBUG glance.common.config [None req-3e89a386-e63a-44ca-bb97-89d3f22c5229 None None] workers = None {{(pid=99515) log_opt_values /opt/stack/data/venv/lib/python3.12/site-packages/oslo_config/cfg.py:3242}}
Jun 25 12:54:35.494647 np0000003602 devstack@g-api.service[99515]: DEBUG glance.common.config [None req-3e89a386-e63a-44ca-bb97-89d3f22c5229 None None] oslo_concurrency.disable_process_locking = False {{(pid=99515) log_opt_values /opt/stack/data/venv/lib/python3.12/site-packages/oslo_config/cfg.py:3253}}
Jun 25 12:54:35.494755 np0000003602 devstack@g-api.service[99515]: DEBUG glance.common.config [None req-3e89a386-e63a-44ca-bb97-89d3f22c5229 None None] oslo_concurrency.lock_path = /opt/stack/data/glance/locks {{(pid=99515) log_opt_values /opt/stack/data/venv/lib/python3.12/site-packages/oslo_config/cfg.py:3253}}
Jun 25 12:54:35.494844 np0000003602 devstack@g-api.service[99515]: DEBUG glance.common.config [None req-3e89a386-e63a-44ca-bb97-89d3f22c5229 None None] oslo_middleware.enable_proxy_headers_parsing = False {{(pid=99515) log_opt_values /opt/stack/data/venv/lib/python3.12/site-packages/oslo_config/cfg.py:3253}}
Jun 25 12:54:35.494984 np0000003602 devstack@g-api.service[99515]: DEBUG glance.common.config [None req-3e89a386-e63a-44ca-bb97-89d3f22c5229 None None] oslo_middleware.http_basic_auth_user_file = /etc/htpasswd {{(pid=99515) log_opt_values /opt/stack/data/venv/lib/python3.12/site-packages/oslo_config/cfg.py:3253}}
Jun 25 12:54:35.495075 np0000003602 devstack@g-api.service[99515]: DEBUG glance.common.config [None req-3e89a386-e63a-44ca-bb97-89d3f22c5229 None None] paste_deploy.config_file = None {{(pid=99515) log_opt_values /opt/stack/data/venv/lib/python3.12/site-packages/oslo_config/cfg.py:3253}}
Jun 25 12:54:35.495173 np0000003602 devstack@g-api.service[99515]: DEBUG glance.common.config [None req-3e89a386-e63a-44ca-bb97-89d3f22c5229 None None] paste_deploy.flavor = keystone+cachemanagement {{(pid=99515) log_opt_values /opt/stack/data/venv/lib/python3.12/site-packages/oslo_config/cfg.py:3253}}
Jun 25 12:54:35.495297 np0000003602 devstack@g-api.service[99515]: DEBUG glance.common.config [None req-3e89a386-e63a-44ca-bb97-89d3f22c5229 None None] image_format.container_formats = ['ami', 'ari', 'aki', 'bare', 'ovf', 'ova', 'docker', 'compressed'] {{(pid=99515) log_opt_values /opt/stack/data/venv/lib/python3.12/site-packages/oslo_config/cfg.py:3253}}
Jun 25 12:54:35.495421 np0000003602 devstack@g-api.service[99515]: DEBUG glance.common.config [None req-3e89a386-e63a-44ca-bb97-89d3f22c5229 None None] image_format.disk_formats = ['ami', 'ari', 'aki', 'vhd', 'vhdx', 'vmdk', 'raw', 'qcow2', 'vdi', 'iso', 'ploop'] {{(pid=99515) log_opt_values /opt/stack/data/venv/lib/python3.12/site-packages/oslo_config/cfg.py:3253}}
Jun 25 12:54:35.495515 np0000003602 devstack@g-api.service[99515]: DEBUG glance.common.config [None req-3e89a386-e63a-44ca-bb97-89d3f22c5229 None None] image_format.gpt_safety_checks_nonfatal = [] {{(pid=99515) log_opt_values /opt/stack/data/venv/lib/python3.12/site-packages/oslo_config/cfg.py:3253}}
Jun 25 12:54:35.495608 np0000003602 devstack@g-api.service[99515]: DEBUG glance.common.config [None req-3e89a386-e63a-44ca-bb97-89d3f22c5229 None None] image_format.require_image_format_match = True {{(pid=99515) log_opt_values /opt/stack/data/venv/lib/python3.12/site-packages/oslo_config/cfg.py:3253}}
Jun 25 12:54:35.495707 np0000003602 devstack@g-api.service[99515]: DEBUG glance.common.config [None req-3e89a386-e63a-44ca-bb97-89d3f22c5229 None None] image_format.vmdk_allowed_types = ['streamOptimized', 'monolithicSparse'] {{(pid=99515) log_opt_values /opt/stack/data/venv/lib/python3.12/site-packages/oslo_config/cfg.py:3253}}
Jun 25 12:54:35.495807 np0000003602 devstack@g-api.service[99515]: DEBUG glance.common.config [None req-3e89a386-e63a-44ca-bb97-89d3f22c5229 None None] task.task_executor = taskflow {{(pid=99515) log_opt_values /opt/stack/data/venv/lib/python3.12/site-packages/oslo_config/cfg.py:3253}}
Jun 25 12:54:35.495909 np0000003602 devstack@g-api.service[99515]: DEBUG glance.common.config [None req-3e89a386-e63a-44ca-bb97-89d3f22c5229 None None] task.task_time_to_live = 48 {{(pid=99515) log_opt_values /opt/stack/data/venv/lib/python3.12/site-packages/oslo_config/cfg.py:3253}}
Jun 25 12:54:35.496036 np0000003602 devstack@g-api.service[99515]: DEBUG glance.common.config [None req-3e89a386-e63a-44ca-bb97-89d3f22c5229 None None] task.work_dir = None {{(pid=99515) log_opt_values /opt/stack/data/venv/lib/python3.12/site-packages/oslo_config/cfg.py:3253}}
Jun 25 12:54:35.496138 np0000003602 devstack@g-api.service[99515]: DEBUG glance.common.config [None req-3e89a386-e63a-44ca-bb97-89d3f22c5229 None None] wsgi.python_interpreter = /opt/stack/data/venv/bin/python3 {{(pid=99515) log_opt_values /opt/stack/data/venv/lib/python3.12/site-packages/oslo_config/cfg.py:3253}}
