Jul 23 05:21:52.874779 np0000005717 nova-conductor[95899]: DEBUG cotyledon.oslo_config_glue [-] oslo_messaging_rabbit.rabbit_login_method = AMQPLAIN {{(pid=95899) log_opt_values /opt/stack/data/venv/lib/python3.12/site-packages/oslo_config/cfg.py:3253}}
Jul 23 05:21:52.874779 np0000005717 nova-conductor[95899]: DEBUG cotyledon.oslo_config_glue [-] oslo_messaging_rabbit.rabbit_qos_prefetch_count = 0 {{(pid=95899) log_opt_values /opt/stack/data/venv/lib/python3.12/site-packages/oslo_config/cfg.py:3253}}
Jul 23 05:21:52.874779 np0000005717 nova-conductor[95899]: DEBUG cotyledon.oslo_config_glue [-] oslo_messaging_rabbit.rabbit_quorum_delivery_limit = 0 {{(pid=95899) log_opt_values /opt/stack/data/venv/lib/python3.12/site-packages/oslo_config/cfg.py:3253}}
Jul 23 05:21:52.874779 np0000005717 nova-conductor[95899]: DEBUG cotyledon.oslo_config_glue [-] oslo_messaging_rabbit.rabbit_quorum_max_memory_bytes = 0 {{(pid=95899) log_opt_values /opt/stack/data/venv/lib/python3.12/site-packages/oslo_config/cfg.py:3253}}
Jul 23 05:21:52.874779 np0000005717 nova-conductor[95899]: DEBUG cotyledon.oslo_config_glue [-] oslo_messaging_rabbit.rabbit_quorum_max_memory_length = 0 {{(pid=95899) log_opt_values /opt/stack/data/venv/lib/python3.12/site-packages/oslo_config/cfg.py:3253}}
Jul 23 05:21:52.874779 np0000005717 nova-conductor[95899]: DEBUG cotyledon.oslo_config_glue [-] oslo_messaging_rabbit.rabbit_quorum_queue = False {{(pid=95899) log_opt_values /opt/stack/data/venv/lib/python3.12/site-packages/oslo_config/cfg.py:3253}}
Jul 23 05:21:52.874779 np0000005717 nova-conductor[95899]: DEBUG cotyledon.oslo_config_glue [-] oslo_messaging_rabbit.rabbit_retry_backoff = 2 {{(pid=95899) log_opt_values /opt/stack/data/venv/lib/python3.12/site-packages/oslo_config/cfg.py:3253}}
Jul 23 05:21:52.874779 np0000005717 nova-conductor[95899]: DEBUG cotyledon.oslo_config_glue [-] oslo_messaging_rabbit.rabbit_retry_interval = 1 {{(pid=95899) log_opt_values /opt/stack/data/venv/lib/python3.12/site-packages/oslo_config/cfg.py:3253}}
Jul 23 05:21:52.874779 np0000005717 nova-conductor[95899]: DEBUG cotyledon.oslo_config_glue [-] oslo_messaging_rabbit.rabbit_stream_fanout = False {{(pid=95899) log_opt_values /opt/stack/data/venv/lib/python3.12/site-packages/oslo_config/cfg.py:3253}}
Jul 23 05:21:52.874965 np0000005717 nova-conductor[95899]: DEBUG cotyledon.oslo_config_glue [-] oslo_messaging_rabbit.rabbit_transient_queues_ttl = 1800 {{(pid=95899) log_opt_values /opt/stack/data/venv/lib/python3.12/site-packages/oslo_config/cfg.py:3253}}
Jul 23 05:21:52.874965 np0000005717 nova-conductor[95899]: DEBUG cotyledon.oslo_config_glue [-] oslo_messaging_rabbit.rabbit_transient_quorum_queue = False {{(pid=95899) log_opt_values /opt/stack/data/venv/lib/python3.12/site-packages/oslo_config/cfg.py:3253}}
Jul 23 05:21:52.874965 np0000005717 nova-conductor[95899]: DEBUG cotyledon.oslo_config_glue [-] oslo_messaging_rabbit.rpc_conn_pool_size = 30 {{(pid=95899) log_opt_values /opt/stack/data/venv/lib/python3.12/site-packages/oslo_config/cfg.py:3253}}
Jul 23 05:21:52.874965 np0000005717 nova-conductor[95899]: DEBUG cotyledon.oslo_config_glue [-] oslo_messaging_rabbit.ssl = False {{(pid=95899) log_opt_values /opt/stack/data/venv/lib/python3.12/site-packages/oslo_config/cfg.py:3253}}
Jul 23 05:21:52.874965 np0000005717 nova-conductor[95899]: DEBUG cotyledon.oslo_config_glue [-] oslo_messaging_rabbit.ssl_ca_file = {{(pid=95899) log_opt_values /opt/stack/data/venv/lib/python3.12/site-packages/oslo_config/cfg.py:3253}}
Jul 23 05:21:52.874965 np0000005717 nova-conductor[95899]: DEBUG cotyledon.oslo_config_glue [-] oslo_messaging_rabbit.ssl_cert_file = {{(pid=95899) log_opt_values /opt/stack/data/venv/lib/python3.12/site-packages/oslo_config/cfg.py:3253}}
Jul 23 05:21:52.874965 np0000005717 nova-conductor[95899]: DEBUG cotyledon.oslo_config_glue [-] oslo_messaging_rabbit.ssl_enforce_fips_mode = False {{(pid=95899) log_opt_values /opt/stack/data/venv/lib/python3.12/site-packages/oslo_config/cfg.py:3253}}
Jul 23 05:21:52.874965 np0000005717 nova-conductor[95899]: DEBUG cotyledon.oslo_config_glue [-] oslo_messaging_rabbit.ssl_enforce_hostname_verification = True {{(pid=95899) log_opt_values /opt/stack/data/venv/lib/python3.12/site-packages/oslo_config/cfg.py:3253}}
Jul 23 05:21:52.874965 np0000005717 nova-conductor[95899]: DEBUG cotyledon.oslo_config_glue [-] oslo_messaging_rabbit.ssl_key_file = {{(pid=95899) log_opt_values /opt/stack/data/venv/lib/python3.12/site-packages/oslo_config/cfg.py:3253}}
Jul 23 05:21:52.875183 np0000005717 nova-conductor[95899]: DEBUG cotyledon.oslo_config_glue [-] oslo_messaging_rabbit.ssl_version = {{(pid=95899) log_opt_values /opt/stack/data/venv/lib/python3.12/site-packages/oslo_config/cfg.py:3253}}
Jul 23 05:21:52.875183 np0000005717 nova-conductor[95899]: DEBUG cotyledon.oslo_config_glue [-] oslo_messaging_rabbit.use_queue_manager = False {{(pid=95899) log_opt_values /opt/stack/data/venv/lib/python3.12/site-packages/oslo_config/cfg.py:3253}}
Jul 23 05:21:52.875183 np0000005717 nova-conductor[95899]: DEBUG cotyledon.oslo_config_glue [-] oslo_messaging_notifications.driver = ['messagingv2'] {{(pid=95899) log_opt_values /opt/stack/data/venv/lib/python3.12/site-packages/oslo_config/cfg.py:3253}}
Jul 23 05:21:52.875183 np0000005717 nova-conductor[95899]: DEBUG cotyledon.oslo_config_glue [-] oslo_messaging_notifications.retry = -1 {{(pid=95899) log_opt_values /opt/stack/data/venv/lib/python3.12/site-packages/oslo_config/cfg.py:3253}}
Jul 23 05:21:52.875183 np0000005717 nova-conductor[95899]: DEBUG cotyledon.oslo_config_glue [-] oslo_messaging_notifications.topics = ['notifications'] {{(pid=95899) log_opt_values /opt/stack/data/venv/lib/python3.12/site-packages/oslo_config/cfg.py:3253}}
Jul 23 05:21:52.875183 np0000005717 nova-conductor[95899]: DEBUG cotyledon.oslo_config_glue [-] oslo_messaging_notifications.transport_url = **** {{(pid=95899) log_opt_values /opt/stack/data/venv/lib/python3.12/site-packages/oslo_config/cfg.py:3253}}
Jul 23 05:21:52.875183 np0000005717 nova-conductor[95899]: DEBUG cotyledon.oslo_config_glue [-] oslo_limit.auth_section = None {{(pid=95899) log_opt_values /opt/stack/data/venv/lib/python3.12/site-packages/oslo_config/cfg.py:3253}}
Jul 23 05:21:52.875183 np0000005717 nova-conductor[95899]: DEBUG cotyledon.oslo_config_glue [-] oslo_limit.auth_type = None {{(pid=95899) log_opt_values /opt/stack/data/venv/lib/python3.12/site-packages/oslo_config/cfg.py:3253}}
Jul 23 05:21:52.875183 np0000005717 nova-conductor[95899]: DEBUG cotyledon.oslo_config_glue [-] oslo_limit.cafile = None {{(pid=95899) log_opt_values /opt/stack/data/venv/lib/python3.12/site-packages/oslo_config/cfg.py:3253}}
Jul 23 05:21:52.875363 np0000005717 nova-conductor[95899]: DEBUG cotyledon.oslo_config_glue [-] oslo_limit.certfile = None {{(pid=95899) log_opt_values /opt/stack/data/venv/lib/python3.12/site-packages/oslo_config/cfg.py:3253}}
Jul 23 05:21:52.875363 np0000005717 nova-conductor[95899]: DEBUG cotyledon.oslo_config_glue [-] oslo_limit.collect_timing = False {{(pid=95899) log_opt_values /opt/stack/data/venv/lib/python3.12/site-packages/oslo_config/cfg.py:3253}}
Jul 23 05:21:52.875363 np0000005717 nova-conductor[95899]: DEBUG cotyledon.oslo_config_glue [-] oslo_limit.connect_retries = None {{(pid=95899) log_opt_values /opt/stack/data/venv/lib/python3.12/site-packages/oslo_config/cfg.py:3253}}
Jul 23 05:21:52.875363 np0000005717 nova-conductor[95899]: DEBUG cotyledon.oslo_config_glue [-] oslo_limit.connect_retry_delay = None {{(pid=95899) log_opt_values /opt/stack/data/venv/lib/python3.12/site-packages/oslo_config/cfg.py:3253}}
Jul 23 05:21:52.875363 np0000005717 nova-conductor[95899]: DEBUG cotyledon.oslo_config_glue [-] oslo_limit.endpoint_id = None {{(pid=95899) log_opt_values /opt/stack/data/venv/lib/python3.12/site-packages/oslo_config/cfg.py:3253}}
Jul 23 05:21:52.875363 np0000005717 nova-conductor[95899]: DEBUG cotyledon.oslo_config_glue [-] oslo_limit.endpoint_interface = public {{(pid=95899) log_opt_values /opt/stack/data/venv/lib/python3.12/site-packages/oslo_config/cfg.py:3253}}
Jul 23 05:21:52.875363 np0000005717 nova-conductor[95899]: DEBUG cotyledon.oslo_config_glue [-] oslo_limit.endpoint_override = None {{(pid=95899) log_opt_values /opt/stack/data/venv/lib/python3.12/site-packages/oslo_config/cfg.py:3253}}
Jul 23 05:21:52.875363 np0000005717 nova-conductor[95899]: DEBUG cotyledon.oslo_config_glue [-] oslo_limit.endpoint_region_name = None {{(pid=95899) log_opt_values /opt/stack/data/venv/lib/python3.12/site-packages/oslo_config/cfg.py:3253}}
Jul 23 05:21:52.875363 np0000005717 nova-conductor[95899]: DEBUG cotyledon.oslo_config_glue [-] oslo_limit.endpoint_service_name = None {{(pid=95899) log_opt_values /opt/stack/data/venv/lib/python3.12/site-packages/oslo_config/cfg.py:3253}}
Jul 23 05:21:52.875538 np0000005717 nova-conductor[95899]: DEBUG cotyledon.oslo_config_glue [-] oslo_limit.endpoint_service_type = None {{(pid=95899) log_opt_values /opt/stack/data/venv/lib/python3.12/site-packages/oslo_config/cfg.py:3253}}
Jul 23 05:21:52.875538 np0000005717 nova-conductor[95899]: DEBUG cotyledon.oslo_config_glue [-] oslo_limit.insecure = False {{(pid=95899) log_opt_values /opt/stack/data/venv/lib/python3.12/site-packages/oslo_config/cfg.py:3253}}
Jul 23 05:21:52.875538 np0000005717 nova-conductor[95899]: DEBUG cotyledon.oslo_config_glue [-] oslo_limit.keyfile = None {{(pid=95899) log_opt_values /opt/stack/data/venv/lib/python3.12/site-packages/oslo_config/cfg.py:3253}}
Jul 23 05:21:52.875538 np0000005717 nova-conductor[95899]: DEBUG cotyledon.oslo_config_glue [-] oslo_limit.max_version = None {{(pid=95899) log_opt_values /opt/stack/data/venv/lib/python3.12/site-packages/oslo_config/cfg.py:3253}}
Jul 23 05:21:52.875538 np0000005717 nova-conductor[95899]: DEBUG cotyledon.oslo_config_glue [-] oslo_limit.min_version = None {{(pid=95899) log_opt_values /opt/stack/data/venv/lib/python3.12/site-packages/oslo_config/cfg.py:3253}}
Jul 23 05:21:52.875538 np0000005717 nova-conductor[95899]: DEBUG cotyledon.oslo_config_glue [-] oslo_limit.region_name = None {{(pid=95899) log_opt_values /opt/stack/data/venv/lib/python3.12/site-packages/oslo_config/cfg.py:3253}}
Jul 23 05:21:52.875538 np0000005717 nova-conductor[95899]: DEBUG cotyledon.oslo_config_glue [-] oslo_limit.retriable_status_codes = None {{(pid=95899) log_opt_values /opt/stack/data/venv/lib/python3.12/site-packages/oslo_config/cfg.py:3253}}
Jul 23 05:21:52.875538 np0000005717 nova-conductor[95899]: DEBUG cotyledon.oslo_config_glue [-] oslo_limit.service_name = None {{(pid=95899) log_opt_values /opt/stack/data/venv/lib/python3.12/site-packages/oslo_config/cfg.py:3253}}
Jul 23 05:21:52.875538 np0000005717 nova-conductor[95899]: DEBUG cotyledon.oslo_config_glue [-] oslo_limit.service_type = None {{(pid=95899) log_opt_values /opt/stack/data/venv/lib/python3.12/site-packages/oslo_config/cfg.py:3253}}
Jul 23 05:21:52.875740 np0000005717 nova-conductor[95899]: DEBUG cotyledon.oslo_config_glue [-] oslo_limit.split_loggers = False {{(pid=95899) log_opt_values /opt/stack/data/venv/lib/python3.12/site-packages/oslo_config/cfg.py:3253}}
Jul 23 05:21:52.875740 np0000005717 nova-conductor[95899]: DEBUG cotyledon.oslo_config_glue [-] oslo_limit.status_code_retries = None {{(pid=95899) log_opt_values /opt/stack/data/venv/lib/python3.12/site-packages/oslo_config/cfg.py:3253}}
Jul 23 05:21:52.875740 np0000005717 nova-conductor[95899]: DEBUG cotyledon.oslo_config_glue [-] oslo_limit.status_code_retry_delay = None {{(pid=95899) log_opt_values /opt/stack/data/venv/lib/python3.12/site-packages/oslo_config/cfg.py:3253}}
Jul 23 05:21:52.875740 np0000005717 nova-conductor[95899]: DEBUG cotyledon.oslo_config_glue [-] oslo_limit.timeout = None {{(pid=95899) log_opt_values /opt/stack/data/venv/lib/python3.12/site-packages/oslo_config/cfg.py:3253}}
Jul 23 05:21:52.875740 np0000005717 nova-conductor[95899]: DEBUG cotyledon.oslo_config_glue [-] oslo_limit.valid_interfaces = None {{(pid=95899) log_opt_values /opt/stack/data/venv/lib/python3.12/site-packages/oslo_config/cfg.py:3253}}
Jul 23 05:21:52.875740 np0000005717 nova-conductor[95899]: DEBUG cotyledon.oslo_config_glue [-] oslo_limit.version = None {{(pid=95899) log_opt_values /opt/stack/data/venv/lib/python3.12/site-packages/oslo_config/cfg.py:3253}}
Jul 23 05:21:52.875740 np0000005717 nova-conductor[95899]: DEBUG cotyledon.oslo_config_glue [-] oslo_reports.file_event_handler = None {{(pid=95899) log_opt_values /opt/stack/data/venv/lib/python3.12/site-packages/oslo_config/cfg.py:3253}}
Jul 23 05:21:52.875740 np0000005717 nova-conductor[95899]: DEBUG cotyledon.oslo_config_glue [-] oslo_reports.file_event_handler_interval = 1 {{(pid=95899) log_opt_values /opt/stack/data/venv/lib/python3.12/site-packages/oslo_config/cfg.py:3253}}
Jul 23 05:21:52.875740 np0000005717 nova-conductor[95899]: DEBUG cotyledon.oslo_config_glue [-] oslo_reports.log_dir = None {{(pid=95899) log_opt_values /opt/stack/data/venv/lib/python3.12/site-packages/oslo_config/cfg.py:3253}}
Jul 23 05:21:52.875918 np0000005717 nova-conductor[95899]: DEBUG cotyledon.oslo_config_glue [-] ******************************************************************************** {{(pid=95899) log_opt_values /opt/stack/data/venv/lib/python3.12/site-packages/oslo_config/cfg.py:3260}}
Jul 23 05:21:52.875918 np0000005717 nova-conductor[95899]: DEBUG cotyledon._service_worker [-] Run service ServiceWrapper(2) [95899] {{(pid=95899) wait_forever /opt/stack/data/venv/lib/python3.12/site-packages/cotyledon/_service_worker.py:218}}
Jul 23 05:21:52.875918 np0000005717 nova-conductor[95899]: INFO nova.service [-] Starting conductor node (version 33.1.0)
Jul 23 05:21:52.875918 np0000005717 nova-conductor[95899]: INFO dbcounter [None req-efca2d33-3685-41bd-825d-1f0bd947406e None None] Registered counter for database nova_cell0
Jul 23 05:21:52.876002 np0000005717 nova-conductor[95870]: DEBUG oslo_db.sqlalchemy.engines [None req-5d6b7a25-91cd-4975-943e-42f971420d51 None None] MySQL server mode set to STRICT_TRANS_TABLES,STRICT_ALL_TABLES,NO_ZERO_IN_DATE,NO_ZERO_DATE,ERROR_FOR_DIVISION_BY_ZERO,TRADITIONAL,NO_ENGINE_SUBSTITUTION {{(pid=95870) _check_effective_sql_mode /opt/stack/data/venv/lib/python3.12/site-packages/oslo_db/sqlalchemy/engines.py:325}}
Jul 23 05:21:52.878956 np0000005717 nova-conductor[95866]: DEBUG oslo_db.sqlalchemy.engines [None req-7048718a-6284-4e33-955b-c7a621b57f27 None None] MySQL server mode set to STRICT_TRANS_TABLES,STRICT_ALL_TABLES,NO_ZERO_IN_DATE,NO_ZERO_DATE,ERROR_FOR_DIVISION_BY_ZERO,TRADITIONAL,NO_ENGINE_SUBSTITUTION {{(pid=95866) _check_effective_sql_mode /opt/stack/data/venv/lib/python3.12/site-packages/oslo_db/sqlalchemy/engines.py:325}}
Jul 23 05:21:52.884480 np0000005717 nova-conductor[95870]: DEBUG dbcounter [-] [95870] Writer thread running {{(pid=95870) stat_writer /opt/stack/data/venv/lib/python3.12/site-packages/dbcounter.py:102}}
Jul 23 05:21:52.888258 np0000005717 nova-conductor[95866]: DEBUG dbcounter [-] [95866] Writer thread running {{(pid=95866) stat_writer /opt/stack/data/venv/lib/python3.12/site-packages/dbcounter.py:102}}
Jul 23 05:21:52.897984 np0000005717 nova-conductor[95870]: DEBUG nova.service [None req-5d6b7a25-91cd-4975-943e-42f971420d51 None None] Creating RPC server for service: nova-conductor on topic: conductor {{(pid=95870) start /opt/stack/nova/nova/service.py:196}}
Jul 23 05:21:52.898827 np0000005717 nova-conductor[95899]: DEBUG oslo_db.sqlalchemy.engines [None req-efca2d33-3685-41bd-825d-1f0bd947406e None None] MySQL server mode set to STRICT_TRANS_TABLES,STRICT_ALL_TABLES,NO_ZERO_IN_DATE,NO_ZERO_DATE,ERROR_FOR_DIVISION_BY_ZERO,TRADITIONAL,NO_ENGINE_SUBSTITUTION {{(pid=95899) _check_effective_sql_mode /opt/stack/data/venv/lib/python3.12/site-packages/oslo_db/sqlalchemy/engines.py:325}}
Jul 23 05:21:52.902578 np0000005717 nova-conductor[95866]: DEBUG nova.service [None req-7048718a-6284-4e33-955b-c7a621b57f27 None None] Creating RPC server for service: nova-conductor on topic: conductor {{(pid=95866) start /opt/stack/nova/nova/service.py:196}}
Jul 23 05:21:52.907864 np0000005717 nova-conductor[95899]: DEBUG dbcounter [-] [95899] Writer thread running {{(pid=95899) stat_writer /opt/stack/data/venv/lib/python3.12/site-packages/dbcounter.py:102}}
Jul 23 05:21:52.910537 np0000005717 nova-conductor[95899]: DEBUG nova.service [None req-efca2d33-3685-41bd-825d-1f0bd947406e None None] Creating RPC server for service: nova-conductor on topic: conductor {{(pid=95899) start /opt/stack/nova/nova/service.py:196}}
Jul 23 05:21:52.920011 np0000005717 nova-conductor[95870]: DEBUG nova.service [None req-5d6b7a25-91cd-4975-943e-42f971420d51 None None] Join ServiceGroup membership for this service conductor {{(pid=95870) start /opt/stack/nova/nova/service.py:222}}
Jul 23 05:21:52.920344 np0000005717 nova-conductor[95870]: DEBUG nova.servicegroup.drivers.db [None req-5d6b7a25-91cd-4975-943e-42f971420d51 None None] DB_Driver: join new ServiceGroup member np0000005717 to the conductor group, service = {{(pid=95870) join /opt/stack/nova/nova/servicegroup/drivers/db.py:44}}
Jul 23 05:21:52.925182 np0000005717 nova-conductor[95899]: DEBUG nova.service [None req-efca2d33-3685-41bd-825d-1f0bd947406e None None] Join ServiceGroup membership for this service conductor {{(pid=95899) start /opt/stack/nova/nova/service.py:222}}
Jul 23 05:21:52.925341 np0000005717 nova-conductor[95899]: DEBUG nova.servicegroup.drivers.db [None req-efca2d33-3685-41bd-825d-1f0bd947406e None None] DB_Driver: join new ServiceGroup member np0000005717 to the conductor group, service = {{(pid=95899) join /opt/stack/nova/nova/servicegroup/drivers/db.py:44}}
Jul 23 05:21:52.928287 np0000005717 nova-conductor[95866]: DEBUG nova.service [None req-7048718a-6284-4e33-955b-c7a621b57f27 None None] Join ServiceGroup membership for this service conductor {{(pid=95866) start /opt/stack/nova/nova/service.py:222}}
Jul 23 05:21:52.928472 np0000005717 nova-conductor[95866]: DEBUG nova.servicegroup.drivers.db [None req-7048718a-6284-4e33-955b-c7a621b57f27 None None] DB_Driver: join new ServiceGroup member np0000005717 to the conductor group, service = {{(pid=95866) join /opt/stack/nova/nova/servicegroup/drivers/db.py:44}}
Jul 23 05:21:57.936127 np0000005717 nova-conductor[95870]: DEBUG oslo.service.backend._threading.loopingcall [-] Fixed interval looping call 'nova.servicegroup.drivers.db.DbDriver._report_state' sleeping for 119.99 seconds {{(pid=95870) _run_loop /opt/stack/data/venv/lib/python3.12/site-packages/oslo_service/backend/_threading/loopingcall.py:125}}
Jul 23 05:21:57.939237 np0000005717 nova-conductor[95899]: DEBUG oslo.service.backend._threading.loopingcall [-] Fixed interval looping call 'nova.servicegroup.drivers.db.DbDriver._report_state' sleeping for 119.99 seconds {{(pid=95899) _run_loop /opt/stack/data/venv/lib/python3.12/site-packages/oslo_service/backend/_threading/loopingcall.py:125}}
Jul 23 05:21:57.940683 np0000005717 nova-conductor[95866]: DEBUG oslo.service.backend._threading.loopingcall [-] Fixed interval looping call 'nova.servicegroup.drivers.db.DbDriver._report_state' sleeping for 119.99 seconds {{(pid=95866) _run_loop /opt/stack/data/venv/lib/python3.12/site-packages/oslo_service/backend/_threading/loopingcall.py:125}}
Jul 23 05:22:01.541759 np0000005717 nova-conductor[94355]: DEBUG dbcounter [-] [94355] Writing DB stats nova_api:SELECT=1 {{(pid=94355) stat_writer /opt/stack/data/venv/lib/python3.12/site-packages/dbcounter.py:115}}
Jul 23 05:22:01.648646 np0000005717 nova-conductor[94355]: DEBUG dbcounter [-] [94355] Writing DB stats nova_cell0:SELECT=1 {{(pid=94355) stat_writer /opt/stack/data/venv/lib/python3.12/site-packages/dbcounter.py:115}}
Jul 23 05:22:01.653480 np0000005717 nova-conductor[94355]: DEBUG dbcounter [-] [94355] Writing DB stats nova_cell1:SELECT=1 {{(pid=94355) stat_writer /opt/stack/data/venv/lib/python3.12/site-packages/dbcounter.py:115}}
Jul 23 05:22:07.930621 np0000005717 nova-conductor[95870]: DEBUG dbcounter [-] [95870] Writing DB stats nova_cell0:SELECT=4,nova_cell0:INSERT=1,nova_cell0:UPDATE=1 {{(pid=95870) stat_writer /opt/stack/data/venv/lib/python3.12/site-packages/dbcounter.py:115}}
Jul 23 05:22:07.937500 np0000005717 nova-conductor[95899]: DEBUG dbcounter [-] [95899] Writing DB stats nova_cell0:SELECT=3,nova_cell0:UPDATE=1 {{(pid=95899) stat_writer /opt/stack/data/venv/lib/python3.12/site-packages/dbcounter.py:115}}
Jul 23 05:22:07.942069 np0000005717 nova-conductor[95866]: DEBUG dbcounter [-] [95866] Writing DB stats nova_cell0:SELECT=5,nova_cell0:INSERT=1,nova_cell0:UPDATE=1 {{(pid=95866) stat_writer /opt/stack/data/venv/lib/python3.12/site-packages/dbcounter.py:115}}
Jul 23 05:22:15.928084 np0000005717 nova-conductor[95899]: DEBUG oslo.service.backend._threading.loopingcall [None req-c0b15bde-412d-4880-83a0-1221c348274b None None] Dynamic interval looping call 'nova.service.Service.periodic_tasks' sleeping for 60.00 seconds {{(pid=95899) _run_loop /opt/stack/data/venv/lib/python3.12/site-packages/oslo_service/backend/_threading/loopingcall.py:125}}
Jul 23 05:22:23.930369 np0000005717 nova-conductor[95866]: DEBUG oslo.service.backend._threading.loopingcall [None req-565b92f0-0c53-4b61-a2fa-130c36094213 None None] Dynamic interval looping call 'nova.service.Service.periodic_tasks' sleeping for 60.00 seconds {{(pid=95866) _run_loop /opt/stack/data/venv/lib/python3.12/site-packages/oslo_service/backend/_threading/loopingcall.py:125}}
Jul 23 05:22:25.922111 np0000005717 nova-conductor[95870]: DEBUG oslo.service.backend._threading.loopingcall [None req-40417804-b71e-46f6-b81a-43220d4c3d69 None None] Dynamic interval looping call 'nova.service.Service.periodic_tasks' sleeping for 60.00 seconds {{(pid=95870) _run_loop /opt/stack/data/venv/lib/python3.12/site-packages/oslo_service/backend/_threading/loopingcall.py:125}}
Jul 23 05:23:15.928743 np0000005717 nova-conductor[95899]: DEBUG oslo.service.backend._threading.loopingcall [None req-c0b15bde-412d-4880-83a0-1221c348274b None None] Dynamic interval looping call 'nova.service.Service.periodic_tasks' sleeping for 60.00 seconds {{(pid=95899) _run_loop /opt/stack/data/venv/lib/python3.12/site-packages/oslo_service/backend/_threading/loopingcall.py:125}}
Jul 23 05:23:23.930926 np0000005717 nova-conductor[95866]: DEBUG oslo.service.backend._threading.loopingcall [None req-565b92f0-0c53-4b61-a2fa-130c36094213 None None] Dynamic interval looping call 'nova.service.Service.periodic_tasks' sleeping for 60.00 seconds {{(pid=95866) _run_loop /opt/stack/data/venv/lib/python3.12/site-packages/oslo_service/backend/_threading/loopingcall.py:125}}
Jul 23 05:23:25.922779 np0000005717 nova-conductor[95870]: DEBUG oslo.service.backend._threading.loopingcall [None req-40417804-b71e-46f6-b81a-43220d4c3d69 None None] Dynamic interval looping call 'nova.service.Service.periodic_tasks' sleeping for 60.00 seconds {{(pid=95870) _run_loop /opt/stack/data/venv/lib/python3.12/site-packages/oslo_service/backend/_threading/loopingcall.py:125}}
Jul 23 05:23:57.948451 np0000005717 nova-conductor[95870]: DEBUG oslo.service.backend._threading.loopingcall [-] Fixed interval looping call 'nova.servicegroup.drivers.db.DbDriver._report_state' sleeping for 119.98 seconds {{(pid=95870) _run_loop /opt/stack/data/venv/lib/python3.12/site-packages/oslo_service/backend/_threading/loopingcall.py:125}}
Jul 23 05:23:57.949157 np0000005717 nova-conductor[95899]: DEBUG oslo.service.backend._threading.loopingcall [-] Fixed interval looping call 'nova.servicegroup.drivers.db.DbDriver._report_state' sleeping for 119.98 seconds {{(pid=95899) _run_loop /opt/stack/data/venv/lib/python3.12/site-packages/oslo_service/backend/_threading/loopingcall.py:125}}
Jul 23 05:23:57.950468 np0000005717 nova-conductor[95866]: DEBUG oslo.service.backend._threading.loopingcall [-] Fixed interval looping call 'nova.servicegroup.drivers.db.DbDriver._report_state' sleeping for 119.98 seconds {{(pid=95866) _run_loop /opt/stack/data/venv/lib/python3.12/site-packages/oslo_service/backend/_threading/loopingcall.py:125}}
Jul 23 05:24:07.931022 np0000005717 nova-conductor[95870]: DEBUG dbcounter [-] [95870] Writing DB stats nova_cell0:SELECT=1,nova_cell0:UPDATE=1 {{(pid=95870) stat_writer /opt/stack/data/venv/lib/python3.12/site-packages/dbcounter.py:115}}
Jul 23 05:24:07.934138 np0000005717 nova-conductor[95899]: DEBUG dbcounter [-] [95899] Writing DB stats nova_cell0:SELECT=1,nova_cell0:UPDATE=1 {{(pid=95899) stat_writer /opt/stack/data/venv/lib/python3.12/site-packages/dbcounter.py:115}}
Jul 23 05:24:07.937197 np0000005717 nova-conductor[95866]: DEBUG dbcounter [-] [95866] Writing DB stats nova_cell0:SELECT=1,nova_cell0:UPDATE=1 {{(pid=95866) stat_writer /opt/stack/data/venv/lib/python3.12/site-packages/dbcounter.py:115}}
Jul 23 05:24:15.930280 np0000005717 nova-conductor[95899]: DEBUG oslo.service.backend._threading.loopingcall [None req-c0b15bde-412d-4880-83a0-1221c348274b None None] Dynamic interval looping call 'nova.service.Service.periodic_tasks' sleeping for 60.00 seconds {{(pid=95899) _run_loop /opt/stack/data/venv/lib/python3.12/site-packages/oslo_service/backend/_threading/loopingcall.py:125}}
Jul 23 05:24:23.931566 np0000005717 nova-conductor[95866]: DEBUG oslo.service.backend._threading.loopingcall [None req-565b92f0-0c53-4b61-a2fa-130c36094213 None None] Dynamic interval looping call 'nova.service.Service.periodic_tasks' sleeping for 60.00 seconds {{(pid=95866) _run_loop /opt/stack/data/venv/lib/python3.12/site-packages/oslo_service/backend/_threading/loopingcall.py:125}}
Jul 23 05:24:25.923695 np0000005717 nova-conductor[95870]: DEBUG oslo.service.backend._threading.loopingcall [None req-40417804-b71e-46f6-b81a-43220d4c3d69 None None] Dynamic interval looping call 'nova.service.Service.periodic_tasks' sleeping for 60.00 seconds {{(pid=95870) _run_loop /opt/stack/data/venv/lib/python3.12/site-packages/oslo_service/backend/_threading/loopingcall.py:125}}
Jul 23 05:24:31.521124 np0000005717 nova-conductor[95870]: DEBUG oslo_db.sqlalchemy.engines [None req-040e4bb9-306f-49cb-97d6-8b984803922d tempest-ServerRescueNegativeTestJSON-1541097536 tempest-ServerRescueNegativeTestJSON-1541097536-project-member] Parent process 94355 forked (95870) with an open database connection, which is being discarded and recreated. {{(pid=95870) checkout /opt/stack/data/venv/lib/python3.12/site-packages/oslo_db/sqlalchemy/engines.py:402}}
Jul 23 05:24:31.571179 np0000005717 nova-conductor[95870]: DEBUG dbcounter [-] [95870] Writer thread running {{(pid=95870) stat_writer /opt/stack/data/venv/lib/python3.12/site-packages/dbcounter.py:102}}
Jul 23 05:24:32.584889 np0000005717 nova-conductor[95870]: DEBUG nova.conductor.manager [None req-040e4bb9-306f-49cb-97d6-8b984803922d tempest-ServerRescueNegativeTestJSON-1541097536 tempest-ServerRescueNegativeTestJSON-1541097536-project-member] Took 1.01 seconds to select destinations for 1 instance(s). {{(pid=95870) _schedule_instances /opt/stack/nova/nova/conductor/manager.py:968}}
Jul 23 05:24:32.620625 np0000005717 nova-conductor[95870]: DEBUG oslo_concurrency.lockutils [None req-040e4bb9-306f-49cb-97d6-8b984803922d tempest-ServerRescueNegativeTestJSON-1541097536 tempest-ServerRescueNegativeTestJSON-1541097536-project-member] Acquiring lock "fbda1599-0101-4901-a437-b99114b08104" by "nova.context.set_target_cell..get_or_set_cached_cell_and_set_connections" {{(pid=95870) inner /opt/stack/data/venv/lib/python3.12/site-packages/oslo_concurrency/lockutils.py:512}}
Jul 23 05:24:32.620866 np0000005717 nova-conductor[95870]: DEBUG oslo_concurrency.lockutils [None req-040e4bb9-306f-49cb-97d6-8b984803922d tempest-ServerRescueNegativeTestJSON-1541097536 tempest-ServerRescueNegativeTestJSON-1541097536-project-member] Lock "fbda1599-0101-4901-a437-b99114b08104" acquired by "nova.context.set_target_cell..get_or_set_cached_cell_and_set_connections" :: waited 0.000s {{(pid=95870) inner /opt/stack/data/venv/lib/python3.12/site-packages/oslo_concurrency/lockutils.py:525}}
Jul 23 05:24:32.622365 np0000005717 nova-conductor[95870]: DEBUG oslo_concurrency.lockutils [None req-040e4bb9-306f-49cb-97d6-8b984803922d tempest-ServerRescueNegativeTestJSON-1541097536 tempest-ServerRescueNegativeTestJSON-1541097536-project-member] Lock "fbda1599-0101-4901-a437-b99114b08104" "released" by "nova.context.set_target_cell..get_or_set_cached_cell_and_set_connections" :: held 0.001s {{(pid=95870) inner /opt/stack/data/venv/lib/python3.12/site-packages/oslo_concurrency/lockutils.py:544}}
Jul 23 05:24:32.624167 np0000005717 nova-conductor[95870]: INFO dbcounter [None req-040e4bb9-306f-49cb-97d6-8b984803922d tempest-ServerRescueNegativeTestJSON-1541097536 tempest-ServerRescueNegativeTestJSON-1541097536-project-member] Registered counter for database nova_cell1
Jul 23 05:24:32.659539 np0000005717 nova-conductor[95899]: DEBUG dbcounter [-] [95899] Writer thread running {{(pid=95899) stat_writer /opt/stack/data/venv/lib/python3.12/site-packages/dbcounter.py:102}}
Jul 23 05:24:32.676005 np0000005717 nova-conductor[95870]: DEBUG oslo_db.sqlalchemy.engines [None req-040e4bb9-306f-49cb-97d6-8b984803922d tempest-ServerRescueNegativeTestJSON-1541097536 tempest-ServerRescueNegativeTestJSON-1541097536-project-member] MySQL server mode set to STRICT_TRANS_TABLES,STRICT_ALL_TABLES,NO_ZERO_IN_DATE,NO_ZERO_DATE,ERROR_FOR_DIVISION_BY_ZERO,TRADITIONAL,NO_ENGINE_SUBSTITUTION {{(pid=95870) _check_effective_sql_mode /opt/stack/data/venv/lib/python3.12/site-packages/oslo_db/sqlalchemy/engines.py:325}}
Jul 23 05:24:32.687731 np0000005717 nova-conductor[95870]: DEBUG dbcounter [-] [95870] Writer thread running {{(pid=95870) stat_writer /opt/stack/data/venv/lib/python3.12/site-packages/dbcounter.py:102}}
Jul 23 05:24:32.772057 np0000005717 nova-conductor[95870]: INFO nova.utils [None req-040e4bb9-306f-49cb-97d6-8b984803922d tempest-ServerRescueNegativeTestJSON-1541097536 tempest-ServerRescueNegativeTestJSON-1541097536-project-member] The cell worker thread pool ForkProcess-2.cell_worker is initialized
Jul 23 05:24:32.772673 np0000005717 nova-conductor[95870]: DEBUG oslo_concurrency.lockutils [None req-040e4bb9-306f-49cb-97d6-8b984803922d tempest-ServerRescueNegativeTestJSON-1541097536 tempest-ServerRescueNegativeTestJSON-1541097536-project-member] Acquiring lock "00000000-0000-0000-0000-000000000000" by "nova.context.set_target_cell..get_or_set_cached_cell_and_set_connections" {{(pid=95870) inner /opt/stack/data/venv/lib/python3.12/site-packages/oslo_concurrency/lockutils.py:512}}
Jul 23 05:24:32.772673 np0000005717 nova-conductor[95870]: DEBUG oslo_concurrency.lockutils [None req-040e4bb9-306f-49cb-97d6-8b984803922d tempest-ServerRescueNegativeTestJSON-1541097536 tempest-ServerRescueNegativeTestJSON-1541097536-project-member] Lock "00000000-0000-0000-0000-000000000000" acquired by "nova.context.set_target_cell..get_or_set_cached_cell_and_set_connections" :: waited 0.000s {{(pid=95870) inner /opt/stack/data/venv/lib/python3.12/site-packages/oslo_concurrency/lockutils.py:525}}
Jul 23 05:24:32.772872 np0000005717 nova-conductor[95870]: DEBUG oslo_concurrency.lockutils [None req-040e4bb9-306f-49cb-97d6-8b984803922d tempest-ServerRescueNegativeTestJSON-1541097536 tempest-ServerRescueNegativeTestJSON-1541097536-project-member] Lock "00000000-0000-0000-0000-000000000000" "released" by "nova.context.set_target_cell..get_or_set_cached_cell_and_set_connections" :: held 0.000s {{(pid=95870) inner /opt/stack/data/venv/lib/python3.12/site-packages/oslo_concurrency/lockutils.py:544}}
Jul 23 05:24:32.773521 np0000005717 nova-conductor[95870]: DEBUG oslo_concurrency.lockutils [None req-040e4bb9-306f-49cb-97d6-8b984803922d tempest-ServerRescueNegativeTestJSON-1541097536 tempest-ServerRescueNegativeTestJSON-1541097536-project-member] Acquiring lock "fbda1599-0101-4901-a437-b99114b08104" by "nova.context.set_target_cell..get_or_set_cached_cell_and_set_connections" {{(pid=95870) inner /opt/stack/data/venv/lib/python3.12/site-packages/oslo_concurrency/lockutils.py:512}}
Jul 23 05:24:32.773658 np0000005717 nova-conductor[95870]: DEBUG oslo_concurrency.lockutils [None req-040e4bb9-306f-49cb-97d6-8b984803922d tempest-ServerRescueNegativeTestJSON-1541097536 tempest-ServerRescueNegativeTestJSON-1541097536-project-member] Lock "fbda1599-0101-4901-a437-b99114b08104" acquired by "nova.context.set_target_cell..get_or_set_cached_cell_and_set_connections" :: waited 0.000s {{(pid=95870) inner /opt/stack/data/venv/lib/python3.12/site-packages/oslo_concurrency/lockutils.py:525}}
Jul 23 05:24:32.773781 np0000005717 nova-conductor[95870]: DEBUG oslo_concurrency.lockutils [None req-040e4bb9-306f-49cb-97d6-8b984803922d tempest-ServerRescueNegativeTestJSON-1541097536 tempest-ServerRescueNegativeTestJSON-1541097536-project-member] Lock "fbda1599-0101-4901-a437-b99114b08104" "released" by "nova.context.set_target_cell..get_or_set_cached_cell_and_set_connections" :: held 0.000s {{(pid=95870) inner /opt/stack/data/venv/lib/python3.12/site-packages/oslo_concurrency/lockutils.py:544}}
Jul 23 05:24:32.775665 np0000005717 nova-conductor[95870]: INFO dbcounter [None req-040e4bb9-306f-49cb-97d6-8b984803922d tempest-ServerRescueNegativeTestJSON-1541097536 tempest-ServerRescueNegativeTestJSON-1541097536-project-member] Registered counter for database nova_cell0
Jul 23 05:24:32.829576 np0000005717 nova-conductor[95870]: DEBUG oslo_db.sqlalchemy.engines [None req-040e4bb9-306f-49cb-97d6-8b984803922d tempest-ServerRescueNegativeTestJSON-1541097536 tempest-ServerRescueNegativeTestJSON-1541097536-project-member] MySQL server mode set to STRICT_TRANS_TABLES,STRICT_ALL_TABLES,NO_ZERO_IN_DATE,NO_ZERO_DATE,ERROR_FOR_DIVISION_BY_ZERO,TRADITIONAL,NO_ENGINE_SUBSTITUTION {{(pid=95870) _check_effective_sql_mode /opt/stack/data/venv/lib/python3.12/site-packages/oslo_db/sqlalchemy/engines.py:325}}
Jul 23 05:24:32.840191 np0000005717 nova-conductor[95870]: DEBUG dbcounter [-] [95870] Writer thread running {{(pid=95870) stat_writer /opt/stack/data/venv/lib/python3.12/site-packages/dbcounter.py:102}}
Jul 23 05:24:32.858344 np0000005717 nova-conductor[95870]: DEBUG nova.quota [None req-040e4bb9-306f-49cb-97d6-8b984803922d tempest-ServerRescueNegativeTestJSON-1541097536 tempest-ServerRescueNegativeTestJSON-1541097536-project-member] Getting quotas for project 77fd2cd0207f495da78606a3102b9513. Resources: {'cores', 'ram', 'instances'} {{(pid=95870) _get_quotas /opt/stack/nova/nova/quota.py:389}}
Jul 23 05:24:32.864709 np0000005717 nova-conductor[95870]: DEBUG nova.quota [None req-040e4bb9-306f-49cb-97d6-8b984803922d tempest-ServerRescueNegativeTestJSON-1541097536 tempest-ServerRescueNegativeTestJSON-1541097536-project-member] Getting quotas for user 316b86ee7c5a47498123fca21b4846a6 and project 77fd2cd0207f495da78606a3102b9513. Resources: {'cores', 'ram', 'instances'} {{(pid=95870) _get_quotas /opt/stack/nova/nova/quota.py:379}}
Jul 23 05:24:32.872285 np0000005717 nova-conductor[95870]: DEBUG nova.conductor.manager [None req-040e4bb9-306f-49cb-97d6-8b984803922d tempest-ServerRescueNegativeTestJSON-1541097536 tempest-ServerRescueNegativeTestJSON-1541097536-project-member] [instance: 259fd984-1341-465e-aada-3b8b5940c6fd] Selected host: np0000005717; Selected node: np0000005717; Alternates: [] {{(pid=95870) schedule_and_build_instances /opt/stack/nova/nova/conductor/manager.py:1784}}
Jul 23 05:24:32.872491 np0000005717 nova-conductor[95870]: DEBUG oslo_concurrency.lockutils [None req-040e4bb9-306f-49cb-97d6-8b984803922d tempest-ServerRescueNegativeTestJSON-1541097536 tempest-ServerRescueNegativeTestJSON-1541097536-project-member] Acquiring lock "fbda1599-0101-4901-a437-b99114b08104" by "nova.context.set_target_cell..get_or_set_cached_cell_and_set_connections" {{(pid=95870) inner /opt/stack/data/venv/lib/python3.12/site-packages/oslo_concurrency/lockutils.py:512}}
Jul 23 05:24:32.872731 np0000005717 nova-conductor[95870]: DEBUG oslo_concurrency.lockutils [None req-040e4bb9-306f-49cb-97d6-8b984803922d tempest-ServerRescueNegativeTestJSON-1541097536 tempest-ServerRescueNegativeTestJSON-1541097536-project-member] Lock "fbda1599-0101-4901-a437-b99114b08104" acquired by "nova.context.set_target_cell..get_or_set_cached_cell_and_set_connections" :: waited 0.000s {{(pid=95870) inner /opt/stack/data/venv/lib/python3.12/site-packages/oslo_concurrency/lockutils.py:525}}
Jul 23 05:24:32.872861 np0000005717 nova-conductor[95870]: DEBUG oslo_concurrency.lockutils [None req-040e4bb9-306f-49cb-97d6-8b984803922d tempest-ServerRescueNegativeTestJSON-1541097536 tempest-ServerRescueNegativeTestJSON-1541097536-project-member] Lock "fbda1599-0101-4901-a437-b99114b08104" "released" by "nova.context.set_target_cell..get_or_set_cached_cell_and_set_connections" :: held 0.000s {{(pid=95870) inner /opt/stack/data/venv/lib/python3.12/site-packages/oslo_concurrency/lockutils.py:544}}
Jul 23 05:24:32.883299 np0000005717 nova-conductor[95870]: DEBUG nova.conductor.manager [None req-040e4bb9-306f-49cb-97d6-8b984803922d tempest-ServerRescueNegativeTestJSON-1541097536 tempest-ServerRescueNegativeTestJSON-1541097536-project-member] [instance: 259fd984-1341-465e-aada-3b8b5940c6fd] block_device_mapping [BlockDeviceMapping(attachment_id=,boot_index=0,connection_info=None,created_at=,delete_on_termination=True,deleted=,deleted_at=,destination_type='local',device_name=None,device_type='disk',disk_bus=None,encrypted=False,encryption_format=None,encryption_options=None,encryption_secret_uuid=None,guest_format=None,id=,image_id='4a824ee4-57b6-4792-9bc4-201789dc74b5',instance=,instance_uuid=,no_device=False,snapshot_id=None,source_type='image',tag=None,updated_at=,uuid=,volume_id=None,volume_size=None,volume_type=None)] {{(pid=95870) _create_block_device_mapping /opt/stack/nova/nova/conductor/manager.py:1529}}
Jul 23 05:24:32.885502 np0000005717 nova-conductor[95870]: DEBUG oslo_concurrency.lockutils [None req-040e4bb9-306f-49cb-97d6-8b984803922d tempest-ServerRescueNegativeTestJSON-1541097536 tempest-ServerRescueNegativeTestJSON-1541097536-project-member] Acquiring lock "fbda1599-0101-4901-a437-b99114b08104" by "nova.context.set_target_cell..get_or_set_cached_cell_and_set_connections" {{(pid=95870) inner /opt/stack/data/venv/lib/python3.12/site-packages/oslo_concurrency/lockutils.py:512}}
Jul 23 05:24:32.885715 np0000005717 nova-conductor[95870]: DEBUG oslo_concurrency.lockutils [None req-040e4bb9-306f-49cb-97d6-8b984803922d tempest-ServerRescueNegativeTestJSON-1541097536 tempest-ServerRescueNegativeTestJSON-1541097536-project-member] Lock "fbda1599-0101-4901-a437-b99114b08104" acquired by "nova.context.set_target_cell..get_or_set_cached_cell_and_set_connections" :: waited 0.000s {{(pid=95870) inner /opt/stack/data/venv/lib/python3.12/site-packages/oslo_concurrency/lockutils.py:525}}
Jul 23 05:24:32.885926 np0000005717 nova-conductor[95870]: DEBUG oslo_concurrency.lockutils [None req-040e4bb9-306f-49cb-97d6-8b984803922d tempest-ServerRescueNegativeTestJSON-1541097536 tempest-ServerRescueNegativeTestJSON-1541097536-project-member] Lock "fbda1599-0101-4901-a437-b99114b08104" "released" by "nova.context.set_target_cell..get_or_set_cached_cell_and_set_connections" :: held 0.000s {{(pid=95870) inner /opt/stack/data/venv/lib/python3.12/site-packages/oslo_concurrency/lockutils.py:544}}
Jul 23 05:24:32.930096 np0000005717 nova-conductor[95870]: DEBUG oslo_concurrency.lockutils [None req-040e4bb9-306f-49cb-97d6-8b984803922d tempest-ServerRescueNegativeTestJSON-1541097536 tempest-ServerRescueNegativeTestJSON-1541097536-project-member] Acquiring lock "fbda1599-0101-4901-a437-b99114b08104" by "nova.context.set_target_cell..get_or_set_cached_cell_and_set_connections" {{(pid=95870) inner /opt/stack/data/venv/lib/python3.12/site-packages/oslo_concurrency/lockutils.py:512}}
Jul 23 05:24:32.930310 np0000005717 nova-conductor[95870]: DEBUG oslo_concurrency.lockutils [None req-040e4bb9-306f-49cb-97d6-8b984803922d tempest-ServerRescueNegativeTestJSON-1541097536 tempest-ServerRescueNegativeTestJSON-1541097536-project-member] Lock "fbda1599-0101-4901-a437-b99114b08104" acquired by "nova.context.set_target_cell..get_or_set_cached_cell_and_set_connections" :: waited 0.000s {{(pid=95870) inner /opt/stack/data/venv/lib/python3.12/site-packages/oslo_concurrency/lockutils.py:525}}
Jul 23 05:24:32.930408 np0000005717 nova-conductor[95870]: DEBUG oslo_concurrency.lockutils [None req-040e4bb9-306f-49cb-97d6-8b984803922d tempest-ServerRescueNegativeTestJSON-1541097536 tempest-ServerRescueNegativeTestJSON-1541097536-project-member] Lock "fbda1599-0101-4901-a437-b99114b08104" "released" by "nova.context.set_target_cell..get_or_set_cached_cell_and_set_connections" :: held 0.000s {{(pid=95870) inner /opt/stack/data/venv/lib/python3.12/site-packages/oslo_concurrency/lockutils.py:544}}
Jul 23 05:24:32.930691 np0000005717 nova-conductor[95870]: DEBUG oslo_concurrency.lockutils [None req-040e4bb9-306f-49cb-97d6-8b984803922d tempest-ServerRescueNegativeTestJSON-1541097536 tempest-ServerRescueNegativeTestJSON-1541097536-project-member] Acquiring lock "compute-rpcapi-router" {{(pid=95870) lock /opt/stack/data/venv/lib/python3.12/site-packages/oslo_concurrency/lockutils.py:396}}
Jul 23 05:24:32.930815 np0000005717 nova-conductor[95870]: DEBUG oslo_concurrency.lockutils [None req-040e4bb9-306f-49cb-97d6-8b984803922d tempest-ServerRescueNegativeTestJSON-1541097536 tempest-ServerRescueNegativeTestJSON-1541097536-project-member] Acquired lock "compute-rpcapi-router" {{(pid=95870) lock /opt/stack/data/venv/lib/python3.12/site-packages/oslo_concurrency/lockutils.py:399}}
Jul 23 05:24:32.931162 np0000005717 nova-conductor[95870]: DEBUG oslo_concurrency.lockutils [None req-e2daa4fa-7191-43fe-998b-b04f57a57672 None None] Acquiring lock "00000000-0000-0000-0000-000000000000" by "nova.context.set_target_cell..get_or_set_cached_cell_and_set_connections" {{(pid=95870) inner /opt/stack/data/venv/lib/python3.12/site-packages/oslo_concurrency/lockutils.py:512}}
Jul 23 05:24:32.931373 np0000005717 nova-conductor[95870]: DEBUG oslo_concurrency.lockutils [None req-e2daa4fa-7191-43fe-998b-b04f57a57672 None None] Lock "00000000-0000-0000-0000-000000000000" acquired by "nova.context.set_target_cell..get_or_set_cached_cell_and_set_connections" :: waited 0.000s {{(pid=95870) inner /opt/stack/data/venv/lib/python3.12/site-packages/oslo_concurrency/lockutils.py:525}}
Jul 23 05:24:32.931423 np0000005717 nova-conductor[95870]: DEBUG oslo_concurrency.lockutils [None req-e2daa4fa-7191-43fe-998b-b04f57a57672 None None] Lock "00000000-0000-0000-0000-000000000000" "released" by "nova.context.set_target_cell..get_or_set_cached_cell_and_set_connections" :: held 0.000s {{(pid=95870) inner /opt/stack/data/venv/lib/python3.12/site-packages/oslo_concurrency/lockutils.py:544}}
Jul 23 05:24:32.932309 np0000005717 nova-conductor[95870]: DEBUG oslo_concurrency.lockutils [None req-e2daa4fa-7191-43fe-998b-b04f57a57672 None None] Acquiring lock "fbda1599-0101-4901-a437-b99114b08104" by "nova.context.set_target_cell..get_or_set_cached_cell_and_set_connections" {{(pid=95870) inner /opt/stack/data/venv/lib/python3.12/site-packages/oslo_concurrency/lockutils.py:512}}
Jul 23 05:24:32.932431 np0000005717 nova-conductor[95870]: DEBUG oslo_concurrency.lockutils [None req-e2daa4fa-7191-43fe-998b-b04f57a57672 None None] Lock "fbda1599-0101-4901-a437-b99114b08104" acquired by "nova.context.set_target_cell..get_or_set_cached_cell_and_set_connections" :: waited 0.000s {{(pid=95870) inner /opt/stack/data/venv/lib/python3.12/site-packages/oslo_concurrency/lockutils.py:525}}
Jul 23 05:24:32.932818 np0000005717 nova-conductor[95870]: DEBUG oslo_concurrency.lockutils [None req-e2daa4fa-7191-43fe-998b-b04f57a57672 None None] Lock "fbda1599-0101-4901-a437-b99114b08104" "released" by "nova.context.set_target_cell..get_or_set_cached_cell_and_set_connections" :: held 0.000s {{(pid=95870) inner /opt/stack/data/venv/lib/python3.12/site-packages/oslo_concurrency/lockutils.py:544}}
Jul 23 05:24:32.942887 np0000005717 nova-conductor[95870]: INFO nova.compute.rpcapi [None req-e2daa4fa-7191-43fe-998b-b04f57a57672 None None] Automatically selected compute RPC version 6.5 from minimum service version 72
Jul 23 05:24:32.943435 np0000005717 nova-conductor[95870]: DEBUG oslo_concurrency.lockutils [None req-e2daa4fa-7191-43fe-998b-b04f57a57672 None None] Releasing lock "compute-rpcapi-router" {{(pid=95870) lock /opt/stack/data/venv/lib/python3.12/site-packages/oslo_concurrency/lockutils.py:419}}
Jul 23 05:24:33.210092 np0000005717 nova-conductor[95899]: DEBUG nova.conductor.manager [None req-976df769-e2fc-4d31-a5e1-937560a7b45e tempest-ServersNegativeTestJSON-326094671 tempest-ServersNegativeTestJSON-326094671-project-member] Took 0.55 seconds to select destinations for 1 instance(s). {{(pid=95899) _schedule_instances /opt/stack/nova/nova/conductor/manager.py:968}}
Jul 23 05:24:33.251089 np0000005717 nova-conductor[95899]: DEBUG oslo_concurrency.lockutils [None req-976df769-e2fc-4d31-a5e1-937560a7b45e tempest-ServersNegativeTestJSON-326094671 tempest-ServersNegativeTestJSON-326094671-project-member] Acquiring lock "fbda1599-0101-4901-a437-b99114b08104" by "nova.context.set_target_cell..get_or_set_cached_cell_and_set_connections" {{(pid=95899) inner /opt/stack/data/venv/lib/python3.12/site-packages/oslo_concurrency/lockutils.py:512}}
Jul 23 05:24:33.251089 np0000005717 nova-conductor[95899]: DEBUG oslo_concurrency.lockutils [None req-976df769-e2fc-4d31-a5e1-937560a7b45e tempest-ServersNegativeTestJSON-326094671 tempest-ServersNegativeTestJSON-326094671-project-member] Lock "fbda1599-0101-4901-a437-b99114b08104" acquired by "nova.context.set_target_cell..get_or_set_cached_cell_and_set_connections" :: waited 0.000s {{(pid=95899) inner /opt/stack/data/venv/lib/python3.12/site-packages/oslo_concurrency/lockutils.py:525}}
Jul 23 05:24:33.253165 np0000005717 nova-conductor[95899]: DEBUG oslo_concurrency.lockutils [None req-976df769-e2fc-4d31-a5e1-937560a7b45e tempest-ServersNegativeTestJSON-326094671 tempest-ServersNegativeTestJSON-326094671-project-member] Lock "fbda1599-0101-4901-a437-b99114b08104" "released" by "nova.context.set_target_cell..get_or_set_cached_cell_and_set_connections" :: held 0.002s {{(pid=95899) inner /opt/stack/data/venv/lib/python3.12/site-packages/oslo_concurrency/lockutils.py:544}}
Jul 23 05:24:33.255351 np0000005717 nova-conductor[95899]: INFO dbcounter [None req-976df769-e2fc-4d31-a5e1-937560a7b45e tempest-ServersNegativeTestJSON-326094671 tempest-ServersNegativeTestJSON-326094671-project-member] Registered counter for database nova_cell1
Jul 23 05:24:33.302151 np0000005717 nova-conductor[95899]: DEBUG oslo_db.sqlalchemy.engines [None req-976df769-e2fc-4d31-a5e1-937560a7b45e tempest-ServersNegativeTestJSON-326094671 tempest-ServersNegativeTestJSON-326094671-project-member] MySQL server mode set to STRICT_TRANS_TABLES,STRICT_ALL_TABLES,NO_ZERO_IN_DATE,NO_ZERO_DATE,ERROR_FOR_DIVISION_BY_ZERO,TRADITIONAL,NO_ENGINE_SUBSTITUTION {{(pid=95899) _check_effective_sql_mode /opt/stack/data/venv/lib/python3.12/site-packages/oslo_db/sqlalchemy/engines.py:325}}
Jul 23 05:24:33.324620 np0000005717 nova-conductor[95899]: DEBUG dbcounter [-] [95899] Writer thread running {{(pid=95899) stat_writer /opt/stack/data/venv/lib/python3.12/site-packages/dbcounter.py:102}}
Jul 23 05:24:33.420725 np0000005717 nova-conductor[95899]: INFO nova.utils [None req-976df769-e2fc-4d31-a5e1-937560a7b45e tempest-ServersNegativeTestJSON-326094671 tempest-ServersNegativeTestJSON-326094671-project-member] The cell worker thread pool ForkProcess-3.cell_worker is initialized
Jul 23 05:24:33.421624 np0000005717 nova-conductor[95899]: DEBUG oslo_concurrency.lockutils [None req-976df769-e2fc-4d31-a5e1-937560a7b45e tempest-ServersNegativeTestJSON-326094671 tempest-ServersNegativeTestJSON-326094671-project-member] Acquiring lock "00000000-0000-0000-0000-000000000000" by "nova.context.set_target_cell..get_or_set_cached_cell_and_set_connections" {{(pid=95899) inner /opt/stack/data/venv/lib/python3.12/site-packages/oslo_concurrency/lockutils.py:512}}
Jul 23 05:24:33.421624 np0000005717 nova-conductor[95899]: DEBUG oslo_concurrency.lockutils [None req-976df769-e2fc-4d31-a5e1-937560a7b45e tempest-ServersNegativeTestJSON-326094671 tempest-ServersNegativeTestJSON-326094671-project-member] Lock "00000000-0000-0000-0000-000000000000" acquired by "nova.context.set_target_cell..get_or_set_cached_cell_and_set_connections" :: waited 0.000s {{(pid=95899) inner /opt/stack/data/venv/lib/python3.12/site-packages/oslo_concurrency/lockutils.py:525}}
Jul 23 05:24:33.421985 np0000005717 nova-conductor[95899]: DEBUG oslo_concurrency.lockutils [None req-976df769-e2fc-4d31-a5e1-937560a7b45e tempest-ServersNegativeTestJSON-326094671 tempest-ServersNegativeTestJSON-326094671-project-member] Lock "00000000-0000-0000-0000-000000000000" "released" by "nova.context.set_target_cell..get_or_set_cached_cell_and_set_connections" :: held 0.001s {{(pid=95899) inner /opt/stack/data/venv/lib/python3.12/site-packages/oslo_concurrency/lockutils.py:544}}
Jul 23 05:24:33.423057 np0000005717 nova-conductor[95899]: DEBUG oslo_concurrency.lockutils [None req-976df769-e2fc-4d31-a5e1-937560a7b45e tempest-ServersNegativeTestJSON-326094671 tempest-ServersNegativeTestJSON-326094671-project-member] Acquiring lock "fbda1599-0101-4901-a437-b99114b08104" by "nova.context.set_target_cell..get_or_set_cached_cell_and_set_connections" {{(pid=95899) inner /opt/stack/data/venv/lib/python3.12/site-packages/oslo_concurrency/lockutils.py:512}}
