Jul 19 13:05:52.862943 np0000005423 nova-scheduler[96487]: DEBUG cotyledon.oslo_config_glue [-] workarounds.enable_qemu_monitor_announce_self = False {{(pid=96487) log_opt_values /opt/stack/data/venv/lib/python3.12/site-packages/oslo_config/cfg.py:3253}}
Jul 19 13:05:52.862943 np0000005423 nova-scheduler[96487]: DEBUG cotyledon.oslo_config_glue [-] workarounds.ensure_libvirt_rbd_instance_dir_cleanup = False {{(pid=96487) log_opt_values /opt/stack/data/venv/lib/python3.12/site-packages/oslo_config/cfg.py:3253}}
Jul 19 13:05:52.862943 np0000005423 nova-scheduler[96487]: DEBUG cotyledon.oslo_config_glue [-] workarounds.handle_virt_lifecycle_events = True {{(pid=96487) log_opt_values /opt/stack/data/venv/lib/python3.12/site-packages/oslo_config/cfg.py:3253}}
Jul 19 13:05:52.863158 np0000005423 nova-scheduler[96487]: DEBUG cotyledon.oslo_config_glue [-] workarounds.libvirt_disable_apic = False {{(pid=96487) log_opt_values /opt/stack/data/venv/lib/python3.12/site-packages/oslo_config/cfg.py:3253}}
Jul 19 13:05:52.863158 np0000005423 nova-scheduler[96487]: DEBUG cotyledon.oslo_config_glue [-] workarounds.never_download_image_if_on_rbd = False {{(pid=96487) log_opt_values /opt/stack/data/venv/lib/python3.12/site-packages/oslo_config/cfg.py:3253}}
Jul 19 13:05:52.863158 np0000005423 nova-scheduler[96487]: DEBUG cotyledon.oslo_config_glue [-] workarounds.qemu_monitor_announce_self_count = 3 {{(pid=96487) log_opt_values /opt/stack/data/venv/lib/python3.12/site-packages/oslo_config/cfg.py:3253}}
Jul 19 13:05:52.863158 np0000005423 nova-scheduler[96487]: DEBUG cotyledon.oslo_config_glue [-] workarounds.qemu_monitor_announce_self_interval = 1 {{(pid=96487) log_opt_values /opt/stack/data/venv/lib/python3.12/site-packages/oslo_config/cfg.py:3253}}
Jul 19 13:05:52.863158 np0000005423 nova-scheduler[96487]: DEBUG cotyledon.oslo_config_glue [-] workarounds.reserve_disk_resource_for_image_cache = False {{(pid=96487) log_opt_values /opt/stack/data/venv/lib/python3.12/site-packages/oslo_config/cfg.py:3253}}
Jul 19 13:05:52.863158 np0000005423 nova-scheduler[96487]: DEBUG cotyledon.oslo_config_glue [-] workarounds.skip_cpu_compare_at_startup = False {{(pid=96487) log_opt_values /opt/stack/data/venv/lib/python3.12/site-packages/oslo_config/cfg.py:3253}}
Jul 19 13:05:52.863158 np0000005423 nova-scheduler[96487]: DEBUG cotyledon.oslo_config_glue [-] workarounds.skip_cpu_compare_on_dest = False {{(pid=96487) log_opt_values /opt/stack/data/venv/lib/python3.12/site-packages/oslo_config/cfg.py:3253}}
Jul 19 13:05:52.863158 np0000005423 nova-scheduler[96487]: DEBUG cotyledon.oslo_config_glue [-] workarounds.skip_hypervisor_version_check_on_lm = False {{(pid=96487) log_opt_values /opt/stack/data/venv/lib/python3.12/site-packages/oslo_config/cfg.py:3253}}
Jul 19 13:05:52.863158 np0000005423 nova-scheduler[96487]: DEBUG cotyledon.oslo_config_glue [-] workarounds.skip_reserve_in_use_ironic_nodes = False {{(pid=96487) log_opt_values /opt/stack/data/venv/lib/python3.12/site-packages/oslo_config/cfg.py:3253}}
Jul 19 13:05:52.863364 np0000005423 nova-scheduler[96487]: DEBUG cotyledon.oslo_config_glue [-] workarounds.unified_limits_count_pcpu_as_vcpu = False {{(pid=96487) log_opt_values /opt/stack/data/venv/lib/python3.12/site-packages/oslo_config/cfg.py:3253}}
Jul 19 13:05:52.863364 np0000005423 nova-scheduler[96487]: DEBUG cotyledon.oslo_config_glue [-] workarounds.wait_for_vif_plugged_event_during_hard_reboot = [] {{(pid=96487) log_opt_values /opt/stack/data/venv/lib/python3.12/site-packages/oslo_config/cfg.py:3253}}
Jul 19 13:05:52.863364 np0000005423 nova-scheduler[96487]: DEBUG cotyledon.oslo_config_glue [-] wsgi.api_paste_config = /etc/nova/api-paste.ini {{(pid=96487) log_opt_values /opt/stack/data/venv/lib/python3.12/site-packages/oslo_config/cfg.py:3253}}
Jul 19 13:05:52.863364 np0000005423 nova-scheduler[96487]: DEBUG cotyledon.oslo_config_glue [-] wsgi.secure_proxy_ssl_header = None {{(pid=96487) log_opt_values /opt/stack/data/venv/lib/python3.12/site-packages/oslo_config/cfg.py:3253}}
Jul 19 13:05:52.863364 np0000005423 nova-scheduler[96487]: DEBUG cotyledon.oslo_config_glue [-] zvm.ca_file = None {{(pid=96487) log_opt_values /opt/stack/data/venv/lib/python3.12/site-packages/oslo_config/cfg.py:3253}}
Jul 19 13:05:52.863364 np0000005423 nova-scheduler[96487]: DEBUG cotyledon.oslo_config_glue [-] zvm.cloud_connector_url = None {{(pid=96487) log_opt_values /opt/stack/data/venv/lib/python3.12/site-packages/oslo_config/cfg.py:3253}}
Jul 19 13:05:52.863364 np0000005423 nova-scheduler[96487]: DEBUG cotyledon.oslo_config_glue [-] zvm.image_tmp_path = /opt/stack/data/nova/images {{(pid=96487) log_opt_values /opt/stack/data/venv/lib/python3.12/site-packages/oslo_config/cfg.py:3253}}
Jul 19 13:05:52.863364 np0000005423 nova-scheduler[96487]: DEBUG cotyledon.oslo_config_glue [-] zvm.reachable_timeout = 300 {{(pid=96487) log_opt_values /opt/stack/data/venv/lib/python3.12/site-packages/oslo_config/cfg.py:3253}}
Jul 19 13:05:52.863364 np0000005423 nova-scheduler[96487]: DEBUG cotyledon.oslo_config_glue [-] oslo_versionedobjects.fatal_exception_format_errors = False {{(pid=96487) log_opt_values /opt/stack/data/venv/lib/python3.12/site-packages/oslo_config/cfg.py:3253}}
Jul 19 13:05:52.863591 np0000005423 nova-scheduler[96487]: DEBUG cotyledon.oslo_config_glue [-] oslo_middleware.http_basic_auth_user_file = /etc/htpasswd {{(pid=96487) log_opt_values /opt/stack/data/venv/lib/python3.12/site-packages/oslo_config/cfg.py:3253}}
Jul 19 13:05:52.863591 np0000005423 nova-scheduler[96487]: DEBUG cotyledon.oslo_config_glue [-] oslo_messaging_metrics.metrics_buffer_size = 1000 {{(pid=96487) log_opt_values /opt/stack/data/venv/lib/python3.12/site-packages/oslo_config/cfg.py:3253}}
Jul 19 13:05:52.863591 np0000005423 nova-scheduler[96487]: DEBUG cotyledon.oslo_config_glue [-] oslo_messaging_metrics.metrics_enabled = False {{(pid=96487) log_opt_values /opt/stack/data/venv/lib/python3.12/site-packages/oslo_config/cfg.py:3253}}
Jul 19 13:05:52.863591 np0000005423 nova-scheduler[96487]: DEBUG cotyledon.oslo_config_glue [-] oslo_messaging_metrics.metrics_process_name = {{(pid=96487) log_opt_values /opt/stack/data/venv/lib/python3.12/site-packages/oslo_config/cfg.py:3253}}
Jul 19 13:05:52.863591 np0000005423 nova-scheduler[96487]: DEBUG cotyledon.oslo_config_glue [-] oslo_messaging_metrics.metrics_socket_file = /var/tmp/metrics_collector.sock {{(pid=96487) log_opt_values /opt/stack/data/venv/lib/python3.12/site-packages/oslo_config/cfg.py:3253}}
Jul 19 13:05:52.863591 np0000005423 nova-scheduler[96487]: DEBUG cotyledon.oslo_config_glue [-] oslo_messaging_metrics.metrics_thread_stop_timeout = 10 {{(pid=96487) log_opt_values /opt/stack/data/venv/lib/python3.12/site-packages/oslo_config/cfg.py:3253}}
Jul 19 13:05:52.863591 np0000005423 nova-scheduler[96487]: DEBUG cotyledon.oslo_config_glue [-] profiler.connection_string = messaging:// {{(pid=96487) log_opt_values /opt/stack/data/venv/lib/python3.12/site-packages/oslo_config/cfg.py:3253}}
Jul 19 13:05:52.863591 np0000005423 nova-scheduler[96487]: DEBUG cotyledon.oslo_config_glue [-] profiler.enabled = False {{(pid=96487) log_opt_values /opt/stack/data/venv/lib/python3.12/site-packages/oslo_config/cfg.py:3253}}
Jul 19 13:05:52.863591 np0000005423 nova-scheduler[96487]: DEBUG cotyledon.oslo_config_glue [-] profiler.es_doc_type = notification {{(pid=96487) log_opt_values /opt/stack/data/venv/lib/python3.12/site-packages/oslo_config/cfg.py:3253}}
Jul 19 13:05:52.863813 np0000005423 nova-scheduler[96487]: DEBUG cotyledon.oslo_config_glue [-] profiler.es_scroll_size = 10000 {{(pid=96487) log_opt_values /opt/stack/data/venv/lib/python3.12/site-packages/oslo_config/cfg.py:3253}}
Jul 19 13:05:52.863813 np0000005423 nova-scheduler[96487]: DEBUG cotyledon.oslo_config_glue [-] profiler.es_scroll_time = 2m {{(pid=96487) log_opt_values /opt/stack/data/venv/lib/python3.12/site-packages/oslo_config/cfg.py:3253}}
Jul 19 13:05:52.863813 np0000005423 nova-scheduler[96487]: DEBUG cotyledon.oslo_config_glue [-] profiler.filter_error_trace = False {{(pid=96487) log_opt_values /opt/stack/data/venv/lib/python3.12/site-packages/oslo_config/cfg.py:3253}}
Jul 19 13:05:52.863813 np0000005423 nova-scheduler[96487]: DEBUG cotyledon.oslo_config_glue [-] profiler.hmac_keys = **** {{(pid=96487) log_opt_values /opt/stack/data/venv/lib/python3.12/site-packages/oslo_config/cfg.py:3253}}
Jul 19 13:05:52.863813 np0000005423 nova-scheduler[96487]: DEBUG cotyledon.oslo_config_glue [-] profiler.sentinel_service_name = mymaster {{(pid=96487) log_opt_values /opt/stack/data/venv/lib/python3.12/site-packages/oslo_config/cfg.py:3253}}
Jul 19 13:05:52.863813 np0000005423 nova-scheduler[96487]: DEBUG cotyledon.oslo_config_glue [-] profiler.socket_timeout = 0.1 {{(pid=96487) log_opt_values /opt/stack/data/venv/lib/python3.12/site-packages/oslo_config/cfg.py:3253}}
Jul 19 13:05:52.863813 np0000005423 nova-scheduler[96487]: DEBUG cotyledon.oslo_config_glue [-] profiler.trace_requests = False {{(pid=96487) log_opt_values /opt/stack/data/venv/lib/python3.12/site-packages/oslo_config/cfg.py:3253}}
Jul 19 13:05:52.863813 np0000005423 nova-scheduler[96487]: DEBUG cotyledon.oslo_config_glue [-] profiler.trace_sqlalchemy = False {{(pid=96487) log_opt_values /opt/stack/data/venv/lib/python3.12/site-packages/oslo_config/cfg.py:3253}}
Jul 19 13:05:52.863813 np0000005423 nova-scheduler[96487]: DEBUG cotyledon.oslo_config_glue [-] profiler_jaeger.process_tags = {} {{(pid=96487) log_opt_values /opt/stack/data/venv/lib/python3.12/site-packages/oslo_config/cfg.py:3253}}
Jul 19 13:05:52.864047 np0000005423 nova-scheduler[96487]: DEBUG cotyledon.oslo_config_glue [-] profiler_jaeger.service_name_prefix = None {{(pid=96487) log_opt_values /opt/stack/data/venv/lib/python3.12/site-packages/oslo_config/cfg.py:3253}}
Jul 19 13:05:52.864047 np0000005423 nova-scheduler[96487]: DEBUG cotyledon.oslo_config_glue [-] profiler_otlp.service_name_prefix = None {{(pid=96487) log_opt_values /opt/stack/data/venv/lib/python3.12/site-packages/oslo_config/cfg.py:3253}}
Jul 19 13:05:52.864047 np0000005423 nova-scheduler[96487]: DEBUG cotyledon.oslo_config_glue [-] oslo_messaging_rabbit.amqp_auto_delete = False {{(pid=96487) log_opt_values /opt/stack/data/venv/lib/python3.12/site-packages/oslo_config/cfg.py:3253}}
Jul 19 13:05:52.864047 np0000005423 nova-scheduler[96487]: DEBUG cotyledon.oslo_config_glue [-] oslo_messaging_rabbit.amqp_durable_queues = False {{(pid=96487) log_opt_values /opt/stack/data/venv/lib/python3.12/site-packages/oslo_config/cfg.py:3253}}
Jul 19 13:05:52.864047 np0000005423 nova-scheduler[96487]: DEBUG cotyledon.oslo_config_glue [-] oslo_messaging_rabbit.conn_pool_min_size = 2 {{(pid=96487) log_opt_values /opt/stack/data/venv/lib/python3.12/site-packages/oslo_config/cfg.py:3253}}
Jul 19 13:05:52.864047 np0000005423 nova-scheduler[96487]: DEBUG cotyledon.oslo_config_glue [-] oslo_messaging_rabbit.conn_pool_ttl = 1200 {{(pid=96487) log_opt_values /opt/stack/data/venv/lib/python3.12/site-packages/oslo_config/cfg.py:3253}}
Jul 19 13:05:52.864047 np0000005423 nova-scheduler[96487]: DEBUG cotyledon.oslo_config_glue [-] oslo_messaging_rabbit.direct_mandatory_flag = True {{(pid=96487) log_opt_values /opt/stack/data/venv/lib/python3.12/site-packages/oslo_config/cfg.py:3253}}
Jul 19 13:05:52.864047 np0000005423 nova-scheduler[96487]: DEBUG cotyledon.oslo_config_glue [-] oslo_messaging_rabbit.enable_cancel_on_failover = False {{(pid=96487) log_opt_values /opt/stack/data/venv/lib/python3.12/site-packages/oslo_config/cfg.py:3253}}
Jul 19 13:05:52.864047 np0000005423 nova-scheduler[96487]: DEBUG cotyledon.oslo_config_glue [-] oslo_messaging_rabbit.heartbeat_rate = 3 {{(pid=96487) log_opt_values /opt/stack/data/venv/lib/python3.12/site-packages/oslo_config/cfg.py:3253}}
Jul 19 13:05:52.864263 np0000005423 nova-scheduler[96487]: DEBUG cotyledon.oslo_config_glue [-] oslo_messaging_rabbit.heartbeat_timeout_threshold = 60 {{(pid=96487) log_opt_values /opt/stack/data/venv/lib/python3.12/site-packages/oslo_config/cfg.py:3253}}
Jul 19 13:05:52.864263 np0000005423 nova-scheduler[96487]: DEBUG cotyledon.oslo_config_glue [-] oslo_messaging_rabbit.hostname = np0000005423 {{(pid=96487) log_opt_values /opt/stack/data/venv/lib/python3.12/site-packages/oslo_config/cfg.py:3253}}
Jul 19 13:05:52.864263 np0000005423 nova-scheduler[96487]: DEBUG cotyledon.oslo_config_glue [-] oslo_messaging_rabbit.kombu_compression = None {{(pid=96487) log_opt_values /opt/stack/data/venv/lib/python3.12/site-packages/oslo_config/cfg.py:3253}}
Jul 19 13:05:52.864263 np0000005423 nova-scheduler[96487]: DEBUG cotyledon.oslo_config_glue [-] oslo_messaging_rabbit.kombu_failover_strategy = round-robin {{(pid=96487) log_opt_values /opt/stack/data/venv/lib/python3.12/site-packages/oslo_config/cfg.py:3253}}
Jul 19 13:05:52.864263 np0000005423 nova-scheduler[96487]: DEBUG cotyledon.oslo_config_glue [-] oslo_messaging_rabbit.kombu_missing_consumer_retry_timeout = 60 {{(pid=96487) log_opt_values /opt/stack/data/venv/lib/python3.12/site-packages/oslo_config/cfg.py:3253}}
Jul 19 13:05:52.864263 np0000005423 nova-scheduler[96487]: DEBUG cotyledon.oslo_config_glue [-] oslo_messaging_rabbit.kombu_reconnect_delay = 1.0 {{(pid=96487) log_opt_values /opt/stack/data/venv/lib/python3.12/site-packages/oslo_config/cfg.py:3253}}
Jul 19 13:05:52.864263 np0000005423 nova-scheduler[96487]: DEBUG cotyledon.oslo_config_glue [-] oslo_messaging_rabbit.kombu_reconnect_splay = 0.0 {{(pid=96487) log_opt_values /opt/stack/data/venv/lib/python3.12/site-packages/oslo_config/cfg.py:3253}}
Jul 19 13:05:52.864263 np0000005423 nova-scheduler[96487]: DEBUG cotyledon.oslo_config_glue [-] oslo_messaging_rabbit.processname = nova-scheduler {{(pid=96487) log_opt_values /opt/stack/data/venv/lib/python3.12/site-packages/oslo_config/cfg.py:3253}}
Jul 19 13:05:52.864263 np0000005423 nova-scheduler[96487]: DEBUG cotyledon.oslo_config_glue [-] oslo_messaging_rabbit.rabbit_ha_queues = False {{(pid=96487) log_opt_values /opt/stack/data/venv/lib/python3.12/site-packages/oslo_config/cfg.py:3253}}
Jul 19 13:05:52.864491 np0000005423 nova-scheduler[96487]: DEBUG cotyledon.oslo_config_glue [-] oslo_messaging_rabbit.rabbit_interval_max = 30 {{(pid=96487) log_opt_values /opt/stack/data/venv/lib/python3.12/site-packages/oslo_config/cfg.py:3253}}
Jul 19 13:05:52.864491 np0000005423 nova-scheduler[96487]: DEBUG cotyledon.oslo_config_glue [-] oslo_messaging_rabbit.rabbit_login_method = AMQPLAIN {{(pid=96487) log_opt_values /opt/stack/data/venv/lib/python3.12/site-packages/oslo_config/cfg.py:3253}}
Jul 19 13:05:52.864491 np0000005423 nova-scheduler[96487]: DEBUG cotyledon.oslo_config_glue [-] oslo_messaging_rabbit.rabbit_qos_prefetch_count = 0 {{(pid=96487) log_opt_values /opt/stack/data/venv/lib/python3.12/site-packages/oslo_config/cfg.py:3253}}
Jul 19 13:05:52.864491 np0000005423 nova-scheduler[96487]: DEBUG cotyledon.oslo_config_glue [-] oslo_messaging_rabbit.rabbit_quorum_delivery_limit = 0 {{(pid=96487) log_opt_values /opt/stack/data/venv/lib/python3.12/site-packages/oslo_config/cfg.py:3253}}
Jul 19 13:05:52.864491 np0000005423 nova-scheduler[96487]: DEBUG cotyledon.oslo_config_glue [-] oslo_messaging_rabbit.rabbit_quorum_max_memory_bytes = 0 {{(pid=96487) log_opt_values /opt/stack/data/venv/lib/python3.12/site-packages/oslo_config/cfg.py:3253}}
Jul 19 13:05:52.864491 np0000005423 nova-scheduler[96487]: DEBUG cotyledon.oslo_config_glue [-] oslo_messaging_rabbit.rabbit_quorum_max_memory_length = 0 {{(pid=96487) log_opt_values /opt/stack/data/venv/lib/python3.12/site-packages/oslo_config/cfg.py:3253}}
Jul 19 13:05:52.864491 np0000005423 nova-scheduler[96487]: DEBUG cotyledon.oslo_config_glue [-] oslo_messaging_rabbit.rabbit_quorum_queue = False {{(pid=96487) log_opt_values /opt/stack/data/venv/lib/python3.12/site-packages/oslo_config/cfg.py:3253}}
Jul 19 13:05:52.864491 np0000005423 nova-scheduler[96487]: DEBUG cotyledon.oslo_config_glue [-] oslo_messaging_rabbit.rabbit_retry_backoff = 2 {{(pid=96487) log_opt_values /opt/stack/data/venv/lib/python3.12/site-packages/oslo_config/cfg.py:3253}}
Jul 19 13:05:52.864491 np0000005423 nova-scheduler[96487]: DEBUG cotyledon.oslo_config_glue [-] oslo_messaging_rabbit.rabbit_retry_interval = 1 {{(pid=96487) log_opt_values /opt/stack/data/venv/lib/python3.12/site-packages/oslo_config/cfg.py:3253}}
Jul 19 13:05:52.864711 np0000005423 nova-scheduler[96487]: DEBUG cotyledon.oslo_config_glue [-] oslo_messaging_rabbit.rabbit_stream_fanout = False {{(pid=96487) log_opt_values /opt/stack/data/venv/lib/python3.12/site-packages/oslo_config/cfg.py:3253}}
Jul 19 13:05:52.864711 np0000005423 nova-scheduler[96487]: DEBUG cotyledon.oslo_config_glue [-] oslo_messaging_rabbit.rabbit_transient_queues_ttl = 1800 {{(pid=96487) log_opt_values /opt/stack/data/venv/lib/python3.12/site-packages/oslo_config/cfg.py:3253}}
Jul 19 13:05:52.864711 np0000005423 nova-scheduler[96487]: DEBUG cotyledon.oslo_config_glue [-] oslo_messaging_rabbit.rabbit_transient_quorum_queue = False {{(pid=96487) log_opt_values /opt/stack/data/venv/lib/python3.12/site-packages/oslo_config/cfg.py:3253}}
Jul 19 13:05:52.864711 np0000005423 nova-scheduler[96487]: DEBUG cotyledon.oslo_config_glue [-] oslo_messaging_rabbit.rpc_conn_pool_size = 30 {{(pid=96487) log_opt_values /opt/stack/data/venv/lib/python3.12/site-packages/oslo_config/cfg.py:3253}}
Jul 19 13:05:52.864711 np0000005423 nova-scheduler[96487]: DEBUG cotyledon.oslo_config_glue [-] oslo_messaging_rabbit.ssl = False {{(pid=96487) log_opt_values /opt/stack/data/venv/lib/python3.12/site-packages/oslo_config/cfg.py:3253}}
Jul 19 13:05:52.864711 np0000005423 nova-scheduler[96487]: DEBUG cotyledon.oslo_config_glue [-] oslo_messaging_rabbit.ssl_ca_file = {{(pid=96487) log_opt_values /opt/stack/data/venv/lib/python3.12/site-packages/oslo_config/cfg.py:3253}}
Jul 19 13:05:52.864711 np0000005423 nova-scheduler[96487]: DEBUG cotyledon.oslo_config_glue [-] oslo_messaging_rabbit.ssl_cert_file = {{(pid=96487) log_opt_values /opt/stack/data/venv/lib/python3.12/site-packages/oslo_config/cfg.py:3253}}
Jul 19 13:05:52.864711 np0000005423 nova-scheduler[96487]: DEBUG cotyledon.oslo_config_glue [-] oslo_messaging_rabbit.ssl_enforce_fips_mode = False {{(pid=96487) log_opt_values /opt/stack/data/venv/lib/python3.12/site-packages/oslo_config/cfg.py:3253}}
Jul 19 13:05:52.864711 np0000005423 nova-scheduler[96487]: DEBUG cotyledon.oslo_config_glue [-] oslo_messaging_rabbit.ssl_enforce_hostname_verification = True {{(pid=96487) log_opt_values /opt/stack/data/venv/lib/python3.12/site-packages/oslo_config/cfg.py:3253}}
Jul 19 13:05:52.864959 np0000005423 nova-scheduler[96487]: DEBUG cotyledon.oslo_config_glue [-] oslo_messaging_rabbit.ssl_key_file = {{(pid=96487) log_opt_values /opt/stack/data/venv/lib/python3.12/site-packages/oslo_config/cfg.py:3253}}
Jul 19 13:05:52.864959 np0000005423 nova-scheduler[96487]: DEBUG cotyledon.oslo_config_glue [-] oslo_messaging_rabbit.ssl_version = {{(pid=96487) log_opt_values /opt/stack/data/venv/lib/python3.12/site-packages/oslo_config/cfg.py:3253}}
Jul 19 13:05:52.864959 np0000005423 nova-scheduler[96487]: DEBUG cotyledon.oslo_config_glue [-] oslo_messaging_rabbit.use_queue_manager = False {{(pid=96487) log_opt_values /opt/stack/data/venv/lib/python3.12/site-packages/oslo_config/cfg.py:3253}}
Jul 19 13:05:52.864959 np0000005423 nova-scheduler[96487]: DEBUG cotyledon.oslo_config_glue [-] oslo_messaging_notifications.driver = ['messagingv2'] {{(pid=96487) log_opt_values /opt/stack/data/venv/lib/python3.12/site-packages/oslo_config/cfg.py:3253}}
Jul 19 13:05:52.864959 np0000005423 nova-scheduler[96487]: DEBUG cotyledon.oslo_config_glue [-] oslo_messaging_notifications.retry = -1 {{(pid=96487) log_opt_values /opt/stack/data/venv/lib/python3.12/site-packages/oslo_config/cfg.py:3253}}
Jul 19 13:05:52.864959 np0000005423 nova-scheduler[96487]: DEBUG cotyledon.oslo_config_glue [-] oslo_messaging_notifications.topics = ['notifications'] {{(pid=96487) log_opt_values /opt/stack/data/venv/lib/python3.12/site-packages/oslo_config/cfg.py:3253}}
Jul 19 13:05:52.864959 np0000005423 nova-scheduler[96487]: DEBUG cotyledon.oslo_config_glue [-] oslo_messaging_notifications.transport_url = **** {{(pid=96487) log_opt_values /opt/stack/data/venv/lib/python3.12/site-packages/oslo_config/cfg.py:3253}}
Jul 19 13:05:52.864959 np0000005423 nova-scheduler[96487]: DEBUG cotyledon.oslo_config_glue [-] oslo_limit.auth_section = None {{(pid=96487) log_opt_values /opt/stack/data/venv/lib/python3.12/site-packages/oslo_config/cfg.py:3253}}
Jul 19 13:05:52.864959 np0000005423 nova-scheduler[96487]: DEBUG cotyledon.oslo_config_glue [-] oslo_limit.auth_type = None {{(pid=96487) log_opt_values /opt/stack/data/venv/lib/python3.12/site-packages/oslo_config/cfg.py:3253}}
Jul 19 13:05:52.865188 np0000005423 nova-scheduler[96487]: DEBUG cotyledon.oslo_config_glue [-] oslo_limit.cafile = None {{(pid=96487) log_opt_values /opt/stack/data/venv/lib/python3.12/site-packages/oslo_config/cfg.py:3253}}
Jul 19 13:05:52.865188 np0000005423 nova-scheduler[96487]: DEBUG cotyledon.oslo_config_glue [-] oslo_limit.certfile = None {{(pid=96487) log_opt_values /opt/stack/data/venv/lib/python3.12/site-packages/oslo_config/cfg.py:3253}}
Jul 19 13:05:52.865188 np0000005423 nova-scheduler[96487]: DEBUG cotyledon.oslo_config_glue [-] oslo_limit.collect_timing = False {{(pid=96487) log_opt_values /opt/stack/data/venv/lib/python3.12/site-packages/oslo_config/cfg.py:3253}}
Jul 19 13:05:52.865188 np0000005423 nova-scheduler[96487]: DEBUG cotyledon.oslo_config_glue [-] oslo_limit.connect_retries = None {{(pid=96487) log_opt_values /opt/stack/data/venv/lib/python3.12/site-packages/oslo_config/cfg.py:3253}}
Jul 19 13:05:52.865188 np0000005423 nova-scheduler[96487]: DEBUG cotyledon.oslo_config_glue [-] oslo_limit.connect_retry_delay = None {{(pid=96487) log_opt_values /opt/stack/data/venv/lib/python3.12/site-packages/oslo_config/cfg.py:3253}}
Jul 19 13:05:52.865188 np0000005423 nova-scheduler[96487]: DEBUG cotyledon.oslo_config_glue [-] oslo_limit.endpoint_id = None {{(pid=96487) log_opt_values /opt/stack/data/venv/lib/python3.12/site-packages/oslo_config/cfg.py:3253}}
Jul 19 13:05:52.865188 np0000005423 nova-scheduler[96487]: DEBUG cotyledon.oslo_config_glue [-] oslo_limit.endpoint_interface = public {{(pid=96487) log_opt_values /opt/stack/data/venv/lib/python3.12/site-packages/oslo_config/cfg.py:3253}}
Jul 19 13:05:52.865188 np0000005423 nova-scheduler[96487]: DEBUG cotyledon.oslo_config_glue [-] oslo_limit.endpoint_override = None {{(pid=96487) log_opt_values /opt/stack/data/venv/lib/python3.12/site-packages/oslo_config/cfg.py:3253}}
Jul 19 13:05:52.865188 np0000005423 nova-scheduler[96487]: DEBUG cotyledon.oslo_config_glue [-] oslo_limit.endpoint_region_name = None {{(pid=96487) log_opt_values /opt/stack/data/venv/lib/python3.12/site-packages/oslo_config/cfg.py:3253}}
Jul 19 13:05:52.865411 np0000005423 nova-scheduler[96487]: DEBUG cotyledon.oslo_config_glue [-] oslo_limit.endpoint_service_name = None {{(pid=96487) log_opt_values /opt/stack/data/venv/lib/python3.12/site-packages/oslo_config/cfg.py:3253}}
Jul 19 13:05:52.865411 np0000005423 nova-scheduler[96487]: DEBUG cotyledon.oslo_config_glue [-] oslo_limit.endpoint_service_type = None {{(pid=96487) log_opt_values /opt/stack/data/venv/lib/python3.12/site-packages/oslo_config/cfg.py:3253}}
Jul 19 13:05:52.865411 np0000005423 nova-scheduler[96487]: DEBUG cotyledon.oslo_config_glue [-] oslo_limit.insecure = False {{(pid=96487) log_opt_values /opt/stack/data/venv/lib/python3.12/site-packages/oslo_config/cfg.py:3253}}
Jul 19 13:05:52.865411 np0000005423 nova-scheduler[96487]: DEBUG cotyledon.oslo_config_glue [-] oslo_limit.keyfile = None {{(pid=96487) log_opt_values /opt/stack/data/venv/lib/python3.12/site-packages/oslo_config/cfg.py:3253}}
Jul 19 13:05:52.865411 np0000005423 nova-scheduler[96487]: DEBUG cotyledon.oslo_config_glue [-] oslo_limit.max_version = None {{(pid=96487) log_opt_values /opt/stack/data/venv/lib/python3.12/site-packages/oslo_config/cfg.py:3253}}
Jul 19 13:05:52.865411 np0000005423 nova-scheduler[96487]: DEBUG cotyledon.oslo_config_glue [-] oslo_limit.min_version = None {{(pid=96487) log_opt_values /opt/stack/data/venv/lib/python3.12/site-packages/oslo_config/cfg.py:3253}}
Jul 19 13:05:52.865411 np0000005423 nova-scheduler[96487]: DEBUG cotyledon.oslo_config_glue [-] oslo_limit.region_name = None {{(pid=96487) log_opt_values /opt/stack/data/venv/lib/python3.12/site-packages/oslo_config/cfg.py:3253}}
Jul 19 13:05:52.865411 np0000005423 nova-scheduler[96487]: DEBUG cotyledon.oslo_config_glue [-] oslo_limit.retriable_status_codes = None {{(pid=96487) log_opt_values /opt/stack/data/venv/lib/python3.12/site-packages/oslo_config/cfg.py:3253}}
Jul 19 13:05:52.865411 np0000005423 nova-scheduler[96487]: DEBUG cotyledon.oslo_config_glue [-] oslo_limit.service_name = None {{(pid=96487) log_opt_values /opt/stack/data/venv/lib/python3.12/site-packages/oslo_config/cfg.py:3253}}
Jul 19 13:05:52.865639 np0000005423 nova-scheduler[96487]: DEBUG cotyledon.oslo_config_glue [-] oslo_limit.service_type = None {{(pid=96487) log_opt_values /opt/stack/data/venv/lib/python3.12/site-packages/oslo_config/cfg.py:3253}}
Jul 19 13:05:52.865639 np0000005423 nova-scheduler[96487]: DEBUG cotyledon.oslo_config_glue [-] oslo_limit.split_loggers = False {{(pid=96487) log_opt_values /opt/stack/data/venv/lib/python3.12/site-packages/oslo_config/cfg.py:3253}}
Jul 19 13:05:52.865639 np0000005423 nova-scheduler[96487]: DEBUG cotyledon.oslo_config_glue [-] oslo_limit.status_code_retries = None {{(pid=96487) log_opt_values /opt/stack/data/venv/lib/python3.12/site-packages/oslo_config/cfg.py:3253}}
Jul 19 13:05:52.865639 np0000005423 nova-scheduler[96487]: DEBUG cotyledon.oslo_config_glue [-] oslo_limit.status_code_retry_delay = None {{(pid=96487) log_opt_values /opt/stack/data/venv/lib/python3.12/site-packages/oslo_config/cfg.py:3253}}
Jul 19 13:05:52.865639 np0000005423 nova-scheduler[96487]: DEBUG cotyledon.oslo_config_glue [-] oslo_limit.timeout = None {{(pid=96487) log_opt_values /opt/stack/data/venv/lib/python3.12/site-packages/oslo_config/cfg.py:3253}}
Jul 19 13:05:52.865639 np0000005423 nova-scheduler[96487]: DEBUG cotyledon.oslo_config_glue [-] oslo_limit.valid_interfaces = None {{(pid=96487) log_opt_values /opt/stack/data/venv/lib/python3.12/site-packages/oslo_config/cfg.py:3253}}
Jul 19 13:05:52.865639 np0000005423 nova-scheduler[96487]: DEBUG cotyledon.oslo_config_glue [-] oslo_limit.version = None {{(pid=96487) log_opt_values /opt/stack/data/venv/lib/python3.12/site-packages/oslo_config/cfg.py:3253}}
Jul 19 13:05:52.865639 np0000005423 nova-scheduler[96487]: DEBUG cotyledon.oslo_config_glue [-] oslo_reports.file_event_handler = None {{(pid=96487) log_opt_values /opt/stack/data/venv/lib/python3.12/site-packages/oslo_config/cfg.py:3253}}
Jul 19 13:05:52.865639 np0000005423 nova-scheduler[96487]: DEBUG cotyledon.oslo_config_glue [-] oslo_reports.file_event_handler_interval = 1 {{(pid=96487) log_opt_values /opt/stack/data/venv/lib/python3.12/site-packages/oslo_config/cfg.py:3253}}
Jul 19 13:05:52.865875 np0000005423 nova-scheduler[96487]: DEBUG cotyledon.oslo_config_glue [-] oslo_reports.log_dir = None {{(pid=96487) log_opt_values /opt/stack/data/venv/lib/python3.12/site-packages/oslo_config/cfg.py:3253}}
Jul 19 13:05:52.865875 np0000005423 nova-scheduler[96487]: DEBUG cotyledon.oslo_config_glue [-] ******************************************************************************** {{(pid=96487) log_opt_values /opt/stack/data/venv/lib/python3.12/site-packages/oslo_config/cfg.py:3260}}
Jul 19 13:05:52.865875 np0000005423 nova-scheduler[96487]: DEBUG cotyledon._service_worker [-] Run service ServiceWrapper(3) [96487] {{(pid=96487) wait_forever /opt/stack/data/venv/lib/python3.12/site-packages/cotyledon/_service_worker.py:218}}
Jul 19 13:05:52.865875 np0000005423 nova-scheduler[96487]: INFO nova.service [-] Starting scheduler node (version 33.1.0)
Jul 19 13:05:52.865875 np0000005423 nova-scheduler[96487]: INFO dbcounter [None req-3fadc243-63ea-42ba-bd54-9f238bbe5dba None None] Registered counter for database nova_cell0
Jul 19 13:05:52.866820 np0000005423 nova-scheduler[96465]: DEBUG oslo_db.sqlalchemy.engines [None req-be8a9766-45d2-402a-8e9a-d18ff479a555 None None] MySQL server mode set to STRICT_TRANS_TABLES,STRICT_ALL_TABLES,NO_ZERO_IN_DATE,NO_ZERO_DATE,ERROR_FOR_DIVISION_BY_ZERO,TRADITIONAL,NO_ENGINE_SUBSTITUTION {{(pid=96465) _check_effective_sql_mode /opt/stack/data/venv/lib/python3.12/site-packages/oslo_db/sqlalchemy/engines.py:325}}
Jul 19 13:05:52.870093 np0000005423 nova-scheduler[96474]: DEBUG oslo_db.sqlalchemy.engines [None req-105f7662-28a4-4ab7-868a-57f131f01490 None None] MySQL server mode set to STRICT_TRANS_TABLES,STRICT_ALL_TABLES,NO_ZERO_IN_DATE,NO_ZERO_DATE,ERROR_FOR_DIVISION_BY_ZERO,TRADITIONAL,NO_ENGINE_SUBSTITUTION {{(pid=96474) _check_effective_sql_mode /opt/stack/data/venv/lib/python3.12/site-packages/oslo_db/sqlalchemy/engines.py:325}}
Jul 19 13:05:52.878230 np0000005423 nova-scheduler[96484]: DEBUG oslo_db.sqlalchemy.engines [None req-e93707af-b467-4e04-b0e9-d81f5e5a5c3c None None] MySQL server mode set to STRICT_TRANS_TABLES,STRICT_ALL_TABLES,NO_ZERO_IN_DATE,NO_ZERO_DATE,ERROR_FOR_DIVISION_BY_ZERO,TRADITIONAL,NO_ENGINE_SUBSTITUTION {{(pid=96484) _check_effective_sql_mode /opt/stack/data/venv/lib/python3.12/site-packages/oslo_db/sqlalchemy/engines.py:325}}
Jul 19 13:05:52.880633 np0000005423 nova-scheduler[96465]: DEBUG dbcounter [-] [96465] Writer thread running {{(pid=96465) stat_writer /opt/stack/data/venv/lib/python3.12/site-packages/dbcounter.py:102}}
Jul 19 13:05:52.880853 np0000005423 nova-scheduler[96474]: DEBUG dbcounter [-] [96474] Writer thread running {{(pid=96474) stat_writer /opt/stack/data/venv/lib/python3.12/site-packages/dbcounter.py:102}}
Jul 19 13:05:52.890083 np0000005423 nova-scheduler[96484]: DEBUG dbcounter [-] [96484] Writer thread running {{(pid=96484) stat_writer /opt/stack/data/venv/lib/python3.12/site-packages/dbcounter.py:102}}
Jul 19 13:05:52.898207 np0000005423 nova-scheduler[96474]: DEBUG nova.service [None req-105f7662-28a4-4ab7-868a-57f131f01490 None None] Creating RPC server for service: nova-scheduler on topic: scheduler {{(pid=96474) start /opt/stack/nova/nova/service.py:196}}
Jul 19 13:05:52.905011 np0000005423 nova-scheduler[96465]: DEBUG nova.service [None req-be8a9766-45d2-402a-8e9a-d18ff479a555 None None] Creating RPC server for service: nova-scheduler on topic: scheduler {{(pid=96465) start /opt/stack/nova/nova/service.py:196}}
Jul 19 13:05:52.911583 np0000005423 nova-scheduler[96487]: DEBUG oslo_db.sqlalchemy.engines [None req-3fadc243-63ea-42ba-bd54-9f238bbe5dba None None] MySQL server mode set to STRICT_TRANS_TABLES,STRICT_ALL_TABLES,NO_ZERO_IN_DATE,NO_ZERO_DATE,ERROR_FOR_DIVISION_BY_ZERO,TRADITIONAL,NO_ENGINE_SUBSTITUTION {{(pid=96487) _check_effective_sql_mode /opt/stack/data/venv/lib/python3.12/site-packages/oslo_db/sqlalchemy/engines.py:325}}
Jul 19 13:05:52.914363 np0000005423 nova-scheduler[96484]: DEBUG nova.service [None req-e93707af-b467-4e04-b0e9-d81f5e5a5c3c None None] Creating RPC server for service: nova-scheduler on topic: scheduler {{(pid=96484) start /opt/stack/nova/nova/service.py:196}}
Jul 19 13:05:52.933338 np0000005423 nova-scheduler[96487]: DEBUG dbcounter [-] [96487] Writer thread running {{(pid=96487) stat_writer /opt/stack/data/venv/lib/python3.12/site-packages/dbcounter.py:102}}
Jul 19 13:05:52.936203 np0000005423 nova-scheduler[96474]: DEBUG nova.service [None req-105f7662-28a4-4ab7-868a-57f131f01490 None None] Join ServiceGroup membership for this service scheduler {{(pid=96474) start /opt/stack/nova/nova/service.py:222}}
Jul 19 13:05:52.936530 np0000005423 nova-scheduler[96474]: DEBUG nova.servicegroup.drivers.db [None req-105f7662-28a4-4ab7-868a-57f131f01490 None None] DB_Driver: join new ServiceGroup member np0000005423 to the scheduler group, service = {{(pid=96474) join /opt/stack/nova/nova/servicegroup/drivers/db.py:44}}
Jul 19 13:05:52.937131 np0000005423 nova-scheduler[96465]: DEBUG nova.service [None req-be8a9766-45d2-402a-8e9a-d18ff479a555 None None] Join ServiceGroup membership for this service scheduler {{(pid=96465) start /opt/stack/nova/nova/service.py:222}}
Jul 19 13:05:52.937513 np0000005423 nova-scheduler[96465]: DEBUG nova.servicegroup.drivers.db [None req-be8a9766-45d2-402a-8e9a-d18ff479a555 None None] DB_Driver: join new ServiceGroup member np0000005423 to the scheduler group, service = {{(pid=96465) join /opt/stack/nova/nova/servicegroup/drivers/db.py:44}}
Jul 19 13:05:52.938657 np0000005423 nova-scheduler[96474]: DEBUG oslo.service.backend._threading.loopingcall [None req-27fd9137-cd61-40b1-a385-95fdb2ea3425 None None] Dynamic interval looping call 'nova.service.Service.periodic_tasks' sleeping for 60.00 seconds {{(pid=96474) _run_loop /opt/stack/data/venv/lib/python3.12/site-packages/oslo_service/backend/_threading/loopingcall.py:125}}
Jul 19 13:05:52.940270 np0000005423 nova-scheduler[96487]: DEBUG nova.service [None req-3fadc243-63ea-42ba-bd54-9f238bbe5dba None None] Creating RPC server for service: nova-scheduler on topic: scheduler {{(pid=96487) start /opt/stack/nova/nova/service.py:196}}
Jul 19 13:05:52.946024 np0000005423 nova-scheduler[96484]: DEBUG nova.service [None req-e93707af-b467-4e04-b0e9-d81f5e5a5c3c None None] Join ServiceGroup membership for this service scheduler {{(pid=96484) start /opt/stack/nova/nova/service.py:222}}
Jul 19 13:05:52.946339 np0000005423 nova-scheduler[96484]: DEBUG nova.servicegroup.drivers.db [None req-e93707af-b467-4e04-b0e9-d81f5e5a5c3c None None] DB_Driver: join new ServiceGroup member np0000005423 to the scheduler group, service = {{(pid=96484) join /opt/stack/nova/nova/servicegroup/drivers/db.py:44}}
Jul 19 13:05:52.962751 np0000005423 nova-scheduler[96487]: DEBUG nova.service [None req-3fadc243-63ea-42ba-bd54-9f238bbe5dba None None] Join ServiceGroup membership for this service scheduler {{(pid=96487) start /opt/stack/nova/nova/service.py:222}}
Jul 19 13:05:52.962985 np0000005423 nova-scheduler[96487]: DEBUG nova.servicegroup.drivers.db [None req-3fadc243-63ea-42ba-bd54-9f238bbe5dba None None] DB_Driver: join new ServiceGroup member np0000005423 to the scheduler group, service = {{(pid=96487) join /opt/stack/nova/nova/servicegroup/drivers/db.py:44}}
Jul 19 13:05:57.952446 np0000005423 nova-scheduler[96465]: DEBUG oslo.service.backend._threading.loopingcall [-] Fixed interval looping call 'nova.servicegroup.drivers.db.DbDriver._report_state' sleeping for 119.99 seconds {{(pid=96465) _run_loop /opt/stack/data/venv/lib/python3.12/site-packages/oslo_service/backend/_threading/loopingcall.py:125}}
Jul 19 13:05:57.952813 np0000005423 nova-scheduler[96474]: DEBUG oslo.service.backend._threading.loopingcall [-] Fixed interval looping call 'nova.servicegroup.drivers.db.DbDriver._report_state' sleeping for 119.99 seconds {{(pid=96474) _run_loop /opt/stack/data/venv/lib/python3.12/site-packages/oslo_service/backend/_threading/loopingcall.py:125}}
Jul 19 13:05:57.955740 np0000005423 nova-scheduler[96484]: DEBUG oslo.service.backend._threading.loopingcall [-] Fixed interval looping call 'nova.servicegroup.drivers.db.DbDriver._report_state' sleeping for 119.99 seconds {{(pid=96484) _run_loop /opt/stack/data/venv/lib/python3.12/site-packages/oslo_service/backend/_threading/loopingcall.py:125}}
Jul 19 13:05:57.975765 np0000005423 nova-scheduler[96487]: DEBUG oslo.service.backend._threading.loopingcall [-] Fixed interval looping call 'nova.servicegroup.drivers.db.DbDriver._report_state' sleeping for 119.99 seconds {{(pid=96487) _run_loop /opt/stack/data/venv/lib/python3.12/site-packages/oslo_service/backend/_threading/loopingcall.py:125}}
Jul 19 13:06:00.964694 np0000005423 nova-scheduler[96487]: DEBUG oslo.service.backend._threading.loopingcall [None req-ae95a77b-aec3-4163-908d-bc88f036dbd2 None None] Dynamic interval looping call 'nova.service.Service.periodic_tasks' sleeping for 60.00 seconds {{(pid=96487) _run_loop /opt/stack/data/venv/lib/python3.12/site-packages/oslo_service/backend/_threading/loopingcall.py:125}}
Jul 19 13:06:01.393836 np0000005423 nova-scheduler[95263]: DEBUG dbcounter [-] [95263] Writing DB stats nova_api:SELECT=3 {{(pid=95263) stat_writer /opt/stack/data/venv/lib/python3.12/site-packages/dbcounter.py:115}}
Jul 19 13:06:01.553956 np0000005423 nova-scheduler[95263]: DEBUG dbcounter [-] [95263] Writing DB stats nova_cell0:SELECT=1 {{(pid=95263) stat_writer /opt/stack/data/venv/lib/python3.12/site-packages/dbcounter.py:115}}
Jul 19 13:06:01.558908 np0000005423 nova-scheduler[95263]: DEBUG dbcounter [-] [95263] Writing DB stats nova_cell1:SELECT=1 {{(pid=95263) stat_writer /opt/stack/data/venv/lib/python3.12/site-packages/dbcounter.py:115}}
Jul 19 13:06:02.948616 np0000005423 nova-scheduler[96484]: DEBUG oslo.service.backend._threading.loopingcall [None req-0c1c8efa-1db4-4d78-9aed-18c4106d30f0 None None] Dynamic interval looping call 'nova.service.Service.periodic_tasks' sleeping for 60.00 seconds {{(pid=96484) _run_loop /opt/stack/data/venv/lib/python3.12/site-packages/oslo_service/backend/_threading/loopingcall.py:125}}
Jul 19 13:06:07.945963 np0000005423 nova-scheduler[96474]: DEBUG dbcounter [-] [96474] Writing DB stats nova_cell0:SELECT=4,nova_cell0:INSERT=1,nova_cell0:UPDATE=1 {{(pid=96474) stat_writer /opt/stack/data/venv/lib/python3.12/site-packages/dbcounter.py:115}}
Jul 19 13:06:07.949475 np0000005423 nova-scheduler[96465]: DEBUG dbcounter [-] [96465] Writing DB stats nova_cell0:SELECT=5,nova_cell0:INSERT=1,nova_cell0:UPDATE=1 {{(pid=96465) stat_writer /opt/stack/data/venv/lib/python3.12/site-packages/dbcounter.py:115}}
Jul 19 13:06:07.954086 np0000005423 nova-scheduler[96484]: DEBUG dbcounter [-] [96484] Writing DB stats nova_cell0:SELECT=4,nova_cell0:INSERT=1,nova_cell0:UPDATE=1 {{(pid=96484) stat_writer /opt/stack/data/venv/lib/python3.12/site-packages/dbcounter.py:115}}
Jul 19 13:06:07.973262 np0000005423 nova-scheduler[96487]: DEBUG dbcounter [-] [96487] Writing DB stats nova_cell0:SELECT=3 {{(pid=96487) stat_writer /opt/stack/data/venv/lib/python3.12/site-packages/dbcounter.py:115}}
Jul 19 13:06:36.940306 np0000005423 nova-scheduler[96465]: DEBUG oslo.service.backend._threading.loopingcall [None req-649200ca-8c68-4418-8f60-1eae317e78e3 None None] Dynamic interval looping call 'nova.service.Service.periodic_tasks' sleeping for 60.00 seconds {{(pid=96465) _run_loop /opt/stack/data/venv/lib/python3.12/site-packages/oslo_service/backend/_threading/loopingcall.py:125}}
Jul 19 13:06:52.939164 np0000005423 nova-scheduler[96474]: DEBUG oslo.service.backend._threading.loopingcall [None req-27fd9137-cd61-40b1-a385-95fdb2ea3425 None None] Dynamic interval looping call 'nova.service.Service.periodic_tasks' sleeping for 60.00 seconds {{(pid=96474) _run_loop /opt/stack/data/venv/lib/python3.12/site-packages/oslo_service/backend/_threading/loopingcall.py:125}}
Jul 19 13:07:00.965206 np0000005423 nova-scheduler[96487]: DEBUG oslo.service.backend._threading.loopingcall [None req-ae95a77b-aec3-4163-908d-bc88f036dbd2 None None] Dynamic interval looping call 'nova.service.Service.periodic_tasks' sleeping for 60.00 seconds {{(pid=96487) _run_loop /opt/stack/data/venv/lib/python3.12/site-packages/oslo_service/backend/_threading/loopingcall.py:125}}
Jul 19 13:07:02.949125 np0000005423 nova-scheduler[96484]: DEBUG oslo.service.backend._threading.loopingcall [None req-0c1c8efa-1db4-4d78-9aed-18c4106d30f0 None None] Dynamic interval looping call 'nova.service.Service.periodic_tasks' sleeping for 60.00 seconds {{(pid=96484) _run_loop /opt/stack/data/venv/lib/python3.12/site-packages/oslo_service/backend/_threading/loopingcall.py:125}}
Jul 19 13:07:36.940890 np0000005423 nova-scheduler[96465]: DEBUG oslo.service.backend._threading.loopingcall [None req-649200ca-8c68-4418-8f60-1eae317e78e3 None None] Dynamic interval looping call 'nova.service.Service.periodic_tasks' sleeping for 60.00 seconds {{(pid=96465) _run_loop /opt/stack/data/venv/lib/python3.12/site-packages/oslo_service/backend/_threading/loopingcall.py:125}}
Jul 19 13:07:52.939908 np0000005423 nova-scheduler[96474]: DEBUG oslo.service.backend._threading.loopingcall [None req-27fd9137-cd61-40b1-a385-95fdb2ea3425 None None] Dynamic interval looping call 'nova.service.Service.periodic_tasks' sleeping for 60.00 seconds {{(pid=96474) _run_loop /opt/stack/data/venv/lib/python3.12/site-packages/oslo_service/backend/_threading/loopingcall.py:125}}
Jul 19 13:07:57.949604 np0000005423 nova-scheduler[96474]: DEBUG oslo.service.backend._threading.loopingcall [-] Fixed interval looping call 'nova.servicegroup.drivers.db.DbDriver._report_state' sleeping for 119.99 seconds {{(pid=96474) _run_loop /opt/stack/data/venv/lib/python3.12/site-packages/oslo_service/backend/_threading/loopingcall.py:125}}
Jul 19 13:07:57.950239 np0000005423 nova-scheduler[96465]: DEBUG oslo.service.backend._threading.loopingcall [-] Fixed interval looping call 'nova.servicegroup.drivers.db.DbDriver._report_state' sleeping for 119.99 seconds {{(pid=96465) _run_loop /opt/stack/data/venv/lib/python3.12/site-packages/oslo_service/backend/_threading/loopingcall.py:125}}
Jul 19 13:07:57.950625 np0000005423 nova-scheduler[96484]: DEBUG oslo.service.backend._threading.loopingcall [-] Fixed interval looping call 'nova.servicegroup.drivers.db.DbDriver._report_state' sleeping for 120.00 seconds {{(pid=96484) _run_loop /opt/stack/data/venv/lib/python3.12/site-packages/oslo_service/backend/_threading/loopingcall.py:125}}
Jul 19 13:07:57.970065 np0000005423 nova-scheduler[96487]: DEBUG oslo.service.backend._threading.loopingcall [-] Fixed interval looping call 'nova.servicegroup.drivers.db.DbDriver._report_state' sleeping for 120.00 seconds {{(pid=96487) _run_loop /opt/stack/data/venv/lib/python3.12/site-packages/oslo_service/backend/_threading/loopingcall.py:125}}
Jul 19 13:08:00.965720 np0000005423 nova-scheduler[96487]: DEBUG oslo.service.backend._threading.loopingcall [None req-ae95a77b-aec3-4163-908d-bc88f036dbd2 None None] Dynamic interval looping call 'nova.service.Service.periodic_tasks' sleeping for 60.00 seconds {{(pid=96487) _run_loop /opt/stack/data/venv/lib/python3.12/site-packages/oslo_service/backend/_threading/loopingcall.py:125}}
Jul 19 13:08:02.949697 np0000005423 nova-scheduler[96484]: DEBUG oslo.service.backend._threading.loopingcall [None req-0c1c8efa-1db4-4d78-9aed-18c4106d30f0 None None] Dynamic interval looping call 'nova.service.Service.periodic_tasks' sleeping for 60.00 seconds {{(pid=96484) _run_loop /opt/stack/data/venv/lib/python3.12/site-packages/oslo_service/backend/_threading/loopingcall.py:125}}
Jul 19 13:08:07.945523 np0000005423 nova-scheduler[96474]: DEBUG dbcounter [-] [96474] Writing DB stats nova_cell0:SELECT=1,nova_cell0:UPDATE=1 {{(pid=96474) stat_writer /opt/stack/data/venv/lib/python3.12/site-packages/dbcounter.py:115}}
Jul 19 13:08:07.946466 np0000005423 nova-scheduler[96465]: DEBUG dbcounter [-] [96465] Writing DB stats nova_cell0:SELECT=1,nova_cell0:UPDATE=1 {{(pid=96465) stat_writer /opt/stack/data/venv/lib/python3.12/site-packages/dbcounter.py:115}}
Jul 19 13:08:07.949888 np0000005423 nova-scheduler[96484]: DEBUG dbcounter [-] [96484] Writing DB stats nova_cell0:SELECT=1,nova_cell0:UPDATE=1 {{(pid=96484) stat_writer /opt/stack/data/venv/lib/python3.12/site-packages/dbcounter.py:115}}
Jul 19 13:08:07.967654 np0000005423 nova-scheduler[96487]: DEBUG dbcounter [-] [96487] Writing DB stats nova_cell0:SELECT=1 {{(pid=96487) stat_writer /opt/stack/data/venv/lib/python3.12/site-packages/dbcounter.py:115}}
Jul 19 13:08:26.742197 np0000005423 nova-scheduler[96474]: DEBUG nova.scheduler.manager [None req-b6ef015c-15e3-488f-82cc-a33f4f4539e1 tempest-ServerActionsTestOtherB-1178583566 tempest-ServerActionsTestOtherB-1178583566-project-member] Starting to schedule for instances: ['3edf57eb-4c81-4b02-be16-e8843741b8b9'] {{(pid=96474) select_destinations /opt/stack/nova/nova/scheduler/manager.py:209}}
Jul 19 13:08:26.742670 np0000005423 nova-scheduler[96474]: DEBUG nova.scheduler.request_filter [None req-b6ef015c-15e3-488f-82cc-a33f4f4539e1 tempest-ServerActionsTestOtherB-1178583566 tempest-ServerActionsTestOtherB-1178583566-project-member] compute_status_filter request filter added forbidden trait COMPUTE_STATUS_DISABLED {{(pid=96474) compute_status_filter /opt/stack/nova/nova/scheduler/request_filter.py:253}}
Jul 19 13:08:26.742670 np0000005423 nova-scheduler[96474]: DEBUG nova.scheduler.request_filter [None req-b6ef015c-15e3-488f-82cc-a33f4f4539e1 tempest-ServerActionsTestOtherB-1178583566 tempest-ServerActionsTestOtherB-1178583566-project-member] Request filter 'compute_status_filter' took 0.0 seconds {{(pid=96474) wrapper /opt/stack/nova/nova/scheduler/request_filter.py:46}}
Jul 19 13:08:26.743143 np0000005423 nova-scheduler[96474]: DEBUG nova.scheduler.request_filter [None req-b6ef015c-15e3-488f-82cc-a33f4f4539e1 tempest-ServerActionsTestOtherB-1178583566 tempest-ServerActionsTestOtherB-1178583566-project-member] Request filter 'accelerators_filter' took 0.0 seconds {{(pid=96474) wrapper /opt/stack/nova/nova/scheduler/request_filter.py:46}}
Jul 19 13:08:26.743143 np0000005423 nova-scheduler[96474]: DEBUG nova.scheduler.request_filter [None req-b6ef015c-15e3-488f-82cc-a33f4f4539e1 tempest-ServerActionsTestOtherB-1178583566 tempest-ServerActionsTestOtherB-1178583566-project-member] Request filter 'packed_virtqueue_filter' took 0.0 seconds {{(pid=96474) wrapper /opt/stack/nova/nova/scheduler/request_filter.py:46}}
Jul 19 13:08:26.743580 np0000005423 nova-scheduler[96474]: DEBUG nova.scheduler.request_filter [None req-b6ef015c-15e3-488f-82cc-a33f4f4539e1 tempest-ServerActionsTestOtherB-1178583566 tempest-ServerActionsTestOtherB-1178583566-project-member] Request filter 'remote_managed_ports_filter' took 0.0 seconds {{(pid=96474) wrapper /opt/stack/nova/nova/scheduler/request_filter.py:46}}
Jul 19 13:08:26.743580 np0000005423 nova-scheduler[96474]: DEBUG nova.scheduler.request_filter [None req-b6ef015c-15e3-488f-82cc-a33f4f4539e1 tempest-ServerActionsTestOtherB-1178583566 tempest-ServerActionsTestOtherB-1178583566-project-member] ephemeral_encryption_filter skipped {{(pid=96474) ephemeral_encryption_filter /opt/stack/nova/nova/scheduler/request_filter.py:426}}
Jul 19 13:08:26.743845 np0000005423 nova-scheduler[96474]: DEBUG nova.scheduler.request_filter [None req-b6ef015c-15e3-488f-82cc-a33f4f4539e1 tempest-ServerActionsTestOtherB-1178583566 tempest-ServerActionsTestOtherB-1178583566-project-member] virtio_sound_filter skipped {{(pid=96474) virtio_sound_filter /opt/stack/nova/nova/scheduler/request_filter.py:460}}
Jul 19 13:08:26.743845 np0000005423 nova-scheduler[96474]: DEBUG nova.scheduler.request_filter [None req-b6ef015c-15e3-488f-82cc-a33f4f4539e1 tempest-ServerActionsTestOtherB-1178583566 tempest-ServerActionsTestOtherB-1178583566-project-member] tpm_secret_security_filter skipped {{(pid=96474) tpm_secret_security_filter /opt/stack/nova/nova/scheduler/request_filter.py:477}}
Jul 19 13:08:27.455666 np0000005423 nova-scheduler[96474]: INFO nova.utils [None req-b6ef015c-15e3-488f-82cc-a33f4f4539e1 tempest-ServerActionsTestOtherB-1178583566 tempest-ServerActionsTestOtherB-1178583566-project-member] The cell worker thread pool ForkProcess-2.cell_worker is initialized
Jul 19 13:08:27.455999 np0000005423 nova-scheduler[96474]: DEBUG oslo_concurrency.lockutils [None req-b6ef015c-15e3-488f-82cc-a33f4f4539e1 tempest-ServerActionsTestOtherB-1178583566 tempest-ServerActionsTestOtherB-1178583566-project-member] Acquiring lock "0f441692-3bc9-49a7-a719-4592fd2aeaf6" by "nova.context.set_target_cell..get_or_set_cached_cell_and_set_connections" {{(pid=96474) inner /opt/stack/data/venv/lib/python3.12/site-packages/oslo_concurrency/lockutils.py:512}}
Jul 19 13:08:27.456242 np0000005423 nova-scheduler[96474]: DEBUG oslo_concurrency.lockutils [None req-b6ef015c-15e3-488f-82cc-a33f4f4539e1 tempest-ServerActionsTestOtherB-1178583566 tempest-ServerActionsTestOtherB-1178583566-project-member] Lock "0f441692-3bc9-49a7-a719-4592fd2aeaf6" acquired by "nova.context.set_target_cell..get_or_set_cached_cell_and_set_connections" :: waited 0.000s {{(pid=96474) inner /opt/stack/data/venv/lib/python3.12/site-packages/oslo_concurrency/lockutils.py:525}}
Jul 19 13:08:27.458062 np0000005423 nova-scheduler[96474]: DEBUG oslo_concurrency.lockutils [None req-b6ef015c-15e3-488f-82cc-a33f4f4539e1 tempest-ServerActionsTestOtherB-1178583566 tempest-ServerActionsTestOtherB-1178583566-project-member] Lock "0f441692-3bc9-49a7-a719-4592fd2aeaf6" "released" by "nova.context.set_target_cell..get_or_set_cached_cell_and_set_connections" :: held 0.002s {{(pid=96474) inner /opt/stack/data/venv/lib/python3.12/site-packages/oslo_concurrency/lockutils.py:544}}
Jul 19 13:08:27.460211 np0000005423 nova-scheduler[96474]: INFO dbcounter [None req-b6ef015c-15e3-488f-82cc-a33f4f4539e1 tempest-ServerActionsTestOtherB-1178583566 tempest-ServerActionsTestOtherB-1178583566-project-member] Registered counter for database nova_cell1
Jul 19 13:08:27.518150 np0000005423 nova-scheduler[96474]: DEBUG oslo_db.sqlalchemy.engines [None req-b6ef015c-15e3-488f-82cc-a33f4f4539e1 tempest-ServerActionsTestOtherB-1178583566 tempest-ServerActionsTestOtherB-1178583566-project-member] MySQL server mode set to STRICT_TRANS_TABLES,STRICT_ALL_TABLES,NO_ZERO_IN_DATE,NO_ZERO_DATE,ERROR_FOR_DIVISION_BY_ZERO,TRADITIONAL,NO_ENGINE_SUBSTITUTION {{(pid=96474) _check_effective_sql_mode /opt/stack/data/venv/lib/python3.12/site-packages/oslo_db/sqlalchemy/engines.py:325}}
Jul 19 13:08:27.525906 np0000005423 nova-scheduler[96474]: DEBUG dbcounter [-] [96474] Writer thread running {{(pid=96474) stat_writer /opt/stack/data/venv/lib/python3.12/site-packages/dbcounter.py:102}}
